-- Table structure for table `languages`
--

CREATE TABLE `languages` (
  `id` bigint unsigned NOT NULL AUTO_INCREMENT,
  `name` varchar(255) COLLATE utf8mb4_unicode_ci NOT NULL,
  `slug` varchar(255) COLLATE utf8mb4_unicode_ci NOT NULL,
  `status` tinyint(1) NOT NULL DEFAULT '1',
  `created_at` timestamp NULL DEFAULT NULL,
  `updated_at` timestamp NULL DEFAULT NULL,
  PRIMARY KEY (`id`),
  UNIQUE KEY `languages_name_unique` (`name`),
  UNIQUE KEY `languages_slug_unique` (`slug`)
) ENGINE=InnoDB AUTO_INCREMENT=11 DEFAULT CHARSET=utf8mb4 COLLATE=utf8mb4_unicode_ci;

--
-- Dumping data for table `languages`
--

INSERT INTO `languages` VALUES (1,'Hindi','hindi',1,'2026-01-27 03:26:59','2026-01-27 03:26:59'),(2,'English','english',1,'2026-01-27 03:27:06','2026-01-27 03:27:06'),(3,'Punjabi','punjabi',1,'2026-01-27 03:29:16','2026-01-27 03:29:16'),(4,'Tamil','tamil',1,'2026-01-31 09:23:07','2026-01-31 09:23:07'),(5,'Telugu','telugu',1,'2026-01-31 09:23:07','2026-01-31 09:23:07'),(6,'Kannada','kannada',1,'2026-01-31 09:23:07','2026-01-31 09:23:07'),(7,'Malayalam','malayalam',1,'2026-01-31 09:23:07','2026-01-31 09:23:07'),(8,'Bengali','bengali',1,'2026-01-31 09:23:07','2026-01-31 09:23:07'),(9,'Marathi','marathi',1,'2026-01-31 09:23:07','2026-01-31 09:23:07'),(10,'Gujarati','gujarati',1,'2026-01-31 09:23:07','2026-01-31 09:23:07');

--
-- Table structure for table `migrations`
--

CREATE TABLE `migrations` (
  `id` int unsigned NOT NULL AUTO_INCREMENT,
  `migration` varchar(255) COLLATE utf8mb4_unicode_ci NOT NULL,
  `batch` int NOT NULL,
  PRIMARY KEY (`id`)
) ENGINE=InnoDB AUTO_INCREMENT=113 DEFAULT CHARSET=utf8mb4 COLLATE=utf8mb4_unicode_ci;

--
-- Dumping data for table `migrations`
--

INSERT INTO `migrations` VALUES (1,'0001_01_01_000000_create_users_table',1),(2,'0001_01_01_000001_create_cache_table',1),(3,'0001_01_01_000002_create_jobs_table',1),(4,'2026_01_26_120457_add_role_to_users_table',2),(5,'2026_01_27_083046_create_categories_table',3),(6,'2026_01_27_083901_create_taxes_table',4),(7,'2026_01_27_084027_create_settings_table',5),(8,'2026_01_27_084918_create_languages_table',6),(9,'2026_01_27_084936_create_skills_table',6),(10,'2026_01_27_090155_create_promotional_banners_table',7),(11,'2026_01_27_091130_create_astrologer_details_table',8),(12,'2026_01_27_091131_create_language_user_table',8),(13,'2026_01_27_091131_create_skill_user_table',8),(14,'2026_01_27_092940_create_astrologer_availabilities_table',9),(15,'2026_01_27_092940_update_astrologer_details_table',9),(16,'2026_01_27_094711_create_qualifications_table',10),(17,'2026_01_27_095348_change_primary_skill_and_education_on_astrologer_details_table',11),(18,'2026_01_27_105707_add_login_fields_to_users_table',12),(19,'2026_01_27_105718_create_astrologer_login_logs_table',12),(20,'2026_01_27_105727_create_astrologer_daily_activity_table',12),(21,'2026_01_27_115457_add_mobile_to_users_table',13),(22,'2026_01_27_121834_create_countries_table',14),(23,'2026_01_27_121844_create_states_table',14),(24,'2026_01_27_122754_create_user_details_table',15),(25,'2026_01_27_123522_add_avatar_to_users_table',16),(26,'2026_01_27_125535_add_location_fields_to_astrologer_details_table',17),(27,'2026_01_27_130131_create_blogs_table',18),(28,'2026_01_27_151307_add_google_id_to_users_table',19),(29,'2026_01_27_152111_create_occupations_table',19),(30,'2026_01_27_165012_add_status_and_force_pw_to_users_table',20),(31,'2026_01_28_042026_create_faq_categories_table',21),(32,'2026_01_28_042039_create_faqs_table',21),(33,'2026_01_28_044238_create_astrologer_payment_methods_table',22),(34,'2026_01_28_044443_create_recharge_packages_table',23),(35,'2026_01_28_045717_create_pages_table',24),(36,'2026_01_28_051227_create_coupons_table',25),(37,'2026_01_28_061525_add_slug_to_users_table',26),(38,'2026_01_28_061543_create_reviews_table',26),(39,'2026_01_28_064700_add_certifications_to_astrologer_details_table',27),(40,'2026_01_28_065627_add_wallet_balance_to_users_table',28),(41,'2026_01_28_065656_create_transactions_table',29),(42,'2026_01_28_072931_create_chat_tables',30),(43,'2026_01_28_113700_create_astrologer_reviews_table',31),(44,'2026_01_28_115000_add_reply_to_astrologer_reviews_table',32),(45,'2026_01_28_172500_create_favourite_astrologers_table',33),(46,'2026_01_28_120842_add_settlement_period_to_astrologer_details_table',34),(47,'2026_01_28_122232_add_is_settled_to_chat_sessions_table',35),(48,'2026_01_28_122509_add_settlement_tracking_fields',36),(49,'2026_01_29_121403_add_website_url_to_astrologer_details_table',37),(50,'2026_01_29_165001_create_products_table',38),(51,'2026_01_30_045306_create_orders_and_order_items_tables',39),(52,'2026_01_30_050069_fix_orders_schema',40),(53,'2026_01_30_050070_add_payment_fields_to_orders',40),(54,'2026_01_30_050080_update_addresses_table',40),(55,'2026_01_30_050090_add_missing_columns_to_orders',41),(56,'2026_01_30_050100_make_total_nullable',41),(57,'2026_01_30_050110_add_points_redemption',41),(58,'2026_01_30_050120_add_gift_card_columns',41),(59,'2026_01_30_050140_add_cancellation_reason',42),(60,'2026_01_30_050160_add_tax_columns_items',43),(61,'2026_01_30_050180_add_variation_id_items',43),(62,'2026_01_30_050190_add_shipping_tax',43),(63,'2026_01_30_050300_add_total_to_order_items',44),(64,'2025_12_19_175934_update_addresses_table_for_checkout',45),(65,'2025_12_19_074241_create_website_settings_table',46),(66,'2025_12_19_084147_create_general_settings_tables',47),(67,'2025_12_19_092251_add_payment_settings_to_general_settings_table',47),(68,'2025_12_19_092527_add_gateway_settings_to_general_settings_table',47),(69,'2025_12_19_125508_add_cart_settings_to_general_settings_table',47),(70,'2025_12_19_132225_add_shipping_charges_to_general_settings_table',47),(71,'2025_12_20_014042_add_cod_enabled_to_general_settings',47),(72,'2025_12_20_023652_add_min_free_shipping_amount_to_general_settings',47),(73,'2025_12_20_070944_add_extra_columns_to_general_settings_table',47),(74,'2025_12_20_080230_remove_map_iframe_from_general_settings_table',47),(75,'2025_12_20_141230_add_wallet_settings_to_general_settings_table',47),(76,'2025_12_20_151746_add_current_store_to_general_settings_table',47),(77,'2025_12_21_063931_add_policy_rules_to_general_settings',47),(78,'2025_12_21_065517_add_gift_card_settings_to_general_settings',47),(79,'2025_12_22_000000_add_rate_limit_settings_to_general_settings',48),(80,'2025_12_22_073407_add_phonepe_to_general_settings_table',48),(81,'2025_12_23_123236_add_admin_css_settings_to_general_settings_table',48),(82,'2025_12_23_123526_add_admin_appearance_to_general_settings_table',48),(83,'2025_12_25_105033_add_delivery_wallet_settings_to_general_settings_table',48),(84,'2025_12_25_112000_add_fcm_settings_to_general_settings_table',48),(85,'2025_12_25_120000_add_shiprocket_settings_to_general_settings_table',48),(86,'2025_12_26_025312_add_mail_settings_to_general_settings_table',48),(87,'2025_12_26_045022_add_icons_to_general_settings_table',48),(88,'2026_01_16_102315_add_google_credentials_to_general_settings_table',48),(89,'2026_01_17_104022_add_tax_settings_to_general_settings_table',48),(90,'2026_01_17_110147_add_shipping_tax_rate_id_to_general_settings',48),(91,'2025_12_21_063904_create_seo_settings_table',49),(92,'2025_12_19_122550_create_contacts_table',50),(93,'2025_12_19_173953_create_subscribers_table',51),(94,'2026_01_30_072543_add_options_to_order_items',52),(95,'2026_01_30_175127_create_agent_ratings_table',53),(96,'2026_01_30_183000_add_missing_settings_tables',54),(97,'2026_01_30_200000_create_delivery_agents_table',55),(98,'2026_01_31_033524_create_scategories_table',56),(99,'2026_01_31_034745_create_scategory_user_table',57),(100,'2026_01_31_043557_add_enrollment_settings_to_general_settings',58),(101,'2026_01_31_043752_add_is_enrollment_paid_to_astrologer_details',59),(102,'2026_01_31_054449_add_wallet_settings_to_general_settings_and_users',60),(103,'2026_01_31_055152_add_wallet_type_to_wallet_transactions',61),(104,'2026_01_31_063625_add_navigation_fields_to_pages_table',62),(105,'2026_01_31_072645_create_notifications_table',63),(106,'2026_02_03_213740_create_pooja_services_table',64),(107,'2026_02_03_214654_add_seo_image_to_pooja_services_table',65),(108,'2026_02_03_215221_create_astrologer_pooja_services_table',66),(109,'2026_02_03_215757_modify_astrologer_pooja_services_for_custom_services',67),(110,'2026_02_03_220630_add_show_in_mega_menu_to_categories',68),(111,'2026_02_03_222347_add_astrologer_pooja_service_id_to_cart_items_table',69),(112,'2026_02_03_222745_add_astrologer_pooja_service_id_to_order_items_table',70);

--
-- Table structure for table `notifications`
--

CREATE TABLE `notifications` (
  `id` char(36) COLLATE utf8mb4_unicode_ci NOT NULL,
  `type` varchar(255) COLLATE utf8mb4_unicode_ci NOT NULL,
  `notifiable_type` varchar(255) COLLATE utf8mb4_unicode_ci NOT NULL,
  `notifiable_id` bigint unsigned NOT NULL,
  `data` text COLLATE utf8mb4_unicode_ci NOT NULL,
  `read_at` timestamp NULL DEFAULT NULL,
  `created_at` timestamp NULL DEFAULT NULL,
  `updated_at` timestamp NULL DEFAULT NULL,
  PRIMARY KEY (`id`),
  KEY `notifications_notifiable_type_notifiable_id_index` (`notifiable_type`,`notifiable_id`)
) ENGINE=InnoDB DEFAULT CHARSET=utf8mb4 COLLATE=utf8mb4_unicode_ci;

--
-- Dumping data for table `notifications`
--

INSERT INTO `notifications` VALUES ('3f302939-7b38-4764-882d-113391a3e710','App\\Notifications\\TicketStatusUpdated','App\\Models\\User',3,'{\"ticket_id\":12,\"ticket_number\":\"TKT-LUPPGMTL\",\"action\":\"closed\",\"message\":\"Ticket #TKT-LUPPGMTL has been closed.\",\"url\":\"#\"}','2026-01-31 02:53:59','2026-01-31 02:53:55','2026-01-31 02:53:59'),('64c20d03-8527-4373-9736-a59a54146c0c','App\\Notifications\\TicketStatusUpdated','App\\Models\\User',3,'{\"ticket_id\":11,\"ticket_number\":\"TKT-PQW1QU26\",\"action\":\"closed\",\"message\":\"Ticket #TKT-PQW1QU26 has been closed.\",\"url\":\"#\"}',NULL,'2026-01-31 03:16:40','2026-01-31 03:16:40'),('a2dd3254-1ead-485b-a7e1-80fcafd7a231','App\\Notifications\\TicketStatusUpdated','App\\Models\\User',1,'{\"ticket_id\":12,\"ticket_number\":\"TKT-LUPPGMTL\",\"action\":\"replied_by_user\",\"message\":\"New reply from Amar Dhoot on ticket #TKT-LUPPGMTL\",\"url\":\"#\"}','2026-01-31 02:53:40','2026-01-31 02:53:05','2026-01-31 02:53:40'),('cf8359e7-db77-49bd-9a73-bb7a40c471af','App\\Notifications\\TicketStatusUpdated','App\\Models\\User',1,'{\"ticket_id\":12,\"ticket_number\":\"TKT-LUPPGMTL\",\"action\":\"created\",\"message\":\"New ticket #TKT-LUPPGMTL created by Amar Dhoot\",\"url\":\"#\"}','2026-01-31 02:53:40','2026-01-31 02:52:51','2026-01-31 02:53:40'),('e86abb9c-3bff-4dde-9c3c-771b0752aec0','App\\Notifications\\TicketStatusUpdated','App\\Models\\User',3,'{\"ticket_id\":12,\"ticket_number\":\"TKT-LUPPGMTL\",\"action\":\"replied_by_admin\",\"message\":\"New response on your ticket #TKT-LUPPGMTL\",\"url\":\"#\"}','2026-01-31 02:53:50','2026-01-31 02:53:47','2026-01-31 02:53:50');

--
-- Table structure for table `occupations`
--

CREATE TABLE `occupations` (
  `id` bigint unsigned NOT NULL AUTO_INCREMENT,
  `name` varchar(255) COLLATE utf8mb4_unicode_ci NOT NULL,
  `status` tinyint(1) NOT NULL DEFAULT '1',
  `created_at` timestamp NULL DEFAULT NULL,
  `updated_at` timestamp NULL DEFAULT NULL,
  PRIMARY KEY (`id`)
) ENGINE=InnoDB AUTO_INCREMENT=51 DEFAULT CHARSET=utf8mb4 COLLATE=utf8mb4_unicode_ci;

--
-- Dumping data for table `occupations`
--

INSERT INTO `occupations` VALUES (1,'Software Engineer',1,'2026-01-27 10:10:03','2026-01-27 10:10:03'),(2,'Data Scientist',1,'2026-01-27 10:10:03','2026-01-27 10:10:03'),(3,'Doctor',1,'2026-01-27 10:10:03','2026-01-27 10:10:03'),(4,'Nurse',1,'2026-01-27 10:10:03','2026-01-27 10:10:03'),(5,'Teacher',1,'2026-01-27 10:10:03','2026-01-27 10:10:03'),(6,'Business Analyst',1,'2026-01-27 10:10:03','2026-01-27 10:10:03'),(7,'Accountant',1,'2026-01-27 10:10:03','2026-01-27 10:10:03'),(8,'Lawyer',1,'2026-01-27 10:10:03','2026-01-27 10:10:03'),(9,'Architect',1,'2026-01-27 10:10:03','2026-01-27 10:10:03'),(10,'Civil Engineer',1,'2026-01-27 10:10:03','2026-01-27 10:10:03'),(11,'Graphic Designer',1,'2026-01-27 10:10:03','2026-01-27 10:10:03'),(12,'Marketing Manager',1,'2026-01-27 10:10:03','2026-01-27 10:10:03'),(13,'Sales Executive',1,'2026-01-27 10:10:03','2026-01-27 10:10:03'),(14,'HR Manager',1,'2026-01-27 10:10:03','2026-01-27 10:10:03'),(15,'Financial Advisor',1,'2026-01-27 10:10:03','2026-01-27 10:10:03'),(16,'Pharmacist',1,'2026-01-27 10:10:03','2026-01-27 10:10:03'),(17,'Dentist',1,'2026-01-27 10:10:03','2026-01-27 10:10:03'),(18,'Civil Servant',1,'2026-01-27 10:10:03','2026-01-27 10:10:03'),(19,'Police Officer',1,'2026-01-27 10:10:03','2026-01-27 10:10:03'),(20,'Firefighter',1,'2026-01-27 10:10:03','2026-01-27 10:10:03'),(21,'Chef',1,'2026-01-27 10:10:03','2026-01-27 10:10:03'),(22,'Interior Designer',1,'2026-01-27 10:10:03','2026-01-27 10:10:03'),(23,'Journalist',1,'2026-01-27 10:10:03','2026-01-27 10:10:03'),(24,'Photographer',1,'2026-01-27 10:10:03','2026-01-27 10:10:03'),(25,'Psychologist',1,'2026-01-27 10:10:03','2026-01-27 10:10:03'),(26,'Mechanic',1,'2026-01-27 10:10:03','2026-01-27 10:10:03'),(27,'Electrician',1,'2026-01-27 10:10:03','2026-01-27 10:10:03'),(28,'Plumber',1,'2026-01-27 10:10:03','2026-01-27 10:10:03'),(29,'Carpenter',1,'2026-01-27 10:10:04','2026-01-27 10:10:04'),(30,'Real Estate Agent',1,'2026-01-27 10:10:04','2026-01-27 10:10:04'),(31,'Consultant',1,'2026-01-27 10:10:04','2026-01-27 10:10:04'),(32,'Social Worker',1,'2026-01-27 10:10:04','2026-01-27 10:10:04'),(33,'Pilot',1,'2026-01-27 10:10:04','2026-01-27 10:10:04'),(34,'Flight Attendant',1,'2026-01-27 10:10:04','2026-01-27 10:10:04'),(35,'Actor',1,'2026-01-27 10:10:04','2026-01-27 10:10:04'),(36,'Director',1,'2026-01-27 10:10:04','2026-01-27 10:10:04'),(37,'Musician',1,'2026-01-27 10:10:04','2026-01-27 10:10:04'),(38,'Artist',1,'2026-01-27 10:10:04','2026-01-27 10:10:04'),(39,'Writer',1,'2026-01-27 10:10:04','2026-01-27 10:10:04'),(40,'Editor',1,'2026-01-27 10:10:04','2026-01-27 10:10:04'),(41,'Veterinarian',1,'2026-01-27 10:10:04','2026-01-27 10:10:04'),(42,'Librarian',1,'2026-01-27 10:10:04','2026-01-27 10:10:04'),(43,'Researcher',1,'2026-01-27 10:10:04','2026-01-27 10:10:04'),(44,'Translator',1,'2026-01-27 10:10:04','2026-01-27 10:10:04'),(45,'Fitness Trainer',1,'2026-01-27 10:10:04','2026-01-27 10:10:04'),(46,'Event Planner',1,'2026-01-27 10:10:04','2026-01-27 10:10:04'),(47,'Travel Agent',1,'2026-01-27 10:10:04','2026-01-27 10:10:04'),(48,'Baker',1,'2026-01-27 10:10:04','2026-01-27 10:10:04'),(49,'Barista',1,'2026-01-27 10:10:04','2026-01-27 10:10:04'),(50,'Web Developer',1,'2026-01-27 10:10:04','2026-01-27 10:10:04');

--
-- Table structure for table `order_items`
--

CREATE TABLE `order_items` (
  `id` bigint unsigned NOT NULL AUTO_INCREMENT,
  `order_id` bigint unsigned NOT NULL,
  `product_id` bigint unsigned DEFAULT NULL,
  `variation_id` bigint unsigned DEFAULT NULL,
  `product_variation_id` bigint unsigned DEFAULT NULL,
  `astrologer_pooja_service_id` bigint unsigned DEFAULT NULL,
  `quantity` int NOT NULL,
  `price` decimal(10,2) NOT NULL,
  `total` decimal(10,2) NOT NULL DEFAULT '0.00',
  `tax_amount` decimal(10,2) NOT NULL DEFAULT '0.00',
  `tax_rate` decimal(5,2) NOT NULL DEFAULT '0.00',
  `options` json DEFAULT NULL,
  `created_at` timestamp NULL DEFAULT NULL,
  `updated_at` timestamp NULL DEFAULT NULL,
  PRIMARY KEY (`id`),
  KEY `order_items_order_id_foreign` (`order_id`),
  KEY `order_items_product_id_foreign` (`product_id`),
  KEY `order_items_product_variation_id_foreign` (`product_variation_id`),
  KEY `order_items_variation_id_foreign` (`variation_id`),
  KEY `order_items_astrologer_pooja_service_id_foreign` (`astrologer_pooja_service_id`),
  CONSTRAINT `order_items_astrologer_pooja_service_id_foreign` FOREIGN KEY (`astrologer_pooja_service_id`) REFERENCES `astrologer_pooja_services` (`id`) ON DELETE CASCADE,
  CONSTRAINT `order_items_order_id_foreign` FOREIGN KEY (`order_id`) REFERENCES `orders` (`id`) ON DELETE CASCADE,
  CONSTRAINT `order_items_product_id_foreign` FOREIGN KEY (`product_id`) REFERENCES `products` (`id`) ON DELETE CASCADE,
  CONSTRAINT `order_items_product_variation_id_foreign` FOREIGN KEY (`product_variation_id`) REFERENCES `product_variations` (`id`) ON DELETE SET NULL,
  CONSTRAINT `order_items_variation_id_foreign` FOREIGN KEY (`variation_id`) REFERENCES `product_variations` (`id`) ON DELETE SET NULL
) ENGINE=InnoDB AUTO_INCREMENT=18 DEFAULT CHARSET=utf8mb4 COLLATE=utf8mb4_unicode_ci;

--
-- Dumping data for table `order_items`
--

INSERT INTO `order_items` VALUES (2,3,2,1,NULL,NULL,3,950.00,2850.00,135.71,5.00,'{\"attributes\": [{\"value\": \"20\", \"attribute\": \"size\"}], \"variation_id\": 1}','2026-01-30 01:58:18','2026-01-30 01:58:18'),(3,4,2,1,NULL,NULL,1,950.00,950.00,45.24,5.00,'{\"attributes\": [{\"value\": \"20\", \"attribute\": \"size\"}], \"variation_id\": 1}','2026-01-30 01:59:26','2026-01-30 01:59:26'),(4,5,2,1,NULL,NULL,2,950.00,1900.00,90.48,5.00,'{\"attributes\": [{\"value\": \"20\", \"attribute\": \"size\"}], \"variation_id\": 1}','2026-01-30 12:05:09','2026-01-30 12:05:09'),(6,6,2,1,NULL,NULL,1,950.00,950.00,45.24,5.00,'{\"attributes\": [{\"value\": \"20\", \"attribute\": \"size\"}], \"variation_id\": 1}','2026-01-30 12:10:23','2026-01-30 12:10:23'),(9,8,2,1,NULL,NULL,1,950.00,950.00,45.24,5.00,'{\"attributes\": [{\"value\": \"20\", \"attribute\": \"size\"}], \"variation_id\": 1}','2026-01-30 23:14:39','2026-01-30 23:14:39'),(10,9,2,1,NULL,NULL,1,950.00,950.00,45.24,5.00,'{\"attributes\": [{\"value\": \"20\", \"attribute\": \"size\"}], \"variation_id\": 1}','2026-01-30 23:15:05','2026-01-30 23:15:05'),(11,10,2,1,NULL,NULL,2,950.00,1900.00,90.48,5.00,'{\"attributes\": [{\"value\": \"20\", \"attribute\": \"size\"}], \"variation_id\": 1}','2026-01-31 00:00:41','2026-01-31 00:00:41'),(12,11,2,1,NULL,NULL,2,950.00,1900.00,90.48,5.00,'{\"attributes\": [{\"value\": \"20\", \"attribute\": \"size\"}], \"variation_id\": 1}','2026-01-31 00:02:51','2026-01-31 00:02:51'),(13,12,2,1,NULL,NULL,2,950.00,1900.00,90.48,5.00,'{\"attributes\": [{\"value\": \"20\", \"attribute\": \"size\"}], \"variation_id\": 1}','2026-01-31 00:18:41','2026-01-31 00:18:41'),(14,13,2,1,NULL,NULL,3,950.00,2850.00,135.71,5.00,'{\"attributes\": [{\"value\": \"20\", \"attribute\": \"size\"}], \"variation_id\": 1}','2026-01-31 03:46:30','2026-01-31 03:46:30'),(15,14,2,1,NULL,NULL,5,950.00,4750.00,226.19,5.00,'{\"attributes\": [{\"value\": \"20\", \"attribute\": \"size\"}], \"variation_id\": 1}','2026-01-31 03:51:12','2026-01-31 03:51:12'),(16,15,NULL,NULL,NULL,5,1,5000.00,5000.00,0.00,0.00,NULL,'2026-02-03 17:35:11','2026-02-03 17:35:11'),(17,15,NULL,NULL,NULL,2,1,250.00,250.00,0.00,0.00,NULL,'2026-02-03 17:35:11','2026-02-03 17:35:11');

--
-- Table structure for table `order_returns`
--

CREATE TABLE `order_returns` (
  `id` bigint unsigned NOT NULL AUTO_INCREMENT,
  `order_id` bigint unsigned NOT NULL,
  `user_id` bigint unsigned NOT NULL,
  `reason` text CHARACTER SET utf8mb4 COLLATE utf8mb4_unicode_ci NOT NULL,
  `status` varchar(255) CHARACTER SET utf8mb4 COLLATE utf8mb4_unicode_ci NOT NULL DEFAULT 'requested',
  `admin_note` text CHARACTER SET utf8mb4 COLLATE utf8mb4_unicode_ci,
  `refund_amount` decimal(10,2) DEFAULT NULL,
  `refund_proof_path` varchar(255) CHARACTER SET utf8mb4 COLLATE utf8mb4_unicode_ci DEFAULT NULL,
  `deduction_amount` decimal(10,2) NOT NULL DEFAULT '0.00',
  `deduction_reason` varchar(255) CHARACTER SET utf8mb4 COLLATE utf8mb4_unicode_ci DEFAULT NULL,
  `refunded_at` timestamp NULL DEFAULT NULL,
  `created_at` timestamp NULL DEFAULT NULL,
  `updated_at` timestamp NULL DEFAULT NULL,
  PRIMARY KEY (`id`),
  KEY `order_returns_order_id_foreign` (`order_id`),
  KEY `order_returns_user_id_foreign` (`user_id`),
  CONSTRAINT `order_returns_order_id_foreign` FOREIGN KEY (`order_id`) REFERENCES `orders` (`id`) ON DELETE CASCADE,
  CONSTRAINT `order_returns_user_id_foreign` FOREIGN KEY (`user_id`) REFERENCES `users` (`id`) ON DELETE CASCADE
) ENGINE=InnoDB AUTO_INCREMENT=6 DEFAULT CHARSET=utf8mb4 COLLATE=utf8mb4_unicode_ci;

--
-- Dumping data for table `order_returns`
--

INSERT INTO `order_returns` VALUES (1,3,23,'ok missing item','refunded',NULL,850.00,NULL,0.00,NULL,'2026-01-18 02:38:23','2026-01-18 02:37:41','2026-01-18 02:38:23'),(2,2,23,'ok please add missing','refunded',NULL,850.00,'refund-proofs/noX3ZiuIIlmojuVO6DX6TyvrHAgcdQl2CPYvrsry.jpg',0.00,NULL,'2026-01-18 05:00:31','2026-01-18 04:45:24','2026-01-18 05:00:31'),(3,1,23,'PLEASE RETUERN OREJFNEJIFN','refunded',NULL,850.00,NULL,0.00,NULL,'2026-01-18 05:53:03','2026-01-18 05:52:17','2026-01-18 05:53:03'),(4,4,23,'gnueign8yt e fh8y3rh gyh 8','refunded','dfgtht',850.00,'refund-proofs/ZwoGsaUTfyQ54dOJ2tz1gHLBJXfUOxCuCnujHaN4.jpg',0.00,NULL,'2026-01-19 01:25:21','2026-01-19 01:22:56','2026-01-19 01:25:21'),(5,9,2,'ok please chngr gvhvyv','refunded','ok approved',NULL,NULL,0.00,NULL,'2026-01-30 23:44:40','2026-01-30 23:29:29','2026-01-30 23:44:40');

--
-- Table structure for table `order_status_histories`
--

CREATE TABLE `order_status_histories` (
  `id` bigint unsigned NOT NULL AUTO_INCREMENT,
  `order_id` bigint unsigned NOT NULL,
  `status` varchar(255) CHARACTER SET utf8mb4 COLLATE utf8mb4_unicode_ci NOT NULL,
  `comment` text CHARACTER SET utf8mb4 COLLATE utf8mb4_unicode_ci,
  `created_at` timestamp NULL DEFAULT NULL,
  `updated_at` timestamp NULL DEFAULT NULL,
  PRIMARY KEY (`id`),
  KEY `order_status_histories_order_id_foreign` (`order_id`),
  CONSTRAINT `order_status_histories_order_id_foreign` FOREIGN KEY (`order_id`) REFERENCES `orders` (`id`) ON DELETE CASCADE
) ENGINE=InnoDB AUTO_INCREMENT=39 DEFAULT CHARSET=utf8mb4 COLLATE=utf8mb4_unicode_ci;

--
-- Dumping data for table `order_status_histories`
--

INSERT INTO `order_status_histories` VALUES (1,1,'pending',NULL,'2026-01-18 02:34:19','2026-01-18 02:34:19'),(2,2,'pending',NULL,'2026-01-18 02:34:54','2026-01-18 02:34:54'),(3,3,'pending',NULL,'2026-01-18 02:35:50','2026-01-18 02:35:50'),(4,3,'completed',NULL,'2026-01-18 02:37:17','2026-01-18 02:37:17'),(5,3,'returned',NULL,'2026-01-18 02:38:23','2026-01-18 02:38:23'),(6,2,'completed',NULL,'2026-01-18 04:44:48','2026-01-18 04:44:48'),(7,2,'returned',NULL,'2026-01-18 05:00:31','2026-01-18 05:00:31'),(8,1,'completed',NULL,'2026-01-18 05:51:40','2026-01-18 05:51:40'),(9,1,'returned',NULL,'2026-01-18 05:53:03','2026-01-18 05:53:03'),(10,4,'pending',NULL,'2026-01-19 01:20:30','2026-01-19 01:20:30'),(11,4,'completed',NULL,'2026-01-19 01:21:50','2026-01-19 01:21:50'),(12,4,'returned',NULL,'2026-01-19 01:24:22','2026-01-19 01:24:22'),(15,3,'pending',NULL,'2026-01-30 01:58:21','2026-01-30 01:58:21'),(16,4,'pending',NULL,'2026-01-30 01:59:27','2026-01-30 01:59:27'),(17,5,'pending',NULL,'2026-01-30 12:05:17','2026-01-30 12:05:17'),(18,6,'pending',NULL,'2026-01-30 12:10:26','2026-01-30 12:10:26'),(19,7,'pending',NULL,'2026-01-30 12:13:05','2026-01-30 12:13:05'),(20,8,'pending',NULL,'2026-01-30 23:14:41','2026-01-30 23:14:41'),(21,9,'pending',NULL,'2026-01-30 23:15:08','2026-01-30 23:15:08'),(22,9,'processing',NULL,'2026-01-30 23:15:33','2026-01-30 23:15:33'),(23,9,'shipped',NULL,'2026-01-30 23:15:44','2026-01-30 23:15:44'),(24,9,'completed',NULL,'2026-01-30 23:15:53','2026-01-30 23:15:53'),(25,9,'returned',NULL,'2026-01-30 23:44:32','2026-01-30 23:44:32'),(26,8,'cancelled',NULL,'2026-01-30 23:45:04','2026-01-30 23:45:04'),(27,10,'pending',NULL,'2026-01-31 00:00:45','2026-01-31 00:00:45'),(28,10,'completed',NULL,'2026-01-31 00:02:01','2026-01-31 00:02:01'),(29,11,'pending',NULL,'2026-01-31 00:02:53','2026-01-31 00:02:53'),(30,11,'completed',NULL,'2026-01-31 00:03:06','2026-01-31 00:03:06'),(31,12,'pending',NULL,'2026-01-31 00:18:56','2026-01-31 00:18:56'),(32,12,'completed',NULL,'2026-01-31 00:19:11','2026-01-31 00:19:11'),(33,13,'pending',NULL,'2026-01-31 03:46:33','2026-01-31 03:46:33'),(34,13,'completed',NULL,'2026-01-31 03:46:58','2026-01-31 03:46:58'),(35,14,'pending',NULL,'2026-01-31 03:51:15','2026-01-31 03:51:15'),(36,14,'completed',NULL,'2026-01-31 03:51:32','2026-01-31 03:51:32'),(37,15,'pending',NULL,'2026-02-03 17:35:14','2026-02-03 17:35:14'),(38,15,'completed',NULL,'2026-02-03 17:37:15','2026-02-03 17:37:15');

--
-- Table structure for table `orders`
--

CREATE TABLE `orders` (
  `id` bigint unsigned NOT NULL AUTO_INCREMENT,
  `order_number` varchar(255) COLLATE utf8mb4_unicode_ci DEFAULT NULL,
  `user_id` bigint unsigned DEFAULT NULL,
  `status` varchar(255) COLLATE utf8mb4_unicode_ci NOT NULL DEFAULT 'pending',
  `cancellation_reason` text COLLATE utf8mb4_unicode_ci,
  `payment_status` varchar(255) COLLATE utf8mb4_unicode_ci NOT NULL DEFAULT 'pending',
  `payment_method` varchar(255) COLLATE utf8mb4_unicode_ci DEFAULT NULL,
  `razorpay_order_id` varchar(255) COLLATE utf8mb4_unicode_ci DEFAULT NULL,
  `transaction_id` varchar(255) COLLATE utf8mb4_unicode_ci DEFAULT NULL,
  `total_amount` decimal(10,2) DEFAULT NULL,
  `shipping_address_id` bigint unsigned DEFAULT NULL,
  `created_at` timestamp NULL DEFAULT NULL,
  `updated_at` timestamp NULL DEFAULT NULL,
  `subtotal` decimal(10,2) NOT NULL DEFAULT '0.00',
  `shipping_cost` decimal(10,2) NOT NULL DEFAULT '0.00',
  `shipping_tax_amount` decimal(10,2) NOT NULL DEFAULT '0.00',
  `shipping_tax_rate` decimal(5,2) NOT NULL DEFAULT '0.00',
  `discount` decimal(10,2) NOT NULL DEFAULT '0.00',
  `total` decimal(10,2) NOT NULL DEFAULT '0.00',
  `email` varchar(255) COLLATE utf8mb4_unicode_ci DEFAULT NULL,
  `phone` varchar(255) COLLATE utf8mb4_unicode_ci DEFAULT NULL,
  `name` varchar(255) COLLATE utf8mb4_unicode_ci DEFAULT NULL,
  `billing_address_id` bigint unsigned DEFAULT NULL,
  `points_redeemed` int NOT NULL DEFAULT '0',
  `points_discount` decimal(10,2) NOT NULL DEFAULT '0.00',
  `gift_card_id` bigint unsigned DEFAULT NULL,
  `gift_card_discount` decimal(10,2) NOT NULL DEFAULT '0.00',
  `delivery_agent_id` bigint unsigned DEFAULT NULL,
  PRIMARY KEY (`id`),
  KEY `orders_user_id_foreign` (`user_id`),
  KEY `orders_gift_card_id_foreign` (`gift_card_id`),
  CONSTRAINT `orders_gift_card_id_foreign` FOREIGN KEY (`gift_card_id`) REFERENCES `gift_cards` (`id`) ON DELETE SET NULL,
  CONSTRAINT `orders_user_id_foreign` FOREIGN KEY (`user_id`) REFERENCES `users` (`id`) ON DELETE SET NULL
) ENGINE=InnoDB AUTO_INCREMENT=16 DEFAULT CHARSET=utf8mb4 COLLATE=utf8mb4_unicode_ci;

--
-- Dumping data for table `orders`
--

INSERT INTO `orders` VALUES (3,'ORD-CWCQURWN9N',3,'pending',NULL,'pending','cod',NULL,NULL,2850.00,3,'2026-01-30 01:56:44','2026-01-30 01:58:21',2850.00,0.00,0.00,0.00,0.00,2850.00,'amar@gmail.com','+919418093219','Amar Dhoot',3,0,0.00,NULL,0.00,NULL),(4,'ORD-YT9FATYEKP',3,'pending',NULL,'pending','cod',NULL,NULL,950.00,3,'2026-01-30 01:59:26','2026-01-30 01:59:27',950.00,0.00,0.00,0.00,0.00,950.00,'amar@gmail.com','+919418093219','Amar Dhoot',3,0,0.00,NULL,0.00,NULL),(5,'ORD-YDF6PFBXFP',3,'pending',NULL,'pending','cod',NULL,NULL,2700.00,3,'2026-01-30 12:05:09','2026-01-30 12:05:17',2700.00,0.00,0.00,0.00,0.00,2700.00,'amar@gmail.com','+919946976953','Amar Dhoot',3,0,0.00,NULL,0.00,NULL),(6,'ORD-YEAKNVSVUB',3,'pending',NULL,'pending','cod',NULL,NULL,1350.00,3,'2026-01-30 12:10:23','2026-01-30 12:10:26',1350.00,0.00,0.00,0.00,0.00,1350.00,'amar@gmail.com','+91450170000','Amar Dhoot',3,0,0.00,NULL,0.00,NULL),(7,'ORD-YTV9HVBSAH',3,'pending',NULL,'pending','cod',NULL,NULL,400.00,3,'2026-01-30 12:13:02','2026-01-30 12:13:05',400.00,0.00,0.00,0.00,0.00,400.00,'amar@gmail.com','+91450170000','Amar Dhoot',3,0,0.00,NULL,0.00,NULL),(8,'ORD-THEHKKJRRA',2,'cancelled','Found a better price','pending','cod',NULL,NULL,1050.00,4,'2026-01-30 23:14:39','2026-01-30 23:45:04',950.00,100.00,0.00,0.00,0.00,1050.00,'falconfss56@gmail.com','+91450170000','sahil',4,0,0.00,NULL,0.00,NULL),(9,'ORD-7GIXUAHJSW',2,'returned',NULL,'paid','cod',NULL,NULL,1050.00,4,'2026-01-30 23:15:05','2026-01-30 23:44:32',950.00,100.00,0.00,0.00,0.00,1050.00,'falconfss56@gmail.com','+919717172284','sahil',4,0,0.00,NULL,0.00,NULL),(10,'ORD-ZKIRWDTXLD',3,'completed',NULL,'paid','cod',NULL,NULL,1520.00,3,'2026-01-31 00:00:41','2026-01-31 00:02:01',1900.00,0.00,0.00,0.00,380.00,1520.00,'amar@gmail.com','+918284024917','Amar Dhoot',3,0,0.00,NULL,0.00,NULL),(11,'ORD-7YR0ES8N7C',3,'completed',NULL,'paid','cod',NULL,NULL,1900.00,3,'2026-01-31 00:02:51','2026-01-31 00:03:06',1900.00,0.00,0.00,0.00,0.00,1900.00,'amar@gmail.com','+19053305515','Amar Dhoot',3,0,0.00,NULL,0.00,NULL),(12,'ORD-SYYZKXZKRD',3,'completed',NULL,'paid','cod',NULL,NULL,1900.00,3,'2026-01-31 00:18:41','2026-01-31 00:19:11',1900.00,0.00,0.00,0.00,0.00,1900.00,'amar@gmail.com','+19053305515','Amar Dhoot',3,0,0.00,NULL,0.00,NULL),(13,'ORD-7VHEEPJDOW',3,'completed',NULL,'paid','cod',NULL,NULL,2850.00,3,'2026-01-31 03:46:30','2026-01-31 03:46:58',2850.00,0.00,0.00,0.00,0.00,2850.00,'amar@gmail.com','+919418093219','Amar Dhoot',3,0,0.00,NULL,0.00,NULL),(14,'ORD-ZKOA1J0BFL',3,'completed',NULL,'paid','cod',NULL,NULL,4750.00,3,'2026-01-31 03:51:12','2026-01-31 03:51:32',4750.00,0.00,0.00,0.00,0.00,4750.00,'amar@gmail.com','+919418093219','Amar Dhoot',3,0,0.00,NULL,0.00,NULL),(15,'ORD-NEHL9LCHTY',3,'completed',NULL,'paid','cod',NULL,NULL,5250.00,3,'2026-02-03 17:35:11','2026-02-03 17:37:15',5250.00,0.00,0.00,0.00,0.00,5250.00,'amar@gmail.com','+918284024917','Amar Dhoot',3,0,0.00,NULL,0.00,NULL);

--
-- Table structure for table `pages`
--

CREATE TABLE `pages` (
  `id` bigint unsigned NOT NULL AUTO_INCREMENT,
  `title` varchar(255) COLLATE utf8mb4_unicode_ci NOT NULL,
  `slug` varchar(255) COLLATE utf8mb4_unicode_ci NOT NULL,
  `content` longtext COLLATE utf8mb4_unicode_ci,
  `meta_title` varchar(255) COLLATE utf8mb4_unicode_ci DEFAULT NULL,
  `meta_description` text COLLATE utf8mb4_unicode_ci,
  `meta_keywords` text COLLATE utf8mb4_unicode_ci,
  `is_no_follow` tinyint(1) NOT NULL DEFAULT '0',
  `schema_markup` text COLLATE utf8mb4_unicode_ci,
  `status` enum('active','inactive') COLLATE utf8mb4_unicode_ci NOT NULL DEFAULT 'active',
  `show_in_header` tinyint(1) NOT NULL DEFAULT '0',
  `show_in_footer` tinyint(1) NOT NULL DEFAULT '0',
  `display_order` int NOT NULL DEFAULT '0',
  `created_at` timestamp NULL DEFAULT NULL,
  `updated_at` timestamp NULL DEFAULT NULL,
  PRIMARY KEY (`id`),
  UNIQUE KEY `pages_slug_unique` (`slug`)
) ENGINE=InnoDB AUTO_INCREMENT=4 DEFAULT CHARSET=utf8mb4 COLLATE=utf8mb4_unicode_ci;

--
-- Dumping data for table `pages`
--

INSERT INTO `pages` VALUES (1,'disclaimer','disclaimer','<p>The information and data contained on astrotalk website is to be treated purely for your entertainment purposes only. Any prediction or other message that you receive is not a substitute for advice, programs, or treatment that you would normally receive from a licensed professional such as a lawyer, doctor, psychiatrist, or financial advisor. Accordingly, astrotalk.com provides no guarantees, implied warranties, or assurances of any kind, and will not be responsible for any interpretation made or use by the recipient of the information and data mentioned above.</p>\r\n<p>Moreover, astrotalk.com is not a registered firm. It is a product of&nbsp;<span class=\"text text-blue\">Astrotalk Services Private Limited (Formerly Codeyeti Software Solutions Pvt. Ltd.) &amp; Astrotalk Online Private Limited</span>&nbsp;All the transaction and gathered data is / will be accessed by Astrotalk.</p>','test','testd esc','test1, test2',1,'<script>test</script>','active',1,1,1,'2026-01-28 00:11:07','2026-01-31 01:16:03'),(3,'Terms & Conditions','terms-and-conditions-of-usage','<h1 class=\"heading_term_and_condition\">TERMS AND CONDITIONS OF USAGE</h1>\r\n<p>This website is owned and operated Astrotalk Services Private Limited (Formerly Codeyeti Software Solutions Pvt. Ltd.) &amp; Astrotalk Online Private Limited (&ldquo;us&rdquo; &ldquo;We&rdquo;, &ldquo;the Company&rdquo; or &ldquo;Astrotalk&rdquo; which also includes its affiliates) (<a href=\"mailto:contact@astrotalk.com\">contact@astrotalk.com</a>). The Platform may be provided or be accessible via multiple websites or applications whether owned and/or operated by us or by third parties, including, without limitation, the website<a href=\"https://astrotalk.com/\"><strong>&nbsp;<u>astrotalk.com</u></strong></a>&nbsp;and its related apps.</p>\r\n<p>Following Terms and Conditions (the \"Agreement\") govern your access and use of our online platform through which consulting, information related to Indian Astrology and other allied spiritual sciences (collectively, the \"Spiritual Advisory Services\") are administered and accessible to any person.</p>\r\n<p>By accessing or using the Platform, you are entering into this Agreement. You should read this Agreement carefully before starting to use the Platform. If you do not agree to be bound to any term of this Agreement, you must not access the Platform.</p>\r\n<p>When the terms \"we\", \"us\", \"our\" or similar are used in this Agreement, they refer to any company that owns and operates the Platform (the \"Company\").</p>\r\n<p>IF YOU ARE THINKING ABOUT HARMING YOURSELF OR OTHERS OR IF YOU FEEL THAT ANY OTHER PERSON MAY BE IN ANY DANGER OR IF YOU HAVE ANY MEDICAL EMERGENCY, YOU MUST IMMEDIATELY CALL THEPOLICE OR A SUICIDE PREVENTION HELPLINE SUCH AS AASRA (91-22-27546669)AND NOTIFY THEM. THE PLATFORM IS NOT DESIGNED FOR USE IN ANY OF THE AFOREMENTIONED CASES AND THE SERVICE PROVIDERS CANNOT PROVIDE THE ASSISTANCE REQUIRED IN ANY OF THE AFOREMENTIONED CASES. IF YOU PROCEED TO USE THE PLATFORM NOTWITHSTANDING THIS NOTICE, YOU DO SO ENTIRELY AT YOUR OWN RISK.</p>\r\n<p>THE PLATFORM IS NOT INTENDED FOR THE PROVISION OF CLINICAL DIAGNOSIS REQUIRING AN IN-PERSON EVALUATION. IT IS ALSO NOT INTENDED FOR ANY INFORMATION REGARDING WHICH DRUGS OR MEDICAL TREATMENT MAY BE APPROPRIATE FOR YOU, AND YOU SHOULD DISREGARD ANY SUCH ADVICE IF DELIVERED THROUGH THE PLATFORM.</p>\r\n<p>DO NOT DISREGARD, AVOID, OR DELAY IN OBTAINING IN-PERSON CARE FROM YOUR DOCTOR OR OTHER QUALIFIED PROFESSIONAL BECAUSE OF INFORMATION OR ADVICE YOU RECEIVED THROUGH THE PLATFORM.</p>',NULL,NULL,NULL,0,NULL,'active',0,1,0,'2026-01-28 01:13:50','2026-01-31 01:16:21');

--
-- Table structure for table `pooja_services`
--

CREATE TABLE `pooja_services` (
  `id` bigint unsigned NOT NULL AUTO_INCREMENT,
  `name` varchar(255) COLLATE utf8mb4_unicode_ci NOT NULL,
  `slug` varchar(255) COLLATE utf8mb4_unicode_ci NOT NULL,
  `image` varchar(255) COLLATE utf8mb4_unicode_ci DEFAULT NULL,
  `seo_image` varchar(255) COLLATE utf8mb4_unicode_ci DEFAULT NULL,
  `description` longtext COLLATE utf8mb4_unicode_ci,
  `meta_title` varchar(255) COLLATE utf8mb4_unicode_ci DEFAULT NULL,
  `meta_description` text COLLATE utf8mb4_unicode_ci,
  `schema` text COLLATE utf8mb4_unicode_ci,
  `status` tinyint(1) NOT NULL DEFAULT '1',
  `created_at` timestamp NULL DEFAULT NULL,
  `updated_at` timestamp NULL DEFAULT NULL,
  PRIMARY KEY (`id`),
  UNIQUE KEY `pooja_services_slug_unique` (`slug`)
) ENGINE=InnoDB AUTO_INCREMENT=4 DEFAULT CHARSET=utf8mb4 COLLATE=utf8mb4_unicode_ci;

--
-- Dumping data for table `pooja_services`
--

INSERT INTO `pooja_services` VALUES (1,'Maha Rudrabhishek Pooja','maha-rudrabhishek-pooja','pooja-services/wXj5V8TQs5sbBYiGY5hwSgvBhdGjCFjo3YNCPurt.jpg',NULL,'🕉️ Har tarah ke grah dosh aur negativity khatam\r\n🔥 Sharirik, mansik aur aarthik peedaon se milti hai mukti\r\n🌊 Life mein aati hai shanti, safalta aur spiritual upliftment\r\n🙏 Bante hain rukhe kaam aur badhta hai sukh-samriddhi\r\n\r\nYeh Pooja, Bhagwan Shiv ko samarpit ek shaktishaali aur pavitra anushthan hai, jisme Rudra Sukt, Shiv Mantra aur Abhishek ke dwara shuddhi aur kripa prapt ki jaati hai 🔱\r\n\r\nYeh pooja karwane se jeevan ke sabhi pehluon mein positive changes aate hain — health, relationships, career aur inner peace mein sudhaar hota hai 🌺\r\n\r\nChahe aap desh mein ho ya videsh mein, yeh pooja aap personally apne naam se hamare anubhavi panditon ke dwara karwa sakte hain',NULL,NULL,NULL,1,'2026-02-03 16:15:33','2026-02-03 16:15:33'),(2,'Kaal Sarp Dosh Nivaran Pooja','kaal-sarp-dosh-nivaran-pooja','pooja-services/uXuFCS8C6m5ktvXxbDOOIpuh8nGHh7vwO3iPHDV3.jpg',NULL,'🐍 Kaal Sarp Dosh ke asar se milti hai mukti\r\n🌸 Life mein aati hai shanti aur success\r\n🙏 Negative energy aur dosh khatam hote hain\r\n🕊️ Anxiety aur tension dur hoti hai\r\n\r\nYeh Pooja, Kaal Sarp Dosh se mukti aur jeevan mein sukh aur samriddhi ke liye kiya jaane wala ek vishesh anushthan hai, jisme Bhagwan Shiva aur Kaal Sarp Devta ka aavahan kiya jaata hai 🪷\r\n\r\nYeh pooja karwane se aapke jeevan se Kaal Sarp Dosh aur uske bure asar door ho jaate hain aur safalta aur shanti milti hai 💫\r\n\r\nChahe aap desh mein ho ya videsh mein, yeh pooja aap personally apne naam se hamare anubhavi panditon ke dwara karwa sakte hain 🙏',NULL,NULL,NULL,1,'2026-02-03 16:19:36','2026-02-03 16:19:41'),(3,'Special Pooja for Relationships','special-pooja-for-relationships','pooja-services/apNK7gzILWCEtFUEdkSJMOS1Tuu0Q2MaMIxToy3u.jpg',NULL,'<p>💖 <strong>Rishtey mein pyaar</strong> aur samajh badhne lagti hai 🌸 Man-mutav aur dooriyan door hoti hain 🙏 Grah dosh aur negative energy khatam hota hai 🕊️ Rishton mein aati hai shanti aur samarpan Yeh Pooja, aapke rishton ko strong aur long-lasting banane ke liye kiya jaane wala vishesh anushthan hai 🪷 Yeh pooja karwane se rishtey mein pyaar aur vishwas badhta hai aur har kathinai door hoti hai ❤️ Chahe aap desh mein ho ya videsh mein, yeh pooja aap personally apne naam se hamare anubhavi panditon ke dwara karwa sakte hain 🙏 Starting from ₹ 1100</p>','ok',NULL,NULL,1,'2026-02-03 16:20:22','2026-02-03 16:23:12');

--
-- Table structure for table `product_images`
--

CREATE TABLE `product_images` (
  `id` bigint unsigned NOT NULL AUTO_INCREMENT,
  `product_id` bigint unsigned NOT NULL,
  `image_path` varchar(255) COLLATE utf8mb4_unicode_ci NOT NULL,
  `thumbnail_path` varchar(255) COLLATE utf8mb4_unicode_ci DEFAULT NULL,
  `alt_text` varchar(255) COLLATE utf8mb4_unicode_ci DEFAULT NULL,
  `sort_order` int NOT NULL DEFAULT '0',
  `created_at` timestamp NULL DEFAULT NULL,
  `updated_at` timestamp NULL DEFAULT NULL,
  PRIMARY KEY (`id`),
  KEY `product_images_product_id_foreign` (`product_id`),
  CONSTRAINT `product_images_product_id_foreign` FOREIGN KEY (`product_id`) REFERENCES `products` (`id`) ON DELETE CASCADE
) ENGINE=InnoDB AUTO_INCREMENT=205 DEFAULT CHARSET=utf8mb4 COLLATE=utf8mb4_unicode_ci;

--
-- Dumping data for table `product_images`
--

INSERT INTO `product_images` VALUES (2,2,'/storage/products/nnWcmZyOclwYCX7OePhwqko8ctA5rz9EzGGmFO8Y.jpeg','/storage/products/nnWcmZyOclwYCX7OePhwqko8ctA5rz9EzGGmFO8Y.jpeg','test product',0,'2026-01-29 23:22:16','2026-01-29 23:22:16'),(3,2,'/storage/products/JFiMfoIxC5IR078BKxvsUmuDDGHKQ6FVxcqEhArm.png','/storage/products/JFiMfoIxC5IR078BKxvsUmuDDGHKQ6FVxcqEhArm.png','test product',1,'2026-01-29 23:22:16','2026-01-29 23:22:16'),(5,4,'https://ui-avatars.com/api/?name=Product+Debitis+Hic+Quidem&background=random&size=512',NULL,NULL,1,'2026-01-31 09:42:20','2026-01-31 09:42:20'),(6,5,'https://ui-avatars.com/api/?name=Product+Eos+Nisi+Accusantium&background=random&size=512',NULL,NULL,1,'2026-01-31 09:42:20','2026-01-31 09:42:20'),(7,6,'https://ui-avatars.com/api/?name=Product+Enim+Exercitationem+Aut&background=random&size=512',NULL,NULL,1,'2026-01-31 09:42:20','2026-01-31 09:42:20'),(8,7,'https://ui-avatars.com/api/?name=Product+Accusantium+Porro+In&background=random&size=512',NULL,NULL,1,'2026-01-31 09:42:20','2026-01-31 09:42:20'),(9,8,'https://ui-avatars.com/api/?name=Product+Et+Voluptatibus+Voluptatem&background=random&size=512',NULL,NULL,1,'2026-01-31 09:42:20','2026-01-31 09:42:20'),(10,9,'https://ui-avatars.com/api/?name=Product+Quos+Voluptatum+Aperiam&background=random&size=512',NULL,NULL,1,'2026-01-31 09:42:20','2026-01-31 09:42:20'),(11,10,'https://ui-avatars.com/api/?name=Product+Et+Voluptatem+Sit&background=random&size=512',NULL,NULL,1,'2026-01-31 09:42:20','2026-01-31 09:42:20'),(12,11,'https://ui-avatars.com/api/?name=Product+Voluptatem+Consequatur+Ut&background=random&size=512',NULL,NULL,1,'2026-01-31 09:42:20','2026-01-31 09:42:20'),(13,12,'https://ui-avatars.com/api/?name=Product+Temporibus+Eveniet+Nam&background=random&size=512',NULL,NULL,1,'2026-01-31 09:42:21','2026-01-31 09:42:21'),(14,13,'https://ui-avatars.com/api/?name=Product+Est+Amet+Ea&background=random&size=512',NULL,NULL,1,'2026-01-31 09:42:21','2026-01-31 09:42:21'),(15,14,'https://ui-avatars.com/api/?name=Product+Placeat+Fugiat+Odit&background=random&size=512',NULL,NULL,1,'2026-01-31 09:42:21','2026-01-31 09:42:21'),(16,15,'https://ui-avatars.com/api/?name=Product+Beatae+Cumque+Est&background=random&size=512',NULL,NULL,1,'2026-01-31 09:42:21','2026-01-31 09:42:21'),(17,16,'https://ui-avatars.com/api/?name=Product+Animi+Ut+Enim&background=random&size=512',NULL,NULL,1,'2026-01-31 09:42:21','2026-01-31 09:42:21'),(18,17,'https://ui-avatars.com/api/?name=Product+Temporibus+Culpa+Et&background=random&size=512',NULL,NULL,1,'2026-01-31 09:42:21','2026-01-31 09:42:21'),(19,18,'https://ui-avatars.com/api/?name=Product+Eos+Et+Dolor&background=random&size=512',NULL,NULL,1,'2026-01-31 09:42:21','2026-01-31 09:42:21'),(20,19,'https://ui-avatars.com/api/?name=Product+Facilis+Eius+Corrupti&background=random&size=512',NULL,NULL,1,'2026-01-31 09:42:21','2026-01-31 09:42:21'),(21,20,'https://ui-avatars.com/api/?name=Product+Consequatur+Illo+Quaerat&background=random&size=512',NULL,NULL,1,'2026-01-31 09:42:21','2026-01-31 09:42:21'),(22,21,'https://ui-avatars.com/api/?name=Product+Aut+Ad+Aut&background=random&size=512',NULL,NULL,1,'2026-01-31 09:42:21','2026-01-31 09:42:21'),(23,22,'https://ui-avatars.com/api/?name=Product+Pariatur+Iusto+Ex&background=random&size=512',NULL,NULL,1,'2026-01-31 09:42:21','2026-01-31 09:42:21'),(24,23,'https://ui-avatars.com/api/?name=Product+Possimus+Reprehenderit+Earum&background=random&size=512',NULL,NULL,1,'2026-01-31 09:42:21','2026-01-31 09:42:21'),(25,24,'https://ui-avatars.com/api/?name=Product+Rerum+Et+Autem&background=random&size=512',NULL,NULL,1,'2026-01-31 09:42:21','2026-01-31 09:42:21'),(26,25,'https://ui-avatars.com/api/?name=Product+Laudantium+Ut+Sequi&background=random&size=512',NULL,NULL,1,'2026-01-31 09:42:21','2026-01-31 09:42:21'),(27,26,'https://ui-avatars.com/api/?name=Product+Tempore+Rerum+Expedita&background=random&size=512',NULL,NULL,1,'2026-01-31 09:42:21','2026-01-31 09:42:21'),(28,27,'https://ui-avatars.com/api/?name=Product+Dolor+Et+Non&background=random&size=512',NULL,NULL,1,'2026-01-31 09:42:21','2026-01-31 09:42:21'),(29,28,'https://ui-avatars.com/api/?name=Product+Animi+Ut+Distinctio&background=random&size=512',NULL,NULL,1,'2026-01-31 09:42:21','2026-01-31 09:42:21'),(30,29,'https://ui-avatars.com/api/?name=Product+Esse+Non+Et&background=random&size=512',NULL,NULL,1,'2026-01-31 09:42:21','2026-01-31 09:42:21'),(31,30,'https://ui-avatars.com/api/?name=Product+Autem+Facere+Quidem&background=random&size=512',NULL,NULL,1,'2026-01-31 09:42:21','2026-01-31 09:42:21'),(32,31,'https://ui-avatars.com/api/?name=Product+Voluptatibus+Officia+Est&background=random&size=512',NULL,NULL,1,'2026-01-31 09:42:21','2026-01-31 09:42:21'),(33,32,'https://ui-avatars.com/api/?name=Product+Ut+Corrupti+Quibusdam&background=random&size=512',NULL,NULL,1,'2026-01-31 09:42:21','2026-01-31 09:42:21'),(34,33,'https://ui-avatars.com/api/?name=Product+Architecto+Quibusdam+Deserunt&background=random&size=512',NULL,NULL,1,'2026-01-31 09:42:21','2026-01-31 09:42:21'),(35,34,'https://ui-avatars.com/api/?name=Product+Enim+Nobis+Dolor&background=random&size=512',NULL,NULL,1,'2026-01-31 09:42:21','2026-01-31 09:42:21'),(36,35,'https://ui-avatars.com/api/?name=Product+Rerum+Et+Quia&background=random&size=512',NULL,NULL,1,'2026-01-31 09:42:21','2026-01-31 09:42:21'),(37,36,'https://ui-avatars.com/api/?name=Product+Temporibus+Velit+Et&background=random&size=512',NULL,NULL,1,'2026-01-31 09:42:21','2026-01-31 09:42:21'),(38,37,'https://ui-avatars.com/api/?name=Product+Facilis+Vero+Blanditiis&background=random&size=512',NULL,NULL,1,'2026-01-31 09:42:21','2026-01-31 09:42:21'),(39,38,'https://ui-avatars.com/api/?name=Product+Doloribus+Rerum+Eveniet&background=random&size=512',NULL,NULL,1,'2026-01-31 09:42:21','2026-01-31 09:42:21'),(40,39,'https://ui-avatars.com/api/?name=Product+Assumenda+Doloremque+Doloribus&background=random&size=512',NULL,NULL,1,'2026-01-31 09:42:21','2026-01-31 09:42:21'),(41,40,'https://ui-avatars.com/api/?name=Product+Hic+Voluptas+Veniam&background=random&size=512',NULL,NULL,1,'2026-01-31 09:42:21','2026-01-31 09:42:21'),(42,41,'https://ui-avatars.com/api/?name=Product+Esse+Reprehenderit+Et&background=random&size=512',NULL,NULL,1,'2026-01-31 09:42:21','2026-01-31 09:42:21'),(43,42,'https://ui-avatars.com/api/?name=Product+Beatae+Eum+Ullam&background=random&size=512',NULL,NULL,1,'2026-01-31 09:42:21','2026-01-31 09:42:21'),(44,43,'https://ui-avatars.com/api/?name=Product+Est+Distinctio+Mollitia&background=random&size=512',NULL,NULL,1,'2026-01-31 09:42:21','2026-01-31 09:42:21'),(45,44,'https://ui-avatars.com/api/?name=Product+Sapiente+Tenetur+Odio&background=random&size=512',NULL,NULL,1,'2026-01-31 09:42:21','2026-01-31 09:42:21'),(46,45,'https://ui-avatars.com/api/?name=Product+Voluptatem+Odio+Suscipit&background=random&size=512',NULL,NULL,1,'2026-01-31 09:42:21','2026-01-31 09:42:21'),(47,46,'https://ui-avatars.com/api/?name=Product+Eum+Perferendis+Eum&background=random&size=512',NULL,NULL,1,'2026-01-31 09:42:21','2026-01-31 09:42:21'),(48,47,'https://ui-avatars.com/api/?name=Product+Molestiae+Porro+Ex&background=random&size=512',NULL,NULL,1,'2026-01-31 09:42:21','2026-01-31 09:42:21'),(49,48,'https://ui-avatars.com/api/?name=Product+At+Voluptatem+Perspiciatis&background=random&size=512',NULL,NULL,1,'2026-01-31 09:42:21','2026-01-31 09:42:21'),(50,49,'https://ui-avatars.com/api/?name=Product+Qui+Maiores+Aut&background=random&size=512',NULL,NULL,1,'2026-01-31 09:42:21','2026-01-31 09:42:21'),(51,50,'https://ui-avatars.com/api/?name=Product+Commodi+Odio+Ut&background=random&size=512',NULL,NULL,1,'2026-01-31 09:42:21','2026-01-31 09:42:21'),(52,51,'https://ui-avatars.com/api/?name=Product+Ea+Facilis+Aut&background=random&size=512',NULL,NULL,1,'2026-01-31 09:42:21','2026-01-31 09:42:21'),(53,52,'https://ui-avatars.com/api/?name=Product+Sunt+Eum+Enim&background=random&size=512',NULL,NULL,1,'2026-01-31 09:42:21','2026-01-31 09:42:21'),(54,53,'https://ui-avatars.com/api/?name=Product+Nesciunt+Velit+Esse&background=random&size=512',NULL,NULL,1,'2026-01-31 09:42:21','2026-01-31 09:42:21'),(55,54,'https://ui-avatars.com/api/?name=Product+Vero+Labore+Corporis&background=random&size=512',NULL,NULL,1,'2026-01-31 09:42:21','2026-01-31 09:42:21'),(56,55,'https://ui-avatars.com/api/?name=Product+Sed+Dolorem+Aut&background=random&size=512',NULL,NULL,1,'2026-01-31 09:42:21','2026-01-31 09:42:21'),(57,56,'https://ui-avatars.com/api/?name=Product+Magnam+Autem+Cum&background=random&size=512',NULL,NULL,1,'2026-01-31 09:42:21','2026-01-31 09:42:21'),(58,57,'https://ui-avatars.com/api/?name=Product+Cumque+Praesentium+Quis&background=random&size=512',NULL,NULL,1,'2026-01-31 09:42:21','2026-01-31 09:42:21'),(59,58,'https://ui-avatars.com/api/?name=Product+Et+Et+Repudiandae&background=random&size=512',NULL,NULL,1,'2026-01-31 09:42:21','2026-01-31 09:42:21'),(60,59,'https://ui-avatars.com/api/?name=Product+Cupiditate+Necessitatibus+Et&background=random&size=512',NULL,NULL,1,'2026-01-31 09:42:21','2026-01-31 09:42:21'),(61,60,'https://ui-avatars.com/api/?name=Product+Voluptatem+Non+Voluptatibus&background=random&size=512',NULL,NULL,1,'2026-01-31 09:42:21','2026-01-31 09:42:21'),(62,61,'https://ui-avatars.com/api/?name=Product+Et+Minus+Numquam&background=random&size=512',NULL,NULL,1,'2026-01-31 09:42:21','2026-01-31 09:42:21'),(63,62,'https://ui-avatars.com/api/?name=Product+Velit+Nostrum+Natus&background=random&size=512',NULL,NULL,1,'2026-01-31 09:42:22','2026-01-31 09:42:22'),(64,63,'https://ui-avatars.com/api/?name=Product+Laborum+Voluptas+Laudantium&background=random&size=512',NULL,NULL,1,'2026-01-31 09:42:22','2026-01-31 09:42:22'),(65,64,'https://ui-avatars.com/api/?name=Product+Illo+Aperiam+Sint&background=random&size=512',NULL,NULL,1,'2026-01-31 09:42:22','2026-01-31 09:42:22'),(66,65,'https://ui-avatars.com/api/?name=Product+Rem+Enim+Quibusdam&background=random&size=512',NULL,NULL,1,'2026-01-31 09:42:22','2026-01-31 09:42:22'),(67,66,'https://ui-avatars.com/api/?name=Product+Ratione+Exercitationem+Error&background=random&size=512',NULL,NULL,1,'2026-01-31 09:42:22','2026-01-31 09:42:22'),(68,67,'https://ui-avatars.com/api/?name=Product+Perferendis+Dolor+Enim&background=random&size=512',NULL,NULL,1,'2026-01-31 09:42:22','2026-01-31 09:42:22'),(69,68,'https://ui-avatars.com/api/?name=Product+Qui+Ut+Molestias&background=random&size=512',NULL,NULL,1,'2026-01-31 09:42:22','2026-01-31 09:42:22'),(70,69,'https://ui-avatars.com/api/?name=Product+Molestiae+Quis+Et&background=random&size=512',NULL,NULL,1,'2026-01-31 09:42:22','2026-01-31 09:42:22'),(71,70,'https://ui-avatars.com/api/?name=Product+Expedita+Excepturi+Sed&background=random&size=512',NULL,NULL,1,'2026-01-31 09:42:22','2026-01-31 09:42:22'),(72,71,'https://ui-avatars.com/api/?name=Product+Ut+Ullam+Pariatur&background=random&size=512',NULL,NULL,1,'2026-01-31 09:42:22','2026-01-31 09:42:22'),(73,72,'https://ui-avatars.com/api/?name=Product+Laborum+Fuga+Consequuntur&background=random&size=512',NULL,NULL,1,'2026-01-31 09:42:22','2026-01-31 09:42:22'),(74,73,'https://ui-avatars.com/api/?name=Product+Quibusdam+Recusandae+Dolor&background=random&size=512',NULL,NULL,1,'2026-01-31 09:42:22','2026-01-31 09:42:22'),(75,74,'https://ui-avatars.com/api/?name=Product+Officia+Qui+Itaque&background=random&size=512',NULL,NULL,1,'2026-01-31 09:42:22','2026-01-31 09:42:22'),(76,75,'https://ui-avatars.com/api/?name=Product+Tempore+Non+Qui&background=random&size=512',NULL,NULL,1,'2026-01-31 09:42:22','2026-01-31 09:42:22'),(77,76,'https://ui-avatars.com/api/?name=Product+Officiis+Harum+Accusantium&background=random&size=512',NULL,NULL,1,'2026-01-31 09:42:22','2026-01-31 09:42:22'),(78,77,'https://ui-avatars.com/api/?name=Product+Ut+Aperiam+Et&background=random&size=512',NULL,NULL,1,'2026-01-31 09:42:22','2026-01-31 09:42:22'),(79,78,'https://ui-avatars.com/api/?name=Product+Culpa+Vitae+Minus&background=random&size=512',NULL,NULL,1,'2026-01-31 09:42:22','2026-01-31 09:42:22'),(80,79,'https://ui-avatars.com/api/?name=Product+Eos+Rerum+Laborum&background=random&size=512',NULL,NULL,1,'2026-01-31 09:42:22','2026-01-31 09:42:22'),(81,80,'https://ui-avatars.com/api/?name=Product+Error+Non+Earum&background=random&size=512',NULL,NULL,1,'2026-01-31 09:42:22','2026-01-31 09:42:22'),(82,81,'https://ui-avatars.com/api/?name=Product+Voluptates+Doloribus+Et&background=random&size=512',NULL,NULL,1,'2026-01-31 09:42:22','2026-01-31 09:42:22'),(83,82,'https://ui-avatars.com/api/?name=Product+Et+Voluptatum+Eligendi&background=random&size=512',NULL,NULL,1,'2026-01-31 09:42:22','2026-01-31 09:42:22'),(84,83,'https://ui-avatars.com/api/?name=Product+Voluptatem+Qui+Omnis&background=random&size=512',NULL,NULL,1,'2026-01-31 09:42:22','2026-01-31 09:42:22'),(85,84,'https://ui-avatars.com/api/?name=Product+Aspernatur+Eum+Accusamus&background=random&size=512',NULL,NULL,1,'2026-01-31 09:42:22','2026-01-31 09:42:22'),(86,85,'https://ui-avatars.com/api/?name=Product+Voluptates+Magnam+Recusandae&background=random&size=512',NULL,NULL,1,'2026-01-31 09:42:22','2026-01-31 09:42:22'),(87,86,'https://ui-avatars.com/api/?name=Product+Est+Est+Aperiam&background=random&size=512',NULL,NULL,1,'2026-01-31 09:42:22','2026-01-31 09:42:22'),(88,87,'https://ui-avatars.com/api/?name=Product+Et+Aliquam+Optio&background=random&size=512',NULL,NULL,1,'2026-01-31 09:42:22','2026-01-31 09:42:22'),(89,88,'https://ui-avatars.com/api/?name=Product+Aut+Et+Occaecati&background=random&size=512',NULL,NULL,1,'2026-01-31 09:42:22','2026-01-31 09:42:22'),(90,89,'https://ui-avatars.com/api/?name=Product+Et+Doloribus+Aperiam&background=random&size=512',NULL,NULL,1,'2026-01-31 09:42:22','2026-01-31 09:42:22'),(91,90,'https://ui-avatars.com/api/?name=Product+Tempora+Iste+Commodi&background=random&size=512',NULL,NULL,1,'2026-01-31 09:42:22','2026-01-31 09:42:22'),(92,91,'https://ui-avatars.com/api/?name=Product+Eaque+Impedit+Delectus&background=random&size=512',NULL,NULL,1,'2026-01-31 09:42:22','2026-01-31 09:42:22'),(93,92,'https://ui-avatars.com/api/?name=Product+Blanditiis+Quasi+Quia&background=random&size=512',NULL,NULL,1,'2026-01-31 09:42:22','2026-01-31 09:42:22'),(94,93,'https://ui-avatars.com/api/?name=Product+Et+Inventore+Totam&background=random&size=512',NULL,NULL,1,'2026-01-31 09:42:22','2026-01-31 09:42:22'),(95,94,'https://ui-avatars.com/api/?name=Product+Assumenda+Maiores+Eos&background=random&size=512',NULL,NULL,1,'2026-01-31 09:42:22','2026-01-31 09:42:22'),(96,95,'https://ui-avatars.com/api/?name=Product+Quia+Qui+Nemo&background=random&size=512',NULL,NULL,1,'2026-01-31 09:42:22','2026-01-31 09:42:22'),(97,96,'https://ui-avatars.com/api/?name=Product+In+Blanditiis+Voluptatem&background=random&size=512',NULL,NULL,1,'2026-01-31 09:42:22','2026-01-31 09:42:22'),(98,97,'https://ui-avatars.com/api/?name=Product+Minus+Ex+Necessitatibus&background=random&size=512',NULL,NULL,1,'2026-01-31 09:42:22','2026-01-31 09:42:22'),(99,98,'https://ui-avatars.com/api/?name=Product+Esse+Atque+Ipsum&background=random&size=512',NULL,NULL,1,'2026-01-31 09:42:22','2026-01-31 09:42:22'),(100,99,'https://ui-avatars.com/api/?name=Product+Est+Nulla+Consequatur&background=random&size=512',NULL,NULL,1,'2026-01-31 09:42:22','2026-01-31 09:42:22'),(101,100,'https://ui-avatars.com/api/?name=Product+Dolores+Esse+Aut&background=random&size=512',NULL,NULL,1,'2026-01-31 09:42:22','2026-01-31 09:42:22'),(102,101,'https://ui-avatars.com/api/?name=Product+Qui+Mollitia+Nobis&background=random&size=512',NULL,NULL,1,'2026-01-31 09:42:22','2026-01-31 09:42:22'),(103,102,'https://ui-avatars.com/api/?name=Product+Et+Est+Natus&background=random&size=512',NULL,NULL,1,'2026-01-31 09:42:22','2026-01-31 09:42:22'),(104,103,'https://ui-avatars.com/api/?name=Product+Hic+Et+Esse&background=random&size=512',NULL,NULL,1,'2026-01-31 09:42:22','2026-01-31 09:42:22'),(105,104,'https://ui-avatars.com/api/?name=Product+Suscipit+Possimus+A&background=random&size=512',NULL,NULL,1,'2026-01-31 09:42:22','2026-01-31 09:42:22'),(106,105,'https://ui-avatars.com/api/?name=Product+Facilis+Distinctio+Placeat&background=random&size=512',NULL,NULL,1,'2026-01-31 09:42:22','2026-01-31 09:42:22'),(107,106,'https://ui-avatars.com/api/?name=Product+Asperiores+Nihil+Blanditiis&background=random&size=512',NULL,NULL,1,'2026-01-31 09:42:22','2026-01-31 09:42:22'),(108,107,'https://ui-avatars.com/api/?name=Product+Aut+Ducimus+Est&background=random&size=512',NULL,NULL,1,'2026-01-31 09:42:22','2026-01-31 09:42:22'),(109,108,'https://ui-avatars.com/api/?name=Product+Beatae+Sequi+Sed&background=random&size=512',NULL,NULL,1,'2026-01-31 09:42:22','2026-01-31 09:42:22'),(110,109,'https://ui-avatars.com/api/?name=Product+Quidem+Sed+Quam&background=random&size=512',NULL,NULL,1,'2026-01-31 09:42:22','2026-01-31 09:42:22'),(111,110,'https://ui-avatars.com/api/?name=Product+Ab+Consequatur+Temporibus&background=random&size=512',NULL,NULL,1,'2026-01-31 09:42:22','2026-01-31 09:42:22'),(112,111,'https://ui-avatars.com/api/?name=Product+Consequatur+Molestiae+Impedit&background=random&size=512',NULL,NULL,1,'2026-01-31 09:42:22','2026-01-31 09:42:22'),(113,112,'https://ui-avatars.com/api/?name=Product+Consequuntur+Accusantium+Id&background=random&size=512',NULL,NULL,1,'2026-01-31 09:42:22','2026-01-31 09:42:22'),(114,113,'https://ui-avatars.com/api/?name=Product+Aut+Libero+Consectetur&background=random&size=512',NULL,NULL,1,'2026-01-31 09:42:22','2026-01-31 09:42:22'),(115,114,'https://ui-avatars.com/api/?name=Product+Mollitia+Dicta+Quo&background=random&size=512',NULL,NULL,1,'2026-01-31 09:42:23','2026-01-31 09:42:23'),(116,115,'https://ui-avatars.com/api/?name=Product+Nihil+Ea+Nesciunt&background=random&size=512',NULL,NULL,1,'2026-01-31 09:42:23','2026-01-31 09:42:23'),(117,116,'https://ui-avatars.com/api/?name=Product+Est+Ducimus+Ea&background=random&size=512',NULL,NULL,1,'2026-01-31 09:42:23','2026-01-31 09:42:23'),(118,117,'https://ui-avatars.com/api/?name=Product+Autem+Vel+Est&background=random&size=512',NULL,NULL,1,'2026-01-31 09:42:23','2026-01-31 09:42:23'),(119,118,'https://ui-avatars.com/api/?name=Product+Id+Aspernatur+Assumenda&background=random&size=512',NULL,NULL,1,'2026-01-31 09:42:23','2026-01-31 09:42:23'),(120,119,'https://ui-avatars.com/api/?name=Product+Consequatur+Aut+Soluta&background=random&size=512',NULL,NULL,1,'2026-01-31 09:42:23','2026-01-31 09:42:23'),(121,120,'https://ui-avatars.com/api/?name=Product+Omnis+Sunt+Earum&background=random&size=512',NULL,NULL,1,'2026-01-31 09:42:23','2026-01-31 09:42:23'),(122,121,'https://ui-avatars.com/api/?name=Product+Accusantium+Fugit+Qui&background=random&size=512',NULL,NULL,1,'2026-01-31 09:42:23','2026-01-31 09:42:23'),(123,122,'https://ui-avatars.com/api/?name=Product+Quisquam+Dolore+Consequuntur&background=random&size=512',NULL,NULL,1,'2026-01-31 09:42:23','2026-01-31 09:42:23'),(124,123,'https://ui-avatars.com/api/?name=Product+Incidunt+Maxime+Asperiores&background=random&size=512',NULL,NULL,1,'2026-01-31 09:42:23','2026-01-31 09:42:23'),(125,124,'https://ui-avatars.com/api/?name=Product+Aut+Et+Asperiores&background=random&size=512',NULL,NULL,1,'2026-01-31 09:42:23','2026-01-31 09:42:23'),(126,125,'https://ui-avatars.com/api/?name=Product+Quaerat+Fugit+Deleniti&background=random&size=512',NULL,NULL,1,'2026-01-31 09:42:23','2026-01-31 09:42:23'),(127,126,'https://ui-avatars.com/api/?name=Product+Ut+Soluta+Numquam&background=random&size=512',NULL,NULL,1,'2026-01-31 09:42:23','2026-01-31 09:42:23'),(128,127,'https://ui-avatars.com/api/?name=Product+Deserunt+Rerum+Totam&background=random&size=512',NULL,NULL,1,'2026-01-31 09:42:23','2026-01-31 09:42:23'),(129,128,'https://ui-avatars.com/api/?name=Product+In+Amet+Rerum&background=random&size=512',NULL,NULL,1,'2026-01-31 09:42:23','2026-01-31 09:42:23'),(130,129,'https://ui-avatars.com/api/?name=Product+Saepe+Et+Unde&background=random&size=512',NULL,NULL,1,'2026-01-31 09:42:23','2026-01-31 09:42:23'),(131,130,'https://ui-avatars.com/api/?name=Product+Doloribus+Nam+Corporis&background=random&size=512',NULL,NULL,1,'2026-01-31 09:42:23','2026-01-31 09:42:23'),(132,131,'https://ui-avatars.com/api/?name=Product+Maxime+Ratione+Ipsum&background=random&size=512',NULL,NULL,1,'2026-01-31 09:42:23','2026-01-31 09:42:23'),(133,132,'https://ui-avatars.com/api/?name=Product+Qui+Excepturi+Unde&background=random&size=512',NULL,NULL,1,'2026-01-31 09:42:23','2026-01-31 09:42:23'),(134,133,'https://ui-avatars.com/api/?name=Product+Consequatur+Eaque+Voluptatem&background=random&size=512',NULL,NULL,1,'2026-01-31 09:42:23','2026-01-31 09:42:23'),(135,134,'https://ui-avatars.com/api/?name=Product+Sit+Maiores+Molestias&background=random&size=512',NULL,NULL,1,'2026-01-31 09:42:23','2026-01-31 09:42:23'),(136,135,'https://ui-avatars.com/api/?name=Product+Dolores+Est+Fuga&background=random&size=512',NULL,NULL,1,'2026-01-31 09:42:23','2026-01-31 09:42:23'),(137,136,'https://ui-avatars.com/api/?name=Product+Id+Et+Voluptatibus&background=random&size=512',NULL,NULL,1,'2026-01-31 09:42:23','2026-01-31 09:42:23'),(138,137,'https://ui-avatars.com/api/?name=Product+Voluptatem+Velit+Quia&background=random&size=512',NULL,NULL,1,'2026-01-31 09:42:23','2026-01-31 09:42:23'),(139,138,'https://ui-avatars.com/api/?name=Product+Et+Magni+Et&background=random&size=512',NULL,NULL,1,'2026-01-31 09:42:23','2026-01-31 09:42:23'),(140,139,'https://ui-avatars.com/api/?name=Product+Illum+Fugit+Non&background=random&size=512',NULL,NULL,1,'2026-01-31 09:42:23','2026-01-31 09:42:23'),(141,140,'https://ui-avatars.com/api/?name=Product+Aut+Possimus+Et&background=random&size=512',NULL,NULL,1,'2026-01-31 09:42:23','2026-01-31 09:42:23'),(142,141,'https://ui-avatars.com/api/?name=Product+Inventore+Molestiae+Molestias&background=random&size=512',NULL,NULL,1,'2026-01-31 09:42:23','2026-01-31 09:42:23'),(143,142,'https://ui-avatars.com/api/?name=Product+Nulla+Quas+Reiciendis&background=random&size=512',NULL,NULL,1,'2026-01-31 09:42:23','2026-01-31 09:42:23'),(144,143,'https://ui-avatars.com/api/?name=Product+Illo+In+Est&background=random&size=512',NULL,NULL,1,'2026-01-31 09:42:23','2026-01-31 09:42:23'),(145,144,'https://ui-avatars.com/api/?name=Product+Voluptatibus+Possimus+Delectus&background=random&size=512',NULL,NULL,1,'2026-01-31 09:42:23','2026-01-31 09:42:23'),(146,145,'https://ui-avatars.com/api/?name=Product+Est+In+Debitis&background=random&size=512',NULL,NULL,1,'2026-01-31 09:42:23','2026-01-31 09:42:23'),(147,146,'https://ui-avatars.com/api/?name=Product+Quaerat+Est+Aut&background=random&size=512',NULL,NULL,1,'2026-01-31 09:42:23','2026-01-31 09:42:23'),(148,147,'https://ui-avatars.com/api/?name=Product+Ad+Dicta+Vel&background=random&size=512',NULL,NULL,1,'2026-01-31 09:42:23','2026-01-31 09:42:23'),(149,148,'https://ui-avatars.com/api/?name=Product+In+Voluptas+Ut&background=random&size=512',NULL,NULL,1,'2026-01-31 09:42:24','2026-01-31 09:42:24'),(150,149,'https://ui-avatars.com/api/?name=Product+A+Corrupti+Alias&background=random&size=512',NULL,NULL,1,'2026-01-31 09:42:24','2026-01-31 09:42:24'),(151,150,'https://ui-avatars.com/api/?name=Product+Hic+Blanditiis+Natus&background=random&size=512',NULL,NULL,1,'2026-01-31 09:42:24','2026-01-31 09:42:24'),(152,151,'https://ui-avatars.com/api/?name=Product+Dolorum+Voluptas+Ut&background=random&size=512',NULL,NULL,1,'2026-01-31 09:42:24','2026-01-31 09:42:24'),(153,152,'https://ui-avatars.com/api/?name=Product+Rerum+Architecto+Nam&background=random&size=512',NULL,NULL,1,'2026-01-31 09:42:24','2026-01-31 09:42:24'),(154,153,'https://ui-avatars.com/api/?name=Product+Id+Ullam+Quia&background=random&size=512',NULL,NULL,1,'2026-01-31 09:42:24','2026-01-31 09:42:24'),(155,154,'https://ui-avatars.com/api/?name=Product+Eligendi+Ducimus+Necessitatibus&background=random&size=512',NULL,NULL,1,'2026-01-31 09:42:24','2026-01-31 09:42:24'),(156,155,'https://ui-avatars.com/api/?name=Product+Temporibus+Facilis+Distinctio&background=random&size=512',NULL,NULL,1,'2026-01-31 09:42:24','2026-01-31 09:42:24'),(157,156,'https://ui-avatars.com/api/?name=Product+Fugiat+Provident+Autem&background=random&size=512',NULL,NULL,1,'2026-01-31 09:42:24','2026-01-31 09:42:24'),(158,157,'https://ui-avatars.com/api/?name=Product+Illum+Magnam+Optio&background=random&size=512',NULL,NULL,1,'2026-01-31 09:42:24','2026-01-31 09:42:24'),(159,158,'https://ui-avatars.com/api/?name=Product+Quisquam+Modi+Rerum&background=random&size=512',NULL,NULL,1,'2026-01-31 09:42:24','2026-01-31 09:42:24'),(160,159,'https://ui-avatars.com/api/?name=Product+Itaque+Temporibus+Veniam&background=random&size=512',NULL,NULL,1,'2026-01-31 09:42:24','2026-01-31 09:42:24'),(161,160,'https://ui-avatars.com/api/?name=Product+Aut+Est+Expedita&background=random&size=512',NULL,NULL,1,'2026-01-31 09:42:24','2026-01-31 09:42:24'),(162,161,'https://ui-avatars.com/api/?name=Product+Quia+Asperiores+Vitae&background=random&size=512',NULL,NULL,1,'2026-01-31 09:42:24','2026-01-31 09:42:24'),(163,162,'https://ui-avatars.com/api/?name=Product+Porro+Nobis+Quam&background=random&size=512',NULL,NULL,1,'2026-01-31 09:42:24','2026-01-31 09:42:24'),(164,163,'https://ui-avatars.com/api/?name=Product+Nihil+Necessitatibus+Aut&background=random&size=512',NULL,NULL,1,'2026-01-31 09:42:24','2026-01-31 09:42:24'),(165,164,'https://ui-avatars.com/api/?name=Product+Est+Minus+Sunt&background=random&size=512',NULL,NULL,1,'2026-01-31 09:42:24','2026-01-31 09:42:24'),(166,165,'https://ui-avatars.com/api/?name=Product+Et+Ullam+Tenetur&background=random&size=512',NULL,NULL,1,'2026-01-31 09:42:24','2026-01-31 09:42:24'),(167,166,'https://ui-avatars.com/api/?name=Product+Facilis+Ea+Velit&background=random&size=512',NULL,NULL,1,'2026-01-31 09:42:24','2026-01-31 09:42:24'),(168,167,'https://ui-avatars.com/api/?name=Product+Sed+Esse+Ipsam&background=random&size=512',NULL,NULL,1,'2026-01-31 09:42:24','2026-01-31 09:42:24'),(169,168,'https://ui-avatars.com/api/?name=Product+Aut+Qui+Laborum&background=random&size=512',NULL,NULL,1,'2026-01-31 09:42:24','2026-01-31 09:42:24'),(170,169,'https://ui-avatars.com/api/?name=Product+Sapiente+A+Et&background=random&size=512',NULL,NULL,1,'2026-01-31 09:42:24','2026-01-31 09:42:24'),(171,170,'https://ui-avatars.com/api/?name=Product+Animi+Aut+Accusamus&background=random&size=512',NULL,NULL,1,'2026-01-31 09:42:24','2026-01-31 09:42:24'),(172,171,'https://ui-avatars.com/api/?name=Product+Eum+Tenetur+Aliquam&background=random&size=512',NULL,NULL,1,'2026-01-31 09:42:24','2026-01-31 09:42:24'),(173,172,'https://ui-avatars.com/api/?name=Product+Deleniti+Quam+Ratione&background=random&size=512',NULL,NULL,1,'2026-01-31 09:42:24','2026-01-31 09:42:24'),(174,173,'https://ui-avatars.com/api/?name=Product+Non+Sed+Deleniti&background=random&size=512',NULL,NULL,1,'2026-01-31 09:42:24','2026-01-31 09:42:24'),(175,174,'https://ui-avatars.com/api/?name=Product+Incidunt+Neque+Sapiente&background=random&size=512',NULL,NULL,1,'2026-01-31 09:42:24','2026-01-31 09:42:24'),(176,175,'https://ui-avatars.com/api/?name=Product+At+Eligendi+Est&background=random&size=512',NULL,NULL,1,'2026-01-31 09:42:24','2026-01-31 09:42:24'),(177,176,'https://ui-avatars.com/api/?name=Product+Deserunt+Veniam+Dolor&background=random&size=512',NULL,NULL,1,'2026-01-31 09:42:24','2026-01-31 09:42:24'),(178,177,'https://ui-avatars.com/api/?name=Product+Quidem+Et+Excepturi&background=random&size=512',NULL,NULL,1,'2026-01-31 09:42:24','2026-01-31 09:42:24'),(179,178,'https://ui-avatars.com/api/?name=Product+Fuga+Libero+Ut&background=random&size=512',NULL,NULL,1,'2026-01-31 09:42:24','2026-01-31 09:42:24'),(180,179,'https://ui-avatars.com/api/?name=Product+Ipsam+Veniam+Facere&background=random&size=512',NULL,NULL,1,'2026-01-31 09:42:24','2026-01-31 09:42:24'),(181,180,'https://ui-avatars.com/api/?name=Product+Dolorem+Magni+Dolorem&background=random&size=512',NULL,NULL,1,'2026-01-31 09:42:24','2026-01-31 09:42:24'),(182,181,'https://ui-avatars.com/api/?name=Product+Vero+Eos+Quia&background=random&size=512',NULL,NULL,1,'2026-01-31 09:42:24','2026-01-31 09:42:24'),(183,182,'https://ui-avatars.com/api/?name=Product+Vel+Sed+Sed&background=random&size=512',NULL,NULL,1,'2026-01-31 09:42:24','2026-01-31 09:42:24'),(184,183,'https://ui-avatars.com/api/?name=Product+Recusandae+Molestiae+Aut&background=random&size=512',NULL,NULL,1,'2026-01-31 09:42:24','2026-01-31 09:42:24'),(185,184,'https://ui-avatars.com/api/?name=Product+Suscipit+Et+Et&background=random&size=512',NULL,NULL,1,'2026-01-31 09:42:24','2026-01-31 09:42:24'),(186,185,'https://ui-avatars.com/api/?name=Product+Consequatur+Autem+Nisi&background=random&size=512',NULL,NULL,1,'2026-01-31 09:42:24','2026-01-31 09:42:24'),(187,186,'https://ui-avatars.com/api/?name=Product+Doloribus+Sunt+Aut&background=random&size=512',NULL,NULL,1,'2026-01-31 09:42:24','2026-01-31 09:42:24'),(188,187,'https://ui-avatars.com/api/?name=Product+Consequatur+Facere+Eligendi&background=random&size=512',NULL,NULL,1,'2026-01-31 09:42:24','2026-01-31 09:42:24'),(189,188,'https://ui-avatars.com/api/?name=Product+Expedita+A+Voluptatem&background=random&size=512',NULL,NULL,1,'2026-01-31 09:42:24','2026-01-31 09:42:24'),(190,189,'https://ui-avatars.com/api/?name=Product+Est+Libero+Veritatis&background=random&size=512',NULL,NULL,1,'2026-01-31 09:42:24','2026-01-31 09:42:24'),(191,190,'https://ui-avatars.com/api/?name=Product+Tempora+Mollitia+Perspiciatis&background=random&size=512',NULL,NULL,1,'2026-01-31 09:42:24','2026-01-31 09:42:24'),(192,191,'https://ui-avatars.com/api/?name=Product+Voluptate+Magnam+Sint&background=random&size=512',NULL,NULL,1,'2026-01-31 09:42:24','2026-01-31 09:42:24'),(193,192,'https://ui-avatars.com/api/?name=Product+Nihil+Ea+Distinctio&background=random&size=512',NULL,NULL,1,'2026-01-31 09:42:24','2026-01-31 09:42:24'),(194,193,'https://ui-avatars.com/api/?name=Product+Amet+Doloribus+Quia&background=random&size=512',NULL,NULL,1,'2026-01-31 09:42:24','2026-01-31 09:42:24'),(195,194,'https://ui-avatars.com/api/?name=Product+Dolores+Deleniti+Architecto&background=random&size=512',NULL,NULL,1,'2026-01-31 09:42:24','2026-01-31 09:42:24'),(196,195,'https://ui-avatars.com/api/?name=Product+Quaerat+Ut+Corporis&background=random&size=512',NULL,NULL,1,'2026-01-31 09:42:24','2026-01-31 09:42:24'),(197,196,'https://ui-avatars.com/api/?name=Product+Nam+Vel+Quia&background=random&size=512',NULL,NULL,1,'2026-01-31 09:42:24','2026-01-31 09:42:24'),(198,197,'https://ui-avatars.com/api/?name=Product+Enim+Iusto+Et&background=random&size=512',NULL,NULL,1,'2026-01-31 09:42:24','2026-01-31 09:42:24'),(199,198,'https://ui-avatars.com/api/?name=Product+Maxime+Qui+Aut&background=random&size=512',NULL,NULL,1,'2026-01-31 09:42:24','2026-01-31 09:42:24'),(200,199,'https://ui-avatars.com/api/?name=Product+Voluptatum+Sed+Est&background=random&size=512',NULL,NULL,1,'2026-01-31 09:42:24','2026-01-31 09:42:24'),(201,200,'https://ui-avatars.com/api/?name=Product+Deserunt+Amet+Provident&background=random&size=512',NULL,NULL,1,'2026-01-31 09:42:25','2026-01-31 09:42:25'),(202,201,'https://ui-avatars.com/api/?name=Product+Error+Ea+Omnis&background=random&size=512',NULL,NULL,1,'2026-01-31 09:42:25','2026-01-31 09:42:25'),(203,202,'https://ui-avatars.com/api/?name=Product+Omnis+Cupiditate+Tempora&background=random&size=512',NULL,NULL,1,'2026-01-31 09:42:25','2026-01-31 09:42:25'),(204,203,'https://ui-avatars.com/api/?name=Product+Et+Aut+Vel&background=random&size=512',NULL,NULL,1,'2026-01-31 09:42:25','2026-01-31 09:42:25');

--
-- Table structure for table `product_relations`
--

CREATE TABLE `product_relations` (
  `id` bigint unsigned NOT NULL AUTO_INCREMENT,
  `product_id` bigint unsigned NOT NULL,
  `related_product_id` bigint unsigned NOT NULL,
  `type` varchar(255) COLLATE utf8mb4_unicode_ci NOT NULL,
  `created_at` timestamp NULL DEFAULT NULL,
  `updated_at` timestamp NULL DEFAULT NULL,
  PRIMARY KEY (`id`),
  KEY `product_relations_product_id_foreign` (`product_id`),
  KEY `product_relations_related_product_id_foreign` (`related_product_id`),
  CONSTRAINT `product_relations_product_id_foreign` FOREIGN KEY (`product_id`) REFERENCES `products` (`id`) ON DELETE CASCADE,
  CONSTRAINT `product_relations_related_product_id_foreign` FOREIGN KEY (`related_product_id`) REFERENCES `products` (`id`) ON DELETE CASCADE
) ENGINE=InnoDB DEFAULT CHARSET=utf8mb4 COLLATE=utf8mb4_unicode_ci;

--
-- Dumping data for table `product_relations`
--


--
-- Table structure for table `product_reviews`
--

CREATE TABLE `product_reviews` (
  `id` bigint unsigned NOT NULL AUTO_INCREMENT,
  `product_id` bigint unsigned NOT NULL,
  `user_id` bigint unsigned NOT NULL,
  `order_id` bigint unsigned NOT NULL,
  `rating` int NOT NULL,
  `comment` text CHARACTER SET utf8mb4 COLLATE utf8mb4_unicode_ci,
  `is_published` tinyint(1) NOT NULL DEFAULT '1',
  `created_at` timestamp NULL DEFAULT NULL,
  `updated_at` timestamp NULL DEFAULT NULL,
  PRIMARY KEY (`id`),
  KEY `product_reviews_product_id_foreign` (`product_id`),
  KEY `product_reviews_user_id_foreign` (`user_id`),
  KEY `product_reviews_order_id_foreign` (`order_id`),
  CONSTRAINT `product_reviews_order_id_foreign` FOREIGN KEY (`order_id`) REFERENCES `orders` (`id`) ON DELETE CASCADE,
  CONSTRAINT `product_reviews_product_id_foreign` FOREIGN KEY (`product_id`) REFERENCES `products` (`id`) ON DELETE CASCADE,
  CONSTRAINT `product_reviews_user_id_foreign` FOREIGN KEY (`user_id`) REFERENCES `users` (`id`) ON DELETE CASCADE
) ENGINE=InnoDB AUTO_INCREMENT=2 DEFAULT CHARSET=utf8mb4 COLLATE=utf8mb4_unicode_ci;

--
-- Dumping data for table `product_reviews`
--

INSERT INTO `product_reviews` VALUES (1,2,2,9,3,NULL,1,'2026-01-30 23:28:27','2026-01-30 23:28:27');

--
-- Table structure for table `product_variation_options`
--

CREATE TABLE `product_variation_options` (
  `id` bigint unsigned NOT NULL AUTO_INCREMENT,
  `product_variation_id` bigint unsigned NOT NULL,
  `attribute_name` varchar(255) COLLATE utf8mb4_unicode_ci NOT NULL,
  `attribute_value` varchar(255) COLLATE utf8mb4_unicode_ci NOT NULL,
  `created_at` timestamp NULL DEFAULT NULL,
  `updated_at` timestamp NULL DEFAULT NULL,
  PRIMARY KEY (`id`),
  KEY `product_variation_options_product_variation_id_foreign` (`product_variation_id`),
  CONSTRAINT `product_variation_options_product_variation_id_foreign` FOREIGN KEY (`product_variation_id`) REFERENCES `product_variations` (`id`) ON DELETE CASCADE
) ENGINE=InnoDB AUTO_INCREMENT=11 DEFAULT CHARSET=utf8mb4 COLLATE=utf8mb4_unicode_ci;

--
-- Dumping data for table `product_variation_options`
--

INSERT INTO `product_variation_options` VALUES (9,1,'size','20','2026-01-31 08:52:30','2026-01-31 08:52:30'),(10,2,'size','22','2026-01-31 08:52:30','2026-01-31 08:52:30');

--
-- Table structure for table `product_variations`
--

CREATE TABLE `product_variations` (
  `id` bigint unsigned NOT NULL AUTO_INCREMENT,
  `product_id` bigint unsigned NOT NULL,
  `mrp` decimal(10,2) NOT NULL,
  `sp` decimal(10,2) NOT NULL,
  `reseller_price` decimal(10,2) DEFAULT NULL,
  `stock` int NOT NULL DEFAULT '0',
  `sku` varchar(255) COLLATE utf8mb4_unicode_ci DEFAULT NULL,
  `image_path` varchar(255) COLLATE utf8mb4_unicode_ci DEFAULT NULL,
  `thumbnail_path` varchar(255) COLLATE utf8mb4_unicode_ci DEFAULT NULL,
  `sort_order` int NOT NULL DEFAULT '0',
  `created_at` timestamp NULL DEFAULT NULL,
  `updated_at` timestamp NULL DEFAULT NULL,
  PRIMARY KEY (`id`),
  KEY `product_variations_product_id_foreign` (`product_id`),
  CONSTRAINT `product_variations_product_id_foreign` FOREIGN KEY (`product_id`) REFERENCES `products` (`id`) ON DELETE CASCADE
) ENGINE=InnoDB AUTO_INCREMENT=372 DEFAULT CHARSET=utf8mb4 COLLATE=utf8mb4_unicode_ci;

--
-- Dumping data for table `product_variations`
--

INSERT INTO `product_variations` VALUES (1,2,1000.00,950.00,950.00,78,NULL,NULL,NULL,0,'2026-01-29 23:22:16','2026-01-31 08:52:29'),(2,2,1100.00,950.00,950.00,100,NULL,NULL,NULL,0,'2026-01-29 23:22:16','2026-01-31 08:52:30'),(4,4,1269.42,337.62,NULL,21,'SKU-4-1',NULL,NULL,0,'2026-01-31 09:42:20','2026-01-31 09:42:20'),(5,4,1269.42,337.62,NULL,85,'SKU-4-2',NULL,NULL,0,'2026-01-31 09:42:20','2026-01-31 09:42:20'),(6,5,1369.69,427.04,NULL,57,'SKU-5-1',NULL,NULL,0,'2026-01-31 09:42:20','2026-01-31 09:42:20'),(7,6,1073.16,257.88,NULL,32,'SKU-6-1',NULL,NULL,0,'2026-01-31 09:42:20','2026-01-31 09:42:20'),(8,7,1512.22,316.95,NULL,52,'SKU-7-1',NULL,NULL,0,'2026-01-31 09:42:20','2026-01-31 09:42:20'),(9,7,1512.22,316.95,NULL,76,'SKU-7-2',NULL,NULL,0,'2026-01-31 09:42:20','2026-01-31 09:42:20'),(10,8,1916.42,255.24,NULL,94,'SKU-8-1',NULL,NULL,0,'2026-01-31 09:42:20','2026-01-31 09:42:20'),(11,8,1916.42,255.24,NULL,18,'SKU-8-2',NULL,NULL,0,'2026-01-31 09:42:20','2026-01-31 09:42:20'),(12,8,1916.42,255.24,NULL,70,'SKU-8-3',NULL,NULL,0,'2026-01-31 09:42:20','2026-01-31 09:42:20'),(13,9,1666.44,356.45,NULL,39,'SKU-9-1',NULL,NULL,0,'2026-01-31 09:42:20','2026-01-31 09:42:20'),(14,9,1666.44,356.45,NULL,49,'SKU-9-2',NULL,NULL,0,'2026-01-31 09:42:20','2026-01-31 09:42:20'),(15,10,958.95,412.11,NULL,72,'SKU-10-1',NULL,NULL,0,'2026-01-31 09:42:20','2026-01-31 09:42:20'),(16,11,1096.98,413.33,NULL,64,'SKU-11-1',NULL,NULL,0,'2026-01-31 09:42:20','2026-01-31 09:42:20'),(17,11,1096.98,413.33,NULL,15,'SKU-11-2',NULL,NULL,0,'2026-01-31 09:42:20','2026-01-31 09:42:20'),(18,12,586.74,345.64,NULL,70,'SKU-12-1',NULL,NULL,0,'2026-01-31 09:42:20','2026-01-31 09:42:20'),(19,13,874.65,483.37,NULL,14,'SKU-13-1',NULL,NULL,0,'2026-01-31 09:42:21','2026-01-31 09:42:21'),(20,13,874.65,483.37,NULL,24,'SKU-13-2',NULL,NULL,0,'2026-01-31 09:42:21','2026-01-31 09:42:21'),(21,13,874.65,483.37,NULL,84,'SKU-13-3',NULL,NULL,0,'2026-01-31 09:42:21','2026-01-31 09:42:21'),(22,14,1380.23,450.51,NULL,72,'SKU-14-1',NULL,NULL,0,'2026-01-31 09:42:21','2026-01-31 09:42:21'),(23,15,745.73,372.47,NULL,70,'SKU-15-1',NULL,NULL,0,'2026-01-31 09:42:21','2026-01-31 09:42:21'),(24,15,745.73,372.47,NULL,65,'SKU-15-2',NULL,NULL,0,'2026-01-31 09:42:21','2026-01-31 09:42:21'),(25,16,957.42,343.83,NULL,80,'SKU-16-1',NULL,NULL,0,'2026-01-31 09:42:21','2026-01-31 09:42:21'),(26,16,957.42,343.83,NULL,91,'SKU-16-2',NULL,NULL,0,'2026-01-31 09:42:21','2026-01-31 09:42:21'),(27,17,1514.14,358.12,NULL,44,'SKU-17-1',NULL,NULL,0,'2026-01-31 09:42:21','2026-01-31 09:42:21'),(28,17,1514.14,358.12,NULL,91,'SKU-17-2',NULL,NULL,0,'2026-01-31 09:42:21','2026-01-31 09:42:21'),(29,18,611.81,215.32,NULL,89,'SKU-18-1',NULL,NULL,0,'2026-01-31 09:42:21','2026-01-31 09:42:21'),(30,19,1242.96,439.34,NULL,24,'SKU-19-1',NULL,NULL,0,'2026-01-31 09:42:21','2026-01-31 09:42:21'),(31,20,971.04,240.61,NULL,39,'SKU-20-1',NULL,NULL,0,'2026-01-31 09:42:21','2026-01-31 09:42:21'),(32,20,971.04,240.61,NULL,92,'SKU-20-2',NULL,NULL,0,'2026-01-31 09:42:21','2026-01-31 09:42:21'),(33,21,1673.22,420.27,NULL,68,'SKU-21-1',NULL,NULL,0,'2026-01-31 09:42:21','2026-01-31 09:42:21'),(34,21,1673.22,420.27,NULL,47,'SKU-21-2',NULL,NULL,0,'2026-01-31 09:42:21','2026-01-31 09:42:21'),(35,22,1462.69,279.47,NULL,48,'SKU-22-1',NULL,NULL,0,'2026-01-31 09:42:21','2026-01-31 09:42:21'),(36,22,1462.69,279.47,NULL,46,'SKU-22-2',NULL,NULL,0,'2026-01-31 09:42:21','2026-01-31 09:42:21'),(37,23,940.64,212.35,NULL,28,'SKU-23-1',NULL,NULL,0,'2026-01-31 09:42:21','2026-01-31 09:42:21'),(38,23,940.64,212.35,NULL,55,'SKU-23-2',NULL,NULL,0,'2026-01-31 09:42:21','2026-01-31 09:42:21'),(39,24,878.91,487.58,NULL,54,'SKU-24-1',NULL,NULL,0,'2026-01-31 09:42:21','2026-01-31 09:42:21'),(40,24,878.91,487.58,NULL,45,'SKU-24-2',NULL,NULL,0,'2026-01-31 09:42:21','2026-01-31 09:42:21'),(41,25,1875.25,305.81,NULL,50,'SKU-25-1',NULL,NULL,0,'2026-01-31 09:42:21','2026-01-31 09:42:21'),(42,25,1875.25,305.81,NULL,87,'SKU-25-2',NULL,NULL,0,'2026-01-31 09:42:21','2026-01-31 09:42:21'),(43,26,1578.65,327.57,NULL,14,'SKU-26-1',NULL,NULL,0,'2026-01-31 09:42:21','2026-01-31 09:42:21'),(44,26,1578.65,327.57,NULL,67,'SKU-26-2',NULL,NULL,0,'2026-01-31 09:42:21','2026-01-31 09:42:21'),(45,27,744.13,330.01,NULL,74,'SKU-27-1',NULL,NULL,0,'2026-01-31 09:42:21','2026-01-31 09:42:21'),(46,28,1473.43,278.43,NULL,81,'SKU-28-1',NULL,NULL,0,'2026-01-31 09:42:21','2026-01-31 09:42:21'),(47,28,1473.43,278.43,NULL,40,'SKU-28-2',NULL,NULL,0,'2026-01-31 09:42:21','2026-01-31 09:42:21'),(48,29,1649.30,484.11,NULL,51,'SKU-29-1',NULL,NULL,0,'2026-01-31 09:42:21','2026-01-31 09:42:21'),(49,29,1649.30,484.11,NULL,11,'SKU-29-2',NULL,NULL,0,'2026-01-31 09:42:21','2026-01-31 09:42:21'),(50,30,1206.72,476.92,NULL,100,'SKU-30-1',NULL,NULL,0,'2026-01-31 09:42:21','2026-01-31 09:42:21'),(51,30,1206.72,476.92,NULL,11,'SKU-30-2',NULL,NULL,0,'2026-01-31 09:42:21','2026-01-31 09:42:21'),(52,31,1123.09,329.86,NULL,52,'SKU-31-1',NULL,NULL,0,'2026-01-31 09:42:21','2026-01-31 09:42:21'),(53,31,1123.09,329.86,NULL,79,'SKU-31-2',NULL,NULL,0,'2026-01-31 09:42:21','2026-01-31 09:42:21'),(54,31,1123.09,329.86,NULL,49,'SKU-31-3',NULL,NULL,0,'2026-01-31 09:42:21','2026-01-31 09:42:21'),(55,32,1128.26,324.61,NULL,10,'SKU-32-1',NULL,NULL,0,'2026-01-31 09:42:21','2026-01-31 09:42:21'),(56,32,1128.26,324.61,NULL,14,'SKU-32-2',NULL,NULL,0,'2026-01-31 09:42:21','2026-01-31 09:42:21'),(57,32,1128.26,324.61,NULL,63,'SKU-32-3',NULL,NULL,0,'2026-01-31 09:42:21','2026-01-31 09:42:21'),(58,33,1418.66,363.10,NULL,17,'SKU-33-1',NULL,NULL,0,'2026-01-31 09:42:21','2026-01-31 09:42:21'),(59,33,1418.66,363.10,NULL,85,'SKU-33-2',NULL,NULL,0,'2026-01-31 09:42:21','2026-01-31 09:42:21'),(60,34,522.15,360.87,NULL,16,'SKU-34-1',NULL,NULL,0,'2026-01-31 09:42:21','2026-01-31 09:42:21'),(61,34,522.15,360.87,NULL,80,'SKU-34-2',NULL,NULL,0,'2026-01-31 09:42:21','2026-01-31 09:42:21'),(62,35,1367.16,298.66,NULL,45,'SKU-35-1',NULL,NULL,0,'2026-01-31 09:42:21','2026-01-31 09:42:21'),(63,36,831.95,391.35,NULL,31,'SKU-36-1',NULL,NULL,0,'2026-01-31 09:42:21','2026-01-31 09:42:21'),(64,37,569.62,386.68,NULL,24,'SKU-37-1',NULL,NULL,0,'2026-01-31 09:42:21','2026-01-31 09:42:21'),(65,37,569.62,386.68,NULL,27,'SKU-37-2',NULL,NULL,0,'2026-01-31 09:42:21','2026-01-31 09:42:21'),(66,38,1532.32,251.94,NULL,56,'SKU-38-1',NULL,NULL,0,'2026-01-31 09:42:21','2026-01-31 09:42:21'),(67,38,1532.32,251.94,NULL,65,'SKU-38-2',NULL,NULL,0,'2026-01-31 09:42:21','2026-01-31 09:42:21'),(68,39,1888.84,331.65,NULL,21,'SKU-39-1',NULL,NULL,0,'2026-01-31 09:42:21','2026-01-31 09:42:21'),(69,39,1888.84,331.65,NULL,50,'SKU-39-2',NULL,NULL,0,'2026-01-31 09:42:21','2026-01-31 09:42:21'),(70,39,1888.84,331.65,NULL,95,'SKU-39-3',NULL,NULL,0,'2026-01-31 09:42:21','2026-01-31 09:42:21'),(71,40,586.27,262.98,NULL,61,'SKU-40-1',NULL,NULL,0,'2026-01-31 09:42:21','2026-01-31 09:42:21'),(72,40,586.27,262.98,NULL,50,'SKU-40-2',NULL,NULL,0,'2026-01-31 09:42:21','2026-01-31 09:42:21'),(73,41,1900.67,353.50,NULL,51,'SKU-41-1',NULL,NULL,0,'2026-01-31 09:42:21','2026-01-31 09:42:21'),(74,42,1875.11,337.96,NULL,85,'SKU-42-1',NULL,NULL,0,'2026-01-31 09:42:21','2026-01-31 09:42:21'),(75,43,743.72,490.74,NULL,23,'SKU-43-1',NULL,NULL,0,'2026-01-31 09:42:21','2026-01-31 09:42:21'),(76,44,1926.24,491.73,NULL,67,'SKU-44-1',NULL,NULL,0,'2026-01-31 09:42:21','2026-01-31 09:42:21'),(77,44,1926.24,491.73,NULL,39,'SKU-44-2',NULL,NULL,0,'2026-01-31 09:42:21','2026-01-31 09:42:21'),(78,45,542.63,405.53,NULL,19,'SKU-45-1',NULL,NULL,0,'2026-01-31 09:42:21','2026-01-31 09:42:21'),(79,46,988.39,480.40,NULL,44,'SKU-46-1',NULL,NULL,0,'2026-01-31 09:42:21','2026-01-31 09:42:21'),(80,46,988.39,480.40,NULL,82,'SKU-46-2',NULL,NULL,0,'2026-01-31 09:42:21','2026-01-31 09:42:21'),(81,47,837.74,239.89,NULL,45,'SKU-47-1',NULL,NULL,0,'2026-01-31 09:42:21','2026-01-31 09:42:21'),(82,48,1046.28,281.78,NULL,70,'SKU-48-1',NULL,NULL,0,'2026-01-31 09:42:21','2026-01-31 09:42:21'),(83,49,1570.68,370.06,NULL,38,'SKU-49-1',NULL,NULL,0,'2026-01-31 09:42:21','2026-01-31 09:42:21'),(84,49,1570.68,370.06,NULL,30,'SKU-49-2',NULL,NULL,0,'2026-01-31 09:42:21','2026-01-31 09:42:21'),(85,50,1076.02,256.08,NULL,37,'SKU-50-1',NULL,NULL,0,'2026-01-31 09:42:21','2026-01-31 09:42:21'),(86,50,1076.02,256.08,NULL,19,'SKU-50-2',NULL,NULL,0,'2026-01-31 09:42:21','2026-01-31 09:42:21'),(87,51,1799.49,209.83,NULL,37,'SKU-51-1',NULL,NULL,0,'2026-01-31 09:42:21','2026-01-31 09:42:21'),(88,51,1799.49,209.83,NULL,74,'SKU-51-2',NULL,NULL,0,'2026-01-31 09:42:21','2026-01-31 09:42:21'),(89,51,1799.49,209.83,NULL,62,'SKU-51-3',NULL,NULL,0,'2026-01-31 09:42:21','2026-01-31 09:42:21'),(90,52,1076.67,468.53,NULL,52,'SKU-52-1',NULL,NULL,0,'2026-01-31 09:42:21','2026-01-31 09:42:21'),(91,52,1076.67,468.53,NULL,45,'SKU-52-2',NULL,NULL,0,'2026-01-31 09:42:21','2026-01-31 09:42:21'),(92,52,1076.67,468.53,NULL,67,'SKU-52-3',NULL,NULL,0,'2026-01-31 09:42:21','2026-01-31 09:42:21'),(93,53,1535.37,457.76,NULL,65,'SKU-53-1',NULL,NULL,0,'2026-01-31 09:42:21','2026-01-31 09:42:21'),(94,53,1535.37,457.76,NULL,82,'SKU-53-2',NULL,NULL,0,'2026-01-31 09:42:21','2026-01-31 09:42:21'),(95,54,813.41,386.53,NULL,23,'SKU-54-1',NULL,NULL,0,'2026-01-31 09:42:21','2026-01-31 09:42:21'),(96,54,813.41,386.53,NULL,98,'SKU-54-2',NULL,NULL,0,'2026-01-31 09:42:21','2026-01-31 09:42:21'),(97,54,813.41,386.53,NULL,95,'SKU-54-3',NULL,NULL,0,'2026-01-31 09:42:21','2026-01-31 09:42:21'),(98,55,1625.61,380.00,NULL,41,'SKU-55-1',NULL,NULL,0,'2026-01-31 09:42:21','2026-01-31 09:42:21'),(99,56,718.35,242.81,NULL,82,'SKU-56-1',NULL,NULL,0,'2026-01-31 09:42:21','2026-01-31 09:42:21'),(100,56,718.35,242.81,NULL,72,'SKU-56-2',NULL,NULL,0,'2026-01-31 09:42:21','2026-01-31 09:42:21'),(101,57,1970.49,328.86,NULL,35,'SKU-57-1',NULL,NULL,0,'2026-01-31 09:42:21','2026-01-31 09:42:21'),(102,57,1970.49,328.86,NULL,70,'SKU-57-2',NULL,NULL,0,'2026-01-31 09:42:21','2026-01-31 09:42:21'),(103,58,1993.85,248.13,NULL,88,'SKU-58-1',NULL,NULL,0,'2026-01-31 09:42:21','2026-01-31 09:42:21'),(104,58,1993.85,248.13,NULL,66,'SKU-58-2',NULL,NULL,0,'2026-01-31 09:42:21','2026-01-31 09:42:21'),(105,59,1677.25,290.07,NULL,55,'SKU-59-1',NULL,NULL,0,'2026-01-31 09:42:21','2026-01-31 09:42:21'),(106,59,1677.25,290.07,NULL,14,'SKU-59-2',NULL,NULL,0,'2026-01-31 09:42:21','2026-01-31 09:42:21'),(107,59,1677.25,290.07,NULL,30,'SKU-59-3',NULL,NULL,0,'2026-01-31 09:42:21','2026-01-31 09:42:21'),(108,60,1409.67,352.66,NULL,74,'SKU-60-1',NULL,NULL,0,'2026-01-31 09:42:21','2026-01-31 09:42:21'),(109,60,1409.67,352.66,NULL,45,'SKU-60-2',NULL,NULL,0,'2026-01-31 09:42:21','2026-01-31 09:42:21'),(110,60,1409.67,352.66,NULL,40,'SKU-60-3',NULL,NULL,0,'2026-01-31 09:42:21','2026-01-31 09:42:21'),(111,61,1788.09,450.31,NULL,44,'SKU-61-1',NULL,NULL,0,'2026-01-31 09:42:21','2026-01-31 09:42:21'),(112,62,887.76,299.45,NULL,97,'SKU-62-1',NULL,NULL,0,'2026-01-31 09:42:21','2026-01-31 09:42:21'),(113,62,887.76,299.45,NULL,21,'SKU-62-2',NULL,NULL,0,'2026-01-31 09:42:22','2026-01-31 09:42:22'),(114,62,887.76,299.45,NULL,74,'SKU-62-3',NULL,NULL,0,'2026-01-31 09:42:22','2026-01-31 09:42:22'),(115,63,1729.03,461.10,NULL,88,'SKU-63-1',NULL,NULL,0,'2026-01-31 09:42:22','2026-01-31 09:42:22'),(116,64,704.96,480.64,NULL,59,'SKU-64-1',NULL,NULL,0,'2026-01-31 09:42:22','2026-01-31 09:42:22'),(117,64,704.96,480.64,NULL,18,'SKU-64-2',NULL,NULL,0,'2026-01-31 09:42:22','2026-01-31 09:42:22'),(118,65,1548.45,389.66,NULL,88,'SKU-65-1',NULL,NULL,0,'2026-01-31 09:42:22','2026-01-31 09:42:22'),(119,66,1123.93,301.70,NULL,95,'SKU-66-1',NULL,NULL,0,'2026-01-31 09:42:22','2026-01-31 09:42:22'),(120,67,819.67,247.67,NULL,17,'SKU-67-1',NULL,NULL,0,'2026-01-31 09:42:22','2026-01-31 09:42:22'),(121,67,819.67,247.67,NULL,67,'SKU-67-2',NULL,NULL,0,'2026-01-31 09:42:22','2026-01-31 09:42:22'),(122,67,819.67,247.67,NULL,59,'SKU-67-3',NULL,NULL,0,'2026-01-31 09:42:22','2026-01-31 09:42:22'),(123,68,1798.10,394.30,NULL,40,'SKU-68-1',NULL,NULL,0,'2026-01-31 09:42:22','2026-01-31 09:42:22'),(124,69,1371.93,297.59,NULL,54,'SKU-69-1',NULL,NULL,0,'2026-01-31 09:42:22','2026-01-31 09:42:22'),(125,70,1937.54,417.97,NULL,25,'SKU-70-1',NULL,NULL,0,'2026-01-31 09:42:22','2026-01-31 09:42:22'),(126,71,1007.22,259.28,NULL,36,'SKU-71-1',NULL,NULL,0,'2026-01-31 09:42:22','2026-01-31 09:42:22'),(127,72,1404.32,460.38,NULL,35,'SKU-72-1',NULL,NULL,0,'2026-01-31 09:42:22','2026-01-31 09:42:22'),(128,72,1404.32,460.38,NULL,72,'SKU-72-2',NULL,NULL,0,'2026-01-31 09:42:22','2026-01-31 09:42:22'),(129,73,1131.52,310.30,NULL,80,'SKU-73-1',NULL,NULL,0,'2026-01-31 09:42:22','2026-01-31 09:42:22'),(130,74,530.42,477.79,NULL,56,'SKU-74-1',NULL,NULL,0,'2026-01-31 09:42:22','2026-01-31 09:42:22'),(131,75,1038.01,301.50,NULL,83,'SKU-75-1',NULL,NULL,0,'2026-01-31 09:42:22','2026-01-31 09:42:22'),(132,75,1038.01,301.50,NULL,98,'SKU-75-2',NULL,NULL,0,'2026-01-31 09:42:22','2026-01-31 09:42:22'),(133,76,1897.86,220.98,NULL,80,'SKU-76-1',NULL,NULL,0,'2026-01-31 09:42:22','2026-01-31 09:42:22'),(134,76,1897.86,220.98,NULL,27,'SKU-76-2',NULL,NULL,0,'2026-01-31 09:42:22','2026-01-31 09:42:22'),(135,77,1132.68,284.53,NULL,29,'SKU-77-1',NULL,NULL,0,'2026-01-31 09:42:22','2026-01-31 09:42:22'),(136,77,1132.68,284.53,NULL,38,'SKU-77-2',NULL,NULL,0,'2026-01-31 09:42:22','2026-01-31 09:42:22'),(137,78,699.00,258.86,NULL,30,'SKU-78-1',NULL,NULL,0,'2026-01-31 09:42:22','2026-01-31 09:42:22'),(138,79,1495.72,478.26,NULL,93,'SKU-79-1',NULL,NULL,0,'2026-01-31 09:42:22','2026-01-31 09:42:22'),(139,80,809.80,245.90,NULL,44,'SKU-80-1',NULL,NULL,0,'2026-01-31 09:42:22','2026-01-31 09:42:22'),(140,81,1178.58,345.18,NULL,58,'SKU-81-1',NULL,NULL,0,'2026-01-31 09:42:22','2026-01-31 09:42:22'),(141,82,719.02,418.09,NULL,65,'SKU-82-1',NULL,NULL,0,'2026-01-31 09:42:22','2026-01-31 09:42:22'),(142,82,719.02,418.09,NULL,79,'SKU-82-2',NULL,NULL,0,'2026-01-31 09:42:22','2026-01-31 09:42:22'),(143,83,1253.21,406.82,NULL,93,'SKU-83-1',NULL,NULL,0,'2026-01-31 09:42:22','2026-01-31 09:42:22'),(144,83,1253.21,406.82,NULL,93,'SKU-83-2',NULL,NULL,0,'2026-01-31 09:42:22','2026-01-31 09:42:22'),(145,83,1253.21,406.82,NULL,31,'SKU-83-3',NULL,NULL,0,'2026-01-31 09:42:22','2026-01-31 09:42:22'),(146,84,1512.68,229.56,NULL,35,'SKU-84-1',NULL,NULL,0,'2026-01-31 09:42:22','2026-01-31 09:42:22'),(147,84,1512.68,229.56,NULL,58,'SKU-84-2',NULL,NULL,0,'2026-01-31 09:42:22','2026-01-31 09:42:22'),(148,84,1512.68,229.56,NULL,34,'SKU-84-3',NULL,NULL,0,'2026-01-31 09:42:22','2026-01-31 09:42:22'),(149,85,1937.37,312.97,NULL,14,'SKU-85-1',NULL,NULL,0,'2026-01-31 09:42:22','2026-01-31 09:42:22'),(150,85,1937.37,312.97,NULL,18,'SKU-85-2',NULL,NULL,0,'2026-01-31 09:42:22','2026-01-31 09:42:22'),(151,86,1812.84,305.43,NULL,98,'SKU-86-1',NULL,NULL,0,'2026-01-31 09:42:22','2026-01-31 09:42:22'),(152,87,591.17,407.67,NULL,97,'SKU-87-1',NULL,NULL,0,'2026-01-31 09:42:22','2026-01-31 09:42:22'),(153,88,742.25,287.57,NULL,95,'SKU-88-1',NULL,NULL,0,'2026-01-31 09:42:22','2026-01-31 09:42:22'),(154,88,742.25,287.57,NULL,69,'SKU-88-2',NULL,NULL,0,'2026-01-31 09:42:22','2026-01-31 09:42:22'),(155,88,742.25,287.57,NULL,62,'SKU-88-3',NULL,NULL,0,'2026-01-31 09:42:22','2026-01-31 09:42:22'),(156,89,966.67,369.64,NULL,66,'SKU-89-1',NULL,NULL,0,'2026-01-31 09:42:22','2026-01-31 09:42:22'),(157,89,966.67,369.64,NULL,15,'SKU-89-2',NULL,NULL,0,'2026-01-31 09:42:22','2026-01-31 09:42:22'),(158,90,1330.46,275.21,NULL,66,'SKU-90-1',NULL,NULL,0,'2026-01-31 09:42:22','2026-01-31 09:42:22'),(159,91,1976.61,277.63,NULL,93,'SKU-91-1',NULL,NULL,0,'2026-01-31 09:42:22','2026-01-31 09:42:22'),(160,92,1251.73,350.59,NULL,82,'SKU-92-1',NULL,NULL,0,'2026-01-31 09:42:22','2026-01-31 09:42:22'),(161,92,1251.73,350.59,NULL,65,'SKU-92-2',NULL,NULL,0,'2026-01-31 09:42:22','2026-01-31 09:42:22'),(162,92,1251.73,350.59,NULL,83,'SKU-92-3',NULL,NULL,0,'2026-01-31 09:42:22','2026-01-31 09:42:22'),(163,93,750.54,334.70,NULL,93,'SKU-93-1',NULL,NULL,0,'2026-01-31 09:42:22','2026-01-31 09:42:22'),(164,94,614.80,483.17,NULL,65,'SKU-94-1',NULL,NULL,0,'2026-01-31 09:42:22','2026-01-31 09:42:22'),(165,95,1731.69,486.75,NULL,38,'SKU-95-1',NULL,NULL,0,'2026-01-31 09:42:22','2026-01-31 09:42:22'),(166,96,808.53,459.90,NULL,28,'SKU-96-1',NULL,NULL,0,'2026-01-31 09:42:22','2026-01-31 09:42:22'),(167,96,808.53,459.90,NULL,88,'SKU-96-2',NULL,NULL,0,'2026-01-31 09:42:22','2026-01-31 09:42:22'),(168,97,969.49,458.99,NULL,12,'SKU-97-1',NULL,NULL,0,'2026-01-31 09:42:22','2026-01-31 09:42:22'),(169,97,969.49,458.99,NULL,90,'SKU-97-2',NULL,NULL,0,'2026-01-31 09:42:22','2026-01-31 09:42:22'),(170,98,1366.32,453.36,NULL,35,'SKU-98-1',NULL,NULL,0,'2026-01-31 09:42:22','2026-01-31 09:42:22'),(171,98,1366.32,453.36,NULL,90,'SKU-98-2',NULL,NULL,0,'2026-01-31 09:42:22','2026-01-31 09:42:22'),(172,98,1366.32,453.36,NULL,94,'SKU-98-3',NULL,NULL,0,'2026-01-31 09:42:22','2026-01-31 09:42:22'),(173,99,1216.31,257.82,NULL,84,'SKU-99-1',NULL,NULL,0,'2026-01-31 09:42:22','2026-01-31 09:42:22'),(174,99,1216.31,257.82,NULL,76,'SKU-99-2',NULL,NULL,0,'2026-01-31 09:42:22','2026-01-31 09:42:22'),(175,100,1295.23,469.06,NULL,53,'SKU-100-1',NULL,NULL,0,'2026-01-31 09:42:22','2026-01-31 09:42:22'),(176,101,800.42,210.41,NULL,58,'SKU-101-1',NULL,NULL,0,'2026-01-31 09:42:22','2026-01-31 09:42:22'),(177,101,800.42,210.41,NULL,43,'SKU-101-2',NULL,NULL,0,'2026-01-31 09:42:22','2026-01-31 09:42:22'),(178,102,1516.41,230.98,NULL,57,'SKU-102-1',NULL,NULL,0,'2026-01-31 09:42:22','2026-01-31 09:42:22'),(179,102,1516.41,230.98,NULL,50,'SKU-102-2',NULL,NULL,0,'2026-01-31 09:42:22','2026-01-31 09:42:22'),(180,103,1383.61,398.62,NULL,31,'SKU-103-1',NULL,NULL,0,'2026-01-31 09:42:22','2026-01-31 09:42:22'),(181,104,1495.43,314.85,NULL,59,'SKU-104-1',NULL,NULL,0,'2026-01-31 09:42:22','2026-01-31 09:42:22'),(182,104,1495.43,314.85,NULL,64,'SKU-104-2',NULL,NULL,0,'2026-01-31 09:42:22','2026-01-31 09:42:22'),(183,105,1356.65,482.25,NULL,100,'SKU-105-1',NULL,NULL,0,'2026-01-31 09:42:22','2026-01-31 09:42:22'),(184,105,1356.65,482.25,NULL,78,'SKU-105-2',NULL,NULL,0,'2026-01-31 09:42:22','2026-01-31 09:42:22'),(185,106,1428.46,217.54,NULL,71,'SKU-106-1',NULL,NULL,0,'2026-01-31 09:42:22','2026-01-31 09:42:22'),(186,107,1702.88,340.63,NULL,69,'SKU-107-1',NULL,NULL,0,'2026-01-31 09:42:22','2026-01-31 09:42:22'),(187,107,1702.88,340.63,NULL,43,'SKU-107-2',NULL,NULL,0,'2026-01-31 09:42:22','2026-01-31 09:42:22'),(188,107,1702.88,340.63,NULL,81,'SKU-107-3',NULL,NULL,0,'2026-01-31 09:42:22','2026-01-31 09:42:22'),(189,108,1591.62,447.87,NULL,19,'SKU-108-1',NULL,NULL,0,'2026-01-31 09:42:22','2026-01-31 09:42:22'),(190,108,1591.62,447.87,NULL,22,'SKU-108-2',NULL,NULL,0,'2026-01-31 09:42:22','2026-01-31 09:42:22'),(191,109,1978.47,473.43,NULL,60,'SKU-109-1',NULL,NULL,0,'2026-01-31 09:42:22','2026-01-31 09:42:22'),(192,109,1978.47,473.43,NULL,33,'SKU-109-2',NULL,NULL,0,'2026-01-31 09:42:22','2026-01-31 09:42:22'),(193,110,523.85,417.17,NULL,99,'SKU-110-1',NULL,NULL,0,'2026-01-31 09:42:22','2026-01-31 09:42:22'),(194,111,1111.52,453.91,NULL,55,'SKU-111-1',NULL,NULL,0,'2026-01-31 09:42:22','2026-01-31 09:42:22'),(195,111,1111.52,453.91,NULL,75,'SKU-111-2',NULL,NULL,0,'2026-01-31 09:42:22','2026-01-31 09:42:22'),(196,112,1455.21,395.56,NULL,24,'SKU-112-1',NULL,NULL,0,'2026-01-31 09:42:22','2026-01-31 09:42:22'),(197,112,1455.21,395.56,NULL,27,'SKU-112-2',NULL,NULL,0,'2026-01-31 09:42:22','2026-01-31 09:42:22'),(198,113,517.89,372.52,NULL,53,'SKU-113-1',NULL,NULL,0,'2026-01-31 09:42:22','2026-01-31 09:42:22'),(199,113,517.89,372.52,NULL,72,'SKU-113-2',NULL,NULL,0,'2026-01-31 09:42:22','2026-01-31 09:42:22'),(200,114,697.66,293.53,NULL,47,'SKU-114-1',NULL,NULL,0,'2026-01-31 09:42:23','2026-01-31 09:42:23'),(201,114,697.66,293.53,NULL,77,'SKU-114-2',NULL,NULL,0,'2026-01-31 09:42:23','2026-01-31 09:42:23'),(202,115,1095.68,318.04,NULL,36,'SKU-115-1',NULL,NULL,0,'2026-01-31 09:42:23','2026-01-31 09:42:23'),(203,115,1095.68,318.04,NULL,68,'SKU-115-2',NULL,NULL,0,'2026-01-31 09:42:23','2026-01-31 09:42:23'),(204,116,1094.54,302.81,NULL,17,'SKU-116-1',NULL,NULL,0,'2026-01-31 09:42:23','2026-01-31 09:42:23'),(205,116,1094.54,302.81,NULL,48,'SKU-116-2',NULL,NULL,0,'2026-01-31 09:42:23','2026-01-31 09:42:23'),(206,116,1094.54,302.81,NULL,86,'SKU-116-3',NULL,NULL,0,'2026-01-31 09:42:23','2026-01-31 09:42:23'),(207,117,1386.18,343.04,NULL,89,'SKU-117-1',NULL,NULL,0,'2026-01-31 09:42:23','2026-01-31 09:42:23'),(208,118,1810.74,444.11,NULL,48,'SKU-118-1',NULL,NULL,0,'2026-01-31 09:42:23','2026-01-31 09:42:23'),(209,118,1810.74,444.11,NULL,84,'SKU-118-2',NULL,NULL,0,'2026-01-31 09:42:23','2026-01-31 09:42:23'),(210,119,1037.74,490.31,NULL,91,'SKU-119-1',NULL,NULL,0,'2026-01-31 09:42:23','2026-01-31 09:42:23'),(211,120,592.51,352.64,NULL,68,'SKU-120-1',NULL,NULL,0,'2026-01-31 09:42:23','2026-01-31 09:42:23'),(212,120,592.51,352.64,NULL,29,'SKU-120-2',NULL,NULL,0,'2026-01-31 09:42:23','2026-01-31 09:42:23'),(213,121,1096.86,203.88,NULL,70,'SKU-121-1',NULL,NULL,0,'2026-01-31 09:42:23','2026-01-31 09:42:23'),(214,121,1096.86,203.88,NULL,16,'SKU-121-2',NULL,NULL,0,'2026-01-31 09:42:23','2026-01-31 09:42:23'),(215,122,1697.74,349.92,NULL,72,'SKU-122-1',NULL,NULL,0,'2026-01-31 09:42:23','2026-01-31 09:42:23'),(216,122,1697.74,349.92,NULL,32,'SKU-122-2',NULL,NULL,0,'2026-01-31 09:42:23','2026-01-31 09:42:23'),(217,123,628.57,398.54,NULL,65,'SKU-123-1',NULL,NULL,0,'2026-01-31 09:42:23','2026-01-31 09:42:23'),(218,124,683.35,443.75,NULL,35,'SKU-124-1',NULL,NULL,0,'2026-01-31 09:42:23','2026-01-31 09:42:23'),(219,125,1272.93,397.69,NULL,91,'SKU-125-1',NULL,NULL,0,'2026-01-31 09:42:23','2026-01-31 09:42:23'),(220,126,1804.55,290.97,NULL,44,'SKU-126-1',NULL,NULL,0,'2026-01-31 09:42:23','2026-01-31 09:42:23'),(221,127,1734.13,231.38,NULL,46,'SKU-127-1',NULL,NULL,0,'2026-01-31 09:42:23','2026-01-31 09:42:23'),(222,127,1734.13,231.38,NULL,53,'SKU-127-2',NULL,NULL,0,'2026-01-31 09:42:23','2026-01-31 09:42:23'),(223,128,1074.49,206.20,NULL,88,'SKU-128-1',NULL,NULL,0,'2026-01-31 09:42:23','2026-01-31 09:42:23'),(224,128,1074.49,206.20,NULL,100,'SKU-128-2',NULL,NULL,0,'2026-01-31 09:42:23','2026-01-31 09:42:23'),(225,128,1074.49,206.20,NULL,94,'SKU-128-3',NULL,NULL,0,'2026-01-31 09:42:23','2026-01-31 09:42:23'),(226,129,1595.74,413.94,NULL,84,'SKU-129-1',NULL,NULL,0,'2026-01-31 09:42:23','2026-01-31 09:42:23'),(227,129,1595.74,413.94,NULL,14,'SKU-129-2',NULL,NULL,0,'2026-01-31 09:42:23','2026-01-31 09:42:23'),(228,129,1595.74,413.94,NULL,50,'SKU-129-3',NULL,NULL,0,'2026-01-31 09:42:23','2026-01-31 09:42:23'),(229,130,1527.59,308.98,NULL,79,'SKU-130-1',NULL,NULL,0,'2026-01-31 09:42:23','2026-01-31 09:42:23'),(230,130,1527.59,308.98,NULL,19,'SKU-130-2',NULL,NULL,0,'2026-01-31 09:42:23','2026-01-31 09:42:23'),(231,131,1534.32,483.34,NULL,24,'SKU-131-1',NULL,NULL,0,'2026-01-31 09:42:23','2026-01-31 09:42:23'),(232,131,1534.32,483.34,NULL,28,'SKU-131-2',NULL,NULL,0,'2026-01-31 09:42:23','2026-01-31 09:42:23'),(233,132,1246.81,487.65,NULL,81,'SKU-132-1',NULL,NULL,0,'2026-01-31 09:42:23','2026-01-31 09:42:23'),(234,133,731.05,210.49,NULL,42,'SKU-133-1',NULL,NULL,0,'2026-01-31 09:42:23','2026-01-31 09:42:23'),(235,133,731.05,210.49,NULL,69,'SKU-133-2',NULL,NULL,0,'2026-01-31 09:42:23','2026-01-31 09:42:23'),(236,134,1891.08,318.70,NULL,59,'SKU-134-1',NULL,NULL,0,'2026-01-31 09:42:23','2026-01-31 09:42:23'),(237,134,1891.08,318.70,NULL,33,'SKU-134-2',NULL,NULL,0,'2026-01-31 09:42:23','2026-01-31 09:42:23'),(238,134,1891.08,318.70,NULL,49,'SKU-134-3',NULL,NULL,0,'2026-01-31 09:42:23','2026-01-31 09:42:23'),(239,135,943.67,307.05,NULL,98,'SKU-135-1',NULL,NULL,0,'2026-01-31 09:42:23','2026-01-31 09:42:23'),(240,135,943.67,307.05,NULL,72,'SKU-135-2',NULL,NULL,0,'2026-01-31 09:42:23','2026-01-31 09:42:23'),(241,136,1461.28,241.89,NULL,79,'SKU-136-1',NULL,NULL,0,'2026-01-31 09:42:23','2026-01-31 09:42:23'),(242,136,1461.28,241.89,NULL,90,'SKU-136-2',NULL,NULL,0,'2026-01-31 09:42:23','2026-01-31 09:42:23'),(243,137,1851.07,297.38,NULL,43,'SKU-137-1',NULL,NULL,0,'2026-01-31 09:42:23','2026-01-31 09:42:23'),(244,137,1851.07,297.38,NULL,10,'SKU-137-2',NULL,NULL,0,'2026-01-31 09:42:23','2026-01-31 09:42:23'),(245,138,1265.37,288.55,NULL,82,'SKU-138-1',NULL,NULL,0,'2026-01-31 09:42:23','2026-01-31 09:42:23'),(246,139,1285.86,341.13,NULL,18,'SKU-139-1',NULL,NULL,0,'2026-01-31 09:42:23','2026-01-31 09:42:23'),(247,139,1285.86,341.13,NULL,98,'SKU-139-2',NULL,NULL,0,'2026-01-31 09:42:23','2026-01-31 09:42:23'),(248,140,1611.71,492.10,NULL,90,'SKU-140-1',NULL,NULL,0,'2026-01-31 09:42:23','2026-01-31 09:42:23'),(249,140,1611.71,492.10,NULL,100,'SKU-140-2',NULL,NULL,0,'2026-01-31 09:42:23','2026-01-31 09:42:23'),(250,141,955.69,290.56,NULL,82,'SKU-141-1',NULL,NULL,0,'2026-01-31 09:42:23','2026-01-31 09:42:23'),(251,141,955.69,290.56,NULL,50,'SKU-141-2',NULL,NULL,0,'2026-01-31 09:42:23','2026-01-31 09:42:23'),(252,142,1586.02,384.84,NULL,81,'SKU-142-1',NULL,NULL,0,'2026-01-31 09:42:23','2026-01-31 09:42:23'),(253,142,1586.02,384.84,NULL,51,'SKU-142-2',NULL,NULL,0,'2026-01-31 09:42:23','2026-01-31 09:42:23'),(254,143,786.66,418.53,NULL,33,'SKU-143-1',NULL,NULL,0,'2026-01-31 09:42:23','2026-01-31 09:42:23'),(255,143,786.66,418.53,NULL,48,'SKU-143-2',NULL,NULL,0,'2026-01-31 09:42:23','2026-01-31 09:42:23'),(256,144,1199.49,487.25,NULL,19,'SKU-144-1',NULL,NULL,0,'2026-01-31 09:42:23','2026-01-31 09:42:23'),(257,144,1199.49,487.25,NULL,49,'SKU-144-2',NULL,NULL,0,'2026-01-31 09:42:23','2026-01-31 09:42:23'),(258,144,1199.49,487.25,NULL,97,'SKU-144-3',NULL,NULL,0,'2026-01-31 09:42:23','2026-01-31 09:42:23'),(259,145,1448.61,281.28,NULL,43,'SKU-145-1',NULL,NULL,0,'2026-01-31 09:42:23','2026-01-31 09:42:23'),(260,145,1448.61,281.28,NULL,75,'SKU-145-2',NULL,NULL,0,'2026-01-31 09:42:23','2026-01-31 09:42:23'),(261,145,1448.61,281.28,NULL,99,'SKU-145-3',NULL,NULL,0,'2026-01-31 09:42:23','2026-01-31 09:42:23'),(262,146,1119.17,237.92,NULL,86,'SKU-146-1',NULL,NULL,0,'2026-01-31 09:42:23','2026-01-31 09:42:23'),(263,147,1357.74,217.32,NULL,19,'SKU-147-1',NULL,NULL,0,'2026-01-31 09:42:23','2026-01-31 09:42:23'),(264,147,1357.74,217.32,NULL,55,'SKU-147-2',NULL,NULL,0,'2026-01-31 09:42:23','2026-01-31 09:42:23'),(265,147,1357.74,217.32,NULL,50,'SKU-147-3',NULL,NULL,0,'2026-01-31 09:42:23','2026-01-31 09:42:23'),(266,148,1299.49,296.63,NULL,88,'SKU-148-1',NULL,NULL,0,'2026-01-31 09:42:23','2026-01-31 09:42:23'),(267,148,1299.49,296.63,NULL,80,'SKU-148-2',NULL,NULL,0,'2026-01-31 09:42:23','2026-01-31 09:42:23'),(268,149,1728.97,361.93,NULL,18,'SKU-149-1',NULL,NULL,0,'2026-01-31 09:42:24','2026-01-31 09:42:24'),(269,149,1728.97,361.93,NULL,41,'SKU-149-2',NULL,NULL,0,'2026-01-31 09:42:24','2026-01-31 09:42:24'),(270,150,1470.68,431.19,NULL,93,'SKU-150-1',NULL,NULL,0,'2026-01-31 09:42:24','2026-01-31 09:42:24'),(271,150,1470.68,431.19,NULL,66,'SKU-150-2',NULL,NULL,0,'2026-01-31 09:42:24','2026-01-31 09:42:24'),(272,150,1470.68,431.19,NULL,56,'SKU-150-3',NULL,NULL,0,'2026-01-31 09:42:24','2026-01-31 09:42:24'),(273,151,1793.45,329.01,NULL,27,'SKU-151-1',NULL,NULL,0,'2026-01-31 09:42:24','2026-01-31 09:42:24'),(274,152,1545.92,227.65,NULL,30,'SKU-152-1',NULL,NULL,0,'2026-01-31 09:42:24','2026-01-31 09:42:24'),(275,152,1545.92,227.65,NULL,26,'SKU-152-2',NULL,NULL,0,'2026-01-31 09:42:24','2026-01-31 09:42:24'),(276,152,1545.92,227.65,NULL,16,'SKU-152-3',NULL,NULL,0,'2026-01-31 09:42:24','2026-01-31 09:42:24'),(277,153,1447.92,314.62,NULL,57,'SKU-153-1',NULL,NULL,0,'2026-01-31 09:42:24','2026-01-31 09:42:24'),(278,154,710.78,265.15,NULL,61,'SKU-154-1',NULL,NULL,0,'2026-01-31 09:42:24','2026-01-31 09:42:24'),(279,155,1932.44,477.75,NULL,39,'SKU-155-1',NULL,NULL,0,'2026-01-31 09:42:24','2026-01-31 09:42:24'),(280,156,1204.98,386.71,NULL,13,'SKU-156-1',NULL,NULL,0,'2026-01-31 09:42:24','2026-01-31 09:42:24'),(281,157,744.34,433.18,NULL,14,'SKU-157-1',NULL,NULL,0,'2026-01-31 09:42:24','2026-01-31 09:42:24'),(282,157,744.34,433.18,NULL,97,'SKU-157-2',NULL,NULL,0,'2026-01-31 09:42:24','2026-01-31 09:42:24'),(283,158,1489.59,213.37,NULL,27,'SKU-158-1',NULL,NULL,0,'2026-01-31 09:42:24','2026-01-31 09:42:24'),(284,158,1489.59,213.37,NULL,93,'SKU-158-2',NULL,NULL,0,'2026-01-31 09:42:24','2026-01-31 09:42:24'),(285,158,1489.59,213.37,NULL,89,'SKU-158-3',NULL,NULL,0,'2026-01-31 09:42:24','2026-01-31 09:42:24'),(286,159,1870.79,431.65,NULL,87,'SKU-159-1',NULL,NULL,0,'2026-01-31 09:42:24','2026-01-31 09:42:24'),(287,160,751.20,244.33,NULL,92,'SKU-160-1',NULL,NULL,0,'2026-01-31 09:42:24','2026-01-31 09:42:24'),(288,160,751.20,244.33,NULL,66,'SKU-160-2',NULL,NULL,0,'2026-01-31 09:42:24','2026-01-31 09:42:24'),(289,161,1726.65,414.26,NULL,69,'SKU-161-1',NULL,NULL,0,'2026-01-31 09:42:24','2026-01-31 09:42:24'),(290,161,1726.65,414.26,NULL,82,'SKU-161-2',NULL,NULL,0,'2026-01-31 09:42:24','2026-01-31 09:42:24'),(291,162,1884.95,312.26,NULL,31,'SKU-162-1',NULL,NULL,0,'2026-01-31 09:42:24','2026-01-31 09:42:24'),(292,162,1884.95,312.26,NULL,78,'SKU-162-2',NULL,NULL,0,'2026-01-31 09:42:24','2026-01-31 09:42:24'),(293,163,583.10,224.02,NULL,37,'SKU-163-1',NULL,NULL,0,'2026-01-31 09:42:24','2026-01-31 09:42:24'),(294,163,583.10,224.02,NULL,12,'SKU-163-2',NULL,NULL,0,'2026-01-31 09:42:24','2026-01-31 09:42:24'),(295,164,1648.40,300.69,NULL,24,'SKU-164-1',NULL,NULL,0,'2026-01-31 09:42:24','2026-01-31 09:42:24'),(296,164,1648.40,300.69,NULL,94,'SKU-164-2',NULL,NULL,0,'2026-01-31 09:42:24','2026-01-31 09:42:24'),(297,165,1793.61,319.99,NULL,74,'SKU-165-1',NULL,NULL,0,'2026-01-31 09:42:24','2026-01-31 09:42:24'),(298,165,1793.61,319.99,NULL,38,'SKU-165-2',NULL,NULL,0,'2026-01-31 09:42:24','2026-01-31 09:42:24'),(299,166,535.36,234.88,NULL,48,'SKU-166-1',NULL,NULL,0,'2026-01-31 09:42:24','2026-01-31 09:42:24'),(300,166,535.36,234.88,NULL,98,'SKU-166-2',NULL,NULL,0,'2026-01-31 09:42:24','2026-01-31 09:42:24'),(301,167,514.40,397.40,NULL,93,'SKU-167-1',NULL,NULL,0,'2026-01-31 09:42:24','2026-01-31 09:42:24'),(302,167,514.40,397.40,NULL,100,'SKU-167-2',NULL,NULL,0,'2026-01-31 09:42:24','2026-01-31 09:42:24'),(303,168,636.55,286.42,NULL,41,'SKU-168-1',NULL,NULL,0,'2026-01-31 09:42:24','2026-01-31 09:42:24'),(304,169,1152.59,376.54,NULL,92,'SKU-169-1',NULL,NULL,0,'2026-01-31 09:42:24','2026-01-31 09:42:24'),(305,169,1152.59,376.54,NULL,97,'SKU-169-2',NULL,NULL,0,'2026-01-31 09:42:24','2026-01-31 09:42:24'),(306,170,792.17,481.00,NULL,67,'SKU-170-1',NULL,NULL,0,'2026-01-31 09:42:24','2026-01-31 09:42:24'),(307,170,792.17,481.00,NULL,54,'SKU-170-2',NULL,NULL,0,'2026-01-31 09:42:24','2026-01-31 09:42:24'),(308,171,1303.42,341.73,NULL,41,'SKU-171-1',NULL,NULL,0,'2026-01-31 09:42:24','2026-01-31 09:42:24'),(309,171,1303.42,341.73,NULL,30,'SKU-171-2',NULL,NULL,0,'2026-01-31 09:42:24','2026-01-31 09:42:24'),(310,172,1387.68,249.15,NULL,57,'SKU-172-1',NULL,NULL,0,'2026-01-31 09:42:24','2026-01-31 09:42:24'),(311,173,1027.69,252.06,NULL,30,'SKU-173-1',NULL,NULL,0,'2026-01-31 09:42:24','2026-01-31 09:42:24'),(312,174,850.42,497.33,NULL,84,'SKU-174-1',NULL,NULL,0,'2026-01-31 09:42:24','2026-01-31 09:42:24'),(313,174,850.42,497.33,NULL,66,'SKU-174-2',NULL,NULL,0,'2026-01-31 09:42:24','2026-01-31 09:42:24'),(314,174,850.42,497.33,NULL,29,'SKU-174-3',NULL,NULL,0,'2026-01-31 09:42:24','2026-01-31 09:42:24'),(315,175,739.75,307.30,NULL,67,'SKU-175-1',NULL,NULL,0,'2026-01-31 09:42:24','2026-01-31 09:42:24'),(316,176,1785.78,291.10,NULL,62,'SKU-176-1',NULL,NULL,0,'2026-01-31 09:42:24','2026-01-31 09:42:24'),(317,176,1785.78,291.10,NULL,36,'SKU-176-2',NULL,NULL,0,'2026-01-31 09:42:24','2026-01-31 09:42:24'),(318,176,1785.78,291.10,NULL,73,'SKU-176-3',NULL,NULL,0,'2026-01-31 09:42:24','2026-01-31 09:42:24'),(319,177,1879.18,368.10,NULL,57,'SKU-177-1',NULL,NULL,0,'2026-01-31 09:42:24','2026-01-31 09:42:24'),(320,178,743.30,395.58,NULL,24,'SKU-178-1',NULL,NULL,0,'2026-01-31 09:42:24','2026-01-31 09:42:24'),(321,178,743.30,395.58,NULL,46,'SKU-178-2',NULL,NULL,0,'2026-01-31 09:42:24','2026-01-31 09:42:24'),(322,179,616.91,364.14,NULL,35,'SKU-179-1',NULL,NULL,0,'2026-01-31 09:42:24','2026-01-31 09:42:24'),(323,179,616.91,364.14,NULL,98,'SKU-179-2',NULL,NULL,0,'2026-01-31 09:42:24','2026-01-31 09:42:24'),(324,180,1708.22,293.39,NULL,99,'SKU-180-1',NULL,NULL,0,'2026-01-31 09:42:24','2026-01-31 09:42:24'),(325,180,1708.22,293.39,NULL,33,'SKU-180-2',NULL,NULL,0,'2026-01-31 09:42:24','2026-01-31 09:42:24'),(326,181,724.05,251.27,NULL,91,'SKU-181-1',NULL,NULL,0,'2026-01-31 09:42:24','2026-01-31 09:42:24'),(327,181,724.05,251.27,NULL,25,'SKU-181-2',NULL,NULL,0,'2026-01-31 09:42:24','2026-01-31 09:42:24'),(328,182,1821.58,296.90,NULL,92,'SKU-182-1',NULL,NULL,0,'2026-01-31 09:42:24','2026-01-31 09:42:24'),(329,182,1821.58,296.90,NULL,50,'SKU-182-2',NULL,NULL,0,'2026-01-31 09:42:24','2026-01-31 09:42:24'),(330,183,1355.55,411.99,NULL,23,'SKU-183-1',NULL,NULL,0,'2026-01-31 09:42:24','2026-01-31 09:42:24'),(331,183,1355.55,411.99,NULL,33,'SKU-183-2',NULL,NULL,0,'2026-01-31 09:42:24','2026-01-31 09:42:24'),(332,184,1311.81,309.91,NULL,11,'SKU-184-1',NULL,NULL,0,'2026-01-31 09:42:24','2026-01-31 09:42:24'),(333,184,1311.81,309.91,NULL,54,'SKU-184-2',NULL,NULL,0,'2026-01-31 09:42:24','2026-01-31 09:42:24'),(334,185,843.09,434.04,NULL,75,'SKU-185-1',NULL,NULL,0,'2026-01-31 09:42:24','2026-01-31 09:42:24'),(335,185,843.09,434.04,NULL,70,'SKU-185-2',NULL,NULL,0,'2026-01-31 09:42:24','2026-01-31 09:42:24'),(336,186,1966.30,334.58,NULL,36,'SKU-186-1',NULL,NULL,0,'2026-01-31 09:42:24','2026-01-31 09:42:24'),(337,186,1966.30,334.58,NULL,86,'SKU-186-2',NULL,NULL,0,'2026-01-31 09:42:24','2026-01-31 09:42:24'),(338,186,1966.30,334.58,NULL,80,'SKU-186-3',NULL,NULL,0,'2026-01-31 09:42:24','2026-01-31 09:42:24'),(339,187,1987.69,463.07,NULL,36,'SKU-187-1',NULL,NULL,0,'2026-01-31 09:42:24','2026-01-31 09:42:24'),(340,187,1987.69,463.07,NULL,12,'SKU-187-2',NULL,NULL,0,'2026-01-31 09:42:24','2026-01-31 09:42:24'),(341,188,1032.54,484.53,NULL,78,'SKU-188-1',NULL,NULL,0,'2026-01-31 09:42:24','2026-01-31 09:42:24'),(342,189,1526.39,230.47,NULL,75,'SKU-189-1',NULL,NULL,0,'2026-01-31 09:42:24','2026-01-31 09:42:24'),(343,190,1991.42,493.92,NULL,79,'SKU-190-1',NULL,NULL,0,'2026-01-31 09:42:24','2026-01-31 09:42:24'),(344,190,1991.42,493.92,NULL,63,'SKU-190-2',NULL,NULL,0,'2026-01-31 09:42:24','2026-01-31 09:42:24'),(345,191,958.18,308.11,NULL,42,'SKU-191-1',NULL,NULL,0,'2026-01-31 09:42:24','2026-01-31 09:42:24'),(346,191,958.18,308.11,NULL,40,'SKU-191-2',NULL,NULL,0,'2026-01-31 09:42:24','2026-01-31 09:42:24'),(347,192,1271.18,466.48,NULL,88,'SKU-192-1',NULL,NULL,0,'2026-01-31 09:42:24','2026-01-31 09:42:24'),(348,192,1271.18,466.48,NULL,54,'SKU-192-2',NULL,NULL,0,'2026-01-31 09:42:24','2026-01-31 09:42:24'),(349,193,1935.02,253.66,NULL,25,'SKU-193-1',NULL,NULL,0,'2026-01-31 09:42:24','2026-01-31 09:42:24'),(350,193,1935.02,253.66,NULL,52,'SKU-193-2',NULL,NULL,0,'2026-01-31 09:42:24','2026-01-31 09:42:24'),(351,194,1871.76,405.01,NULL,77,'SKU-194-1',NULL,NULL,0,'2026-01-31 09:42:24','2026-01-31 09:42:24'),(352,195,1460.43,346.68,NULL,90,'SKU-195-1',NULL,NULL,0,'2026-01-31 09:42:24','2026-01-31 09:42:24'),(353,195,1460.43,346.68,NULL,29,'SKU-195-2',NULL,NULL,0,'2026-01-31 09:42:24','2026-01-31 09:42:24'),(354,196,1261.19,422.04,NULL,14,'SKU-196-1',NULL,NULL,0,'2026-01-31 09:42:24','2026-01-31 09:42:24'),(355,196,1261.19,422.04,NULL,81,'SKU-196-2',NULL,NULL,0,'2026-01-31 09:42:24','2026-01-31 09:42:24'),(356,196,1261.19,422.04,NULL,12,'SKU-196-3',NULL,NULL,0,'2026-01-31 09:42:24','2026-01-31 09:42:24'),(357,197,1429.90,416.54,NULL,37,'SKU-197-1',NULL,NULL,0,'2026-01-31 09:42:24','2026-01-31 09:42:24'),(358,197,1429.90,416.54,NULL,20,'SKU-197-2',NULL,NULL,0,'2026-01-31 09:42:24','2026-01-31 09:42:24'),(359,198,1101.13,328.31,NULL,26,'SKU-198-1',NULL,NULL,0,'2026-01-31 09:42:24','2026-01-31 09:42:24'),(360,198,1101.13,328.31,NULL,49,'SKU-198-2',NULL,NULL,0,'2026-01-31 09:42:24','2026-01-31 09:42:24'),(361,198,1101.13,328.31,NULL,75,'SKU-198-3',NULL,NULL,0,'2026-01-31 09:42:24','2026-01-31 09:42:24'),(362,199,906.03,376.21,NULL,45,'SKU-199-1',NULL,NULL,0,'2026-01-31 09:42:24','2026-01-31 09:42:24'),(363,199,906.03,376.21,NULL,67,'SKU-199-2',NULL,NULL,0,'2026-01-31 09:42:24','2026-01-31 09:42:24'),(364,199,906.03,376.21,NULL,19,'SKU-199-3',NULL,NULL,0,'2026-01-31 09:42:24','2026-01-31 09:42:24'),(365,200,943.25,228.34,NULL,22,'SKU-200-1',NULL,NULL,0,'2026-01-31 09:42:25','2026-01-31 09:42:25'),(366,201,657.29,344.53,NULL,52,'SKU-201-1',NULL,NULL,0,'2026-01-31 09:42:25','2026-01-31 09:42:25'),(367,201,657.29,344.53,NULL,80,'SKU-201-2',NULL,NULL,0,'2026-01-31 09:42:25','2026-01-31 09:42:25'),(368,201,657.29,344.53,NULL,51,'SKU-201-3',NULL,NULL,0,'2026-01-31 09:42:25','2026-01-31 09:42:25'),(369,202,580.22,409.58,NULL,99,'SKU-202-1',NULL,NULL,0,'2026-01-31 09:42:25','2026-01-31 09:42:25'),(370,202,580.22,409.58,NULL,71,'SKU-202-2',NULL,NULL,0,'2026-01-31 09:42:25','2026-01-31 09:42:25'),(371,203,608.16,271.97,NULL,96,'SKU-203-1',NULL,NULL,0,'2026-01-31 09:42:25','2026-01-31 09:42:25');

--
-- Table structure for table `products`
--

CREATE TABLE `products` (
  `id` bigint unsigned NOT NULL AUTO_INCREMENT,
  `category_id` bigint unsigned NOT NULL,
  `subcategory_id` bigint unsigned DEFAULT NULL,
  `name` varchar(255) COLLATE utf8mb4_unicode_ci NOT NULL,
  `slug` varchar(255) COLLATE utf8mb4_unicode_ci NOT NULL,
  `mrp` decimal(10,2) NOT NULL,
  `sp` decimal(10,2) NOT NULL,
  `reseller_price` decimal(10,2) DEFAULT NULL,
  `number_of_units` int NOT NULL DEFAULT '1',
  `unit_type` varchar(255) COLLATE utf8mb4_unicode_ci DEFAULT NULL,
  `tax_code` varchar(255) COLLATE utf8mb4_unicode_ci DEFAULT NULL,
  `hsn_code` varchar(255) COLLATE utf8mb4_unicode_ci DEFAULT NULL,
  `short_description` text COLLATE utf8mb4_unicode_ci,
  `long_description` longtext COLLATE utf8mb4_unicode_ci,
  `dispatch_days` int NOT NULL DEFAULT '0',
  `country_origin` varchar(255) COLLATE utf8mb4_unicode_ci NOT NULL DEFAULT 'India',
  `warranty_details` text COLLATE utf8mb4_unicode_ci,
  `guarantee_details` text COLLATE utf8mb4_unicode_ci,
  `schema_markup` text COLLATE utf8mb4_unicode_ci,
  `breadcrumbs_title` varchar(255) COLLATE utf8mb4_unicode_ci DEFAULT NULL,
  `canonical_url` varchar(255) COLLATE utf8mb4_unicode_ci DEFAULT NULL,
  `meta_title` varchar(255) COLLATE utf8mb4_unicode_ci DEFAULT NULL,
  `meta_description` text COLLATE utf8mb4_unicode_ci,
  `meta_keywords` text COLLATE utf8mb4_unicode_ci,
  `status` tinyint(1) NOT NULL DEFAULT '1',
  `is_returnable` tinyint(1) NOT NULL DEFAULT '0',
  `return_window_days` int DEFAULT NULL,
  `return_policy_desc` text COLLATE utf8mb4_unicode_ci,
  `created_at` timestamp NULL DEFAULT NULL,
  `updated_at` timestamp NULL DEFAULT NULL,
  PRIMARY KEY (`id`),
  UNIQUE KEY `products_slug_unique` (`slug`),
  KEY `products_category_id_foreign` (`category_id`),
  KEY `products_subcategory_id_foreign` (`subcategory_id`),
  CONSTRAINT `products_category_id_foreign` FOREIGN KEY (`category_id`) REFERENCES `categories` (`id`) ON DELETE CASCADE,
  CONSTRAINT `products_subcategory_id_foreign` FOREIGN KEY (`subcategory_id`) REFERENCES `categories` (`id`) ON DELETE SET NULL
) ENGINE=InnoDB AUTO_INCREMENT=204 DEFAULT CHARSET=utf8mb4 COLLATE=utf8mb4_unicode_ci;

--
-- Dumping data for table `products`
--

INSERT INTO `products` VALUES (2,10,NULL,'test product12','test-product-1769748735',1000.00,900.00,800.00,1,NULL,'5.00',NULL,'<p>short desc</p>','<p>long desc</p>',6,'India',NULL,NULL,'<script>test</script>',NULL,NULL,'sfdegrg','dgvrgrg',NULL,0,1,NULL,NULL,'2026-01-29 23:22:15','2026-01-31 08:52:29'),(4,69,NULL,'Product Debitis Hic Quidem','product-debitis-hic-quidem-1',1269.42,337.62,NULL,1,NULL,NULL,NULL,'Est qui quo dolor eum ipsum. Ut qui laudantium consequuntur ipsum sint et perferendis in.','Consectetur ut ipsum et. Beatae iure omnis fugit quos quia voluptatem. Quisquam recusandae laudantium cum alias iste voluptas.\n\nMaxime corporis aperiam suscipit officiis sunt sed. Nemo aut nihil rerum a dolorem. Deserunt sint temporibus eos debitis sint qui. Delectus hic distinctio ut.\n\nEum repellendus ipsa expedita in id vel. Accusantium sint est sequi veniam beatae commodi quod. Accusamus fugiat doloremque eius alias soluta eius repellat. Dolores sit facilis tempora repellendus itaque. Enim dolores ullam ex non expedita est aperiam sapiente.',0,'India',NULL,NULL,NULL,NULL,NULL,NULL,NULL,NULL,1,0,NULL,NULL,'2026-01-31 09:42:20','2026-01-31 09:42:20'),(5,10,11,'Product Eos Nisi Accusantium','product-eos-nisi-accusantium-2',1369.69,427.04,NULL,1,NULL,NULL,NULL,'Officia quis sit fuga aut aut corporis dolorem. Rem odit voluptate saepe quam reiciendis culpa. Atque voluptatem aliquam aliquam nisi totam non et. Vel fuga et harum dolor officiis.','Corrupti sequi assumenda aut sunt. Architecto dolorem voluptatem eius tenetur rerum. Explicabo vel autem nobis consequuntur sunt voluptates.\n\nSed vitae commodi explicabo modi necessitatibus. Quaerat consequuntur sit dolore quia consequatur quis. Autem omnis dolores qui nisi. Et architecto harum laborum et rerum reiciendis quo.\n\nUt fugiat qui laborum nobis. Culpa odio eum fuga aut libero debitis. Qui vitae voluptas dolor dolores.',0,'India',NULL,NULL,NULL,NULL,NULL,NULL,NULL,NULL,1,0,NULL,NULL,'2026-01-31 09:42:20','2026-01-31 09:42:20'),(6,39,NULL,'Product Enim Exercitationem Aut','product-enim-exercitationem-aut-3',1073.16,257.88,NULL,1,NULL,NULL,NULL,'Amet dolorem ab eius laboriosam. Omnis recusandae aspernatur debitis quae recusandae ex nulla. Mollitia quo qui quia vel sit.','Neque et reiciendis eum reiciendis. Qui quisquam et deserunt. Dolorem aut in vero sunt eaque.\n\nEt ut et quasi. Quia officiis delectus sequi accusamus error libero debitis rerum.\n\nAliquid rerum laudantium molestiae doloribus est. Quod facere aspernatur voluptatem qui enim maxime omnis saepe. Ea minima odio quos officia eum voluptatibus omnis distinctio.',0,'India',NULL,NULL,NULL,NULL,NULL,NULL,NULL,NULL,1,0,NULL,NULL,'2026-01-31 09:42:20','2026-01-31 09:42:20'),(7,42,NULL,'Product Accusantium Porro In','product-accusantium-porro-in-4',1512.22,316.95,NULL,1,NULL,NULL,NULL,'Eligendi fuga totam eveniet. Nihil est distinctio non aspernatur ullam. Accusamus in animi quaerat ad animi laudantium.','Eveniet debitis sed omnis quo illum officia. Aliquid omnis cupiditate exercitationem voluptatem velit.\n\nDoloremque amet sit impedit hic pariatur pariatur voluptatem. Quod quasi officia voluptatem adipisci. Corporis itaque et rerum dolor.\n\nReprehenderit quia ipsum harum officiis. Voluptatem enim voluptatem qui consequatur sed et. Voluptatibus dolor nisi molestias non iure quibusdam explicabo. Nam facere odio voluptates temporibus quam.',0,'India',NULL,NULL,NULL,NULL,NULL,NULL,NULL,NULL,1,0,NULL,NULL,'2026-01-31 09:42:20','2026-01-31 09:42:20'),(8,88,NULL,'Product Et Voluptatibus Voluptatem','product-et-voluptatibus-voluptatem-5',1916.42,255.24,NULL,1,NULL,NULL,NULL,'Omnis libero velit porro ipsam. Sint voluptas adipisci ipsa eum. Illum qui expedita voluptatem id deserunt.','Sed iure animi at eum voluptatem. Expedita exercitationem omnis voluptas illum praesentium iusto. Amet est repudiandae repudiandae. Dolor error commodi iste.\n\nAliquid adipisci ut vero deleniti sit id et. Ipsum eveniet at illum ut excepturi provident qui eaque. Autem rerum maiores eveniet nobis ea ut. Aspernatur dolore incidunt id iste aut. Ipsa nulla voluptatem eos suscipit in in.\n\nEst porro laudantium totam at quibusdam non excepturi. Rerum porro veritatis repellat officiis laudantium. Praesentium tempore ut recusandae voluptatum ea.',0,'India',NULL,NULL,NULL,NULL,NULL,NULL,NULL,NULL,1,0,NULL,NULL,'2026-01-31 09:42:20','2026-01-31 09:42:20'),(9,53,NULL,'Product Quos Voluptatum Aperiam','product-quos-voluptatum-aperiam-6',1666.44,356.45,NULL,1,NULL,NULL,NULL,'Adipisci sint minima et. Sit id sit facere error accusamus. Aut quia aliquam necessitatibus dolorem numquam velit possimus provident.','Rerum in consequuntur non deleniti deserunt pariatur eveniet. Dignissimos est ipsam est molestiae suscipit repudiandae quis ea.\n\nOmnis quam nam dolorem suscipit velit sit. Sunt exercitationem facilis distinctio aut enim est nostrum. Sequi vitae provident quo et excepturi. Aut qui modi necessitatibus consequatur eligendi commodi.\n\nEnim eaque pariatur voluptatem aut ipsum. Repellendus voluptates laborum dolorem. Fugit quas quaerat consectetur molestiae error provident vero voluptatem. In et ratione enim explicabo odit placeat repellat unde.',0,'India',NULL,NULL,NULL,NULL,NULL,NULL,NULL,NULL,1,0,NULL,NULL,'2026-01-31 09:42:20','2026-01-31 09:42:20'),(10,90,NULL,'Product Et Voluptatem Sit','product-et-voluptatem-sit-7',958.95,412.11,NULL,1,NULL,NULL,NULL,'Non inventore ex numquam est et. Reprehenderit accusamus sit omnis voluptas rerum qui maiores. Qui in totam porro tenetur voluptatum aspernatur inventore.','Fugit ab deleniti modi in porro dolorem neque nam. Ut laudantium numquam qui doloribus et debitis. In expedita aut ab quia asperiores.\n\nNihil modi voluptas ut dolore. Pariatur consequuntur omnis ratione incidunt.\n\nCum ut et perferendis consequuntur quis laborum ipsa. Molestiae quia praesentium dolorum similique dicta sint. Provident aut eos culpa ex culpa. Est velit sed aliquam sit.',0,'India',NULL,NULL,NULL,NULL,NULL,NULL,NULL,NULL,1,0,NULL,NULL,'2026-01-31 09:42:20','2026-01-31 09:42:20'),(11,101,NULL,'Product Voluptatem Consequatur Ut','product-voluptatem-consequatur-ut-8',1096.98,413.33,NULL,1,NULL,NULL,NULL,'Culpa doloribus et enim pariatur expedita. Similique ut natus id error numquam illo suscipit provident. Nemo corporis at et vel est iusto deleniti. Qui qui libero quaerat sapiente.','Est omnis vel fugit quo non tenetur ratione ducimus. Commodi ea ex cumque provident. Incidunt neque veniam quibusdam nam qui suscipit. Ut eveniet voluptatem illum et.\n\nA et rerum fugit harum ratione voluptatem. Eveniet sed est autem. Cum quae et molestiae. Enim aut cumque cumque voluptatem quasi.\n\nCumque expedita quod est id enim atque. Velit suscipit eveniet qui cum eum recusandae. Esse ea perferendis facilis et sint. Eos possimus laudantium et dolore magnam. Molestias et ratione repellendus dignissimos vitae debitis provident distinctio.',0,'India',NULL,NULL,NULL,NULL,NULL,NULL,NULL,NULL,1,0,NULL,NULL,'2026-01-31 09:42:20','2026-01-31 09:42:20'),(12,62,NULL,'Product Temporibus Eveniet Nam','product-temporibus-eveniet-nam-9',586.74,345.64,NULL,1,NULL,NULL,NULL,'A dolore eos reiciendis non. Maxime quod amet quis nobis rerum. Adipisci enim quia ex nihil et quo.','Labore sed adipisci perferendis ipsam qui eligendi. In adipisci earum neque tenetur aut. Nihil corrupti id in perferendis esse nam magnam et.\n\nIn velit dicta dolor eveniet natus. Eius eaque ipsa et veniam. Qui facilis iusto nam dolores quis a ut facilis. Quos esse error eveniet est distinctio debitis quisquam quasi.\n\nVoluptate id doloremque ratione est eum sit. Explicabo expedita natus qui unde debitis vitae voluptates. Iste aliquam eos culpa aut illo maxime.',0,'India',NULL,NULL,NULL,NULL,NULL,NULL,NULL,NULL,1,0,NULL,NULL,'2026-01-31 09:42:20','2026-01-31 09:42:20'),(13,101,NULL,'Product Est Amet Ea','product-est-amet-ea-10',874.65,483.37,NULL,1,NULL,NULL,NULL,'Dolorum vel voluptatum libero culpa porro sit occaecati. Exercitationem occaecati quis qui repellendus earum voluptatem. Omnis omnis et animi.','Voluptates cum eos explicabo atque. Est ipsam aut optio et. Ut necessitatibus consectetur aliquam quia ratione quia est. Sint et non quia quos eos.\n\nDeleniti possimus sint aliquid ut pariatur reprehenderit. Porro excepturi vitae quae quia voluptatem et. Quos aut corporis ut ea similique temporibus.\n\nDucimus minus eum et ut recusandae. Necessitatibus animi non minima non illo. Natus aut quia dolores quasi.',0,'India',NULL,NULL,NULL,NULL,NULL,NULL,NULL,NULL,1,0,NULL,NULL,'2026-01-31 09:42:21','2026-01-31 09:42:21'),(14,46,NULL,'Product Placeat Fugiat Odit','product-placeat-fugiat-odit-11',1380.23,450.51,NULL,1,NULL,NULL,NULL,'Architecto et commodi deleniti est. Nisi accusantium voluptates ea porro alias exercitationem. Provident sit in iure minus eaque consequatur. Ut labore vero voluptatum natus sed.','Aut ea reiciendis est beatae. Iure molestiae dolores quae facilis est beatae sint. Magnam non eum soluta dignissimos expedita. Reiciendis quibusdam et aut tempora laboriosam voluptatem explicabo.\n\nRerum sed vitae dolores molestias ut molestiae. Maiores et quasi odio officiis quaerat. Non tempore hic error tempore dignissimos. Ullam aspernatur ratione aut inventore aut.\n\nVoluptate ipsa ad exercitationem aut sunt. Velit quo fugit error rerum. Nemo omnis sit et et placeat tenetur.',0,'India',NULL,NULL,NULL,NULL,NULL,NULL,NULL,NULL,1,0,NULL,NULL,'2026-01-31 09:42:21','2026-01-31 09:42:21'),(15,107,NULL,'Product Beatae Cumque Est','product-beatae-cumque-est-12',745.73,372.47,NULL,1,NULL,NULL,NULL,'Magni neque sit sequi unde sint voluptatem. Debitis quia consequatur distinctio odio quia at a. Itaque aut nobis dolorem totam id ipsum deserunt. Maxime magnam exercitationem dolor debitis. Laudantium autem natus exercitationem dolorem.','Sunt earum velit modi voluptate sed officiis sequi. Necessitatibus dolorem ad omnis sint. Eius atque in beatae.\n\nCupiditate optio molestiae et aspernatur fuga sint et. Numquam in quas et commodi fugit. Ut beatae ut et enim suscipit.\n\nMagni vitae aliquid esse consequatur. Sequi et dicta a quo alias. Iste doloribus nemo eum dolorem iure.',0,'India',NULL,NULL,NULL,NULL,NULL,NULL,NULL,NULL,1,0,NULL,NULL,'2026-01-31 09:42:21','2026-01-31 09:42:21'),(16,26,NULL,'Product Animi Ut Enim','product-animi-ut-enim-13',957.42,343.83,NULL,1,NULL,NULL,NULL,'Nihil ut fugit cupiditate laborum totam ab. Odio soluta dolores est dolorem mollitia. Reprehenderit eligendi reiciendis dignissimos quisquam et animi nesciunt. Natus et est autem.','Tempora natus fugit quas sequi ut totam. Nihil autem rerum dolor sit et qui consequatur magni. Tempore dolores officia quaerat eaque dicta.\n\nMaiores voluptates autem placeat tempore impedit est. Mollitia odit dolores ex facere cumque expedita perspiciatis quae. Cum ex ut accusamus neque est iste molestias. Hic voluptatem explicabo voluptatem soluta corporis exercitationem veniam totam.\n\nEt nostrum earum rerum eos in sequi velit. Libero atque esse esse quia sapiente nihil eveniet. Rerum nostrum nisi qui. Eaque in eum magnam ratione dolore esse. Aut aspernatur nobis illo magnam eum quidem voluptatem.',0,'India',NULL,NULL,NULL,NULL,NULL,NULL,NULL,NULL,1,0,NULL,NULL,'2026-01-31 09:42:21','2026-01-31 09:42:21'),(17,78,NULL,'Product Temporibus Culpa Et','product-temporibus-culpa-et-14',1514.14,358.12,NULL,1,NULL,NULL,NULL,'Recusandae harum itaque consectetur natus itaque. Omnis maxime perferendis deleniti consequatur doloribus temporibus praesentium. Earum et voluptas aut occaecati illum aperiam perspiciatis. Est in nihil amet sed eius.','Sequi commodi et praesentium mollitia omnis excepturi vel. Est eos officia tempora ut quo porro eveniet voluptas. Non id ducimus est aut est non. Perspiciatis et molestiae sunt ullam sunt dolor.\n\nOfficia nihil dicta ratione doloremque in. Sed neque atque dolor molestiae quae et commodi voluptatem. Sed debitis voluptatem deleniti magnam harum doloremque molestiae.\n\nArchitecto velit cupiditate temporibus dolor alias culpa cupiditate. Quis molestiae quaerat ratione maiores odit ipsa non. Consequuntur ut quia repudiandae culpa sint facere.',0,'India',NULL,NULL,NULL,NULL,NULL,NULL,NULL,NULL,1,0,NULL,NULL,'2026-01-31 09:42:21','2026-01-31 09:42:21'),(18,78,NULL,'Product Eos Et Dolor','product-eos-et-dolor-15',611.81,215.32,NULL,1,NULL,NULL,NULL,'In quaerat quia deleniti libero in. Harum numquam voluptate dolores totam. Eveniet qui aperiam nihil quidem doloremque sequi sed itaque. Alias natus earum aut dolore.','Voluptatum perferendis fuga dolor illo doloribus at atque. Voluptas ut aut necessitatibus est. Deleniti qui cum pariatur repudiandae et sed. Quaerat harum voluptatem et debitis et praesentium. Rem voluptatem architecto atque reiciendis.\n\nSint voluptate illum consectetur ut aperiam. Est eos reprehenderit ut. Praesentium mollitia tenetur nobis dolores odit. Magnam voluptatem sit voluptate voluptas voluptas et nihil.\n\nCorporis necessitatibus et maxime. Dignissimos autem porro totam odio.',0,'India',NULL,NULL,NULL,NULL,NULL,NULL,NULL,NULL,1,0,NULL,NULL,'2026-01-31 09:42:21','2026-01-31 09:42:21'),(19,108,NULL,'Product Facilis Eius Corrupti','product-facilis-eius-corrupti-16',1242.96,439.34,NULL,1,NULL,NULL,NULL,'Rerum occaecati iusto aspernatur facilis eos. Odit voluptas quae hic deleniti dolorem. At et dolore non omnis eos sapiente praesentium. Voluptatibus repellendus ex ipsam dignissimos provident nostrum.','Repudiandae velit itaque commodi sed voluptas sit quas et. Quos corporis labore ratione sunt. Eius accusantium aut minima numquam quis quis. Quo quo velit qui repellendus. Recusandae rerum numquam est repellendus aliquid qui.\n\nDolor animi consequatur sit incidunt. Et sint enim dolorem facilis et. Rerum saepe et facere itaque illo repellat eum ut.\n\nSint necessitatibus eos quasi nulla voluptatem quos. Necessitatibus excepturi necessitatibus omnis ipsum quia et provident. Modi blanditiis sed officiis maxime minus.',0,'India',NULL,NULL,NULL,NULL,NULL,NULL,NULL,NULL,1,0,NULL,NULL,'2026-01-31 09:42:21','2026-01-31 09:42:21'),(20,47,NULL,'Product Consequatur Illo Quaerat','product-consequatur-illo-quaerat-17',971.04,240.61,NULL,1,NULL,NULL,NULL,'Quis et ratione fugiat ut qui placeat. Deserunt ab perferendis velit ipsum tempore recusandae. Odio ut omnis sapiente harum sit inventore inventore.','Quidem corrupti quibusdam magnam exercitationem soluta voluptatem qui officiis. Sapiente rerum distinctio perspiciatis sint doloremque. Quibusdam impedit temporibus aliquam itaque dolorum quia modi quaerat.\n\nDolor quae optio voluptatem aut magnam perferendis quia est. Accusamus laboriosam debitis libero qui. Ut dolor aut ut aliquid debitis nihil. Blanditiis ut nam fugiat quam.\n\nId quaerat placeat saepe sapiente in eos reiciendis. Quaerat dolorem omnis in dolor in delectus. Porro eos fugit ea sit neque.',0,'India',NULL,NULL,NULL,NULL,NULL,NULL,NULL,NULL,1,0,NULL,NULL,'2026-01-31 09:42:21','2026-01-31 09:42:21'),(21,74,NULL,'Product Aut Ad Aut','product-aut-ad-aut-18',1673.22,420.27,NULL,1,NULL,NULL,NULL,'Sed tempora assumenda consequuntur distinctio nulla. Commodi fugit quibusdam magnam molestias. Autem facilis officia similique accusantium.','Nesciunt ut sequi facere sed voluptatem labore. Adipisci perferendis omnis est facilis dolores cumque distinctio. Magni sed sit eum. Excepturi deserunt quis recusandae hic.\n\nIpsam sed voluptas qui molestias quo voluptates. Harum quaerat voluptatem illum cum. Laborum tempora aut sint nisi quis numquam et. Harum quo eum molestias facilis autem.\n\nOfficiis quas officia quo sed. Alias tempora autem totam dicta. Nihil doloremque sit asperiores provident est illum quam.',0,'India',NULL,NULL,NULL,NULL,NULL,NULL,NULL,NULL,1,0,NULL,NULL,'2026-01-31 09:42:21','2026-01-31 09:42:21'),(22,94,NULL,'Product Pariatur Iusto Ex','product-pariatur-iusto-ex-19',1462.69,279.47,NULL,1,NULL,NULL,NULL,'Id expedita impedit vel ut eos ipsa perferendis. Est quis ut est est aut fugiat quidem velit.','Et est illum cupiditate beatae non commodi qui. Laboriosam ullam tempora ut saepe et rerum.\n\nSapiente inventore id quibusdam itaque aut veritatis exercitationem. Omnis occaecati repudiandae non et pariatur.\n\nRatione laboriosam quo iusto autem soluta magni eos suscipit. Fugiat deserunt optio est accusamus. Itaque est sit cumque dicta eveniet nulla. Unde omnis eum consequatur numquam iste nulla aut.',0,'India',NULL,NULL,NULL,NULL,NULL,NULL,NULL,NULL,1,0,NULL,NULL,'2026-01-31 09:42:21','2026-01-31 09:42:21'),(23,42,NULL,'Product Possimus Reprehenderit Earum','product-possimus-reprehenderit-earum-20',940.64,212.35,NULL,1,NULL,NULL,NULL,'Tempore explicabo est iusto dicta omnis provident. Occaecati possimus earum ut suscipit ipsam. Magnam aut quia assumenda cupiditate repellendus architecto laudantium.','Quia voluptatum iste aut sint iusto necessitatibus. Et quia optio nemo. Sunt similique consectetur voluptate excepturi.\n\nQui veniam minus eligendi laborum aut cumque. In ipsa aut accusamus et beatae explicabo velit. Ut non ut tenetur aut consectetur corrupti.\n\nEt voluptates aspernatur esse nobis. Quod voluptatibus et quis non laboriosam ut odit consequuntur. Ea sapiente quia omnis corrupti sint.',0,'India',NULL,NULL,NULL,NULL,NULL,NULL,NULL,NULL,1,0,NULL,NULL,'2026-01-31 09:42:21','2026-01-31 09:42:21'),(24,108,NULL,'Product Rerum Et Autem','product-rerum-et-autem-21',878.91,487.58,NULL,1,NULL,NULL,NULL,'Officia sunt libero iste tenetur. Iure eius error consequatur voluptates enim. Ipsum est neque amet.','Eos aut illo est provident temporibus et. Ex perferendis tenetur animi maxime dolorum. Iste laborum voluptatem voluptate doloribus sunt soluta explicabo hic.\n\nVero molestias officia iusto aut minus ad sequi. Illum et minima nobis fugit consequatur voluptatem odit. Omnis similique voluptas quibusdam ut sed pariatur. Facere voluptate id ad alias vitae nam qui.\n\nIn et dolores dolores dignissimos. Officiis quis sint harum labore et. Dolores maiores voluptatem qui ut nam consectetur laborum sapiente.',0,'India',NULL,NULL,NULL,NULL,NULL,NULL,NULL,NULL,1,0,NULL,NULL,'2026-01-31 09:42:21','2026-01-31 09:42:21'),(25,52,NULL,'Product Laudantium Ut Sequi','product-laudantium-ut-sequi-22',1875.25,305.81,NULL,1,NULL,NULL,NULL,'In quasi ratione ipsa nulla possimus occaecati. Expedita aut qui possimus occaecati pariatur. Ipsum quo porro et maiores. Aut nihil voluptas velit ab nemo.','Ab nihil adipisci illo illum. Consectetur voluptas aut aut. Sequi repellat itaque voluptatem iste omnis.\n\nRepudiandae excepturi reprehenderit hic voluptate id nihil qui. Odit saepe officia ea nemo nulla voluptas.\n\nUt qui cum vitae velit recusandae ut cupiditate sapiente. Vel ea consequatur nobis. Ad magni consequatur dolorum cum. Quidem nobis ipsum animi temporibus quidem.',0,'India',NULL,NULL,NULL,NULL,NULL,NULL,NULL,NULL,1,0,NULL,NULL,'2026-01-31 09:42:21','2026-01-31 09:42:21'),(26,15,NULL,'Product Tempore Rerum Expedita','product-tempore-rerum-expedita-23',1578.65,327.57,NULL,1,NULL,NULL,NULL,'Quasi consequatur provident non laudantium tempora nobis odit. Facilis saepe distinctio consequatur et in. Iure suscipit quasi voluptatem quo nobis voluptate voluptatem.','Sint eum harum sunt qui magnam sit. Neque et animi veritatis aperiam nemo. Blanditiis hic doloribus est voluptatem ut optio. Eos et id eum at sunt.\n\nDoloremque possimus id repellat deleniti consequatur nesciunt. Quis laborum consequatur error laborum. Aut consequatur minima natus enim doloremque suscipit doloribus provident. Est recusandae ipsam repellat debitis.\n\nAut quae qui non enim. Doloremque et consequuntur earum consequuntur quis debitis inventore. Suscipit voluptatem et exercitationem minima iure. Consectetur consectetur vel quia repellendus sed.',0,'India',NULL,NULL,NULL,NULL,NULL,NULL,NULL,NULL,1,0,NULL,NULL,'2026-01-31 09:42:21','2026-01-31 09:42:21'),(27,51,NULL,'Product Dolor Et Non','product-dolor-et-non-24',744.13,330.01,NULL,1,NULL,NULL,NULL,'Labore provident dolore eveniet consequatur ducimus. Nemo nisi fugiat velit quod. Consequatur cupiditate ad quia officia. Sit ut in adipisci voluptates.','Eveniet inventore rerum sed est. Ullam ad debitis sit voluptatem. Voluptatem eligendi enim occaecati qui ut. Praesentium repellendus aspernatur officia.\n\nIpsum itaque ex autem quae similique eos. Explicabo incidunt eum placeat ut repudiandae possimus iure est. Animi reprehenderit praesentium aut sit.\n\nEt maiores doloremque corrupti quia. Aut in tenetur repellat in rerum. Qui ut nisi qui est nesciunt.',0,'India',NULL,NULL,NULL,NULL,NULL,NULL,NULL,NULL,1,0,NULL,NULL,'2026-01-31 09:42:21','2026-01-31 09:42:21'),(28,113,NULL,'Product Animi Ut Distinctio','product-animi-ut-distinctio-25',1473.43,278.43,NULL,1,NULL,NULL,NULL,'Natus autem ipsum ipsa maiores voluptatem expedita. Vel non possimus blanditiis in esse fuga quidem. Ut consequatur unde quibusdam quia omnis earum sit. Optio aut mollitia officiis consequatur vel. Blanditiis consectetur similique et velit officiis optio similique.','Quas sed expedita ea corrupti mollitia. Perferendis omnis consectetur doloremque voluptas a et. Ut veritatis consequatur aut voluptate. Suscipit nesciunt porro omnis omnis repellat sed fuga minus.\n\nQuos ut porro sed sit illo officia. Blanditiis eos tempora impedit magnam voluptatum quia ex. Est maiores dolores doloribus non deleniti sapiente.\n\nNecessitatibus delectus eligendi officia et. Aliquam cupiditate et eum dolorum ad ut nam. Ea voluptas quae autem. Ut ratione enim eum in quae ut ut.',0,'India',NULL,NULL,NULL,NULL,NULL,NULL,NULL,NULL,1,0,NULL,NULL,'2026-01-31 09:42:21','2026-01-31 09:42:21'),(29,100,NULL,'Product Esse Non Et','product-esse-non-et-26',1649.30,484.11,NULL,1,NULL,NULL,NULL,'Illo sed amet quo aut magni aspernatur. Minus voluptas reiciendis quidem voluptas. Occaecati rem ducimus inventore.','Rerum fugit a libero facilis quod voluptates. Est repellat autem fugiat fugiat debitis labore assumenda. Dolor ex voluptas eum consequuntur reiciendis eligendi.\n\nIste quas ea velit eius. Asperiores ullam dolore optio dolores similique repellat delectus beatae. Sunt a vero est hic atque aut. Quis facilis voluptatibus laborum vel porro.\n\nConsequuntur blanditiis aspernatur vel occaecati. Doloribus nostrum occaecati est quos. Et magni nesciunt eligendi sunt et sed reiciendis. Ut dolorem perspiciatis eum cupiditate esse incidunt.',0,'India',NULL,NULL,NULL,NULL,NULL,NULL,NULL,NULL,1,0,NULL,NULL,'2026-01-31 09:42:21','2026-01-31 09:42:21'),(30,16,NULL,'Product Autem Facere Quidem','product-autem-facere-quidem-27',1206.72,476.92,NULL,1,NULL,NULL,NULL,'Distinctio rerum illo repellat accusantium voluptatem. Voluptas dolor nulla ut. Quis nostrum et dolor placeat debitis. Sapiente cumque consectetur commodi.','Culpa voluptatem inventore at tempora et est. Voluptatum quos sed sequi ut ratione.\n\nVelit adipisci aut repudiandae impedit labore ducimus ea. Et minus occaecati quia. Ut ullam eligendi accusantium omnis.\n\nAccusamus sit consectetur eveniet quas consequatur quia. Ut quod at beatae dolorem quibusdam. Nihil deserunt qui sit voluptas.',0,'India',NULL,NULL,NULL,NULL,NULL,NULL,NULL,NULL,1,0,NULL,NULL,'2026-01-31 09:42:21','2026-01-31 09:42:21'),(31,95,NULL,'Product Voluptatibus Officia Est','product-voluptatibus-officia-est-28',1123.09,329.86,NULL,1,NULL,NULL,NULL,'Explicabo necessitatibus quis ipsa quisquam. Quis fugiat accusantium expedita minus. Ipsa ut dicta laboriosam vitae.','Dolores eum est praesentium nihil hic nam. Rerum aspernatur voluptas dolores qui. Iste qui necessitatibus quo modi quos veritatis veritatis.\n\nSit sint sed eligendi quibusdam. Asperiores eius consequatur dolorem et omnis et cupiditate. Vel ut rem aliquam maiores ipsa accusamus commodi pariatur.\n\nRerum recusandae a voluptatem eligendi quo enim. Ut voluptas incidunt quasi odit saepe. Nisi deserunt qui placeat eius distinctio eum quia. Dolorem ipsa quis repellat esse.',0,'India',NULL,NULL,NULL,NULL,NULL,NULL,NULL,NULL,1,0,NULL,NULL,'2026-01-31 09:42:21','2026-01-31 09:42:21'),(32,25,NULL,'Product Ut Corrupti Quibusdam','product-ut-corrupti-quibusdam-29',1128.26,324.61,NULL,1,NULL,NULL,NULL,'Molestiae et odio quam consequuntur voluptas beatae. Esse aut perferendis consequatur odio distinctio iusto deserunt ex. Nihil nemo harum consequatur esse hic sit. Minima provident voluptatibus qui nobis consequatur veniam nisi.','Labore aliquam architecto omnis et quidem. Aut eaque nostrum et eaque enim eos. Laborum eius hic id amet sed totam.\n\nRem laborum incidunt omnis sint quos. Et doloribus quis dicta enim inventore ut. Corrupti quia ut iure possimus magnam provident iusto.\n\nDolorem aspernatur nulla maiores et perspiciatis explicabo. Qui molestiae deleniti consequatur minus a. Culpa aut fugiat saepe neque sed asperiores quia. Omnis dicta eligendi possimus est a consectetur quidem.',0,'India',NULL,NULL,NULL,NULL,NULL,NULL,NULL,NULL,1,0,NULL,NULL,'2026-01-31 09:42:21','2026-01-31 09:42:21'),(33,62,NULL,'Product Architecto Quibusdam Deserunt','product-architecto-quibusdam-deserunt-30',1418.66,363.10,NULL,1,NULL,NULL,NULL,'Soluta non deleniti assumenda quam dolores veniam fugiat. Quibusdam modi et consequatur. Et eligendi et consequatur aut eveniet architecto aut.','Veritatis molestias eos harum est ab excepturi. Sint sed mollitia molestiae nihil. Similique dignissimos in sit.\n\nNesciunt et accusantium adipisci quae. Deleniti natus sunt et qui modi doloremque temporibus doloremque. Et ut libero quis laborum non debitis velit.\n\nEt ut et repudiandae qui et iusto animi. Consequuntur aut nostrum amet dolore eligendi. Non nesciunt necessitatibus harum delectus. Ut totam consequatur quo ullam et qui.',0,'India',NULL,NULL,NULL,NULL,NULL,NULL,NULL,NULL,1,0,NULL,NULL,'2026-01-31 09:42:21','2026-01-31 09:42:21'),(34,14,NULL,'Product Enim Nobis Dolor','product-enim-nobis-dolor-31',522.15,360.87,NULL,1,NULL,NULL,NULL,'Eligendi earum ab magni nam ullam. Rerum cum dolorem est sit inventore odit. Sit consequuntur dolores iste praesentium molestiae quibusdam dolorem totam.','Rerum quidem nam illo aliquam laboriosam assumenda ut et. Incidunt eos saepe et qui. Aut excepturi omnis numquam quis quo id eligendi debitis.\n\nVoluptatem voluptatibus modi ullam voluptatum consectetur blanditiis. Voluptatem rem pariatur consequatur omnis voluptas commodi officia molestiae. Eligendi placeat est ipsam voluptatem. Nihil iusto consequatur saepe doloribus similique ullam. Sit nihil qui adipisci eos.\n\nNobis et excepturi fugit repellat quod. Aut et ut facere qui commodi dolorum. Harum quo similique perferendis beatae dolorem voluptas non. Beatae totam optio a et.',0,'India',NULL,NULL,NULL,NULL,NULL,NULL,NULL,NULL,1,0,NULL,NULL,'2026-01-31 09:42:21','2026-01-31 09:42:21'),(35,43,NULL,'Product Rerum Et Quia','product-rerum-et-quia-32',1367.16,298.66,NULL,1,NULL,NULL,NULL,'Est eum voluptas et recusandae. Ut fugiat est at asperiores. Eligendi sunt est repudiandae tenetur.','Et velit quasi dolorem perferendis. Reiciendis qui veritatis quos enim ut officiis. Necessitatibus pariatur aperiam minus suscipit nostrum incidunt libero nesciunt. Sed temporibus ea ratione voluptatem similique iure et.\n\nSint minus consequatur odio sit voluptate ab explicabo. Labore distinctio ratione corporis officia. Sint exercitationem quisquam quia est tempore qui doloribus rerum. Quia reprehenderit facilis omnis laboriosam quia adipisci voluptate et. Sint et recusandae quam est vel sapiente nihil.\n\nQuia facilis voluptatem accusamus sapiente. Dolor officiis vitae incidunt sit eos. Assumenda earum officia repellendus quis officia beatae. Et nulla optio aspernatur tempora ducimus vel alias quidem. Et ex qui in cupiditate pariatur ab.',0,'India',NULL,NULL,NULL,NULL,NULL,NULL,NULL,NULL,1,0,NULL,NULL,'2026-01-31 09:42:21','2026-01-31 09:42:21'),(36,24,NULL,'Product Temporibus Velit Et','product-temporibus-velit-et-33',831.95,391.35,NULL,1,NULL,NULL,NULL,'In voluptates fugiat doloremque quia. Ut dolor nam iusto tempore iusto dolore quisquam. Ut distinctio debitis aliquid unde expedita ut eos. Eligendi pariatur nostrum nam veritatis.','Sit nihil omnis quis non quisquam nulla sint beatae. Non repudiandae est nostrum accusamus inventore porro. Qui mollitia deleniti quaerat dolores eius. Amet eum odio enim dolore.\n\nVoluptatum possimus unde qui quia facere. Ut rem quam placeat enim error quasi. Sit est dolores eos aut alias. Ut eos itaque quos distinctio modi voluptates cupiditate.\n\nUt voluptatem est accusantium temporibus. Natus aspernatur dignissimos neque et dolores repudiandae. Et quam facilis ut praesentium magnam voluptatem. Reprehenderit et nostrum sunt rerum nisi earum.',0,'India',NULL,NULL,NULL,NULL,NULL,NULL,NULL,NULL,1,0,NULL,NULL,'2026-01-31 09:42:21','2026-01-31 09:42:21'),(37,13,NULL,'Product Facilis Vero Blanditiis','product-facilis-vero-blanditiis-34',569.62,386.68,NULL,1,NULL,NULL,NULL,'Et nesciunt est qui. Pariatur culpa praesentium dolor est suscipit. Mollitia voluptatem expedita voluptate qui provident. Excepturi harum consectetur vitae adipisci enim at. Ea suscipit quis earum voluptatibus.','Similique cupiditate possimus nam tempora et vel. Amet quia et nisi quia quae totam voluptatem. Tempora molestiae odit tenetur similique alias.\n\nMinima qui veritatis aliquam ut eos. Facere unde ut quia unde sint id. Sunt laudantium odit veritatis impedit neque.\n\nNatus eius vitae est provident laudantium aut dolor. Illo nihil quaerat rerum. Expedita provident voluptas reprehenderit.',0,'India',NULL,NULL,NULL,NULL,NULL,NULL,NULL,NULL,1,0,NULL,NULL,'2026-01-31 09:42:21','2026-01-31 09:42:21'),(38,15,NULL,'Product Doloribus Rerum Eveniet','product-doloribus-rerum-eveniet-35',1532.32,251.94,NULL,1,NULL,NULL,NULL,'Vel excepturi sint velit tempore perferendis quae in. Non eos ut odit ut. Repellendus velit ut et et nihil occaecati dolore.','In sed veritatis amet eligendi hic a omnis. Quia labore consequatur natus maiores corporis. Ullam voluptatum eveniet dolor ullam molestiae. Sit recusandae eveniet voluptatibus distinctio aliquam delectus assumenda.\n\nIpsum illum dignissimos accusamus et ut cupiditate enim. Vel inventore rerum sunt sed. Reiciendis quasi excepturi adipisci a vel eos qui. Eum hic non quis tempore rerum ea tempore.\n\nPariatur quos qui eos ullam incidunt dolorem. Eos laboriosam fugit voluptates rerum. Ut iste est dolores.',0,'India',NULL,NULL,NULL,NULL,NULL,NULL,NULL,NULL,1,0,NULL,NULL,'2026-01-31 09:42:21','2026-01-31 09:42:21'),(39,37,NULL,'Product Assumenda Doloremque Doloribus','product-assumenda-doloremque-doloribus-36',1888.84,331.65,NULL,1,NULL,NULL,NULL,'Atque reprehenderit non quidem nulla consequuntur nobis. Architecto placeat ea unde praesentium asperiores. Sit alias delectus facere veritatis id tenetur quis.','Molestiae omnis necessitatibus et voluptatibus voluptas ullam quia. Alias consequatur tempora voluptates ut. Qui veritatis numquam harum sapiente excepturi non.\n\nLabore consequatur aut deserunt ut dolores. Dignissimos nihil non atque illo nihil qui. Deserunt ea molestiae qui.\n\nTempore quasi eos vitae non laborum corporis sequi dicta. Beatae velit magnam omnis non. Sint voluptas id aspernatur explicabo. Ad odit qui eveniet saepe eos et.',0,'India',NULL,NULL,NULL,NULL,NULL,NULL,NULL,NULL,1,0,NULL,NULL,'2026-01-31 09:42:21','2026-01-31 09:42:21'),(40,91,NULL,'Product Hic Voluptas Veniam','product-hic-voluptas-veniam-37',586.27,262.98,NULL,1,NULL,NULL,NULL,'Quam voluptatem cumque doloribus et inventore fugiat. Nesciunt voluptates sint ratione reprehenderit fugiat aut est rerum. Ea hic nobis soluta non autem omnis quia.','Est doloremque voluptates ea a ducimus sapiente a. Eum nam veritatis occaecati provident. Ratione ipsum dolores voluptatem soluta.\n\nAdipisci minus est enim facere dolor blanditiis saepe. Ut quas vel in eos. Id saepe explicabo dolores reprehenderit.\n\nOmnis magnam accusamus id modi qui molestiae quam id. Ab quis harum commodi. Quia et eum modi vero maxime.',0,'India',NULL,NULL,NULL,NULL,NULL,NULL,NULL,NULL,1,0,NULL,NULL,'2026-01-31 09:42:21','2026-01-31 09:42:21'),(41,30,NULL,'Product Esse Reprehenderit Et','product-esse-reprehenderit-et-38',1900.67,353.50,NULL,1,NULL,NULL,NULL,'Pariatur similique aut fugiat voluptatem necessitatibus nihil perspiciatis. Enim ipsum officia sit dolore nemo.','Architecto omnis voluptatem ratione rem dolores voluptas error vitae. Deserunt magnam consequatur saepe sit. Aut iusto sapiente quo laborum voluptas architecto sed.\n\nConsequuntur possimus sint quia rem nam non quod. Tenetur pariatur numquam quia deleniti laborum sint cumque. Nisi sed consectetur aperiam quod atque. Deleniti cumque aut sint quia quisquam.\n\nRepellendus alias possimus et aut perspiciatis animi recusandae. Iure nisi maiores commodi consectetur quia. Distinctio voluptas rerum enim dignissimos itaque.',0,'India',NULL,NULL,NULL,NULL,NULL,NULL,NULL,NULL,1,0,NULL,NULL,'2026-01-31 09:42:21','2026-01-31 09:42:21'),(42,51,NULL,'Product Beatae Eum Ullam','product-beatae-eum-ullam-39',1875.11,337.96,NULL,1,NULL,NULL,NULL,'Eum sint sunt culpa sed nulla ipsa voluptatem. Nobis aut incidunt odio minima. Saepe sunt enim atque error non. Suscipit molestiae accusamus necessitatibus aliquam ut.','Nesciunt voluptatem et officia et velit fugiat necessitatibus error. Earum velit quod pariatur. Dolorem enim delectus consequatur esse aut. Dolor doloremque similique officia magni.\n\nDignissimos consequuntur culpa saepe labore. Accusamus eos assumenda tenetur enim quia ipsum. Dolorem assumenda reiciendis soluta deleniti et molestiae accusamus. At ipsam tenetur quibusdam odit odit consequatur quaerat.\n\nTemporibus adipisci vel ut atque excepturi. Ipsam vero quia nostrum sunt sapiente nisi.',0,'India',NULL,NULL,NULL,NULL,NULL,NULL,NULL,NULL,1,0,NULL,NULL,'2026-01-31 09:42:21','2026-01-31 09:42:21'),(43,36,NULL,'Product Est Distinctio Mollitia','product-est-distinctio-mollitia-40',743.72,490.74,NULL,1,NULL,NULL,NULL,'Cum iure dicta excepturi cupiditate enim quam id. Vero quis inventore ad illum sapiente temporibus. Ullam sit soluta dolorum nihil illo enim aut. Voluptas voluptatum ut accusantium sapiente ipsam nisi.','Sapiente id est vitae non necessitatibus qui. Ut enim a et officiis. Et sunt maxime ut et in ut. Eos doloremque quis sit aperiam error officia esse quia. Dolorum accusamus nisi et consequuntur consequatur nihil doloribus.\n\nMaxime voluptatibus corporis quia. Natus repudiandae repellendus praesentium. Omnis similique atque nulla sunt est sapiente. Corporis itaque omnis occaecati. Reprehenderit eligendi perferendis numquam suscipit omnis perferendis sed voluptatem.\n\nIure molestias amet omnis sunt. Est adipisci porro distinctio cupiditate vero facere. Unde et rerum sed cumque ea est est. Veritatis accusantium doloribus quia libero.',0,'India',NULL,NULL,NULL,NULL,NULL,NULL,NULL,NULL,1,0,NULL,NULL,'2026-01-31 09:42:21','2026-01-31 09:42:21'),(44,54,NULL,'Product Sapiente Tenetur Odio','product-sapiente-tenetur-odio-41',1926.24,491.73,NULL,1,NULL,NULL,NULL,'Dicta quo autem asperiores qui. Voluptas optio qui voluptate maiores velit hic quo. Et magni animi cumque quia necessitatibus. Accusamus occaecati aliquid est porro et. Officiis eveniet praesentium facilis temporibus similique iure eum.','Excepturi est numquam cum unde iusto rerum quia. Eos voluptas velit sit odio et. Qui aut maxime voluptatum. Nobis nostrum quasi ratione nesciunt ut ex perferendis amet.\n\nProvident maxime cupiditate totam. Adipisci exercitationem nemo inventore vitae fugit dolor impedit. Velit et tenetur assumenda fugit optio.\n\nVoluptatem alias modi iusto atque ex voluptatem unde. Ex voluptas ipsam perferendis sint unde quo alias. Mollitia adipisci quis omnis sunt recusandae.',0,'India',NULL,NULL,NULL,NULL,NULL,NULL,NULL,NULL,1,0,NULL,NULL,'2026-01-31 09:42:21','2026-01-31 09:42:21'),(45,72,NULL,'Product Voluptatem Odio Suscipit','product-voluptatem-odio-suscipit-42',542.63,405.53,NULL,1,NULL,NULL,NULL,'Voluptates at quo tempora similique. Quo sunt quis eius sit. Quia qui voluptatem quas ex reprehenderit et ipsa. Laboriosam sit aut qui aut.','Voluptatem iusto facilis modi et. Nam nobis eos eligendi dolorem. Iure voluptates nam fuga quasi.\n\nNam perspiciatis illo labore quas et. Eum ab illum deserunt assumenda eos. Culpa odio consequuntur ipsum ea et. Et fugit rem repellat.\n\nCumque nihil animi corrupti. Doloremque occaecati itaque rem necessitatibus. Minus itaque et a ipsam qui commodi neque.',0,'India',NULL,NULL,NULL,NULL,NULL,NULL,NULL,NULL,1,0,NULL,NULL,'2026-01-31 09:42:21','2026-01-31 09:42:21'),(46,95,NULL,'Product Eum Perferendis Eum','product-eum-perferendis-eum-43',988.39,480.40,NULL,1,NULL,NULL,NULL,'Soluta est illo atque eum. Aliquid tempore placeat perspiciatis nisi aut. Est molestiae minus est dignissimos.','Est libero rerum distinctio enim eos iste non. Consequatur qui accusantium mollitia impedit. Repellat rerum debitis quibusdam incidunt dolorem architecto doloremque.\n\nDoloribus consequatur culpa omnis modi dicta incidunt ea. Tenetur nihil dolores ad quos quibusdam tempora quas. Id ea quas eum adipisci eveniet velit suscipit. Illo est molestias ut ut.\n\nModi consectetur veritatis dolore unde iure quia. Aliquid fugiat sapiente eum amet vitae labore eum. Animi sit sunt voluptatibus voluptas possimus tempore omnis. Laborum necessitatibus et veritatis velit nostrum voluptatum.',0,'India',NULL,NULL,NULL,NULL,NULL,NULL,NULL,NULL,1,0,NULL,NULL,'2026-01-31 09:42:21','2026-01-31 09:42:21'),(47,104,NULL,'Product Molestiae Porro Ex','product-molestiae-porro-ex-44',837.74,239.89,NULL,1,NULL,NULL,NULL,'Voluptatum aperiam ex voluptatem ducimus doloremque. Odit minima in voluptatum facilis sit. Et at odit cupiditate minima ad nulla iure recusandae. Voluptatem non fugiat et nisi qui quo quia.','Ut quae doloribus aut aut sapiente voluptatibus ipsum. Qui sint nesciunt neque non. Et aut qui quia.\n\nEst consequatur sit vel temporibus qui animi eveniet excepturi. Dicta commodi laudantium unde neque enim fuga.\n\nVoluptates doloremque velit voluptatem modi similique fugiat et. Ea deleniti incidunt libero maxime nihil minus. Tenetur rem accusantium praesentium sed nihil asperiores.',0,'India',NULL,NULL,NULL,NULL,NULL,NULL,NULL,NULL,1,0,NULL,NULL,'2026-01-31 09:42:21','2026-01-31 09:42:21'),(48,31,NULL,'Product At Voluptatem Perspiciatis','product-at-voluptatem-perspiciatis-45',1046.28,281.78,NULL,1,NULL,NULL,NULL,'Est consequatur maiores natus quaerat molestiae nulla. Eum qui voluptatum quam est ut cumque sunt. Voluptas atque neque aliquid quidem. Est sit sed omnis voluptatem natus.','Ut eaque nam autem voluptatem accusantium quia velit. Exercitationem tempore nisi non deleniti. Quia unde consequatur rem ea et.\n\nNostrum cumque quia labore laudantium quod provident magnam. Fugiat eligendi vel quae. Exercitationem culpa ad labore occaecati tenetur omnis. Eum voluptatibus sed et et incidunt nihil. Odio dolore est et vero.\n\nVelit vel amet sapiente repudiandae praesentium. Tempore molestiae pariatur ut. Ea consequuntur autem et magni sed. Dolores voluptates sit ullam sit et consequuntur.',0,'India',NULL,NULL,NULL,NULL,NULL,NULL,NULL,NULL,1,0,NULL,NULL,'2026-01-31 09:42:21','2026-01-31 09:42:21'),(49,74,NULL,'Product Qui Maiores Aut','product-qui-maiores-aut-46',1570.68,370.06,NULL,1,NULL,NULL,NULL,'Maiores impedit et quae. Officia enim necessitatibus facere laborum molestiae. Ullam aut dignissimos minima magni. Totam sapiente eveniet unde quod recusandae illum.','Iusto modi vitae ducimus est ad nam optio. Debitis itaque qui hic velit similique. Magnam fugiat repellendus quis labore expedita. Eum voluptas est suscipit quo sed.\n\nAd amet nemo quibusdam numquam consequuntur corrupti. Similique cupiditate qui repellat quae. Qui ut qui laudantium nihil occaecati ipsam.\n\nNobis quia sit modi excepturi sint placeat ut. Et odit qui assumenda iste aliquam animi. Nam in aut dolore est nisi voluptates exercitationem dolores. Porro veniam et hic ex doloremque qui. Dolor molestias aut nobis cupiditate eaque sunt omnis.',0,'India',NULL,NULL,NULL,NULL,NULL,NULL,NULL,NULL,1,0,NULL,NULL,'2026-01-31 09:42:21','2026-01-31 09:42:21'),(50,60,NULL,'Product Commodi Odio Ut','product-commodi-odio-ut-47',1076.02,256.08,NULL,1,NULL,NULL,NULL,'Dolores omnis eos voluptate dolor est molestiae illum totam. Qui ut qui consequatur modi possimus. Recusandae delectus et odit dolor non rerum alias. Iure id rerum consequatur mollitia.','Dolorem recusandae tempora nesciunt nihil quae sint veritatis. Sit assumenda voluptatem quo ut cum. Ducimus est fugiat magni pariatur. Et quaerat et labore minus quod nemo ullam. Eum sapiente esse maiores et.\n\nExcepturi ea quae rerum eveniet aut. Voluptate iste odio vel vel neque sed pariatur. Enim alias non accusantium tempore et assumenda tempora. Ex repellat cupiditate aut ipsum atque distinctio.\n\nEt enim laboriosam ea et accusantium nobis quia. Modi non qui id officia molestias modi magni. Error odit excepturi et libero facilis eaque non.',0,'India',NULL,NULL,NULL,NULL,NULL,NULL,NULL,NULL,1,0,NULL,NULL,'2026-01-31 09:42:21','2026-01-31 09:42:21'),(51,45,NULL,'Product Ea Facilis Aut','product-ea-facilis-aut-48',1799.49,209.83,NULL,1,NULL,NULL,NULL,'Perspiciatis aliquid optio sit saepe voluptatum possimus eligendi nihil. Et recusandae quidem ut mollitia aut. Provident iste consequatur totam est a.','Cupiditate quis totam molestias voluptates. Aut et nobis ad quisquam est. Blanditiis et neque at autem reprehenderit officia atque voluptate.\n\nPossimus odio commodi corrupti quisquam quia. Voluptas nemo nisi occaecati fugiat assumenda voluptas. Debitis eligendi qui est sit sequi et qui.\n\nDolorem asperiores possimus corrupti et sit ex officia. Voluptatem ut earum error recusandae consectetur. Et et aut minus vel perspiciatis incidunt harum.',0,'India',NULL,NULL,NULL,NULL,NULL,NULL,NULL,NULL,1,0,NULL,NULL,'2026-01-31 09:42:21','2026-01-31 09:42:21'),(52,31,NULL,'Product Sunt Eum Enim','product-sunt-eum-enim-49',1076.67,468.53,NULL,1,NULL,NULL,NULL,'Provident voluptatem quaerat sunt veritatis. Sit nam qui quod qui quis in quo. Sint suscipit eveniet eveniet vitae eos magni. Ratione necessitatibus esse eaque autem qui. Nobis libero recusandae assumenda.','Voluptatum eum aut error libero doloribus et nam dolorem. Eos rem et nihil molestias. Et voluptatem atque a. Nisi suscipit eligendi consequatur quia voluptatem.\n\nAut et architecto ut adipisci velit magnam tempore. Occaecati sit in adipisci nulla non dolorem sed. Ipsam quo non doloremque vitae.\n\nCumque architecto sed natus aliquid omnis repellendus. Quos eos vitae perspiciatis exercitationem. Sunt est officiis et sit earum corrupti iusto. Animi cumque cumque rerum veniam.',0,'India',NULL,NULL,NULL,NULL,NULL,NULL,NULL,NULL,1,0,NULL,NULL,'2026-01-31 09:42:21','2026-01-31 09:42:21'),(53,41,NULL,'Product Nesciunt Velit Esse','product-nesciunt-velit-esse-50',1535.37,457.76,NULL,1,NULL,NULL,NULL,'Minus praesentium omnis id autem suscipit nihil ea ducimus. Eum sint dolorem iste in quia qui maxime. Harum nostrum iusto natus mollitia cum. Tempore et velit eligendi minima. Quos enim id omnis facilis itaque in.','Ad sed saepe deleniti. Sed culpa omnis dolorem architecto. Cupiditate aliquid dolorem fugit atque.\n\nPerspiciatis nihil tempora error laborum doloribus omnis. Id eos adipisci aspernatur et dolorem dignissimos. Impedit sit dolores minima minus consequatur minima quae.\n\nSequi dolorum dolores saepe dicta est. Iusto eveniet eveniet exercitationem quibusdam iusto repellat dolor. Error velit quia quae asperiores unde deserunt. Sunt reiciendis ea impedit velit laudantium. Id est neque nihil quae ut a.',0,'India',NULL,NULL,NULL,NULL,NULL,NULL,NULL,NULL,1,0,NULL,NULL,'2026-01-31 09:42:21','2026-01-31 09:42:21'),(54,81,NULL,'Product Vero Labore Corporis','product-vero-labore-corporis-51',813.41,386.53,NULL,1,NULL,NULL,NULL,'Nisi pariatur non eum incidunt. Consequatur modi rerum ipsam enim consequatur maiores eius. Neque dolorem aut et odit officiis.','Quod sit nesciunt illum. A architecto est officiis voluptatum. Dolore corrupti quae illo consequatur repellendus molestiae quod et. Error temporibus eos architecto temporibus deleniti eaque sequi harum.\n\nTemporibus dolorem vero quidem. Non sapiente consequatur et ad omnis. Incidunt consequuntur deleniti sit tenetur in. Qui officiis sint id quae et quia qui.\n\nPossimus et adipisci vel cumque. Velit et est expedita voluptatem debitis quos minus. Pariatur ut provident et et.',0,'India',NULL,NULL,NULL,NULL,NULL,NULL,NULL,NULL,1,0,NULL,NULL,'2026-01-31 09:42:21','2026-01-31 09:42:21'),(55,84,NULL,'Product Sed Dolorem Aut','product-sed-dolorem-aut-52',1625.61,380.00,NULL,1,NULL,NULL,NULL,'Omnis rerum deserunt maxime perspiciatis impedit reiciendis doloremque. Repellat rerum necessitatibus dolorum eaque voluptas. Sunt eum animi expedita ducimus aut dolor. Pariatur non expedita quis sed rerum libero eos.','Est culpa veritatis occaecati maxime laborum porro porro. Aut explicabo qui eaque rem. Sunt hic officia a quas non.\n\nArchitecto quo neque voluptatum cumque quasi sunt ea minima. Nostrum consectetur deleniti explicabo consequatur reprehenderit rerum. Nesciunt quo officia numquam dolores. Nam enim necessitatibus omnis qui officiis ut tempore.\n\nConsequuntur eaque recusandae illum quam. Repellat quia eaque a dolor dolorem iure. Voluptatem ducimus voluptatem provident incidunt laborum unde voluptatibus.',0,'India',NULL,NULL,NULL,NULL,NULL,NULL,NULL,NULL,1,0,NULL,NULL,'2026-01-31 09:42:21','2026-01-31 09:42:21'),(56,67,NULL,'Product Magnam Autem Cum','product-magnam-autem-cum-53',718.35,242.81,NULL,1,NULL,NULL,NULL,'Ut consectetur provident quia consequuntur laboriosam. Sapiente libero voluptatem dolorum beatae quis omnis.','Iste libero laborum neque officia et magnam sit sed. Eos reiciendis impedit et fugiat. Ipsum veniam unde repellat aliquam. Eum delectus velit nisi facilis odit aut.\n\nPraesentium veritatis incidunt necessitatibus distinctio. Totam eos quia non aperiam sunt consectetur et repellat. Est ratione voluptatum repellendus voluptatibus aliquid quia.\n\nQuasi modi ipsum qui. Delectus facilis iure tempora sed alias maiores voluptas. Laborum nemo odit repellendus. Accusamus ea praesentium ullam modi eum.',0,'India',NULL,NULL,NULL,NULL,NULL,NULL,NULL,NULL,1,0,NULL,NULL,'2026-01-31 09:42:21','2026-01-31 09:42:21'),(57,110,NULL,'Product Cumque Praesentium Quis','product-cumque-praesentium-quis-54',1970.49,328.86,NULL,1,NULL,NULL,NULL,'Accusantium harum vel necessitatibus qui possimus officia. Voluptas ut magnam adipisci autem.','Occaecati similique repellat necessitatibus sit eaque neque ut. Debitis ipsam quia ullam culpa facere non quaerat. Omnis rerum nisi quod quia eius quos sunt quibusdam. Qui similique in vel. Maxime fugiat eos rem cum deleniti.\n\nQuas saepe non tempore aliquid qui omnis quidem. Repellat qui pariatur aut accusantium. Quia labore vel quisquam debitis sint non explicabo.\n\nAut et sint eaque qui aut dolorum suscipit atque. Eveniet velit nisi non repellat. Earum sunt adipisci id natus ut. Excepturi qui corrupti dicta voluptates tempora omnis debitis.',0,'India',NULL,NULL,NULL,NULL,NULL,NULL,NULL,NULL,1,0,NULL,NULL,'2026-01-31 09:42:21','2026-01-31 09:42:21'),(58,59,NULL,'Product Et Et Repudiandae','product-et-et-repudiandae-55',1993.85,248.13,NULL,1,NULL,NULL,NULL,'Quia quo ut laudantium quam. Veniam quia consequatur eligendi.','Veritatis et sint quis expedita eum corporis unde. Nam vel quidem dolor illum est esse amet. Voluptatem quia accusamus qui perspiciatis assumenda qui ut quisquam. Omnis est sunt enim architecto aliquam.\n\nEst accusantium sint dignissimos optio debitis quia quo. Nisi autem quo neque eligendi possimus. A cupiditate corporis eos dolorem reprehenderit voluptatem.\n\nEnim excepturi nostrum vero similique quia repellendus. Voluptatem magnam et voluptas ipsam aut. Aperiam officiis inventore incidunt assumenda iure sint totam. Adipisci laborum ipsa vitae dignissimos.',0,'India',NULL,NULL,NULL,NULL,NULL,NULL,NULL,NULL,1,0,NULL,NULL,'2026-01-31 09:42:21','2026-01-31 09:42:21'),(59,24,NULL,'Product Cupiditate Necessitatibus Et','product-cupiditate-necessitatibus-et-56',1677.25,290.07,NULL,1,NULL,NULL,NULL,'Quo enim non quae. Quia minus rerum occaecati ut. Est repellat ex sit praesentium quae itaque. Asperiores et reprehenderit et et quidem saepe itaque est.','Deserunt ipsum repellat odio inventore ipsam voluptatem. Eligendi ad perspiciatis et nihil. Eligendi nostrum odio qui unde totam officiis qui.\n\nEum ipsum quisquam odio alias qui ex sed. Unde libero omnis voluptatem nihil sit. Quidem tempora amet quia qui labore. Sunt quo qui voluptatem ipsam.\n\nMolestiae architecto non totam reprehenderit et ex consequatur. Exercitationem molestiae fugit voluptates nesciunt quo suscipit.',0,'India',NULL,NULL,NULL,NULL,NULL,NULL,NULL,NULL,1,0,NULL,NULL,'2026-01-31 09:42:21','2026-01-31 09:42:21'),(60,64,NULL,'Product Voluptatem Non Voluptatibus','product-voluptatem-non-voluptatibus-57',1409.67,352.66,NULL,1,NULL,NULL,NULL,'Ut recusandae optio aut fugiat. Sit sint amet consequatur quos ratione modi repellat eius. Odio aut aut laudantium maxime porro omnis exercitationem. Vero dolorem odio incidunt eaque unde ipsam nihil.','Perspiciatis qui aut ut sequi ut labore praesentium. Alias libero in alias in. Repudiandae quia facilis quas molestias ad. Asperiores tempora temporibus voluptate ea dicta quia voluptates nobis.\n\nId magnam iusto perspiciatis dignissimos. Sunt ratione aut neque. Qui eligendi blanditiis est.\n\nLaborum assumenda quas optio repellat et voluptatem. Accusamus minus commodi consequatur ad eligendi. Ducimus eius commodi minus. Tempora tempora accusantium nihil et voluptates deserunt aliquid.',0,'India',NULL,NULL,NULL,NULL,NULL,NULL,NULL,NULL,1,0,NULL,NULL,'2026-01-31 09:42:21','2026-01-31 09:42:21'),(61,44,NULL,'Product Et Minus Numquam','product-et-minus-numquam-58',1788.09,450.31,NULL,1,NULL,NULL,NULL,'Ratione sed sunt fugit et. Laboriosam unde accusantium et et itaque ut. Et dolor minus quibusdam ea exercitationem asperiores numquam. Totam et non et et eius et tenetur.','Dignissimos officia et odio in quos. Facere quia aut itaque veritatis enim.\n\nUt maxime omnis sit atque possimus. Eius ea sint quasi aut dignissimos nihil. Aliquid quasi dolore voluptatem ratione aut provident et dicta. Voluptatem est sed doloribus dolores.\n\nDicta perferendis assumenda omnis voluptatem ea ullam temporibus omnis. Voluptatem corrupti aut tempore quia consequatur voluptas qui. Molestias sed et nostrum nam quos voluptatem omnis aut. Accusamus culpa aut sapiente tempora suscipit consequatur.',0,'India',NULL,NULL,NULL,NULL,NULL,NULL,NULL,NULL,1,0,NULL,NULL,'2026-01-31 09:42:21','2026-01-31 09:42:21'),(62,113,NULL,'Product Velit Nostrum Natus','product-velit-nostrum-natus-59',887.76,299.45,NULL,1,NULL,NULL,NULL,'Quia nisi eligendi et. Et natus et qui nesciunt omnis ut. Suscipit id perferendis possimus. Quo natus reprehenderit magni saepe.','Omnis error rerum nam voluptas officia et necessitatibus. Omnis a voluptatem vel quam earum assumenda. Maxime enim aperiam expedita aut illo rerum libero.\n\nEum fugiat ex voluptas. Amet tempora officiis autem repellendus. Modi nemo est omnis quis aut consequatur sunt. Dolorem facere ipsum labore quod minus. Iusto illo quia quisquam natus mollitia dolores.\n\nEum neque eum vel laboriosam eveniet et repellat. Vero ut ducimus voluptas nulla nostrum qui aut. Dolor pariatur molestiae sint. Et est a maxime ipsa ut.',0,'India',NULL,NULL,NULL,NULL,NULL,NULL,NULL,NULL,1,0,NULL,NULL,'2026-01-31 09:42:21','2026-01-31 09:42:21'),(63,35,NULL,'Product Laborum Voluptas Laudantium','product-laborum-voluptas-laudantium-60',1729.03,461.10,NULL,1,NULL,NULL,NULL,'Et natus rerum iure nemo repudiandae voluptates accusantium. Est assumenda similique voluptates labore illo provident. Earum rerum nisi iste ut ducimus voluptatum.','Qui in doloremque in eveniet. Voluptatem praesentium est natus autem et debitis molestiae. Et occaecati sed ab quae et. Quia dignissimos laborum rerum.\n\nAccusamus earum vitae voluptas enim iste sit fugiat. Rerum ipsa quia exercitationem aut minus atque cum.\n\nOfficiis et aut fugit nostrum velit. Deserunt adipisci quia quia dolore. Sunt suscipit et sint qui.',0,'India',NULL,NULL,NULL,NULL,NULL,NULL,NULL,NULL,1,0,NULL,NULL,'2026-01-31 09:42:22','2026-01-31 09:42:22'),(64,84,NULL,'Product Illo Aperiam Sint','product-illo-aperiam-sint-61',704.96,480.64,NULL,1,NULL,NULL,NULL,'Dicta magni odio odit vel exercitationem enim. Et omnis accusamus nobis sint. Ut voluptates vitae quis debitis qui.','Dolores eum praesentium rerum dignissimos quaerat voluptas. Nulla laboriosam facere eos delectus labore doloremque sint. Molestiae sed perspiciatis dolor a quia maiores qui. Tenetur corporis velit praesentium blanditiis dicta quaerat.\n\nVel eaque inventore dolorem dicta quidem. Facere ut minus officia optio officia ipsam quos consequatur. Et ipsam adipisci odit. Quia consequatur iste nulla vel.\n\nRepellendus neque sed accusantium. Accusamus sit dolores dolor. Et omnis repellat iusto consequatur. Modi hic dolorem recusandae qui consectetur voluptates facilis.',0,'India',NULL,NULL,NULL,NULL,NULL,NULL,NULL,NULL,1,0,NULL,NULL,'2026-01-31 09:42:22','2026-01-31 09:42:22'),(65,71,NULL,'Product Rem Enim Quibusdam','product-rem-enim-quibusdam-62',1548.45,389.66,NULL,1,NULL,NULL,NULL,'Accusamus ut earum quod ipsa ut rerum corporis. Laborum libero excepturi perspiciatis nihil. Officia rerum nisi voluptatem vitae. Sed neque doloribus similique quisquam quam optio.','Quae ipsa molestiae voluptas eaque. Ut et a et id ex. Amet et rem qui numquam ut perspiciatis quae maxime. Cumque quasi facere deleniti voluptas non ab. Et at dignissimos voluptatem unde reiciendis quis et.\n\nHarum eos tempora aut eos. Numquam tenetur maiores velit magnam optio sapiente. Et qui laudantium repellat numquam sapiente.\n\nEveniet libero asperiores sed est qui tenetur eveniet. Rerum aliquam in et tempore culpa et. Eos et est tempore voluptatem vel. Neque quidem cupiditate vel et excepturi officia.',0,'India',NULL,NULL,NULL,NULL,NULL,NULL,NULL,NULL,1,0,NULL,NULL,'2026-01-31 09:42:22','2026-01-31 09:42:22'),(66,106,NULL,'Product Ratione Exercitationem Error','product-ratione-exercitationem-error-63',1123.93,301.70,NULL,1,NULL,NULL,NULL,'Rem expedita impedit blanditiis reprehenderit. Aliquam autem excepturi consequatur iure nam quo non.','Ut sit aliquam ex qui animi cupiditate et. Sit veritatis ab et assumenda sit inventore. Perferendis omnis officiis quo.\n\nOmnis est ducimus non iusto aut. Repellat inventore dolores beatae sit.\n\nEarum quod dignissimos dolorem in minus. Quia quia voluptas dolore. Accusantium maxime asperiores tempora voluptatum error maiores.',0,'India',NULL,NULL,NULL,NULL,NULL,NULL,NULL,NULL,1,0,NULL,NULL,'2026-01-31 09:42:22','2026-01-31 09:42:22'),(67,13,NULL,'Product Perferendis Dolor Enim','product-perferendis-dolor-enim-64',819.67,247.67,NULL,1,NULL,NULL,NULL,'Dolor eum aperiam voluptatem nam. Officia suscipit officiis quo recusandae. Quis et occaecati exercitationem quo ipsa est.','Delectus provident dicta minus ea. Nulla assumenda voluptatem consectetur quisquam. Rem qui aut in voluptates delectus facilis.\n\nDolor quos quasi quo pariatur numquam totam inventore. Commodi illo assumenda doloribus et sapiente distinctio et. Vel voluptate esse eveniet maxime. Eum dolore ex doloribus ad.\n\nQuibusdam et vero quaerat voluptatibus vel iusto. Eos eum neque assumenda earum quibusdam autem. Natus qui architecto rerum facilis ea commodi consequatur. Molestiae fugiat quam quas eius. Id distinctio rerum omnis laudantium quod.',0,'India',NULL,NULL,NULL,NULL,NULL,NULL,NULL,NULL,1,0,NULL,NULL,'2026-01-31 09:42:22','2026-01-31 09:42:22'),(68,55,NULL,'Product Qui Ut Molestias','product-qui-ut-molestias-65',1798.10,394.30,NULL,1,NULL,NULL,NULL,'Voluptas dolor et voluptates totam. Et minus deserunt animi nemo. Qui dolor dolore perspiciatis aliquam.','Odio asperiores qui quia. Impedit eos sapiente provident quasi ut. Porro vero consequatur nemo quas possimus doloremque eveniet adipisci. Dolor nisi voluptatem cumque cupiditate.\n\nFacere quia nihil omnis magnam eveniet et eum eligendi. Dolorem ea quod sint ipsam excepturi doloribus est.\n\nMolestiae et autem natus quia a molestiae pariatur. Soluta rerum ipsam eveniet iusto error veniam. Eaque ut aut cupiditate perspiciatis aut necessitatibus at. Est eos sint harum. Nam ea natus animi praesentium animi magnam.',0,'India',NULL,NULL,NULL,NULL,NULL,NULL,NULL,NULL,1,0,NULL,NULL,'2026-01-31 09:42:22','2026-01-31 09:42:22'),(69,54,NULL,'Product Molestiae Quis Et','product-molestiae-quis-et-66',1371.93,297.59,NULL,1,NULL,NULL,NULL,'Ipsam quisquam nemo officiis iste deleniti. Rem quia minima corporis molestiae magnam velit consequuntur. Est et quis maiores qui voluptatem molestias quo. Ratione dignissimos sint voluptas quibusdam enim maxime aliquid.','Accusantium non hic voluptatem molestias eaque. Et quaerat quo ducimus veniam ea. Sed aut iusto aspernatur sint voluptatem voluptatem accusantium.\n\nFuga aut in qui qui consequatur. Fugiat accusantium sed nam fugiat nostrum mollitia et. Voluptates ducimus repellendus qui possimus qui.\n\nAmet ut sit magni cupiditate deleniti sint quae. Molestiae perferendis magni dolorem animi. Possimus harum ipsum omnis est voluptate tempora.',0,'India',NULL,NULL,NULL,NULL,NULL,NULL,NULL,NULL,1,0,NULL,NULL,'2026-01-31 09:42:22','2026-01-31 09:42:22'),(70,86,NULL,'Product Expedita Excepturi Sed','product-expedita-excepturi-sed-67',1937.54,417.97,NULL,1,NULL,NULL,NULL,'Aspernatur aut aut magnam iure soluta commodi. Maxime est velit maxime eos corporis repudiandae. Magnam aut eos ab. Molestias voluptates voluptatem quod autem vitae.','Quia labore mollitia necessitatibus fugit ut. Quia minima ipsam sed vitae at quae suscipit. Ipsam reprehenderit omnis tempora veniam libero quaerat laboriosam.\n\nDucimus dignissimos sit molestiae ipsum quas. Asperiores nobis numquam aut impedit voluptas dicta. Itaque velit quas accusamus ea quo et aperiam assumenda. Aut doloribus ea minus. Velit in est aliquam quas molestiae magni modi sapiente.\n\nIpsum officia tempore perferendis sunt sit. Quo consequatur ea aliquam nihil voluptatibus et eius. Sit ut aut sed ut repudiandae doloremque.',0,'India',NULL,NULL,NULL,NULL,NULL,NULL,NULL,NULL,1,0,NULL,NULL,'2026-01-31 09:42:22','2026-01-31 09:42:22'),(71,45,NULL,'Product Ut Ullam Pariatur','product-ut-ullam-pariatur-68',1007.22,259.28,NULL,1,NULL,NULL,NULL,'Inventore quibusdam omnis commodi nesciunt deserunt atque cum suscipit. Voluptatem dolore dolorem ut quod cupiditate officia. Inventore et occaecati rerum qui.','Voluptatem nihil facilis repellendus magnam. Fuga voluptatum quidem occaecati aut. Aperiam voluptates provident perspiciatis eligendi quis eos.\n\nOmnis quam quis fuga saepe unde odio pariatur. Fugiat laborum illo nihil officia aliquid consequuntur. Et explicabo saepe corrupti iure doloribus voluptas a.\n\nQuibusdam voluptas minus qui officia temporibus accusantium. Accusantium tenetur eius et sunt dicta. Libero repellat aut nam at. Deserunt fuga et aut aspernatur voluptas et ipsa.',0,'India',NULL,NULL,NULL,NULL,NULL,NULL,NULL,NULL,1,0,NULL,NULL,'2026-01-31 09:42:22','2026-01-31 09:42:22'),(72,34,NULL,'Product Laborum Fuga Consequuntur','product-laborum-fuga-consequuntur-69',1404.32,460.38,NULL,1,NULL,NULL,NULL,'Dolores est reiciendis corrupti voluptas soluta asperiores dolor. Molestiae neque quia laudantium perferendis omnis dicta quia. Id veniam sunt laboriosam inventore. Error quo incidunt ipsa repudiandae cumque deserunt.','Impedit consequuntur sapiente possimus excepturi. Autem molestias facilis aut inventore ut quidem ex. Dolorum optio iusto iusto fuga harum architecto aliquam autem. Sit amet similique repudiandae voluptatem.\n\nMagnam labore voluptas nobis delectus vero aliquam. Molestias molestias laborum mollitia incidunt cum ipsa unde possimus. Aut quo rerum dolores omnis numquam neque.\n\nUt qui officia et. Distinctio odio pariatur voluptatem enim quas quod earum.',0,'India',NULL,NULL,NULL,NULL,NULL,NULL,NULL,NULL,1,0,NULL,NULL,'2026-01-31 09:42:22','2026-01-31 09:42:22'),(73,84,NULL,'Product Quibusdam Recusandae Dolor','product-quibusdam-recusandae-dolor-70',1131.52,310.30,NULL,1,NULL,NULL,NULL,'Et repellat ipsa commodi et suscipit recusandae saepe. Saepe et nam vel qui debitis quo. Sunt rem quaerat ut quidem placeat animi qui fugit.','Et culpa consequatur autem sit. Harum ipsam facere neque est accusamus. Quia reiciendis in non alias libero.\n\nTempore quia tempore doloremque incidunt nihil ut. Ullam a explicabo est. Beatae eveniet qui dignissimos eligendi. Dolorem quia sed facere unde doloremque aspernatur.\n\nAut quam quaerat accusamus facilis quo. Libero et ratione eligendi tenetur ipsa amet. Neque veniam iure quis recusandae molestiae exercitationem fugit molestias.',0,'India',NULL,NULL,NULL,NULL,NULL,NULL,NULL,NULL,1,0,NULL,NULL,'2026-01-31 09:42:22','2026-01-31 09:42:22'),(74,56,NULL,'Product Officia Qui Itaque','product-officia-qui-itaque-71',530.42,477.79,NULL,1,NULL,NULL,NULL,'Omnis quo numquam sint voluptatem. Perspiciatis deleniti officia enim voluptatum. Eos facere dolore natus. Excepturi omnis deleniti occaecati aliquam soluta assumenda.','Repellendus eum iste sit. Consectetur consectetur natus sed iure.\n\nNihil nihil quia ratione quo eos iste est eius. Voluptatem doloribus molestiae alias nam consequatur hic dolorem. Dolores omnis asperiores itaque neque dolorum. Fuga velit molestias dolorem ipsam rem explicabo. Autem doloribus doloremque enim alias id tenetur.\n\nA omnis eos facilis provident est debitis. Qui asperiores ut qui recusandae ut voluptas. Ut deserunt in excepturi veritatis non ex aut.',0,'India',NULL,NULL,NULL,NULL,NULL,NULL,NULL,NULL,1,0,NULL,NULL,'2026-01-31 09:42:22','2026-01-31 09:42:22'),(75,97,NULL,'Product Tempore Non Qui','product-tempore-non-qui-72',1038.01,301.50,NULL,1,NULL,NULL,NULL,'Possimus velit unde natus hic qui. Eos voluptatum perspiciatis deserunt numquam ut. Iure enim rerum soluta sit molestias. Dolore recusandae sed ut quo rerum.','Dolor laudantium tempora numquam ex mollitia voluptatem porro quia. Est ut quia ad vel quia voluptatem blanditiis. Soluta fugiat omnis ratione natus tenetur suscipit et reiciendis.\n\nFugit alias facere qui eum et sit est. Beatae id mollitia ut dolor sint aut dolorum animi. Saepe qui eum et at. Est libero non sed consectetur nobis non. Commodi unde quia ducimus quia quaerat sit cum.\n\nPerspiciatis nihil saepe in illum officia hic asperiores. Tempore possimus accusamus repellat vel facilis. Qui enim dolor sit. Natus illum omnis et repellendus corporis et possimus.',0,'India',NULL,NULL,NULL,NULL,NULL,NULL,NULL,NULL,1,0,NULL,NULL,'2026-01-31 09:42:22','2026-01-31 09:42:22'),(76,84,NULL,'Product Officiis Harum Accusantium','product-officiis-harum-accusantium-73',1897.86,220.98,NULL,1,NULL,NULL,NULL,'Voluptas non quia sequi est. Rerum delectus laudantium optio vel id sit minus. Quasi numquam quas quo voluptatem.','Quo ea harum saepe sed animi necessitatibus. Et laborum commodi perferendis quia. Nemo excepturi aut exercitationem exercitationem quis ducimus repellat.\n\nEt omnis aut sint rerum in praesentium. Dignissimos nisi in quam recusandae omnis.\n\nOdio est quia ea voluptatem. Atque commodi dolor impedit harum tempore laudantium. Omnis non aut provident natus optio quis ut. Tenetur eius atque tempore rerum et sapiente voluptates.',0,'India',NULL,NULL,NULL,NULL,NULL,NULL,NULL,NULL,1,0,NULL,NULL,'2026-01-31 09:42:22','2026-01-31 09:42:22'),(77,15,NULL,'Product Ut Aperiam Et','product-ut-aperiam-et-74',1132.68,284.53,NULL,1,NULL,NULL,NULL,'Ut ut libero aliquid. Atque et porro vel porro aliquid. Occaecati vel ratione molestiae minima. Saepe soluta voluptas amet ab quis aliquam. Voluptatem aliquam voluptatem et doloremque.','Dolor unde omnis eum facilis. Sed possimus nihil repudiandae et. Quod corporis doloremque tenetur sed ut quidem. Labore cum consequatur labore qui in qui eos et.\n\nQuos ex recusandae molestiae dolorum iste. Et est assumenda aut architecto qui. Et numquam facilis dolorem. Excepturi non beatae et sequi sunt. Exercitationem facere sed consequatur non.\n\nQuos numquam corrupti rerum velit quod. Minus in tempora non sunt. Nihil optio qui unde magni tempora. Est fuga quod ea quam dicta sequi.',0,'India',NULL,NULL,NULL,NULL,NULL,NULL,NULL,NULL,1,0,NULL,NULL,'2026-01-31 09:42:22','2026-01-31 09:42:22'),(78,17,NULL,'Product Culpa Vitae Minus','product-culpa-vitae-minus-75',699.00,258.86,NULL,1,NULL,NULL,NULL,'Cum consectetur sunt illum recusandae ullam magni. Et vero asperiores eveniet fugiat quas voluptatem ut. Aut in vel voluptatem fugiat neque. Harum enim nihil est aliquid.','Modi recusandae eos pariatur et. Recusandae et ipsum iusto est corporis delectus unde. Voluptatem dicta molestiae maiores impedit et quia est iste. Qui nobis odio alias quis nulla.\n\nQuo nobis corporis voluptatem ut. Earum sed fuga ut sit voluptates qui voluptatem. Quia et nihil occaecati ex qui. Provident facilis qui quas sit.\n\nIste suscipit totam quisquam architecto itaque praesentium earum. Quidem rerum magni officia. Distinctio vero et in non.',0,'India',NULL,NULL,NULL,NULL,NULL,NULL,NULL,NULL,1,0,NULL,NULL,'2026-01-31 09:42:22','2026-01-31 09:42:22'),(79,50,NULL,'Product Eos Rerum Laborum','product-eos-rerum-laborum-76',1495.72,478.26,NULL,1,NULL,NULL,NULL,'Reiciendis consectetur odio magni tempora atque consequatur. Beatae sed qui quae fugit quam. Vero nemo earum qui quos quaerat est.','Esse saepe nesciunt consequatur delectus atque. Enim iste in minima deserunt saepe sit. Facilis aut id officia numquam.\n\nOptio architecto necessitatibus et magni. Assumenda dolorem fugit inventore fugiat temporibus tempore. Dolor tempora ut voluptatem ipsa.\n\nQuidem repudiandae odio eos. Dolorem voluptate illo dolorum accusantium.',0,'India',NULL,NULL,NULL,NULL,NULL,NULL,NULL,NULL,1,0,NULL,NULL,'2026-01-31 09:42:22','2026-01-31 09:42:22'),(80,14,NULL,'Product Error Non Earum','product-error-non-earum-77',809.80,245.90,NULL,1,NULL,NULL,NULL,'Eaque aspernatur placeat assumenda enim. Expedita qui ea doloremque. Corrupti rem et iusto omnis. Quod velit totam doloribus eum perferendis assumenda perferendis.','Enim molestias odio voluptas corporis architecto placeat aut molestiae. Quo cum et reiciendis dolorem. Minus modi ad quod esse.\n\nNemo dolor explicabo provident sint iste est. Soluta vitae libero cum vero.\n\nVoluptas dolor sint veritatis velit. Sit qui qui molestias et. Voluptatibus eos blanditiis ex deserunt qui enim. Molestias sunt nulla sit molestiae expedita et repellat.',0,'India',NULL,NULL,NULL,NULL,NULL,NULL,NULL,NULL,1,0,NULL,NULL,'2026-01-31 09:42:22','2026-01-31 09:42:22'),(81,47,NULL,'Product Voluptates Doloribus Et','product-voluptates-doloribus-et-78',1178.58,345.18,NULL,1,NULL,NULL,NULL,'Aspernatur repellat velit praesentium velit facere. Labore laborum sed nesciunt suscipit ullam dolorum.','Voluptatem qui quibusdam iste aut fuga molestias inventore architecto. Saepe accusantium officia tempora sit rem corrupti sed. Veniam fugiat quo repellendus quo dolore. Dolorum dolorem laudantium doloribus dolores iusto nisi. Nihil voluptatem est occaecati ab qui.\n\nDolores impedit unde vitae nihil. Magni est reprehenderit molestiae sint est provident.\n\nEt perspiciatis et ab cum enim ipsa. Quos sint quasi temporibus nemo quia alias ut. Nam rerum non qui. Fugiat blanditiis repudiandae molestiae molestias.',0,'India',NULL,NULL,NULL,NULL,NULL,NULL,NULL,NULL,1,0,NULL,NULL,'2026-01-31 09:42:22','2026-01-31 09:42:22'),(82,61,NULL,'Product Et Voluptatum Eligendi','product-et-voluptatum-eligendi-79',719.02,418.09,NULL,1,NULL,NULL,NULL,'Tenetur quam et veniam a quasi consequuntur. Et reprehenderit laborum ea repellendus. Iusto magnam neque omnis sint.','Delectus quos omnis voluptatibus. Reprehenderit expedita voluptatum illum. Quam qui vitae sit delectus consequatur minus.\n\nCommodi non repellat iure vero ab dolorem. Et fugiat impedit eos consequatur temporibus et non earum. Optio dolorem quisquam aut qui. Atque dolor non placeat dignissimos labore. Voluptatem quia et esse debitis.\n\nDeleniti incidunt placeat quos reprehenderit quae. Laborum ea quam accusantium eos eum totam. Minus est temporibus nobis illum qui fuga et.',0,'India',NULL,NULL,NULL,NULL,NULL,NULL,NULL,NULL,1,0,NULL,NULL,'2026-01-31 09:42:22','2026-01-31 09:42:22'),(83,14,NULL,'Product Voluptatem Qui Omnis','product-voluptatem-qui-omnis-80',1253.21,406.82,NULL,1,NULL,NULL,NULL,'Odit similique quia officia ea ut eveniet. Magnam omnis eaque optio dolorem. Voluptas rerum officia praesentium ipsam.','Est vitae repellendus nostrum eos. Doloribus omnis deserunt molestiae. Minima tempore rerum accusamus exercitationem quia expedita nesciunt ipsum. Ipsam corrupti veniam atque. Placeat veniam ipsam accusantium sed odio.\n\nSapiente quo non in vel deserunt doloribus non. Quis consequatur incidunt voluptates odit.\n\nNon eos quo maxime impedit. Ullam ut dolorem quasi cum repudiandae. Molestias sequi repellendus omnis veritatis iste id. Minus iste maxime perspiciatis voluptatem.',0,'India',NULL,NULL,NULL,NULL,NULL,NULL,NULL,NULL,1,0,NULL,NULL,'2026-01-31 09:42:22','2026-01-31 09:42:22'),(84,63,NULL,'Product Aspernatur Eum Accusamus','product-aspernatur-eum-accusamus-81',1512.68,229.56,NULL,1,NULL,NULL,NULL,'Quaerat fugit corrupti iusto enim officia non est velit. Omnis et perferendis quos autem. Explicabo sapiente eligendi sint aperiam sapiente nobis est. Voluptatem nobis consequatur alias qui. Quibusdam quo itaque eveniet nobis quo.','Facilis quo debitis placeat illum ut repudiandae. Ut hic rerum repellendus voluptatem rem a. Nobis rerum odit quam aut id nisi. Distinctio ut voluptas aliquid nihil nam ab sint.\n\nRecusandae aliquid labore porro aperiam quis. Voluptas totam asperiores expedita. Quaerat quo nisi in voluptatibus. Vel et ratione voluptatem qui voluptatibus nulla. Eligendi officiis eos alias libero.\n\nVero aliquam voluptate dicta adipisci animi odit amet. Odit adipisci voluptatem eum delectus est ea. Sint necessitatibus totam voluptas aut repudiandae est enim modi. Sint est sed quidem sapiente tempora ad.',0,'India',NULL,NULL,NULL,NULL,NULL,NULL,NULL,NULL,1,0,NULL,NULL,'2026-01-31 09:42:22','2026-01-31 09:42:22'),(85,106,NULL,'Product Voluptates Magnam Recusandae','product-voluptates-magnam-recusandae-82',1937.37,312.97,NULL,1,NULL,NULL,NULL,'Et eaque delectus officia est reprehenderit excepturi. Est ut sit saepe atque. Consequatur voluptatem et tenetur voluptatem minima natus. Quia soluta perspiciatis consequuntur amet.','Sint cumque dignissimos qui consequatur eum voluptates sint. Quam molestiae vero laudantium et itaque quo ea.\n\nLibero voluptates debitis beatae. Pariatur magni quo quidem dolor unde. Assumenda quam fugiat quo illum consectetur ab voluptas. Et earum aut eos aspernatur.\n\nNisi quia ea qui occaecati quia ut. Voluptates ea porro sed molestiae soluta nesciunt officia.',0,'India',NULL,NULL,NULL,NULL,NULL,NULL,NULL,NULL,1,0,NULL,NULL,'2026-01-31 09:42:22','2026-01-31 09:42:22'),(86,92,NULL,'Product Est Est Aperiam','product-est-est-aperiam-83',1812.84,305.43,NULL,1,NULL,NULL,NULL,'Ipsum tempore consectetur quae maxime dolor eligendi. Repudiandae inventore dolore id suscipit. Est possimus eligendi inventore pariatur.','Quisquam est assumenda quia nihil beatae iusto et et. Non quidem sed error earum et. Sed nam incidunt voluptates.\n\nUllam quasi autem est minus incidunt distinctio eligendi. Est eos labore et et quod. Fugiat et aliquid explicabo voluptatem. Nihil aut veritatis perspiciatis sed sunt velit.\n\nEst reiciendis tempora quia nemo quae nihil. Dolores autem est ea fuga repellendus expedita quisquam. Ut dolorem asperiores repellendus ullam. Non consequatur similique qui praesentium.',0,'India',NULL,NULL,NULL,NULL,NULL,NULL,NULL,NULL,1,0,NULL,NULL,'2026-01-31 09:42:22','2026-01-31 09:42:22'),(87,25,NULL,'Product Et Aliquam Optio','product-et-aliquam-optio-84',591.17,407.67,NULL,1,NULL,NULL,NULL,'Consectetur quod perferendis at debitis. Et voluptas quas fugit optio. Architecto qui nesciunt qui veritatis sunt. Fugiat eaque quia voluptatum perferendis reprehenderit id alias cum.','Sit magni aut itaque quod quas. Molestias doloremque recusandae ad. Eius occaecati omnis eos facilis temporibus quia. Quod aut voluptate deleniti illum.\n\nAlias harum nihil ut. Ea ipsa numquam sed eaque cum. Et in rerum incidunt porro provident.\n\nAut eligendi voluptas facilis necessitatibus in est. Quod qui quis tempore velit pariatur neque ipsam. Qui assumenda alias omnis sit.',0,'India',NULL,NULL,NULL,NULL,NULL,NULL,NULL,NULL,1,0,NULL,NULL,'2026-01-31 09:42:22','2026-01-31 09:42:22'),(88,68,NULL,'Product Aut Et Occaecati','product-aut-et-occaecati-85',742.25,287.57,NULL,1,NULL,NULL,NULL,'Illum eveniet corporis enim nesciunt. Aut aut eligendi omnis sit sapiente. Hic qui aperiam tempora necessitatibus sequi est.','Explicabo veritatis voluptate et odit culpa sed nemo. Tempora pariatur accusamus est dolores. Reiciendis perspiciatis debitis assumenda ad dolorum. Ullam expedita voluptatibus et.\n\nReprehenderit sint illum sit vero totam eveniet libero. Expedita in quia laudantium ducimus voluptas doloribus.\n\nAccusantium est voluptatem illo aut quia omnis. Quas quod ipsum officiis praesentium non. Quis ullam ut et minima.',0,'India',NULL,NULL,NULL,NULL,NULL,NULL,NULL,NULL,1,0,NULL,NULL,'2026-01-31 09:42:22','2026-01-31 09:42:22'),(89,110,NULL,'Product Et Doloribus Aperiam','product-et-doloribus-aperiam-86',966.67,369.64,NULL,1,NULL,NULL,NULL,'Quia est doloribus eaque qui perspiciatis. Nemo et dolores tempora quasi eaque.','Nobis ratione rerum aliquam id. Eum labore ipsa ratione dolore in quia ea. Et et incidunt eius qui dolores harum ducimus reiciendis. Vel ullam eveniet maxime libero ut.\n\nRatione odit explicabo veritatis in quae incidunt. Dolores consectetur nemo aut vel et. Cupiditate dolores hic deleniti id quas quia accusamus.\n\nIpsa soluta nobis voluptas eos atque sapiente et. Et earum tempora eligendi nihil. Nihil et quia sit expedita sint quia. Quidem quaerat et et itaque aut neque modi. Eum similique sunt dolores aut et.',0,'India',NULL,NULL,NULL,NULL,NULL,NULL,NULL,NULL,1,0,NULL,NULL,'2026-01-31 09:42:22','2026-01-31 09:42:22'),(90,79,NULL,'Product Tempora Iste Commodi','product-tempora-iste-commodi-87',1330.46,275.21,NULL,1,NULL,NULL,NULL,'Doloribus qui tempore ipsum eos accusantium accusamus culpa. Non cum vero et nihil doloribus.','Fugit rerum doloremque voluptas blanditiis nihil voluptatem. Ad est repudiandae vitae et debitis soluta incidunt possimus. Nam praesentium inventore officiis aut. Sit quia placeat nobis in.\n\nDoloremque maxime sed molestiae voluptas earum modi. Labore autem id culpa aperiam neque.\n\nQui impedit dignissimos voluptatibus possimus sint recusandae recusandae. Accusantium doloremque est sed similique ut corrupti et. Sint quaerat quos iste repellendus odit dolor vel.',0,'India',NULL,NULL,NULL,NULL,NULL,NULL,NULL,NULL,1,0,NULL,NULL,'2026-01-31 09:42:22','2026-01-31 09:42:22'),(91,28,NULL,'Product Eaque Impedit Delectus','product-eaque-impedit-delectus-88',1976.61,277.63,NULL,1,NULL,NULL,NULL,'Ipsam aut culpa aut voluptatum beatae et. Asperiores officiis et laborum excepturi et. Nostrum ab possimus soluta soluta qui.','Harum enim consequatur facilis et et quos blanditiis. Deserunt magnam nemo non. Accusantium maiores atque repellat harum facilis rerum vitae ut. Iusto quae tempora quidem aut et. Aliquam sed amet dolorem quia labore enim inventore.\n\nHarum ut sint dolores dolorum fugiat autem. Nisi accusantium eius rerum at laudantium. Voluptas aspernatur ea dolorem aut voluptates.\n\nAut quas eos aspernatur. Velit qui animi explicabo voluptate aut animi. Ut ullam eveniet eius sed sed. Doloremque cupiditate distinctio et doloremque molestiae.',0,'India',NULL,NULL,NULL,NULL,NULL,NULL,NULL,NULL,1,0,NULL,NULL,'2026-01-31 09:42:22','2026-01-31 09:42:22'),(92,44,NULL,'Product Blanditiis Quasi Quia','product-blanditiis-quasi-quia-89',1251.73,350.59,NULL,1,NULL,NULL,NULL,'Laborum earum nulla occaecati eum. Expedita iste aut fugit aperiam id illo natus. Officia ut magnam alias molestiae consectetur fuga minus. Rem et molestiae sit.','Ut ea facilis illo ex repudiandae officia non. Id placeat qui quo reprehenderit consequatur aperiam. Pariatur sunt molestias quidem laborum. Quibusdam rerum quae ea ut officiis.\n\nAut autem et voluptatem officia. Aut aliquid qui iste odit minima quod sit. Et repellendus similique aut aliquam sed temporibus. Corporis voluptate et ducimus neque non aut.\n\nAut quia modi fugit quibusdam necessitatibus. Maxime facere magnam sint vel dolore. Odio deserunt sint et dicta.',0,'India',NULL,NULL,NULL,NULL,NULL,NULL,NULL,NULL,1,0,NULL,NULL,'2026-01-31 09:42:22','2026-01-31 09:42:22'),(93,23,NULL,'Product Et Inventore Totam','product-et-inventore-totam-90',750.54,334.70,NULL,1,NULL,NULL,NULL,'Recusandae ipsam ex rem mollitia. Corrupti aut est adipisci rerum labore quam illum. Qui et quia odio ut dolores quos doloribus. Similique est tempora deserunt vero perspiciatis molestiae similique.','Sit id debitis velit sed aut distinctio in. Quibusdam quis minima ut beatae non. Asperiores repudiandae expedita nemo eligendi voluptas quo adipisci voluptatum. Et eum officia exercitationem molestiae.\n\nCorrupti unde qui dolorem dolore. Consectetur nulla omnis veritatis. Aut dolorem soluta repudiandae hic.\n\nQuos enim quia excepturi iste vitae voluptas nobis. Consequatur saepe quas voluptatem nesciunt est aspernatur reprehenderit voluptatem. Quis aliquam aut temporibus quas nostrum voluptas mollitia. Aut tempora ex architecto maiores.',0,'India',NULL,NULL,NULL,NULL,NULL,NULL,NULL,NULL,1,0,NULL,NULL,'2026-01-31 09:42:22','2026-01-31 09:42:22'),(94,99,NULL,'Product Assumenda Maiores Eos','product-assumenda-maiores-eos-91',614.80,483.17,NULL,1,NULL,NULL,NULL,'Sequi quia quasi nobis velit quisquam. Sit commodi quo voluptates vel in rerum sequi expedita. Earum adipisci sed exercitationem quod ut.','Consequatur excepturi pariatur ut. Necessitatibus dicta incidunt enim. Eveniet animi quo omnis atque. Nihil placeat velit similique et consequatur.\n\nMinima cumque sequi nobis. Qui recusandae delectus velit unde eveniet. Aut nemo non odit qui non atque omnis. Facilis sequi nisi est dolore nam ut accusantium dolores.\n\nAut omnis quia ducimus rerum voluptas provident. Fugiat recusandae quia perferendis eligendi consequuntur. Sunt quisquam repudiandae vel.',0,'India',NULL,NULL,NULL,NULL,NULL,NULL,NULL,NULL,1,0,NULL,NULL,'2026-01-31 09:42:22','2026-01-31 09:42:22'),(95,43,NULL,'Product Quia Qui Nemo','product-quia-qui-nemo-92',1731.69,486.75,NULL,1,NULL,NULL,NULL,'Molestiae omnis ut sint minima possimus tempore. Aut mollitia quibusdam consequatur architecto molestiae cupiditate. Perferendis earum omnis architecto architecto. Suscipit voluptatem blanditiis aut quis recusandae.','Quo pariatur quos quia deleniti consequatur qui. In neque optio accusantium doloribus sint blanditiis quas. Et in similique doloribus ut. Ducimus non aspernatur non dolore eaque soluta. Atque necessitatibus et nihil fuga aspernatur itaque.\n\nPorro nisi accusamus in laboriosam alias et. Ipsa aut natus ut voluptate. Cumque rerum rerum et ex porro.\n\nPerspiciatis quam recusandae nostrum sit fugiat. Sed est quas rerum eius aut aspernatur reprehenderit debitis. Tempora harum reprehenderit voluptatum ipsa. Ut quia sed ipsa est dicta dolor.',0,'India',NULL,NULL,NULL,NULL,NULL,NULL,NULL,NULL,1,0,NULL,NULL,'2026-01-31 09:42:22','2026-01-31 09:42:22'),(96,13,NULL,'Product In Blanditiis Voluptatem','product-in-blanditiis-voluptatem-93',808.53,459.90,NULL,1,NULL,NULL,NULL,'Et minus nulla eveniet aut. Perspiciatis doloremque eum quidem dolores amet quis.','Soluta dolores aut consequatur voluptatem recusandae. Amet ut culpa nulla totam in et nobis. Excepturi voluptatem explicabo repudiandae nihil dolore.\n\nEt quia et ea quas sunt. Molestias eum officia soluta quia fugit harum pariatur. Accusantium saepe distinctio perspiciatis occaecati. Et fugiat officiis ducimus eius a.\n\nDelectus reprehenderit dolor laboriosam fugiat. Est iusto dicta rerum consequatur officia reiciendis sed. Ipsum enim quos aperiam pariatur.',0,'India',NULL,NULL,NULL,NULL,NULL,NULL,NULL,NULL,1,0,NULL,NULL,'2026-01-31 09:42:22','2026-01-31 09:42:22'),(97,10,NULL,'Product Minus Ex Necessitatibus','product-minus-ex-necessitatibus-94',969.49,458.99,NULL,1,NULL,NULL,NULL,'Et omnis animi maiores vitae aut. Ad et velit quo rem eius illo voluptatem. Quisquam sed nesciunt blanditiis a aliquam deserunt dolorum.','Quia dignissimos ut excepturi eos saepe laudantium eum. Minima velit omnis cupiditate assumenda et. Ex quae ea sunt. Totam iste perferendis culpa culpa quia.\n\nCulpa doloribus minus et sapiente. Reprehenderit soluta ut quas et dicta dignissimos dolor. Ullam magnam consequatur et odit quis culpa non. Rem est quo ea laboriosam reprehenderit illo est.\n\nIusto autem ullam qui beatae ab. Blanditiis molestiae in magni illum quasi qui amet molestias. Quae sit dolorem facilis est magni.',0,'India',NULL,NULL,NULL,NULL,NULL,NULL,NULL,NULL,1,0,NULL,NULL,'2026-01-31 09:42:22','2026-01-31 09:42:22'),(98,71,NULL,'Product Esse Atque Ipsum','product-esse-atque-ipsum-95',1366.32,453.36,NULL,1,NULL,NULL,NULL,'Quia dicta voluptate molestias qui. Officiis dolores animi culpa vitae totam accusantium quisquam et. Incidunt vitae velit quis et dolores unde velit.','Nesciunt non voluptatem dicta facilis. Modi explicabo illo voluptas omnis. Consequatur et itaque in occaecati dignissimos. Sunt iusto minima beatae ut quo. Quis sint quisquam fugit rem laborum.\n\nAutem voluptate laboriosam explicabo doloribus aliquid iure dignissimos. Dolor officia qui sequi numquam unde deserunt. Quos quia quis velit quia culpa. Praesentium cumque aut molestias sunt rerum quis.\n\nQuasi laborum aut voluptatem soluta eligendi rem. Consequuntur blanditiis qui esse. Aut neque pariatur ratione facilis error. Nisi perspiciatis neque sed cupiditate numquam.',0,'India',NULL,NULL,NULL,NULL,NULL,NULL,NULL,NULL,1,0,NULL,NULL,'2026-01-31 09:42:22','2026-01-31 09:42:22'),(99,28,NULL,'Product Est Nulla Consequatur','product-est-nulla-consequatur-96',1216.31,257.82,NULL,1,NULL,NULL,NULL,'Qui architecto adipisci minus eos eos rerum nobis ea. Voluptas aut earum molestiae. Illum at nisi a et.','Et dolore voluptatem aliquam modi. Ut voluptatem voluptates aut. Tempora rerum hic sed excepturi sint sint dolor.\n\nEst et dolores aut inventore. Ut sed illo laborum excepturi et quia non tenetur. Officia reprehenderit eos magnam qui dolorem est. Sed et illum quo quis.\n\nConsequatur aut eius pariatur consequatur. Nemo ea tempore sed laudantium enim aliquid quia. Error nam et eos. Laboriosam quibusdam ut nam.',0,'India',NULL,NULL,NULL,NULL,NULL,NULL,NULL,NULL,1,0,NULL,NULL,'2026-01-31 09:42:22','2026-01-31 09:42:22'),(100,69,NULL,'Product Dolores Esse Aut','product-dolores-esse-aut-97',1295.23,469.06,NULL,1,NULL,NULL,NULL,'Voluptatem porro iusto expedita beatae dolores neque. A quisquam et consequatur et qui nihil. Est dolorum maiores cumque qui eos quae ut est.','Iure unde nulla a. Doloribus omnis ullam perspiciatis qui ut iste. Quis in qui vel quibusdam mollitia.\n\nAperiam id est debitis animi at. Non est qui cumque quam. Dicta assumenda sapiente non sit ut et sit id. Sapiente ea quas consequatur dolorem ipsa.\n\nEt et voluptates et error corrupti repellendus et. Facilis rerum autem reiciendis quae veritatis. Assumenda aliquam minus et autem dolorem ratione commodi.',0,'India',NULL,NULL,NULL,NULL,NULL,NULL,NULL,NULL,1,0,NULL,NULL,'2026-01-31 09:42:22','2026-01-31 09:42:22'),(101,23,NULL,'Product Qui Mollitia Nobis','product-qui-mollitia-nobis-98',800.42,210.41,NULL,1,NULL,NULL,NULL,'Vel quo repellendus velit ullam eaque inventore officia. Aut excepturi harum dicta nam ipsa. Id in delectus voluptates.','Et illo nobis mollitia quia et assumenda. Laudantium iusto culpa provident sed vitae harum facere. Magnam porro illo ut praesentium explicabo omnis ut.\n\nIn temporibus maiores blanditiis quidem soluta necessitatibus. Id dolorum minima aut qui eos repellendus nisi. Eos ut nisi harum.\n\nMaxime odio architecto voluptatum. Libero iste magnam voluptatem quo. Quo vel molestias dolore eos placeat fugiat.',0,'India',NULL,NULL,NULL,NULL,NULL,NULL,NULL,NULL,1,0,NULL,NULL,'2026-01-31 09:42:22','2026-01-31 09:42:22'),(102,99,NULL,'Product Et Est Natus','product-et-est-natus-99',1516.41,230.98,NULL,1,NULL,NULL,NULL,'Minima autem consectetur itaque adipisci iure sit. Eius ut autem doloribus sed quis sunt tenetur consequatur. Optio et possimus vel nobis.','Corporis distinctio itaque deserunt sit. Tempore occaecati pariatur nisi nemo ex praesentium et rerum. Enim suscipit est dicta minus labore dignissimos distinctio consectetur. Id dolores delectus voluptatem vitae sapiente iste ex.\n\nDistinctio voluptatem dolorem officia rerum voluptas qui nobis quibusdam. Est dolores autem sit aut nam qui eveniet. Rerum cum facilis error adipisci rerum soluta aut. Laboriosam voluptatem quisquam quia est quis modi voluptates.\n\nExcepturi sunt quo ratione nemo. Molestias hic illum porro qui quibusdam in maxime. Quia explicabo nulla voluptates perspiciatis vero quia.',0,'India',NULL,NULL,NULL,NULL,NULL,NULL,NULL,NULL,1,0,NULL,NULL,'2026-01-31 09:42:22','2026-01-31 09:42:22'),(103,16,NULL,'Product Hic Et Esse','product-hic-et-esse-100',1383.61,398.62,NULL,1,NULL,NULL,NULL,'Quam aperiam aut dolores ea sed sed. Sequi vitae maiores ullam et voluptatem dolor. Dolor iusto porro neque et molestias. Culpa error rerum distinctio.','Earum delectus vel quidem. At error possimus veniam et ut impedit mollitia. Vitae error quia aut quaerat unde laborum eum. Amet est recusandae molestiae dolores unde.\n\nUt sed dicta in consequatur enim iure eos. Asperiores quia hic quas modi quaerat. Adipisci officiis non eum sit. Harum necessitatibus architecto dicta aut animi mollitia. Ut ipsum itaque ipsam expedita quidem et soluta similique.\n\nQuaerat consequatur eius provident qui veritatis placeat voluptates facere. Iste ut illo ut quisquam consequatur. Eos sit dolorum nihil.',0,'India',NULL,NULL,NULL,NULL,NULL,NULL,NULL,NULL,1,0,NULL,NULL,'2026-01-31 09:42:22','2026-01-31 09:42:22'),(104,101,NULL,'Product Suscipit Possimus A','product-suscipit-possimus-a-101',1495.43,314.85,NULL,1,NULL,NULL,NULL,'Dolores maxime est dolores minus rem incidunt sed. Dignissimos odit voluptatem id ut pariatur. Aut quia excepturi est quae quasi enim.','Ut fugit sed natus porro. Blanditiis fuga veritatis rem in facilis sunt. Fugiat placeat aspernatur delectus ipsa et.\n\nFugiat maxime fuga eum velit qui quibusdam facere. Molestiae aliquid laboriosam omnis et quia enim similique sunt. Odio culpa quod inventore. Exercitationem accusantium eos quo sed. Et dolor qui velit quibusdam molestias tempore distinctio.\n\nExcepturi laboriosam odio nihil quo ut est in. Et fuga beatae et. Ad nesciunt sunt et odio consequatur. Esse blanditiis velit odit inventore dolor quod.',0,'India',NULL,NULL,NULL,NULL,NULL,NULL,NULL,NULL,1,0,NULL,NULL,'2026-01-31 09:42:22','2026-01-31 09:42:22'),(105,63,NULL,'Product Facilis Distinctio Placeat','product-facilis-distinctio-placeat-102',1356.65,482.25,NULL,1,NULL,NULL,NULL,'Distinctio repudiandae numquam quis quibusdam magni sed. Aut eaque nihil sit unde. Nemo enim non eos nam aut doloremque rerum officiis.','Repellat dolore velit quis eligendi. Sunt aut ut ad et. Voluptates ut et necessitatibus nostrum quae.\n\nQuasi minus deleniti voluptatem iste ut sequi. Deleniti voluptas iure saepe voluptatem. Nihil autem voluptatibus sunt quia dolores veniam nihil.\n\nRatione nihil illo atque porro sit illo. Quia laudantium assumenda reiciendis veritatis debitis iste. Quis et assumenda rem.',0,'India',NULL,NULL,NULL,NULL,NULL,NULL,NULL,NULL,1,0,NULL,NULL,'2026-01-31 09:42:22','2026-01-31 09:42:22'),(106,39,NULL,'Product Asperiores Nihil Blanditiis','product-asperiores-nihil-blanditiis-103',1428.46,217.54,NULL,1,NULL,NULL,NULL,'Dolorem voluptatem accusamus error maiores hic. Sed optio et et enim. Autem facere accusamus porro vero quis.','Et rerum vitae fugit tenetur. Eaque sit et ullam nihil fugit consequatur. Magni aperiam nihil maiores aut et. Voluptatum ipsa et aliquam numquam assumenda quo.\n\nOfficiis perferendis perspiciatis facere nisi autem. Non sint officia et sit recusandae voluptatum tempora. Impedit dolor id tempora.\n\nQuam necessitatibus sint quidem quam qui repellendus. Expedita nesciunt consequatur sunt doloribus corrupti autem ducimus. Voluptas odit sint ex aspernatur est et. Facilis et autem odit voluptates.',0,'India',NULL,NULL,NULL,NULL,NULL,NULL,NULL,NULL,1,0,NULL,NULL,'2026-01-31 09:42:22','2026-01-31 09:42:22'),(107,76,NULL,'Product Aut Ducimus Est','product-aut-ducimus-est-104',1702.88,340.63,NULL,1,NULL,NULL,NULL,'Amet corporis excepturi beatae. Quo sed officiis non et cupiditate nihil. Repellendus architecto doloribus et similique quam soluta consequatur.','Cum rem modi consequuntur possimus numquam omnis. Quod ut voluptatem assumenda explicabo odio. Inventore dolorem atque architecto incidunt. Voluptate sequi similique similique quia doloremque error voluptatem.\n\nQuia culpa quibusdam nihil iure. Autem illo expedita ut necessitatibus rerum cumque. Hic dolor quia pariatur nemo itaque. Ad ea ad quasi sequi.\n\nPerferendis dolorem voluptas nesciunt error. Et velit qui qui hic ut alias. Nobis architecto vitae autem sint officia id id est.',0,'India',NULL,NULL,NULL,NULL,NULL,NULL,NULL,NULL,1,0,NULL,NULL,'2026-01-31 09:42:22','2026-01-31 09:42:22'),(108,77,NULL,'Product Beatae Sequi Sed','product-beatae-sequi-sed-105',1591.62,447.87,NULL,1,NULL,NULL,NULL,'Ratione voluptas nihil sed mollitia eaque. Consectetur asperiores eligendi rerum in aliquid distinctio. Esse accusantium est voluptatem eum rem.','Ullam eum et expedita fugit odit tempore. Recusandae et sed eos libero quia molestiae et. Ipsam voluptates assumenda architecto molestias ea magni culpa quia.\n\nEaque ab dolores ut non iste nemo natus. Qui consequatur est eum accusamus earum. Dolores corporis quia vel.\n\nOdit excepturi officiis omnis officia sequi iure. Autem expedita quis et debitis est sunt vel cupiditate. Libero ad rerum dolorum molestiae accusantium vitae dicta enim. Natus sapiente cum voluptate sint et.',0,'India',NULL,NULL,NULL,NULL,NULL,NULL,NULL,NULL,1,0,NULL,NULL,'2026-01-31 09:42:22','2026-01-31 09:42:22'),(109,36,NULL,'Product Quidem Sed Quam','product-quidem-sed-quam-106',1978.47,473.43,NULL,1,NULL,NULL,NULL,'Aperiam quia qui aut suscipit voluptas. Doloremque sint aliquam cumque dolores dolorem. Explicabo beatae eius laboriosam quis. Ut rerum minus quia.','Quod voluptatem qui quo eum quasi dolor. Rerum sapiente minus odit. Ipsam et odit sunt sint rem similique.\n\nEt esse unde reprehenderit est. Quia et error earum repudiandae. Velit ex consequatur eligendi sed.\n\nVoluptas aut quibusdam voluptatum. Dignissimos eligendi tenetur tempore sunt maxime animi. Aspernatur fugit dignissimos temporibus et quae. Consectetur veniam rem explicabo similique laborum.',0,'India',NULL,NULL,NULL,NULL,NULL,NULL,NULL,NULL,1,0,NULL,NULL,'2026-01-31 09:42:22','2026-01-31 09:42:22'),(110,93,NULL,'Product Ab Consequatur Temporibus','product-ab-consequatur-temporibus-107',523.85,417.17,NULL,1,NULL,NULL,NULL,'Impedit sed ut quisquam omnis. Deleniti maxime molestiae quaerat et aspernatur voluptatem omnis. Reiciendis dolorum quis tenetur modi iure consequatur est.','Vitae at consequatur omnis ut. Totam doloremque reprehenderit beatae sit aut incidunt esse. Blanditiis nihil quis ipsa voluptas dolores sapiente dolorem. Incidunt velit qui nulla iste placeat quis aspernatur perferendis.\n\nAut consequatur commodi est esse saepe necessitatibus. Quasi alias quam qui aut dolorem fugiat natus. Cum atque voluptatem modi est modi consequuntur. Totam quia qui nobis sed fugit unde nihil minima.\n\nMaxime quod aut iusto. Nihil iusto optio accusantium consequuntur provident autem. Quaerat assumenda excepturi quas quas ullam nesciunt fugit quia.',0,'India',NULL,NULL,NULL,NULL,NULL,NULL,NULL,NULL,1,0,NULL,NULL,'2026-01-31 09:42:22','2026-01-31 09:42:22'),(111,88,NULL,'Product Consequatur Molestiae Impedit','product-consequatur-molestiae-impedit-108',1111.52,453.91,NULL,1,NULL,NULL,NULL,'Repellat id ea vel alias. Dolor voluptates voluptas nihil sunt sapiente dolores. Eum labore debitis neque id similique eaque.','Ipsam ad repellendus ut illum consectetur sed et. Perferendis dolores et dicta et. Et et velit ut sit aliquid deleniti recusandae.\n\nAnimi tenetur autem voluptatum et et voluptatem debitis. Voluptas et ut aliquam optio id quia adipisci mollitia. Rerum consequatur ut qui.\n\nUllam asperiores dolore tempore error soluta. Optio deserunt sint odio cumque. Et incidunt aperiam excepturi dolor reprehenderit aut voluptas.',0,'India',NULL,NULL,NULL,NULL,NULL,NULL,NULL,NULL,1,0,NULL,NULL,'2026-01-31 09:42:22','2026-01-31 09:42:22'),(112,96,NULL,'Product Consequuntur Accusantium Id','product-consequuntur-accusantium-id-109',1455.21,395.56,NULL,1,NULL,NULL,NULL,'Nesciunt et neque commodi dolor voluptatem. Eos saepe quam quos accusantium voluptas iste dignissimos.','Quo soluta voluptate enim. At ut doloremque voluptatem ad ut id veniam.\n\nNumquam esse aperiam aut unde sed sed ipsa. Aut nulla sint debitis aliquid. Impedit quis officiis aperiam suscipit expedita qui harum optio.\n\nPossimus praesentium aut expedita consequatur ut. Sed quo consequatur velit eaque aut.',0,'India',NULL,NULL,NULL,NULL,NULL,NULL,NULL,NULL,1,0,NULL,NULL,'2026-01-31 09:42:22','2026-01-31 09:42:22'),(113,45,NULL,'Product Aut Libero Consectetur','product-aut-libero-consectetur-110',517.89,372.52,NULL,1,NULL,NULL,NULL,'Temporibus similique aut quas ut repellat eos facilis labore. Qui dolores amet harum omnis illum quo ipsum et. Incidunt nulla ut voluptatem temporibus aperiam et et ipsum.','Quas voluptas ut quia neque doloribus recusandae. Alias commodi et quaerat deserunt optio totam excepturi.\n\nRatione quibusdam ut voluptatem doloremque quibusdam alias quis cum. Laboriosam qui libero doloremque aperiam est unde quis. Voluptates dolores dolores alias deserunt voluptatem accusantium iste. Quis officia et esse quod molestiae et excepturi. Amet est libero aperiam minus minima tenetur consequatur.\n\nEt necessitatibus tempore quasi officia animi. Id dolore vel est. Pariatur explicabo corrupti est repudiandae exercitationem fugiat.',0,'India',NULL,NULL,NULL,NULL,NULL,NULL,NULL,NULL,1,0,NULL,NULL,'2026-01-31 09:42:22','2026-01-31 09:42:22'),(114,57,NULL,'Product Mollitia Dicta Quo','product-mollitia-dicta-quo-111',697.66,293.53,NULL,1,NULL,NULL,NULL,'Ipsa vitae accusamus assumenda. Voluptatibus reiciendis qui laudantium sed magni expedita omnis officia. Quasi accusamus aperiam et quis aliquam. Nisi aut vero dignissimos neque.','Id quasi et vero ut soluta. Nihil et accusamus et voluptatibus omnis. Deleniti quia molestiae qui ipsam. Est totam dicta rem sit sed quo quisquam pariatur.\n\nOfficia aut quos et nisi quisquam sit repellendus. Quisquam adipisci velit facere et. Voluptatem ipsum ea deserunt nam exercitationem magni incidunt. Laborum quas fuga fuga qui magnam.\n\nQuasi et similique quibusdam sint et. Qui modi qui voluptas asperiores dolores est eos. Omnis atque sint repudiandae mollitia repudiandae accusamus.',0,'India',NULL,NULL,NULL,NULL,NULL,NULL,NULL,NULL,1,0,NULL,NULL,'2026-01-31 09:42:22','2026-01-31 09:42:22'),(115,40,NULL,'Product Nihil Ea Nesciunt','product-nihil-ea-nesciunt-112',1095.68,318.04,NULL,1,NULL,NULL,NULL,'Quidem nemo eos aperiam quia neque aut saepe autem. At et ut delectus perferendis necessitatibus et ex iure. Dolores rem vero ab qui dolores maxime sed adipisci. Enim laudantium facilis veniam aut sint impedit. Omnis qui doloribus vel nobis tenetur consequatur cum.','Dolorem fuga numquam officiis aut. Voluptates blanditiis illum quibusdam. Minima illum culpa ullam optio.\n\nSed placeat quis nobis. Adipisci dignissimos esse nemo dolorum ut et ipsa.\n\nEt corrupti et tempore dolor laborum. Et qui in aut. Et et voluptas ipsa quod quam.',0,'India',NULL,NULL,NULL,NULL,NULL,NULL,NULL,NULL,1,0,NULL,NULL,'2026-01-31 09:42:23','2026-01-31 09:42:23'),(116,106,NULL,'Product Est Ducimus Ea','product-est-ducimus-ea-113',1094.54,302.81,NULL,1,NULL,NULL,NULL,'Ratione optio ipsum omnis placeat nesciunt. Alias officiis cum illo inventore consectetur et. Adipisci voluptatibus sed incidunt quasi soluta eligendi eaque enim.','Aperiam molestiae unde debitis ut et et. Tempora qui fugit officiis.\n\nVoluptas id autem eum corrupti fuga et. Consequuntur tempora laboriosam ratione sit hic. Doloremque occaecati eius quia perferendis et. Earum in doloremque hic itaque animi temporibus.\n\nPerferendis expedita enim illo voluptatum eveniet dolores maiores quos. Quia delectus perferendis voluptas dolore. Perferendis voluptatem fugit et dolores magnam.',0,'India',NULL,NULL,NULL,NULL,NULL,NULL,NULL,NULL,1,0,NULL,NULL,'2026-01-31 09:42:23','2026-01-31 09:42:23'),(117,19,NULL,'Product Autem Vel Est','product-autem-vel-est-114',1386.18,343.04,NULL,1,NULL,NULL,NULL,'Occaecati voluptatem est et magni eos sint. Aliquam ducimus quaerat temporibus rerum quod iste eaque dolores. Reprehenderit consequuntur non ipsa laboriosam non. Similique ut qui ipsum ex iusto quia doloremque et.','Magnam dolorem nemo minus. Sit enim qui eos unde consequatur sit provident. Qui officiis qui autem qui. Voluptas dolor a facilis cumque corporis rerum alias.\n\nQuia et veritatis et nisi nesciunt dolor. Ab consequatur ut consequuntur officiis est est ut. Illo vel quo et ut ex.\n\nLaborum quisquam distinctio qui et. Nihil nam modi ratione velit officia maxime. Et qui pariatur placeat a ipsum qui reiciendis rem. Sit quo nihil necessitatibus minus nihil qui.',0,'India',NULL,NULL,NULL,NULL,NULL,NULL,NULL,NULL,1,0,NULL,NULL,'2026-01-31 09:42:23','2026-01-31 09:42:23'),(118,98,NULL,'Product Id Aspernatur Assumenda','product-id-aspernatur-assumenda-115',1810.74,444.11,NULL,1,NULL,NULL,NULL,'Eum quo laboriosam eum optio dignissimos beatae. Quisquam qui enim magni non. Magnam harum consequatur maiores dignissimos sit.','Adipisci eveniet aut necessitatibus pariatur voluptatem. Ut sit et consequatur minus. Quasi dolore accusamus sed et asperiores et cum. Minus possimus consequatur quasi quaerat id sunt voluptates ut.\n\nQuis sit voluptatem velit voluptas quo quibusdam dolorem. Perspiciatis labore fugit accusamus voluptas itaque. Impedit ullam accusamus inventore reiciendis. Ut qui consequatur consequatur et.\n\nAut perferendis quasi corrupti quasi repudiandae amet. Nam suscipit cupiditate molestiae itaque qui. Quod est eligendi non odio dolor aut eos.',0,'India',NULL,NULL,NULL,NULL,NULL,NULL,NULL,NULL,1,0,NULL,NULL,'2026-01-31 09:42:23','2026-01-31 09:42:23'),(119,69,NULL,'Product Consequatur Aut Soluta','product-consequatur-aut-soluta-116',1037.74,490.31,NULL,1,NULL,NULL,NULL,'Dolorem iste dolorum quia aut earum vel. Odio non ut est expedita voluptas qui alias. Voluptatibus et eos sint.','Vitae fugit ex odit laboriosam. Laudantium harum maxime quia nam qui eum. Qui aut vel qui.\n\nOccaecati modi cum doloribus ut magni. Molestiae repellat exercitationem quas qui et dolor numquam. Recusandae et et quis expedita.\n\nRatione sit laborum voluptate officia. Aliquam animi dolor cum tempora tenetur. Ipsum magnam nobis nam praesentium cupiditate dolor eos.',0,'India',NULL,NULL,NULL,NULL,NULL,NULL,NULL,NULL,1,0,NULL,NULL,'2026-01-31 09:42:23','2026-01-31 09:42:23'),(120,60,NULL,'Product Omnis Sunt Earum','product-omnis-sunt-earum-117',592.51,352.64,NULL,1,NULL,NULL,NULL,'Debitis architecto nisi qui voluptatem iste. Corporis nobis quam debitis labore culpa eveniet molestias. Et sit quis laborum ut laborum necessitatibus.','Cum rerum et eos saepe. Doloremque quo et velit aut aut. Aperiam quo commodi debitis.\n\nNatus consectetur debitis ut deleniti ratione totam quia. Minima est voluptates ut quos repudiandae veritatis. Ut pariatur numquam atque labore. Suscipit modi rem in dolor laboriosam.\n\nEst molestias vel ipsam vel totam aut dignissimos. Laudantium odio veritatis nisi et. Consequatur libero deserunt sequi voluptas consequuntur ut. Dolores est corporis totam quia ut suscipit repellat.',0,'India',NULL,NULL,NULL,NULL,NULL,NULL,NULL,NULL,1,0,NULL,NULL,'2026-01-31 09:42:23','2026-01-31 09:42:23'),(121,29,NULL,'Product Accusantium Fugit Qui','product-accusantium-fugit-qui-118',1096.86,203.88,NULL,1,NULL,NULL,NULL,'Qui modi corrupti a quam a sit officia. Maiores incidunt est accusantium aut nobis molestiae id ipsa. Occaecati porro earum totam soluta eaque.','Assumenda deserunt alias et voluptas. Voluptatem facere quis autem sit occaecati ex sapiente. Cum perferendis in rerum ea nihil omnis possimus.\n\nNumquam aliquam et sunt ex recusandae molestiae illo. Est quidem est vel voluptates odio soluta. Occaecati autem in rerum facilis tempore. Animi autem deleniti corrupti et.\n\nAliquid assumenda qui ipsam quo non qui minus. Est ab delectus nobis voluptate. Consectetur eos perferendis molestiae aut qui velit quidem. Culpa earum maxime aliquam nemo nam ducimus commodi ea.',0,'India',NULL,NULL,NULL,NULL,NULL,NULL,NULL,NULL,1,0,NULL,NULL,'2026-01-31 09:42:23','2026-01-31 09:42:23'),(122,83,NULL,'Product Quisquam Dolore Consequuntur','product-quisquam-dolore-consequuntur-119',1697.74,349.92,NULL,1,NULL,NULL,NULL,'Voluptas ipsa consequatur recusandae quisquam quisquam qui ea. Voluptas doloribus et itaque recusandae. Similique quidem dolore autem qui. Voluptatem dolores qui id dolore porro.','Aut aut veritatis et dolorem quia explicabo. Saepe repudiandae soluta ducimus omnis soluta sunt. Vero qui ducimus omnis qui dolores accusantium dolor id. Voluptatum quia fuga sit delectus nemo.\n\nDolorum id modi qui aut aliquid rerum quasi. Nisi rerum rerum sapiente dolor omnis quisquam. Similique velit nisi dolorem quia rem quia voluptas. Nobis iure sint omnis aperiam rerum porro cupiditate. Sunt error velit quo voluptatibus harum distinctio non at.\n\nSint quia quas sint perferendis odio maxime aut. Esse quam quidem velit sapiente ut ut. Aliquam voluptatem et placeat pariatur sit porro adipisci doloribus. Et enim ducimus tempora ullam.',0,'India',NULL,NULL,NULL,NULL,NULL,NULL,NULL,NULL,1,0,NULL,NULL,'2026-01-31 09:42:23','2026-01-31 09:42:23'),(123,98,NULL,'Product Incidunt Maxime Asperiores','product-incidunt-maxime-asperiores-120',628.57,398.54,NULL,1,NULL,NULL,NULL,'Dolores doloribus quia et sequi autem. A atque amet ut qui ducimus. Enim minima accusamus dicta repellendus deserunt explicabo. Qui officia qui nihil qui. Eius omnis nulla expedita sunt qui harum quidem quaerat.','Consequuntur vero rem voluptatum quo illo. Dolores ea natus corrupti et modi labore. Laudantium autem esse quas animi et.\n\nNecessitatibus consectetur repudiandae nemo eum. Repellendus harum temporibus sit assumenda explicabo perspiciatis voluptates. Sint quod aut enim ab doloremque.\n\nQui voluptatem ut recusandae ipsam similique. Itaque aut sit quia dignissimos accusamus numquam. Deleniti voluptatum alias repellendus at voluptatibus qui culpa eum. Non dolores sed dolor in.',0,'India',NULL,NULL,NULL,NULL,NULL,NULL,NULL,NULL,1,0,NULL,NULL,'2026-01-31 09:42:23','2026-01-31 09:42:23'),(124,37,NULL,'Product Aut Et Asperiores','product-aut-et-asperiores-121',683.35,443.75,NULL,1,NULL,NULL,NULL,'Praesentium dolorum distinctio temporibus exercitationem. Et fuga adipisci nemo nulla culpa repellendus neque. Et omnis accusantium quo. In eum omnis dolores.','Iste eligendi aliquam animi provident. Laudantium corporis et autem est voluptate est quasi. Numquam eius illo possimus minima at. Tenetur corporis quia officiis amet voluptatem.\n\nVel voluptatem dolorem harum quis. Odio sint eos aliquam atque inventore libero est. Non illo iure velit fugiat exercitationem nemo possimus rerum. Veniam sit et explicabo est repudiandae.\n\nAdipisci fugit eos vel sit quisquam aspernatur ullam. Enim magnam in asperiores id et accusantium aut maiores. Distinctio est est quam voluptas impedit qui.',0,'India',NULL,NULL,NULL,NULL,NULL,NULL,NULL,NULL,1,0,NULL,NULL,'2026-01-31 09:42:23','2026-01-31 09:42:23'),(125,10,NULL,'Product Quaerat Fugit Deleniti','product-quaerat-fugit-deleniti-122',1272.93,397.69,NULL,1,NULL,NULL,NULL,'Omnis nobis animi necessitatibus provident. Maiores eveniet minus cum. Sit ratione praesentium dicta quas soluta voluptas similique. Ut non quo laudantium vel non saepe.','Quia aliquid eaque velit. Beatae ullam ratione aut ad voluptatem ut. Enim officia distinctio nobis quo ipsum voluptatem dolor. Aspernatur et porro vero voluptates nesciunt.\n\nAperiam atque non sequi quia. Odio natus amet dolorum error placeat quam ipsa. Eaque deserunt earum aliquam reprehenderit.\n\nEt voluptate in exercitationem et et quam. Et est praesentium minus molestias et blanditiis. Est eveniet atque quibusdam accusantium magnam incidunt earum.',0,'India',NULL,NULL,NULL,NULL,NULL,NULL,NULL,NULL,1,0,NULL,NULL,'2026-01-31 09:42:23','2026-01-31 09:42:23'),(126,20,NULL,'Product Ut Soluta Numquam','product-ut-soluta-numquam-123',1804.55,290.97,NULL,1,NULL,NULL,NULL,'Sed qui perferendis illum maiores voluptatem aperiam. Blanditiis impedit voluptas nostrum autem a. Commodi et sit omnis. Eos fugiat voluptatem tempore nemo.','Eius necessitatibus quibusdam et ratione natus. Ut et nobis quam est autem est non.\n\nMolestiae neque qui error quis. Quia omnis accusantium reiciendis debitis libero similique. Eum sed atque iste illum aliquam laudantium vitae.\n\nQuia officia nihil blanditiis labore est autem voluptatem. Culpa dolore laborum saepe molestiae sit neque nobis. Occaecati alias ipsam debitis temporibus sunt odio.',0,'India',NULL,NULL,NULL,NULL,NULL,NULL,NULL,NULL,1,0,NULL,NULL,'2026-01-31 09:42:23','2026-01-31 09:42:23'),(127,26,NULL,'Product Deserunt Rerum Totam','product-deserunt-rerum-totam-124',1734.13,231.38,NULL,1,NULL,NULL,NULL,'Qui harum assumenda numquam possimus expedita nihil. Molestiae maiores optio unde quia. Ducimus qui quia velit maiores tenetur. Velit quis nihil asperiores iste.','Harum adipisci quam consequuntur est possimus placeat qui. Repellat nihil recusandae natus ratione. Quia vel porro corporis non vero quidem asperiores. Quaerat alias quae debitis aut.\n\nConsequatur voluptates minus saepe reprehenderit. Praesentium perferendis omnis repellat animi sed quas repellendus. Autem ducimus rerum et dicta qui eius sunt. Quis iusto est ratione consequuntur eius.\n\nPossimus dolore qui aut eum natus. Optio numquam beatae eum consequatur officia aliquid corrupti. Quo consequatur earum in tempore nihil omnis impedit.',0,'India',NULL,NULL,NULL,NULL,NULL,NULL,NULL,NULL,1,0,NULL,NULL,'2026-01-31 09:42:23','2026-01-31 09:42:23'),(128,81,NULL,'Product In Amet Rerum','product-in-amet-rerum-125',1074.49,206.20,NULL,1,NULL,NULL,NULL,'Libero corrupti quia sint quis omnis asperiores et. Nulla ut quas magni voluptatem quod. Consequatur ut at repudiandae unde veritatis.','Pariatur nesciunt placeat blanditiis fugiat officiis. Ut dolor est sed ut minus quia quidem fuga. Molestias voluptas velit iste sed blanditiis. Sed non et cupiditate.\n\nIn qui deleniti est dolorum maxime eos vel. Eos voluptatem est asperiores tempora. Soluta accusamus dicta et et aut voluptatem quidem. Adipisci et qui dolorum non et pariatur.\n\nDelectus quos consequatur autem voluptatibus explicabo et. Aliquam tempore cum debitis magnam pariatur. Commodi aut occaecati ipsam consequatur est quas inventore consectetur. Maiores praesentium molestias dolores qui sit.',0,'India',NULL,NULL,NULL,NULL,NULL,NULL,NULL,NULL,1,0,NULL,NULL,'2026-01-31 09:42:23','2026-01-31 09:42:23'),(129,83,NULL,'Product Saepe Et Unde','product-saepe-et-unde-126',1595.74,413.94,NULL,1,NULL,NULL,NULL,'Velit esse dolorem quasi ut velit cupiditate. Ut incidunt eligendi est qui vel. Dolor ea doloribus incidunt facere maiores.','Et unde et nulla aut omnis asperiores. Asperiores tenetur eum ipsam nam ut. Saepe ea et recusandae illo illum eius. In eius est amet et excepturi.\n\nVoluptas dolorem aut blanditiis delectus qui atque occaecati. Quis placeat rerum natus corrupti. Illo voluptates aut deserunt et enim.\n\nVoluptatem temporibus velit quas ex quaerat sit. Aut enim deleniti sit exercitationem reprehenderit occaecati. Dolorem ad iste aut qui molestias molestias ut molestiae.',0,'India',NULL,NULL,NULL,NULL,NULL,NULL,NULL,NULL,1,0,NULL,NULL,'2026-01-31 09:42:23','2026-01-31 09:42:23'),(130,26,NULL,'Product Doloribus Nam Corporis','product-doloribus-nam-corporis-127',1527.59,308.98,NULL,1,NULL,NULL,NULL,'Dolorem fugiat repellendus tempore voluptatem et et. Provident voluptatibus et debitis quis non aliquam et exercitationem. Tempore est unde est mollitia eligendi debitis corrupti est.','Incidunt iste non adipisci aperiam. Repudiandae illum repudiandae ullam. Velit natus consequatur ut quisquam sit tempora.\n\nRerum hic aut vel explicabo ut impedit perspiciatis aliquid. Est voluptates inventore est sed illum nostrum. Atque temporibus soluta possimus et perferendis.\n\nVoluptas rem voluptatibus illum ex iusto fuga voluptatem. Atque iusto occaecati necessitatibus nostrum quae unde eius. Ut est et voluptas.',0,'India',NULL,NULL,NULL,NULL,NULL,NULL,NULL,NULL,1,0,NULL,NULL,'2026-01-31 09:42:23','2026-01-31 09:42:23'),(131,75,NULL,'Product Maxime Ratione Ipsum','product-maxime-ratione-ipsum-128',1534.32,483.34,NULL,1,NULL,NULL,NULL,'Fugiat quibusdam quo officiis alias non soluta. Perspiciatis cupiditate alias dolorem eius est sint reprehenderit qui. Repellat fugiat consectetur non ratione atque illum odio facere. Et molestiae totam laboriosam autem voluptatibus corrupti reprehenderit.','Quasi culpa repellat ut. Dolor dolorem nihil consequatur eos. Eligendi accusantium dignissimos sapiente nihil tempora quia. Vero dolor velit quo qui eos.\n\nIpsam praesentium itaque est placeat ex est pariatur vel. Ipsam reprehenderit fugiat est ipsum id.\n\nEt eum et maiores est eaque eaque. Corrupti architecto qui ea vero. Rerum non excepturi eum adipisci. Dolor totam laboriosam optio facilis dolorem quod rerum.',0,'India',NULL,NULL,NULL,NULL,NULL,NULL,NULL,NULL,1,0,NULL,NULL,'2026-01-31 09:42:23','2026-01-31 09:42:23'),(132,78,NULL,'Product Qui Excepturi Unde','product-qui-excepturi-unde-129',1246.81,487.65,NULL,1,NULL,NULL,NULL,'Accusantium sed mollitia nesciunt error. Ut velit consequatur itaque id facilis quae error.','Earum dolor ut officia possimus voluptas explicabo. Tenetur doloremque vel consectetur. Ipsam eligendi dolorem modi animi quis amet. Reiciendis necessitatibus et ea veritatis ex eos temporibus.\n\nIn ut omnis qui. Iste molestias voluptas explicabo et.\n\nEst aliquam sit vel. Quo molestiae dolores rerum nostrum. Qui ut necessitatibus sed. Perferendis enim ea ut tempore possimus.',0,'India',NULL,NULL,NULL,NULL,NULL,NULL,NULL,NULL,1,0,NULL,NULL,'2026-01-31 09:42:23','2026-01-31 09:42:23'),(133,58,NULL,'Product Consequatur Eaque Voluptatem','product-consequatur-eaque-voluptatem-130',731.05,210.49,NULL,1,NULL,NULL,NULL,'Suscipit eveniet et et earum et eaque numquam. Veniam enim quam voluptatem accusantium eligendi impedit sit. Maxime dolorem voluptas accusamus natus. In voluptatem veniam possimus quia fuga. Quibusdam quia cumque voluptatem.','Ipsum vel deleniti autem sint aut voluptatem eius. Et expedita eveniet voluptatem fugit nostrum corrupti. Animi ea et et fugiat qui nulla ea. Animi corporis maiores quae inventore quia. Labore repellat similique consequatur et quibusdam temporibus ut tempore.\n\nQuibusdam enim et quas eaque voluptate ab quisquam. Animi voluptatum velit ut ullam et. Est aspernatur animi aliquid adipisci eos dignissimos repellendus.\n\nNecessitatibus est aliquam dolor eius. Id eveniet est animi. Quia at accusamus nesciunt quod tenetur vitae beatae.',0,'India',NULL,NULL,NULL,NULL,NULL,NULL,NULL,NULL,1,0,NULL,NULL,'2026-01-31 09:42:23','2026-01-31 09:42:23'),(134,96,NULL,'Product Sit Maiores Molestias','product-sit-maiores-molestias-131',1891.08,318.70,NULL,1,NULL,NULL,NULL,'Quis sit impedit neque corrupti praesentium. Aut atque aut exercitationem ut. Quisquam placeat provident vel. Distinctio eos est quasi nulla.','Autem debitis qui soluta enim ut. Ex enim eaque aut est repellendus vel. Nostrum et architecto harum quibusdam accusantium.\n\nSit temporibus sequi sit et provident dolorum. Et corrupti voluptatem quod. Aut ut laborum corrupti sit et.\n\nUllam animi voluptatem reiciendis. Quisquam et numquam incidunt et dolore vel. Et magni fugiat magnam nihil. Incidunt cum voluptatem necessitatibus error et ut aut.',0,'India',NULL,NULL,NULL,NULL,NULL,NULL,NULL,NULL,1,0,NULL,NULL,'2026-01-31 09:42:23','2026-01-31 09:42:23'),(135,101,NULL,'Product Dolores Est Fuga','product-dolores-est-fuga-132',943.67,307.05,NULL,1,NULL,NULL,NULL,'Aperiam neque laboriosam voluptate minus voluptatem quo. Ratione aut autem neque voluptatibus dolor qui. Qui quas accusantium quod. Asperiores recusandae tempore sed quae.','Quisquam excepturi eveniet soluta et et ut. At omnis quia in aut autem. Et voluptatem ex consectetur totam ut totam. Rerum magni quae porro ea.\n\nEos temporibus quos aut quas vitae. Et ea reiciendis ex dicta voluptate cumque. Enim quia ut ipsum maxime.\n\nMinus repellendus ipsa illo eligendi. Dolore qui qui dolore officiis velit iste dolorum. Doloribus maxime ratione temporibus voluptatum nihil voluptatem.',0,'India',NULL,NULL,NULL,NULL,NULL,NULL,NULL,NULL,1,0,NULL,NULL,'2026-01-31 09:42:23','2026-01-31 09:42:23'),(136,16,NULL,'Product Id Et Voluptatibus','product-id-et-voluptatibus-133',1461.28,241.89,NULL,1,NULL,NULL,NULL,'Sequi autem eum ipsam amet. Laboriosam exercitationem libero minima qui vel. Quia voluptatem minima modi mollitia vel. Deleniti ducimus incidunt impedit corrupti numquam. Similique et rerum accusantium provident dolore est mollitia impedit.','Ex officiis ut temporibus eaque. Facilis itaque vitae ut voluptatum. Et qui dolores quasi qui laborum ut. Expedita officia beatae deserunt magni suscipit.\n\nEt expedita rem molestias neque dignissimos. Vel voluptates et quia velit. Eos qui nihil nihil cum delectus a voluptatum. Provident aperiam id exercitationem.\n\nOfficia est ullam at quaerat. Optio et et tempora et. Numquam rem molestias hic laboriosam. Architecto quasi est nihil pariatur exercitationem. Hic dolorum tempore aut eos aspernatur corrupti porro inventore.',0,'India',NULL,NULL,NULL,NULL,NULL,NULL,NULL,NULL,1,0,NULL,NULL,'2026-01-31 09:42:23','2026-01-31 09:42:23'),(137,30,NULL,'Product Voluptatem Velit Quia','product-voluptatem-velit-quia-134',1851.07,297.38,NULL,1,NULL,NULL,NULL,'Et nostrum impedit corrupti consectetur quia. Enim doloremque aspernatur minus. Necessitatibus rerum optio aspernatur nulla. Qui voluptatem dolores a.','Nobis minus commodi consectetur numquam ipsa et. Molestiae velit quis ea reiciendis molestias et harum et. Voluptas suscipit vitae ex.\n\nAliquam est aperiam sed sunt reprehenderit ipsam blanditiis. Deleniti optio dolorum amet id temporibus nisi. Incidunt vitae doloremque et iusto et dolorum consequatur.\n\nSaepe veritatis voluptatem explicabo molestiae voluptatem ut. Cumque tenetur perspiciatis quia aut culpa est. Sit aut facilis architecto et ea.',0,'India',NULL,NULL,NULL,NULL,NULL,NULL,NULL,NULL,1,0,NULL,NULL,'2026-01-31 09:42:23','2026-01-31 09:42:23'),(138,70,NULL,'Product Et Magni Et','product-et-magni-et-135',1265.37,288.55,NULL,1,NULL,NULL,NULL,'Deleniti dolorem iste et fugiat similique sint occaecati. Doloremque aut nihil sunt nam. Blanditiis ut explicabo quasi eius tenetur iure veniam aut. Nihil dolorem exercitationem veniam.','Dolores culpa est aut excepturi. Eaque molestiae architecto quo quo nostrum tempore nesciunt. Corrupti consectetur in eligendi praesentium. Eaque dolorum quaerat dignissimos quo quisquam.\n\nEt nihil consectetur quod at est aut. Qui distinctio suscipit occaecati ut. Cum quo et qui delectus velit quia corrupti. Laboriosam distinctio magnam voluptatem ut voluptatum voluptas sunt.\n\nCommodi repudiandae animi suscipit dicta eum. Modi perspiciatis voluptatum tempora laborum fuga consequatur blanditiis. Et explicabo aut sed rerum nesciunt eum. Quos et necessitatibus sit harum aut sit.',0,'India',NULL,NULL,NULL,NULL,NULL,NULL,NULL,NULL,1,0,NULL,NULL,'2026-01-31 09:42:23','2026-01-31 09:42:23'),(139,23,NULL,'Product Illum Fugit Non','product-illum-fugit-non-136',1285.86,341.13,NULL,1,NULL,NULL,NULL,'Officia consectetur velit sit nihil sequi sunt. Veniam eligendi eveniet omnis ex ratione dignissimos.','Ut incidunt accusantium tempora aut exercitationem. Quaerat qui laboriosam inventore accusantium. Et non accusantium sit alias voluptatem. Debitis et ut possimus ut.\n\nSapiente repudiandae quia culpa voluptate vel. Tenetur est et consequatur qui et quia. Sint quo nesciunt et nobis.\n\nPlaceat est ipsum voluptas nostrum aut nulla. Et autem dolorum ea dolor. Accusantium fugiat hic neque iure consequatur dolor. Cum quam omnis non eaque.',0,'India',NULL,NULL,NULL,NULL,NULL,NULL,NULL,NULL,1,0,NULL,NULL,'2026-01-31 09:42:23','2026-01-31 09:42:23'),(140,57,NULL,'Product Aut Possimus Et','product-aut-possimus-et-137',1611.71,492.10,NULL,1,NULL,NULL,NULL,'Cupiditate qui quis et eos voluptatem et. Ducimus nostrum qui aspernatur totam eveniet eum. Voluptatibus temporibus qui eum autem maxime eveniet.','Modi voluptas facere et ut et. Ut saepe ut temporibus repellendus esse ut eos. Tempore ut ullam repellat laudantium id. Eos quibusdam sunt est est blanditiis et recusandae.\n\nOfficia iste eaque deleniti omnis labore ea. Tempora maxime illo mollitia nesciunt accusamus laborum reiciendis. Ut et sint fugiat delectus qui. Ab blanditiis sit sed nulla omnis eius vero id.\n\nVelit qui suscipit qui quibusdam. Aut aspernatur omnis et nihil at exercitationem. Quam et corrupti nam officia maiores. Voluptas dolore optio culpa accusamus vero.',0,'India',NULL,NULL,NULL,NULL,NULL,NULL,NULL,NULL,1,0,NULL,NULL,'2026-01-31 09:42:23','2026-01-31 09:42:23'),(141,26,NULL,'Product Inventore Molestiae Molestias','product-inventore-molestiae-molestias-138',955.69,290.56,NULL,1,NULL,NULL,NULL,'Sit nisi animi in exercitationem praesentium. Repellendus hic eum nostrum animi. Voluptas tenetur doloribus omnis aperiam dolor temporibus. Iure doloribus modi aut veniam molestias consequuntur.','Vel doloribus saepe repellendus voluptatibus molestias asperiores maiores. Natus qui modi maiores nam voluptas. Id neque rerum cumque soluta officiis.\n\nMaxime sunt ut a blanditiis corporis optio tempore. Odio reiciendis non alias molestias tempore occaecati id. Deserunt voluptatibus incidunt qui aut ut dolorem rerum asperiores.\n\nEaque odio aut similique commodi officiis nostrum. Voluptatum quas maiores id veritatis molestiae laboriosam est. Libero fugit praesentium ea.',0,'India',NULL,NULL,NULL,NULL,NULL,NULL,NULL,NULL,1,0,NULL,NULL,'2026-01-31 09:42:23','2026-01-31 09:42:23'),(142,98,NULL,'Product Nulla Quas Reiciendis','product-nulla-quas-reiciendis-139',1586.02,384.84,NULL,1,NULL,NULL,NULL,'Sint consequatur delectus facere necessitatibus nemo in amet. Et iusto velit unde. Eos officia molestias eum. Et praesentium ut eius voluptatibus aut voluptas ipsam.','Explicabo odio ut eius est suscipit sunt magni aut. Possimus qui repellendus repudiandae ipsam. Consequatur commodi incidunt minus velit.\n\nQui molestiae quis error iure perspiciatis. Dolorem sint et voluptas mollitia asperiores debitis. Voluptate vel porro porro hic in voluptatem in. Quaerat officiis quia placeat dolorem nesciunt.\n\nInventore delectus excepturi aliquam ad dolores. Officiis molestias sequi dolor officia quia iusto accusamus. Explicabo harum quod esse expedita voluptas esse ullam.',0,'India',NULL,NULL,NULL,NULL,NULL,NULL,NULL,NULL,1,0,NULL,NULL,'2026-01-31 09:42:23','2026-01-31 09:42:23'),(143,113,NULL,'Product Illo In Est','product-illo-in-est-140',786.66,418.53,NULL,1,NULL,NULL,NULL,'Aut nobis quidem excepturi aut sapiente voluptas excepturi. Suscipit odit eaque sit ea unde aut. Odit perferendis qui sint nostrum.','Itaque pariatur quia reiciendis pariatur sunt blanditiis. Velit voluptatem quidem nesciunt. Et assumenda nisi illum quia autem architecto. Quia iusto earum accusamus aut.\n\nDolore repellendus adipisci ut. Et excepturi et ut fugit voluptas aliquam.\n\nMollitia accusantium tempore omnis mollitia voluptatibus tenetur placeat. Minus quo facilis ad facere illum et molestiae. Omnis vitae et libero quia ut voluptas. Tenetur iste quod quia vero occaecati labore tempore.',0,'India',NULL,NULL,NULL,NULL,NULL,NULL,NULL,NULL,1,0,NULL,NULL,'2026-01-31 09:42:23','2026-01-31 09:42:23'),(144,77,NULL,'Product Voluptatibus Possimus Delectus','product-voluptatibus-possimus-delectus-141',1199.49,487.25,NULL,1,NULL,NULL,NULL,'Corrupti aut accusamus officiis aliquid itaque aut et. Optio vel similique eaque ut. Sed quaerat sunt minima iure labore. Rerum eos rerum consequatur tenetur ex.','Libero provident omnis qui deleniti qui adipisci. Et autem voluptatem et eum quo optio. Ducimus aut omnis fugiat. Dolorem odit vel voluptatem fugiat.\n\nEos itaque saepe nesciunt et omnis est nobis temporibus. Excepturi dolor eum occaecati sunt. Quisquam excepturi reprehenderit architecto sit eaque. Praesentium pariatur aut et veritatis sed ipsa non.\n\nCorporis quia qui ratione. Ullam explicabo ullam veritatis voluptatem commodi adipisci totam fugiat. Ut dolorem sit nihil nihil sunt quia voluptatem. Voluptatem et corporis voluptatem aperiam.',0,'India',NULL,NULL,NULL,NULL,NULL,NULL,NULL,NULL,1,0,NULL,NULL,'2026-01-31 09:42:23','2026-01-31 09:42:23'),(145,91,NULL,'Product Est In Debitis','product-est-in-debitis-142',1448.61,281.28,NULL,1,NULL,NULL,NULL,'Magni asperiores voluptas sit ipsa sint. Doloremque quo exercitationem rerum atque possimus necessitatibus. Doloribus fugit maxime dolore et delectus.','Quam quas ut fugiat perspiciatis. Et laudantium at et.\n\nQuod qui non atque est recusandae dolores eum. A possimus assumenda voluptatem quasi qui. Molestias quidem deleniti ut qui deserunt et sequi.\n\nAutem at qui quas mollitia quis consequuntur adipisci. Molestiae ducimus voluptatum est rem suscipit ducimus. Cumque et temporibus placeat dolores quia ut non eos. Ut quidem suscipit eos qui repellendus blanditiis doloremque.',0,'India',NULL,NULL,NULL,NULL,NULL,NULL,NULL,NULL,1,0,NULL,NULL,'2026-01-31 09:42:23','2026-01-31 09:42:23'),(146,59,NULL,'Product Quaerat Est Aut','product-quaerat-est-aut-143',1119.17,237.92,NULL,1,NULL,NULL,NULL,'Ad quis dicta eligendi qui dolore. Corrupti sunt quos cupiditate. Deleniti rerum culpa distinctio inventore aperiam eum amet. Non corrupti a consequatur.','Voluptates dolores asperiores reprehenderit illum nesciunt dolorem non. Corporis vitae aut fugit quisquam. Similique porro cum aperiam aut sit.\n\nEsse incidunt beatae aut odit asperiores. Et laudantium doloremque quo aliquid. Aut culpa doloremque tempore iusto.\n\nConsequatur unde a maxime qui commodi ipsa. Magni fugiat repellat perspiciatis. Et cupiditate rerum magnam perferendis libero magni suscipit. Omnis itaque temporibus ipsum unde quasi nihil.',0,'India',NULL,NULL,NULL,NULL,NULL,NULL,NULL,NULL,1,0,NULL,NULL,'2026-01-31 09:42:23','2026-01-31 09:42:23'),(147,106,NULL,'Product Ad Dicta Vel','product-ad-dicta-vel-144',1357.74,217.32,NULL,1,NULL,NULL,NULL,'Est ullam est fuga eum ut dolor. Molestias aliquam quis enim quis eos nostrum et numquam. Sit et dolorem beatae eos laudantium vel. Sint delectus atque et in ut.','Dolore inventore rerum modi. Culpa ipsam unde asperiores ex. Ut illo dolorem assumenda sed est. Rem quod qui voluptatem amet autem perferendis.\n\nAssumenda iusto perferendis nihil architecto sit quo at. Accusantium exercitationem est nisi enim. Consequatur beatae illo ea quo deserunt laborum tempore ut. Vero iure nulla dolores minima laboriosam assumenda dolor. Accusantium nobis possimus sunt aspernatur.\n\nAccusamus nemo eum aut perspiciatis eveniet occaecati. Consequuntur beatae iusto non nulla accusantium.',0,'India',NULL,NULL,NULL,NULL,NULL,NULL,NULL,NULL,1,0,NULL,NULL,'2026-01-31 09:42:23','2026-01-31 09:42:23'),(148,20,NULL,'Product In Voluptas Ut','product-in-voluptas-ut-145',1299.49,296.63,NULL,1,NULL,NULL,NULL,'Praesentium recusandae nostrum debitis saepe cum et. Est voluptas officiis suscipit dolores consectetur aut.','Explicabo soluta et veniam. Libero pariatur aut omnis ut. Similique excepturi debitis mollitia placeat nihil iure.\n\nFugit eveniet possimus itaque sint eum qui. Quod delectus ut est ut autem et et.\n\nNon sint vitae officia. Est iure adipisci facilis labore. Vel placeat similique autem sint.',0,'India',NULL,NULL,NULL,NULL,NULL,NULL,NULL,NULL,1,0,NULL,NULL,'2026-01-31 09:42:23','2026-01-31 09:42:23'),(149,64,NULL,'Product A Corrupti Alias','product-a-corrupti-alias-146',1728.97,361.93,NULL,1,NULL,NULL,NULL,'Quo fuga sit eius quasi dolorem et asperiores. Soluta cum officiis facere voluptatum magni. At reiciendis libero eaque nam quis autem asperiores.','Similique aut placeat qui distinctio atque aut. Doloribus deserunt sit consectetur odio facilis delectus eos. Et ea aliquid tempore totam aut cumque. Magni debitis aperiam quae debitis voluptates error voluptatem maxime.\n\nSunt et magni maxime nobis expedita velit. Repellat et sed nisi tempora necessitatibus. Animi repellendus natus impedit quae.\n\nEligendi at recusandae doloribus est id nemo est. Accusamus repellat quidem excepturi laboriosam culpa animi. Eaque ut et est mollitia repudiandae aut culpa. Ducimus quia a magnam officia illo sed. Tenetur maxime necessitatibus corrupti sed at dolorem.',0,'India',NULL,NULL,NULL,NULL,NULL,NULL,NULL,NULL,1,0,NULL,NULL,'2026-01-31 09:42:24','2026-01-31 09:42:24'),(150,13,NULL,'Product Hic Blanditiis Natus','product-hic-blanditiis-natus-147',1470.68,431.19,NULL,1,NULL,NULL,NULL,'Vitae totam qui rem nisi. Expedita aperiam dolores incidunt. Et ut sed sed consequatur labore.','Mollitia amet doloribus autem pariatur dolorem consequatur ipsum. Error minima eum autem deleniti nesciunt. Ut ut doloremque suscipit et qui quia. Eligendi distinctio unde quibusdam dolorem qui.\n\nQuos ea dolore temporibus odit corrupti quibusdam sed. Veritatis vel est aut sint consectetur. Officiis fugit molestiae officiis inventore vel.\n\nSit dolor officiis esse enim. Quia ut omnis quibusdam beatae neque ab nihil. Quis qui enim quis error maxime sed est.',0,'India',NULL,NULL,NULL,NULL,NULL,NULL,NULL,NULL,1,0,NULL,NULL,'2026-01-31 09:42:24','2026-01-31 09:42:24'),(151,58,NULL,'Product Dolorum Voluptas Ut','product-dolorum-voluptas-ut-148',1793.45,329.01,NULL,1,NULL,NULL,NULL,'Deserunt aut rerum assumenda iste sapiente provident maxime. Libero facere animi id aut qui dolorum odit. Deleniti ex sit dicta et nihil.','Eveniet aspernatur est rem nesciunt. Est consequuntur dolores repellendus excepturi eveniet neque commodi. Est rerum ad optio natus. Quos cupiditate voluptate cupiditate sint id molestias. Nihil nostrum nulla et repudiandae velit in quia.\n\nDolorem rem laudantium sint libero eum. Eaque laborum atque rerum. Atque quia et quia maiores aut.\n\nEa in qui perferendis eum autem accusamus neque. Asperiores ab qui dolorem sit in quo. Ullam incidunt voluptatem ea.',0,'India',NULL,NULL,NULL,NULL,NULL,NULL,NULL,NULL,1,0,NULL,NULL,'2026-01-31 09:42:24','2026-01-31 09:42:24'),(152,91,NULL,'Product Rerum Architecto Nam','product-rerum-architecto-nam-149',1545.92,227.65,NULL,1,NULL,NULL,NULL,'Fugit natus aut beatae dolorem. Excepturi voluptatem sint laboriosam voluptatum illo voluptatem. In accusamus necessitatibus et nemo id aut. Quia accusamus omnis voluptatum ab.','Pariatur quo est deleniti aliquid ducimus eos velit. Repellendus in est dolor expedita sunt repellat in. Et sint commodi deleniti vel culpa. Corrupti aut dolorum est rem.\n\nAut autem nihil voluptatem ut sed saepe quam. Consequatur qui sed minus blanditiis voluptate quis qui. Exercitationem at est quia repellendus a. Modi autem rem reiciendis debitis.\n\nExcepturi dolor debitis sit assumenda qui aut est. Voluptatum rerum earum omnis nemo est labore suscipit pariatur. Voluptate quia ipsam asperiores aut molestiae adipisci debitis necessitatibus. Beatae quis est dolorum.',0,'India',NULL,NULL,NULL,NULL,NULL,NULL,NULL,NULL,1,0,NULL,NULL,'2026-01-31 09:42:24','2026-01-31 09:42:24'),(153,92,NULL,'Product Id Ullam Quia','product-id-ullam-quia-150',1447.92,314.62,NULL,1,NULL,NULL,NULL,'Sit maxime blanditiis sit exercitationem. Culpa fuga quia pariatur laborum. Ullam et voluptatum perferendis modi laboriosam quasi dolore. Eos omnis quae enim sint.','Est quaerat temporibus voluptates numquam ad. Iste consequatur accusamus dolorem delectus fugit et ea. Ipsam ipsa aspernatur consequatur placeat atque natus recusandae molestiae. Voluptas voluptatem ad nihil modi atque sed ut enim.\n\nUllam sunt laudantium sint. Quo vitae rerum illum et aut et. Est illum laborum veniam omnis incidunt aut.\n\nQuidem numquam labore dolore qui voluptatum non sint. Ut ratione eaque eum et voluptatibus repudiandae. Veritatis et commodi hic.',0,'India',NULL,NULL,NULL,NULL,NULL,NULL,NULL,NULL,1,0,NULL,NULL,'2026-01-31 09:42:24','2026-01-31 09:42:24'),(154,83,NULL,'Product Eligendi Ducimus Necessitatibus','product-eligendi-ducimus-necessitatibus-151',710.78,265.15,NULL,1,NULL,NULL,NULL,'Et debitis optio consequatur repellat vel aspernatur. Architecto placeat omnis id neque tempora.','Facere labore pariatur praesentium quasi. Illum eaque rem temporibus et facilis. Sit cum tempore reiciendis id accusantium veritatis vel. Vero voluptas officiis dicta molestiae eos sunt quis ea.\n\nAb atque amet quam molestiae officiis qui magnam. Nihil qui ab tempore. Velit inventore dolorem laborum veritatis iusto aperiam qui. Est autem omnis alias facilis est sequi deserunt eius. Et perspiciatis facere ullam expedita id quibusdam asperiores nemo.\n\nDolor voluptas expedita tempora fugit sed et suscipit. Molestiae maxime quia placeat libero architecto.',0,'India',NULL,NULL,NULL,NULL,NULL,NULL,NULL,NULL,1,0,NULL,NULL,'2026-01-31 09:42:24','2026-01-31 09:42:24'),(155,58,NULL,'Product Temporibus Facilis Distinctio','product-temporibus-facilis-distinctio-152',1932.44,477.75,NULL,1,NULL,NULL,NULL,'Aut aut non voluptate et sint. Quos dolor enim rem aliquid autem totam. Id quos numquam molestias mollitia nulla.','Quia debitis nemo voluptatem ut odit eos neque. Similique vel nobis consequuntur ab eum nulla sequi. Impedit enim sapiente asperiores totam omnis.\n\nAdipisci aspernatur omnis animi commodi. Numquam deserunt harum repudiandae voluptates animi officia asperiores. Ut tenetur est explicabo sint provident ab esse. Perferendis amet dolor nostrum exercitationem non voluptatem dolorem.\n\nQui expedita explicabo totam accusantium est voluptatem. Quasi odit tempore illo laborum velit quibusdam. Ipsam sint libero accusantium quia et sint.',0,'India',NULL,NULL,NULL,NULL,NULL,NULL,NULL,NULL,1,0,NULL,NULL,'2026-01-31 09:42:24','2026-01-31 09:42:24'),(156,58,NULL,'Product Fugiat Provident Autem','product-fugiat-provident-autem-153',1204.98,386.71,NULL,1,NULL,NULL,NULL,'Quaerat laborum atque omnis ut error. Qui vel voluptatem est nostrum error. Distinctio facere rem ut id voluptates sit porro. Aut vitae aliquid ut porro qui est.','Eius voluptatibus ut et eaque. Similique qui possimus eius sunt molestias est. Soluta deserunt est neque totam voluptates non consequuntur. Accusamus eaque est tempora unde minus illum dolorem qui.\n\nMinus ratione qui voluptatem possimus. Doloribus enim adipisci praesentium deleniti odit sint. Sit aut animi qui omnis praesentium beatae. Temporibus sed explicabo voluptas maiores explicabo laborum repudiandae.\n\nQuas nam exercitationem et voluptatem provident illo ipsum. Accusantium labore dolores enim nihil. Magni sint qui asperiores quod nihil aut optio. Non aperiam debitis vel cupiditate et. Qui autem maxime accusantium.',0,'India',NULL,NULL,NULL,NULL,NULL,NULL,NULL,NULL,1,0,NULL,NULL,'2026-01-31 09:42:24','2026-01-31 09:42:24'),(157,96,NULL,'Product Illum Magnam Optio','product-illum-magnam-optio-154',744.34,433.18,NULL,1,NULL,NULL,NULL,'Dicta tenetur cupiditate autem deleniti aliquid facilis. Nesciunt necessitatibus nostrum eaque ipsam et optio dolor porro. Sed recusandae molestiae natus. Eius itaque tempora dolores deleniti eius assumenda velit.','Autem maiores totam qui ullam. Exercitationem enim et cupiditate commodi ea. Quia natus sed eligendi eos esse omnis. Officiis consequuntur nisi aut. Sequi qui unde et.\n\nVoluptatem hic libero magnam laboriosam qui odit recusandae tenetur. Veniam fuga sed enim in quibusdam nostrum. Quo voluptas expedita autem aut. Reprehenderit laboriosam deserunt provident voluptatibus.\n\nReiciendis quo exercitationem velit quam beatae libero rerum. Et esse saepe expedita et tempore. Dolor eum dignissimos voluptas voluptates soluta provident.',0,'India',NULL,NULL,NULL,NULL,NULL,NULL,NULL,NULL,1,0,NULL,NULL,'2026-01-31 09:42:24','2026-01-31 09:42:24'),(158,39,NULL,'Product Quisquam Modi Rerum','product-quisquam-modi-rerum-155',1489.59,213.37,NULL,1,NULL,NULL,NULL,'Modi eius nobis alias impedit omnis sunt. Fugit sed sed ab cupiditate. Vel debitis omnis quia eius. Aspernatur voluptates tenetur et minus.','Placeat enim voluptas dolorem molestiae. Sunt rem eaque eos alias velit. Quia odit omnis voluptatem placeat ratione unde officiis.\n\nAut sit a sit consequuntur asperiores. Ducimus ut id explicabo suscipit. Quas temporibus ad sint sit architecto odio assumenda suscipit. Quia sit incidunt nostrum eaque et.\n\nVero quae enim perferendis totam cumque temporibus. Nobis quis suscipit quam possimus ut. Enim ducimus beatae voluptates illum voluptas quas. Occaecati voluptatem enim voluptates enim ut. Aut eligendi error nulla nihil quo quia.',0,'India',NULL,NULL,NULL,NULL,NULL,NULL,NULL,NULL,1,0,NULL,NULL,'2026-01-31 09:42:24','2026-01-31 09:42:24'),(159,83,NULL,'Product Itaque Temporibus Veniam','product-itaque-temporibus-veniam-156',1870.79,431.65,NULL,1,NULL,NULL,NULL,'Ea et tempore voluptates laborum cum. Voluptatibus ullam adipisci sint inventore eum modi architecto sunt. Nulla suscipit repellat quae est tempora maiores eligendi. Placeat sint nesciunt et alias sint aut quidem.','In sit nemo iusto. Aut doloremque vitae ab eveniet nisi tempore adipisci. Et laudantium et quia numquam adipisci doloribus.\n\nDicta architecto et consequatur. Accusantium excepturi velit adipisci voluptatem quod qui ipsa iusto. Molestiae nostrum vel veniam recusandae doloremque. Voluptatem debitis quod laboriosam totam ex ipsam nostrum.\n\nNihil qui commodi magnam doloribus. Voluptatem possimus et iusto omnis rem. Maiores quisquam enim doloremque asperiores odit at tenetur.',0,'India',NULL,NULL,NULL,NULL,NULL,NULL,NULL,NULL,1,0,NULL,NULL,'2026-01-31 09:42:24','2026-01-31 09:42:24'),(160,62,NULL,'Product Aut Est Expedita','product-aut-est-expedita-157',751.20,244.33,NULL,1,NULL,NULL,NULL,'Reiciendis rerum cupiditate pariatur ipsum amet. Et necessitatibus nihil sit est quae. Dolor asperiores qui dolorem natus velit beatae.','Nihil suscipit voluptatum perferendis harum esse vel et. Ipsum ea ipsam natus iste et at. Et molestiae excepturi sequi at. Dolores molestiae commodi impedit harum repellendus reprehenderit.\n\nQuam deserunt aut accusamus consequatur maxime veniam. Accusamus mollitia ut sapiente qui odit et. Natus incidunt est laudantium repudiandae ullam dolores et. Sunt similique sunt atque.\n\nImpedit itaque voluptas nemo. Nulla alias cum amet quia. Magni minus est aut inventore.',0,'India',NULL,NULL,NULL,NULL,NULL,NULL,NULL,NULL,1,0,NULL,NULL,'2026-01-31 09:42:24','2026-01-31 09:42:24'),(161,57,NULL,'Product Quia Asperiores Vitae','product-quia-asperiores-vitae-158',1726.65,414.26,NULL,1,NULL,NULL,NULL,'Nam voluptas consequatur autem ipsum rem libero. Nemo eum non occaecati non aut voluptatum qui. Nobis asperiores vero fuga adipisci debitis exercitationem ut. Aliquid nisi quam id a nobis. Nihil quo vero quis eaque delectus.','Sunt sequi officiis voluptas tenetur reprehenderit eum hic. Commodi suscipit qui at ex.\n\nSed occaecati blanditiis sint omnis voluptatibus. Provident deleniti a molestiae provident sapiente. Illum architecto qui sit nobis est cumque.\n\nDolore consequuntur officia ipsum voluptas ut. Et dolore et voluptatem. Suscipit tempore laboriosam dolores laboriosam.',0,'India',NULL,NULL,NULL,NULL,NULL,NULL,NULL,NULL,1,0,NULL,NULL,'2026-01-31 09:42:24','2026-01-31 09:42:24'),(162,69,NULL,'Product Porro Nobis Quam','product-porro-nobis-quam-159',1884.95,312.26,NULL,1,NULL,NULL,NULL,'Eius rem repudiandae facilis beatae corporis. Tempore quis quidem iure molestias vel exercitationem asperiores. Corrupti tempora non eaque.','Magnam consequatur ut nobis quo et laudantium ipsam. Tempora in beatae nobis sit. Voluptas repellat eos reiciendis voluptatem distinctio quia. Quam necessitatibus quia perferendis. Laborum ducimus nihil sunt inventore ipsa temporibus cum.\n\nError saepe quasi quod nostrum. Perferendis ut officia earum.\n\nLaboriosam assumenda autem officiis ab voluptatem. Accusamus ex sunt inventore voluptate dolor eum assumenda. Officiis eum excepturi in aut. Velit ut molestiae sunt sed illo ducimus.',0,'India',NULL,NULL,NULL,NULL,NULL,NULL,NULL,NULL,1,0,NULL,NULL,'2026-01-31 09:42:24','2026-01-31 09:42:24'),(163,57,NULL,'Product Nihil Necessitatibus Aut','product-nihil-necessitatibus-aut-160',583.10,224.02,NULL,1,NULL,NULL,NULL,'Molestiae aut itaque at molestiae minima asperiores. Eveniet error eaque temporibus et consequatur et. Rerum modi et ad ex et excepturi veniam architecto.','Ut facere non et est at. Sed omnis impedit nesciunt occaecati quos explicabo. Quisquam voluptas dolor repellat odio reprehenderit deleniti libero.\n\nQuo quibusdam pariatur eligendi doloremque neque deserunt voluptatem. Dolores officia doloremque culpa ea deleniti. A voluptatem minus et odio adipisci.\n\nVoluptate incidunt sed debitis laudantium cumque aut ea. Animi molestiae culpa dolorem voluptas. Sint tempore voluptas et illo ipsum quia.',0,'India',NULL,NULL,NULL,NULL,NULL,NULL,NULL,NULL,1,0,NULL,NULL,'2026-01-31 09:42:24','2026-01-31 09:42:24'),(164,39,NULL,'Product Est Minus Sunt','product-est-minus-sunt-161',1648.40,300.69,NULL,1,NULL,NULL,NULL,'Et qui sunt fugiat sint asperiores dolor qui. Quidem dolor architecto maxime sit repellat voluptas adipisci. Totam vitae corrupti tenetur eos consectetur quisquam. Perferendis dolores eum animi corrupti laudantium dolore. Commodi consequuntur ea et tempora.','Vel in natus et voluptatem mollitia tenetur consequatur reiciendis. Ullam possimus dolorem non dolor nobis ducimus. Qui eius velit officia et repellat unde sunt est. Odio voluptas alias ut voluptas aliquid magnam.\n\nRepudiandae omnis et illo repellat. Culpa modi repellendus odio tempore voluptatem id. Omnis laboriosam laboriosam ipsum libero neque. Officia voluptatem magnam temporibus qui sed vel non.\n\nQuis ipsam sit harum dolorem tempora autem. Pariatur sint eos ad perspiciatis quis inventore. Occaecati amet qui asperiores dicta repellendus.',0,'India',NULL,NULL,NULL,NULL,NULL,NULL,NULL,NULL,1,0,NULL,NULL,'2026-01-31 09:42:24','2026-01-31 09:42:24'),(165,49,NULL,'Product Et Ullam Tenetur','product-et-ullam-tenetur-162',1793.61,319.99,NULL,1,NULL,NULL,NULL,'Quis quis ad quia aliquid inventore. Sit eius voluptates reprehenderit totam nobis. Sed quis nostrum sapiente. Et fugiat sunt qui veniam nulla.','Quaerat inventore voluptatibus alias aut nam in. Soluta laborum nesciunt omnis nam nisi et perferendis non. Accusamus impedit minima et accusantium est.\n\nEt eum fugiat voluptatem voluptates rerum id vero est. Ullam eligendi voluptas tempore odit. Accusamus corporis omnis eum nostrum et et. Sapiente libero tempore eos non et porro veritatis.\n\nInventore consequuntur laboriosam et consequatur aut. Ut sint blanditiis et doloremque perferendis voluptas voluptatem. Cupiditate aut odio et quis hic soluta qui. Eius dolor autem molestias eos.',0,'India',NULL,NULL,NULL,NULL,NULL,NULL,NULL,NULL,1,0,NULL,NULL,'2026-01-31 09:42:24','2026-01-31 09:42:24'),(166,35,NULL,'Product Facilis Ea Velit','product-facilis-ea-velit-163',535.36,234.88,NULL,1,NULL,NULL,NULL,'Dolores sit nihil porro. Voluptate rerum quis quae omnis quam. Quis neque consequuntur consequatur id consequatur et esse. Sed voluptatem aut nihil a sunt.','Eos distinctio suscipit voluptatem et. Et et omnis eveniet fugit minus placeat molestiae. Omnis cum cumque quod sequi corporis qui magnam.\n\nUllam incidunt nulla et. Enim velit explicabo voluptatibus esse maxime est. Perspiciatis perferendis aut repellat laboriosam quibusdam.\n\nQuos ad et nam molestiae modi. Dicta pariatur eum non laudantium blanditiis labore quis. Qui vel odit quo recusandae dolorem cumque sunt.',0,'India',NULL,NULL,NULL,NULL,NULL,NULL,NULL,NULL,1,0,NULL,NULL,'2026-01-31 09:42:24','2026-01-31 09:42:24'),(167,104,NULL,'Product Sed Esse Ipsam','product-sed-esse-ipsam-164',514.40,397.40,NULL,1,NULL,NULL,NULL,'Aut accusamus voluptatem qui officiis eos ipsam voluptatibus. Error ut ad sed magnam. Est ea distinctio tenetur quam sunt asperiores.','Laborum ut dolorum doloribus rerum illum voluptatem ut necessitatibus. Quod et reiciendis cum sequi. Fugiat totam reprehenderit eaque.\n\nNam libero voluptas aut asperiores. Ea qui voluptatem nihil aut neque ipsum. Est sint maiores ut omnis quia tempore ut.\n\nSunt recusandae suscipit quasi accusantium modi ut ducimus. Aut qui ab et iure similique consequuntur. Ratione odit laborum necessitatibus ut magnam doloremque. Eos non temporibus est ea laborum odit est.',0,'India',NULL,NULL,NULL,NULL,NULL,NULL,NULL,NULL,1,0,NULL,NULL,'2026-01-31 09:42:24','2026-01-31 09:42:24'),(168,86,NULL,'Product Aut Qui Laborum','product-aut-qui-laborum-165',636.55,286.42,NULL,1,NULL,NULL,NULL,'Et repudiandae totam aut vel officiis nostrum inventore. Non in molestiae pariatur consequuntur quas quia expedita. Quaerat quisquam quo sunt in voluptas dolorem et autem.','Et voluptatem inventore magnam quas dolorem. Eligendi vitae impedit est qui omnis. Labore dolorum dicta suscipit laudantium.\n\nOfficiis et harum sed voluptas. Sit quod tempore reprehenderit doloribus dolore qui. Labore sint quo et aut et. Eos dolore eum id non.\n\nQui impedit soluta nostrum ipsa id. Maiores autem vero optio sed. Quis iste impedit voluptas velit. Similique quia et voluptate sapiente.',0,'India',NULL,NULL,NULL,NULL,NULL,NULL,NULL,NULL,1,0,NULL,NULL,'2026-01-31 09:42:24','2026-01-31 09:42:24'),(169,19,NULL,'Product Sapiente A Et','product-sapiente-a-et-166',1152.59,376.54,NULL,1,NULL,NULL,NULL,'Aut qui voluptatem et est voluptatem dolores nulla natus. Et possimus est quo ipsam nesciunt. Autem ducimus ut itaque labore. Distinctio dolores aut rem est.','Voluptatem esse aut maxime dolore adipisci nulla. Similique sunt porro commodi iste eligendi et qui. Ut laboriosam velit corporis fugit possimus et nobis. Et quis harum odio velit omnis odio.\n\nMaiores assumenda incidunt harum aliquid voluptatem consectetur. Ipsam ipsam et non nihil rerum quisquam eius. Ad voluptate ratione doloribus nisi. Non est culpa voluptates in ex hic in delectus.\n\nOdio illum deleniti et consequatur ipsa dicta inventore. Non autem quos nam consequatur alias veritatis. Laboriosam accusamus et quis et est tempora labore quibusdam. Asperiores fugit quo perferendis doloremque ullam.',0,'India',NULL,NULL,NULL,NULL,NULL,NULL,NULL,NULL,1,0,NULL,NULL,'2026-01-31 09:42:24','2026-01-31 09:42:24'),(170,57,NULL,'Product Animi Aut Accusamus','product-animi-aut-accusamus-167',792.17,481.00,NULL,1,NULL,NULL,NULL,'Nihil atque facere magnam hic rerum consequatur. Asperiores inventore dolorum et aperiam delectus natus. Iure hic adipisci rem eveniet. Vel modi sit id numquam non sit saepe. Est voluptas at explicabo est dolores.','Nemo nobis voluptas expedita error maxime. Iste in laudantium nostrum deleniti saepe praesentium. Quis eos rerum et perspiciatis sit perspiciatis est et. Quo in at totam ea exercitationem quia unde reiciendis.\n\nMagnam est iusto dolor saepe fugiat minus. Exercitationem nisi numquam iure delectus aut qui. Distinctio laudantium maxime sint nulla id maiores hic doloribus. Et aperiam id autem dolores labore sapiente.\n\nVeniam corporis consequatur excepturi et autem quis quos. Aliquid est enim laborum ullam. Doloribus inventore omnis praesentium animi inventore quam et.',0,'India',NULL,NULL,NULL,NULL,NULL,NULL,NULL,NULL,1,0,NULL,NULL,'2026-01-31 09:42:24','2026-01-31 09:42:24'),(171,40,NULL,'Product Eum Tenetur Aliquam','product-eum-tenetur-aliquam-168',1303.42,341.73,NULL,1,NULL,NULL,NULL,'Officiis reiciendis assumenda aut et et eos. Ut tenetur placeat velit amet. Hic explicabo dolorem autem numquam autem explicabo. Consequatur omnis tempore fuga harum illo et provident.','Atque a ea alias impedit et illo. Neque nobis repellendus numquam minima itaque odit corporis. Iure quia in expedita et corrupti sit. Doloremque eos asperiores fuga.\n\nMolestiae magnam aut quasi sed sit iure. Nulla omnis ad aut molestiae beatae. Nihil quia delectus optio exercitationem natus.\n\nEaque non ea eveniet consectetur assumenda laborum aut. Impedit eaque et enim rerum tempora animi. Maxime hic eius est dolores tempora beatae eius. Possimus dolorem nemo velit fugit nulla temporibus. Accusamus esse sequi fugit explicabo qui omnis molestias.',0,'India',NULL,NULL,NULL,NULL,NULL,NULL,NULL,NULL,1,0,NULL,NULL,'2026-01-31 09:42:24','2026-01-31 09:42:24'),(172,10,11,'Product Deleniti Quam Ratione','product-deleniti-quam-ratione-169',1387.68,249.15,NULL,1,NULL,NULL,NULL,'Saepe excepturi ut placeat sunt aut quod. Reprehenderit ipsa qui dolores odio cum repellat harum. Aut reiciendis iure animi autem eum ut rerum. Explicabo esse ea aut quas. Consequuntur expedita veritatis sequi est et.','Quaerat non quisquam tempore cumque quod commodi mollitia modi. Id doloribus neque voluptas voluptatem animi vel blanditiis. Ut tempore eligendi dolorem voluptatibus animi alias doloribus ex. Et dolores nam hic reiciendis expedita iste. Doloremque sed et occaecati totam.\n\nTempora quod fugit quis quis omnis veniam. Accusamus vero consequatur quia veniam est. Dolore aut nihil architecto rem.\n\nQuos et ut iusto et sunt qui neque eveniet. Sed et ex harum iusto fugiat rem. Consequatur dolores voluptatem dolor voluptas voluptatum temporibus nemo. Repellat et omnis qui id nihil.',0,'India',NULL,NULL,NULL,NULL,NULL,NULL,NULL,NULL,1,0,NULL,NULL,'2026-01-31 09:42:24','2026-01-31 09:42:24'),(173,79,NULL,'Product Non Sed Deleniti','product-non-sed-deleniti-170',1027.69,252.06,NULL,1,NULL,NULL,NULL,'Aspernatur sed omnis maiores adipisci aut alias commodi. Velit dicta exercitationem quae. Ex incidunt sint non illum.','Mollitia dolores ipsa ad non nihil expedita consequatur repellendus. Nostrum velit magni laborum eveniet veritatis aut. Earum placeat sit esse dignissimos. Laudantium aperiam laudantium rerum magnam.\n\nAutem sint aut sapiente tempora qui soluta. Eveniet et nihil vero praesentium sapiente et. Possimus consequatur modi veritatis cumque facilis voluptatem. Autem sit reprehenderit tenetur est rerum.\n\nEius explicabo vitae aut corporis. Iste qui architecto nulla magnam occaecati voluptatum. Quasi consectetur recusandae iusto neque alias hic. Et quia ut quam esse nulla fugiat expedita.',0,'India',NULL,NULL,NULL,NULL,NULL,NULL,NULL,NULL,1,0,NULL,NULL,'2026-01-31 09:42:24','2026-01-31 09:42:24'),(174,105,NULL,'Product Incidunt Neque Sapiente','product-incidunt-neque-sapiente-171',850.42,497.33,NULL,1,NULL,NULL,NULL,'Voluptas quis deleniti quidem quasi. Reprehenderit unde itaque molestiae maxime. Cumque fugit est aut aut ut. Illum voluptas minima maiores exercitationem.','Et perferendis adipisci laudantium voluptatum. Qui provident aut officia nihil. Iure dolorem quis distinctio fugiat nisi in quasi. Dolorem odio necessitatibus dolorem consequatur architecto.\n\nDolor dolor minus enim animi. Quos aut vel qui quibusdam nam.\n\nAliquid ullam fugit reprehenderit mollitia blanditiis id. Maiores itaque tenetur quidem. Sunt repudiandae est ut nobis est fuga. Assumenda eum dolores saepe nihil asperiores.',0,'India',NULL,NULL,NULL,NULL,NULL,NULL,NULL,NULL,1,0,NULL,NULL,'2026-01-31 09:42:24','2026-01-31 09:42:24'),(175,99,NULL,'Product At Eligendi Est','product-at-eligendi-est-172',739.75,307.30,NULL,1,NULL,NULL,NULL,'Est aliquam sunt non doloremque corrupti possimus ratione. Quisquam cumque delectus repudiandae. Quibusdam architecto sapiente eum est corrupti incidunt nostrum possimus. Eligendi aut sequi consequatur.','Hic sint id doloribus consequatur quia architecto nemo. Tenetur et et itaque voluptas. Ut esse eos maiores voluptas nihil molestiae voluptatem rerum.\n\nAspernatur praesentium consequatur qui aut sit beatae nihil. Deleniti suscipit sit quis repudiandae et quia id ut. Voluptatem quae dolore modi nulla laboriosam accusantium laboriosam qui. Quasi aut et incidunt quo rerum ut minima molestiae.\n\nAsperiores numquam accusamus voluptates placeat. Dolor neque officiis rem rerum. Voluptate quos beatae eaque eius odit ut tempore.',0,'India',NULL,NULL,NULL,NULL,NULL,NULL,NULL,NULL,1,0,NULL,NULL,'2026-01-31 09:42:24','2026-01-31 09:42:24'),(176,15,NULL,'Product Deserunt Veniam Dolor','product-deserunt-veniam-dolor-173',1785.78,291.10,NULL,1,NULL,NULL,NULL,'Quas officiis rerum in quo harum doloremque ut. Veniam aut blanditiis ipsa nihil. Quaerat magnam sit dolorem placeat.','Non modi quasi nostrum dicta occaecati amet. Nesciunt quo perspiciatis sit. Sint voluptatem quidem et animi fugit qui placeat. Quidem perspiciatis odio repudiandae repellendus quo.\n\nAb esse et expedita. Sapiente sapiente sint facere dicta ipsa tempora. Voluptatum aut deserunt distinctio nostrum et ipsa quia et. Id consequatur velit quia ea qui.\n\nVelit et iusto omnis perferendis quos et. Ut quis et corrupti. Accusamus consequuntur cum nisi aut qui ducimus.',0,'India',NULL,NULL,NULL,NULL,NULL,NULL,NULL,NULL,1,0,NULL,NULL,'2026-01-31 09:42:24','2026-01-31 09:42:24'),(177,19,NULL,'Product Quidem Et Excepturi','product-quidem-et-excepturi-174',1879.18,368.10,NULL,1,NULL,NULL,NULL,'Voluptas et deserunt sit aliquid facilis quo. Repellendus quasi ex laudantium a. Expedita rerum quas saepe alias alias ad voluptatum. Porro molestiae quod quae qui sed sequi tenetur autem.','Sed necessitatibus eos et sed id quod. Dolorum voluptatum optio sint. Laboriosam et placeat sint eos.\n\nSunt molestias libero temporibus veniam nisi rerum non. Dolorem nobis beatae dolore sunt consequatur facere totam. Praesentium exercitationem fugit maxime ipsam tenetur.\n\nEius numquam expedita molestias fugiat quas. Ut hic enim dolore libero voluptas consequuntur ullam. Nihil quasi rem ut est soluta ut. Praesentium nisi eaque aut soluta commodi aut.',0,'India',NULL,NULL,NULL,NULL,NULL,NULL,NULL,NULL,1,0,NULL,NULL,'2026-01-31 09:42:24','2026-01-31 09:42:24'),(178,82,NULL,'Product Fuga Libero Ut','product-fuga-libero-ut-175',743.30,395.58,NULL,1,NULL,NULL,NULL,'Repellat sed vel debitis. Doloribus aut assumenda dolorum aliquid. Quod repellendus et id et. Rerum sit ut est ipsam minima aut nihil in.','Reprehenderit ea et totam quos in itaque et. Sint hic similique ipsum enim ut.\n\nMaiores sint culpa omnis doloremque. Et tempore temporibus repellat nihil rerum at. Praesentium libero id eum aut. Natus molestiae dolor ducimus animi non.\n\nLaborum consequatur quae laborum ut. Vel consequatur architecto vero laborum voluptatem voluptatem cupiditate. Rem eaque cumque ex cumque.',0,'India',NULL,NULL,NULL,NULL,NULL,NULL,NULL,NULL,1,0,NULL,NULL,'2026-01-31 09:42:24','2026-01-31 09:42:24'),(179,77,NULL,'Product Ipsam Veniam Facere','product-ipsam-veniam-facere-176',616.91,364.14,NULL,1,NULL,NULL,NULL,'Numquam sapiente in veritatis quam. Harum velit esse blanditiis. Veniam placeat perferendis maxime aut pariatur quaerat.','Illo assumenda tenetur totam eum aperiam omnis nam. In a ad maxime saepe ut. Voluptas dolorem eos exercitationem harum voluptates quae.\n\nDolores illo sint iure vel possimus. Voluptas corporis temporibus sit recusandae incidunt molestias eius. Accusamus maxime ad dolores porro id corporis. Voluptas et provident hic illo optio amet quisquam.\n\nMolestias accusantium voluptatem ipsam dolorem et. Animi cupiditate ipsa et quia tempore. Dolore non repudiandae voluptatem quia error omnis voluptatem officiis. Asperiores vel doloribus qui reprehenderit porro nihil.',0,'India',NULL,NULL,NULL,NULL,NULL,NULL,NULL,NULL,1,0,NULL,NULL,'2026-01-31 09:42:24','2026-01-31 09:42:24'),(180,77,NULL,'Product Dolorem Magni Dolorem','product-dolorem-magni-dolorem-177',1708.22,293.39,NULL,1,NULL,NULL,NULL,'Ea alias facere nostrum maiores voluptatem quis omnis. Ea non doloremque est laudantium animi veritatis. Non aperiam ex omnis non et quibusdam. Doloremque quia nemo dolor vitae. Facere distinctio et commodi dolor voluptas aut perspiciatis.','Placeat iste molestiae quos eos temporibus. Omnis accusantium voluptas ut. Accusamus omnis nam labore quaerat. Totam voluptates sed deleniti temporibus itaque.\n\nQuod nemo velit id maxime neque alias ipsum. Autem rerum alias eaque voluptatum molestiae in sed. Alias provident non in.\n\nCommodi molestiae ad aut veritatis a quae. Et ut natus ipsam esse. Dolorum omnis inventore et consequatur. Molestiae laudantium pariatur quo aperiam nesciunt fuga.',0,'India',NULL,NULL,NULL,NULL,NULL,NULL,NULL,NULL,1,0,NULL,NULL,'2026-01-31 09:42:24','2026-01-31 09:42:24'),(181,98,NULL,'Product Vero Eos Quia','product-vero-eos-quia-178',724.05,251.27,NULL,1,NULL,NULL,NULL,'Quod occaecati in voluptatum repudiandae. Harum corrupti et inventore dolor fuga quis. Unde repudiandae consectetur inventore. Necessitatibus sed quas aut. Dolorem molestiae quia placeat omnis unde qui expedita.','Optio ipsa mollitia maiores qui accusamus. Iure soluta reiciendis quaerat similique architecto perferendis. Incidunt quos et aspernatur hic.\n\nEt eligendi quis deserunt id alias. Et cum modi aut aspernatur quis. Et necessitatibus laborum quidem rerum maiores ea.\n\nUllam aut placeat nam ea dolorum voluptatum laborum dolor. Eligendi eos occaecati et qui. Voluptas ipsam placeat ut molestias.',0,'India',NULL,NULL,NULL,NULL,NULL,NULL,NULL,NULL,1,0,NULL,NULL,'2026-01-31 09:42:24','2026-01-31 09:42:24'),(182,86,NULL,'Product Vel Sed Sed','product-vel-sed-sed-179',1821.58,296.90,NULL,1,NULL,NULL,NULL,'Aut quia nisi et quia nisi voluptatem. Labore reiciendis vitae esse similique hic occaecati. Quos iste voluptatem expedita ipsam tenetur enim.','Repudiandae quo ut a omnis provident debitis suscipit. Nesciunt similique et corrupti autem aut rem. Dolore fuga quae aut voluptatem molestiae sit soluta.\n\nIure commodi autem accusamus molestiae excepturi expedita saepe. Qui est non aut perferendis possimus qui qui.\n\nQuia sint labore et est. Ducimus deleniti ipsum sed et neque fugit. Soluta sit saepe accusantium voluptatem voluptatem optio atque.',0,'India',NULL,NULL,NULL,NULL,NULL,NULL,NULL,NULL,1,0,NULL,NULL,'2026-01-31 09:42:24','2026-01-31 09:42:24'),(183,111,NULL,'Product Recusandae Molestiae Aut','product-recusandae-molestiae-aut-180',1355.55,411.99,NULL,1,NULL,NULL,NULL,'Voluptatem expedita et reprehenderit assumenda. Culpa ut molestias similique ad architecto sunt voluptates. Vitae porro et veniam voluptas quidem odio est. Impedit dolores occaecati aut maiores.','Ducimus aut dolor provident voluptatibus autem eos id. Aut similique rerum mollitia itaque nobis repellat. Aliquam accusamus harum sit dolorem quas eveniet commodi officiis.\n\nIpsa enim vel laborum atque. Aliquid aliquid veritatis amet suscipit quo. Sunt nostrum consequuntur eos rerum enim ducimus debitis. Ipsa eos et veniam facere aut.\n\nPorro odit adipisci enim autem est qui asperiores quae. Quam nisi autem temporibus et velit nemo. Suscipit distinctio veniam id aperiam atque. Doloribus est quasi aut earum provident nihil velit.',0,'India',NULL,NULL,NULL,NULL,NULL,NULL,NULL,NULL,1,0,NULL,NULL,'2026-01-31 09:42:24','2026-01-31 09:42:24'),(184,68,NULL,'Product Suscipit Et Et','product-suscipit-et-et-181',1311.81,309.91,NULL,1,NULL,NULL,NULL,'Sunt accusantium voluptatum ut magni magni. Deserunt eveniet ut necessitatibus sunt necessitatibus tenetur et et. Quos consequatur perferendis eaque sed odio. Quia labore sunt aut.','Est et aut a. Et et dolorem reprehenderit.\n\nRerum non dolor in qui placeat. Impedit cupiditate commodi quis fugiat. Temporibus quae unde rerum dolorem. Modi voluptatibus ut a quia quo.\n\nEveniet quis suscipit quia beatae vel et et. Atque maxime voluptas necessitatibus sunt pariatur. Id officia sed consectetur ex molestias vel consequatur similique.',0,'India',NULL,NULL,NULL,NULL,NULL,NULL,NULL,NULL,1,0,NULL,NULL,'2026-01-31 09:42:24','2026-01-31 09:42:24'),(185,69,NULL,'Product Consequatur Autem Nisi','product-consequatur-autem-nisi-182',843.09,434.04,NULL,1,NULL,NULL,NULL,'Est nobis facilis laudantium veniam ullam repudiandae impedit. Facilis et cum animi eum rem et fuga. Repudiandae nihil omnis voluptas quaerat. Voluptatem voluptate placeat voluptas beatae itaque id et.','Rerum et qui reiciendis recusandae hic inventore consequatur sed. Voluptatem voluptas sit eveniet qui dolorem quibusdam ut. Molestiae sint eveniet itaque sequi ab aut. Aut totam iste eligendi inventore tempore voluptates.\n\nFugit enim quae aliquam quia ab. Dolorem et facilis eligendi velit ex. Sed reiciendis consequuntur nemo tempore exercitationem dolor velit dolor. Enim porro cupiditate autem nulla tempore pariatur voluptates.\n\nQuia omnis corporis tempora est incidunt consequatur necessitatibus laboriosam. Eos dignissimos autem alias ut saepe assumenda. Commodi magni alias qui. Sunt error tempora qui corrupti at velit in.',0,'India',NULL,NULL,NULL,NULL,NULL,NULL,NULL,NULL,1,0,NULL,NULL,'2026-01-31 09:42:24','2026-01-31 09:42:24'),(186,75,NULL,'Product Doloribus Sunt Aut','product-doloribus-sunt-aut-183',1966.30,334.58,NULL,1,NULL,NULL,NULL,'Sit tempora quia repellendus in. Odit architecto possimus quidem laborum a. Et minus adipisci et placeat magnam et iusto. Temporibus aliquid quam harum nisi. Earum voluptas sunt odit repudiandae aut animi optio.','Ut ea alias ut id et. Voluptatem assumenda quia ut et. Hic in aut nesciunt magni.\n\nTenetur accusantium eos at ea vel nulla possimus. Quae debitis culpa repellat voluptas. Sit omnis impedit recusandae rerum corrupti odio beatae. Architecto omnis mollitia et sint ducimus quo.\n\nRem id eveniet placeat sapiente omnis sint accusamus. Necessitatibus sapiente cumque unde id animi. Inventore et quis id corrupti suscipit minima soluta. Est repellat facere molestiae odit.',0,'India',NULL,NULL,NULL,NULL,NULL,NULL,NULL,NULL,1,0,NULL,NULL,'2026-01-31 09:42:24','2026-01-31 09:42:24'),(187,109,NULL,'Product Consequatur Facere Eligendi','product-consequatur-facere-eligendi-184',1987.69,463.07,NULL,1,NULL,NULL,NULL,'Et et laborum atque molestias similique. Inventore et libero laboriosam culpa vitae esse blanditiis. Sed est consequatur labore. Voluptatum voluptatem eligendi earum necessitatibus porro dolor delectus nobis. Quae iste sed magni officiis.','In assumenda nam animi unde. Suscipit vitae sapiente porro aut non. Numquam dolor occaecati aliquam quo.\n\nPossimus fuga maiores sapiente facere. Qui eligendi accusantium et officiis ut non.\n\nEt id perferendis doloremque architecto qui dolore. Eligendi in dolor fugiat et voluptatem ea. Molestias aperiam velit rerum. Tenetur quia dolorem et ab quos.',0,'India',NULL,NULL,NULL,NULL,NULL,NULL,NULL,NULL,1,0,NULL,NULL,'2026-01-31 09:42:24','2026-01-31 09:42:24'),(188,99,NULL,'Product Expedita A Voluptatem','product-expedita-a-voluptatem-185',1032.54,484.53,NULL,1,NULL,NULL,NULL,'Laudantium cupiditate sit quia at quia ex harum. Eos et error officiis quis veritatis harum. Quaerat excepturi ipsum atque laboriosam et. Ut et repellat et sit vel odit necessitatibus qui.','Non dolor est aliquam quae reprehenderit et. Similique facere quod eos. Eum dolorem consequatur commodi minima pariatur aut ut fugiat.\n\nSoluta et ipsa dignissimos ipsam aut sed corrupti. Itaque et aliquam maiores in cum sint voluptatem. Quidem debitis repudiandae totam et debitis. Et quas autem consectetur quo non in.\n\nFacilis expedita fuga dolores et explicabo earum officiis iusto. Ut quas ea atque sunt animi sed. Sint autem inventore qui dolores. Expedita veritatis rerum pariatur et accusamus. Aspernatur et qui iure id sit necessitatibus sit.',0,'India',NULL,NULL,NULL,NULL,NULL,NULL,NULL,NULL,1,0,NULL,NULL,'2026-01-31 09:42:24','2026-01-31 09:42:24'),(189,29,NULL,'Product Est Libero Veritatis','product-est-libero-veritatis-186',1526.39,230.47,NULL,1,NULL,NULL,NULL,'Repellendus similique voluptates quae qui similique totam. Nam qui assumenda dignissimos voluptas vel enim. Culpa in reprehenderit eius. Exercitationem libero deserunt ea neque possimus quas quas.','Sed iusto quaerat aliquid aut omnis ab. Nisi eos ut aliquid ducimus. Sunt et sunt non. Nam quia odit et assumenda rerum. Aliquid aliquam voluptatum nemo facilis.\n\nAut amet eveniet dicta magni. Molestiae eaque vel expedita nihil nihil et. Aliquam possimus id odit explicabo at. Assumenda modi praesentium qui doloribus velit quae.\n\nAd sed sint saepe blanditiis amet quia. Totam autem vitae dicta dolorem officia aliquam eius veniam. Voluptatem a natus neque laudantium sed tempora nemo minus.',0,'India',NULL,NULL,NULL,NULL,NULL,NULL,NULL,NULL,1,0,NULL,NULL,'2026-01-31 09:42:24','2026-01-31 09:42:24'),(190,56,NULL,'Product Tempora Mollitia Perspiciatis','product-tempora-mollitia-perspiciatis-187',1991.42,493.92,NULL,1,NULL,NULL,NULL,'Porro alias rem est necessitatibus et eos. Totam consequatur nobis voluptas sunt suscipit id minus itaque. Quibusdam saepe libero excepturi. Non voluptates autem quis quibusdam voluptas ut quis et.','Qui ut rerum eveniet in eveniet blanditiis nulla quia. Nam officia ab deleniti deleniti molestiae. Ut qui aspernatur qui quos quam. Esse occaecati dolorum magni.\n\nNihil ducimus ipsum neque et. Reiciendis nesciunt fuga sunt. Reiciendis aspernatur velit facilis temporibus quia cumque ut. Ab optio sint ut vel assumenda ut.\n\nMinima voluptatum ex praesentium blanditiis odio sint ut. Facilis possimus incidunt quaerat iste accusamus. Ea pariatur iste quasi fuga eius debitis.',0,'India',NULL,NULL,NULL,NULL,NULL,NULL,NULL,NULL,1,0,NULL,NULL,'2026-01-31 09:42:24','2026-01-31 09:42:24'),(191,102,NULL,'Product Voluptate Magnam Sint','product-voluptate-magnam-sint-188',958.18,308.11,NULL,1,NULL,NULL,NULL,'Voluptatem nulla eligendi esse. Ut tenetur ex omnis ab numquam sapiente vel cupiditate. Et eum voluptatibus soluta qui nemo. Commodi ut velit sed consequatur enim eos.','Neque eum assumenda ea placeat est deserunt quisquam. Eligendi sed id commodi voluptate. Explicabo qui iste quidem praesentium ipsa.\n\nSed aliquid sed distinctio pariatur fugit non. Itaque rerum quis aliquid sit. Magnam blanditiis enim sit voluptas.\n\nAtque molestiae commodi minima quibusdam doloremque impedit. Aliquid quaerat sunt consequatur est saepe est. Facere impedit animi quibusdam voluptatum. Aliquid aut facilis voluptatem culpa dolor beatae.',0,'India',NULL,NULL,NULL,NULL,NULL,NULL,NULL,NULL,1,0,NULL,NULL,'2026-01-31 09:42:24','2026-01-31 09:42:24'),(192,60,NULL,'Product Nihil Ea Distinctio','product-nihil-ea-distinctio-189',1271.18,466.48,NULL,1,NULL,NULL,NULL,'Autem consequatur id voluptas provident voluptatem nesciunt in. Voluptas aspernatur ipsa sunt voluptates. Et laborum fugit repudiandae eligendi ut eos et.','Accusamus repellendus perspiciatis rerum quos aut. Eos velit neque rerum nulla fuga.\n\nMolestiae recusandae iste ut cumque esse consectetur debitis expedita. Minus beatae occaecati voluptas quia totam. Nulla enim aut qui.\n\nEt quasi sit pariatur odit voluptatibus dignissimos. Et non possimus laboriosam nobis. Voluptates consequatur odit tempore corporis vero perferendis. Soluta voluptates dolore ut eos consequatur.',0,'India',NULL,NULL,NULL,NULL,NULL,NULL,NULL,NULL,1,0,NULL,NULL,'2026-01-31 09:42:24','2026-01-31 09:42:24'),(193,110,NULL,'Product Amet Doloribus Quia','product-amet-doloribus-quia-190',1935.02,253.66,NULL,1,NULL,NULL,NULL,'Magni et dolor dolorem rerum magni sit. Excepturi dolorem officia aperiam. Est qui iusto labore. Facere et quia ipsa porro iure architecto.','Minima eveniet dolorum consequatur qui voluptatum mollitia aliquid. Sunt ea dignissimos qui minus quia enim. Suscipit voluptas officiis aspernatur illo.\n\nMolestiae non nobis cupiditate ex accusamus. Ut adipisci rem maiores perspiciatis architecto. Molestias et nihil rerum omnis nulla ea sed id.\n\nVoluptatem consequuntur dolores distinctio. Qui eaque rem facere. Dolor amet occaecati et quia eveniet aut.',0,'India',NULL,NULL,NULL,NULL,NULL,NULL,NULL,NULL,1,0,NULL,NULL,'2026-01-31 09:42:24','2026-01-31 09:42:24'),(194,75,NULL,'Product Dolores Deleniti Architecto','product-dolores-deleniti-architecto-191',1871.76,405.01,NULL,1,NULL,NULL,NULL,'Ut eum quae quis. Debitis dolorem mollitia quam quaerat.','Aliquid eos qui molestiae culpa. Tenetur dolores fugit possimus qui voluptate quis.\n\nQuos rem ut dolor perferendis. Omnis eum quia est quas. Ea qui voluptas nisi quisquam nobis nemo.\n\nHarum consequatur possimus libero placeat. Aut assumenda impedit consectetur id et. Quod nam odio neque voluptatem eos debitis doloremque. Tenetur cupiditate culpa exercitationem quia temporibus.',0,'India',NULL,NULL,NULL,NULL,NULL,NULL,NULL,NULL,1,0,NULL,NULL,'2026-01-31 09:42:24','2026-01-31 09:42:24'),(195,100,NULL,'Product Quaerat Ut Corporis','product-quaerat-ut-corporis-192',1460.43,346.68,NULL,1,NULL,NULL,NULL,'Quo et sapiente repellat rerum. Non dicta nemo iste. Autem maiores corporis cumque iure soluta saepe ut.','Veniam alias perferendis velit ipsum maxime. Aperiam voluptates rerum voluptas molestiae. Laudantium quisquam maxime consectetur omnis provident.\n\nImpedit aspernatur sit iure nostrum ducimus. Et quod iste cupiditate impedit eos voluptatum. Recusandae et ut consequatur veniam.\n\nReprehenderit in nobis commodi optio exercitationem porro. Ullam sequi dolorem quae tenetur. Possimus dolores possimus omnis dicta dolor ea magni. Aut officia magni eius.',0,'India',NULL,NULL,NULL,NULL,NULL,NULL,NULL,NULL,1,0,NULL,NULL,'2026-01-31 09:42:24','2026-01-31 09:42:24'),(196,88,NULL,'Product Nam Vel Quia','product-nam-vel-quia-193',1261.19,422.04,NULL,1,NULL,NULL,NULL,'Qui eius repudiandae maxime ea deleniti amet. Corrupti et autem enim sunt autem rerum. Ipsum quam quo accusantium hic quo. Voluptatum incidunt aliquam dolorem exercitationem.','Laborum voluptas perferendis voluptatem odit optio id. Et quia magnam repellendus explicabo nulla. Suscipit maiores perferendis ipsam dolorem.\n\nVoluptatem quisquam rem non earum ut corrupti incidunt saepe. Nobis ratione quisquam mollitia rerum. Nesciunt quisquam modi labore quisquam voluptatem. Repudiandae vel praesentium aspernatur dignissimos quibusdam itaque.\n\nAd doloribus dolores excepturi impedit voluptatum. Neque qui dolor eos natus suscipit.',0,'India',NULL,NULL,NULL,NULL,NULL,NULL,NULL,NULL,1,0,NULL,NULL,'2026-01-31 09:42:24','2026-01-31 09:42:24'),(197,22,NULL,'Product Enim Iusto Et','product-enim-iusto-et-194',1429.90,416.54,NULL,1,NULL,NULL,NULL,'Iure maxime et hic tempora rem dolorem. Doloribus dignissimos quam qui sit saepe labore est. Dicta quo deserunt distinctio praesentium. Provident aut eos in voluptas ratione hic praesentium sint.','Et illum quam eos maiores perspiciatis porro quis. Tempora sit ut magnam fuga. Perspiciatis consequuntur illo veniam perspiciatis nemo.\n\nEt numquam dolor aut vitae numquam in. Placeat corrupti et velit cupiditate modi. Quos cumque veniam animi beatae.\n\nPorro accusamus soluta ex odit quia aliquam. Nulla magni voluptas non et fugiat non in voluptas. Labore voluptatibus hic quibusdam.',0,'India',NULL,NULL,NULL,NULL,NULL,NULL,NULL,NULL,1,0,NULL,NULL,'2026-01-31 09:42:24','2026-01-31 09:42:24'),(198,42,NULL,'Product Maxime Qui Aut','product-maxime-qui-aut-195',1101.13,328.31,NULL,1,NULL,NULL,NULL,'Itaque sunt excepturi ut nihil error a voluptates eaque. Qui dolor adipisci temporibus doloribus ut assumenda deleniti. Ab sint optio tempore odit nobis perferendis odio. Nulla eius nisi deserunt officiis sunt quasi.','Ipsa et ad ipsam sed perspiciatis tenetur. Repudiandae et excepturi corporis quaerat voluptates. Et et nihil quos amet corrupti et sed. Dolor accusamus possimus labore quia.\n\nFuga enim dicta ratione natus eos autem. Odit doloremque doloremque velit rerum. Nihil alias et tempora dolores. In culpa veritatis sequi et consequatur nobis.\n\nAut rem labore culpa modi. Et error omnis minima velit rerum porro reiciendis.',0,'India',NULL,NULL,NULL,NULL,NULL,NULL,NULL,NULL,1,0,NULL,NULL,'2026-01-31 09:42:24','2026-01-31 09:42:24'),(199,34,NULL,'Product Voluptatum Sed Est','product-voluptatum-sed-est-196',906.03,376.21,NULL,1,NULL,NULL,NULL,'Officiis quaerat temporibus voluptatem quo consequatur molestiae. Voluptas id qui numquam omnis eveniet incidunt fuga. Non voluptate error minima consequuntur. Et voluptate nostrum ut.','Rerum doloremque aliquam et soluta. Soluta minima odit distinctio facilis.\n\nMollitia distinctio est iste quos est. Eum eveniet assumenda enim nobis laboriosam tenetur. Pariatur voluptatum fuga et et dolorum.\n\nIure recusandae asperiores ipsa aliquam. Ad cupiditate dolor omnis et. Ratione sequi aliquam ea numquam quia minima ipsam. Rerum est neque ad sed rem.',0,'India',NULL,NULL,NULL,NULL,NULL,NULL,NULL,NULL,1,0,NULL,NULL,'2026-01-31 09:42:24','2026-01-31 09:42:24'),(200,72,NULL,'Product Deserunt Amet Provident','product-deserunt-amet-provident-197',943.25,228.34,NULL,1,NULL,NULL,NULL,'Aut perspiciatis rerum esse minus. Qui maxime qui dignissimos qui rerum aut animi. Est sed debitis nobis. Sit repudiandae blanditiis consequatur quam accusantium autem ut placeat.','Ea velit molestias velit autem velit. Officiis deserunt autem modi sequi.\n\nEnim cupiditate ut ut distinctio delectus culpa eos. Ipsa quos est vitae vitae sequi aut velit. Nobis ullam veniam ut impedit labore est nulla. Voluptas exercitationem commodi dolores rem eaque animi molestias.\n\nAut consectetur architecto maiores et. Debitis distinctio rerum iure animi omnis. Dolor perferendis animi reprehenderit et qui ut.',0,'India',NULL,NULL,NULL,NULL,NULL,NULL,NULL,NULL,1,0,NULL,NULL,'2026-01-31 09:42:25','2026-01-31 09:42:25'),(201,25,NULL,'Product Error Ea Omnis','product-error-ea-omnis-198',657.29,344.53,NULL,1,NULL,NULL,NULL,'Eligendi aspernatur voluptatem autem doloribus. Nulla voluptate dolor neque et.','Fugiat sit dolores voluptatem eum. Vel laboriosam aut voluptatem voluptatem. Sunt dolores perferendis odit in et. Odit nihil cupiditate a quas.\n\nDistinctio tenetur sapiente non quas repudiandae eum. Porro nemo laborum magnam consequatur modi ea reiciendis commodi. Rerum ea molestiae ut dolores non voluptate sed. Qui repudiandae consequatur ratione ut dolorum omnis. Iure aut qui sint animi.\n\nEsse dolore id ullam. Rerum et commodi sint ratione. Autem cupiditate temporibus voluptates cum. Tempore consequatur doloribus quidem perferendis reiciendis explicabo sed sunt.',0,'India',NULL,NULL,NULL,NULL,NULL,NULL,NULL,NULL,1,0,NULL,NULL,'2026-01-31 09:42:25','2026-01-31 09:42:25'),(202,44,NULL,'Product Omnis Cupiditate Tempora','product-omnis-cupiditate-tempora-199',580.22,409.58,NULL,1,NULL,NULL,NULL,'Odit cum magnam officiis illo quos rem. Sed voluptates exercitationem ab dicta sed eveniet. Iste et dolore facilis magni in.','Explicabo nemo veritatis est iusto nobis laboriosam perferendis. Ut excepturi est ut minus. Veniam quos a sunt commodi. Repellendus iure et optio dolore. Laboriosam autem accusamus sequi itaque hic qui quod.\n\nQuos consequatur dolores porro. Laudantium dicta fuga autem hic eos temporibus at. Fugiat maxime quia omnis doloribus eaque.\n\nIn maxime et et deserunt. Aut a et vero porro.',0,'India',NULL,NULL,NULL,NULL,NULL,NULL,NULL,NULL,1,0,NULL,NULL,'2026-01-31 09:42:25','2026-01-31 09:42:25'),(203,35,NULL,'Product Et Aut Vel','product-et-aut-vel-200',608.16,271.97,NULL,1,NULL,NULL,NULL,'Voluptatum odio ut eaque aut odio veritatis ex. Recusandae nisi rerum impedit sapiente. Quia sint nulla similique optio necessitatibus fugiat.','Excepturi molestias rem provident commodi quis distinctio ducimus saepe. Perferendis aliquam fugit a.\n\nVitae enim est tenetur error aliquam corrupti aperiam. Soluta repudiandae magni cupiditate non delectus autem sed. Rerum eligendi earum maxime praesentium iste quia quae voluptas. Cupiditate soluta eum dolorum aspernatur eos possimus.\n\nSapiente quo perferendis error aut ullam voluptatibus. Iste sunt accusantium itaque tempora. Dolorum ducimus ea et. Vel voluptatum alias consequatur expedita quod illum.',0,'India',NULL,NULL,NULL,NULL,NULL,NULL,NULL,NULL,1,0,NULL,NULL,'2026-01-31 09:42:25','2026-01-31 09:42:25');

--
-- Table structure for table `promotional_banners`
--

CREATE TABLE `promotional_banners` (
  `id` bigint unsigned NOT NULL AUTO_INCREMENT,
  `image_path` varchar(255) COLLATE utf8mb4_unicode_ci NOT NULL,
  `link_url` varchar(255) COLLATE utf8mb4_unicode_ci DEFAULT NULL,
  `status` tinyint(1) NOT NULL DEFAULT '1',
  `created_at` timestamp NULL DEFAULT NULL,
  `updated_at` timestamp NULL DEFAULT NULL,
  PRIMARY KEY (`id`)
) ENGINE=InnoDB DEFAULT CHARSET=utf8mb4 COLLATE=utf8mb4_unicode_ci;

--
-- Dumping data for table `promotional_banners`
--


--
-- Table structure for table `qualifications`
--

CREATE TABLE `qualifications` (
  `id` bigint unsigned NOT NULL AUTO_INCREMENT,
  `name` varchar(255) COLLATE utf8mb4_unicode_ci NOT NULL,
  `status` tinyint(1) NOT NULL DEFAULT '1',
  `created_at` timestamp NULL DEFAULT NULL,
  `updated_at` timestamp NULL DEFAULT NULL,
  PRIMARY KEY (`id`)
) ENGINE=InnoDB AUTO_INCREMENT=52 DEFAULT CHARSET=utf8mb4 COLLATE=utf8mb4_unicode_ci;

--
-- Dumping data for table `qualifications`
--

INSERT INTO `qualifications` VALUES (1,'Ph.D. in Astrology',1,'2026-01-27 04:18:50','2026-01-27 04:18:50'),(2,'Master in Vedic Astrology',1,'2026-01-27 04:18:50','2026-01-27 04:18:50'),(3,'B.A. in Sanskrit',1,'2026-01-27 04:18:50','2026-01-27 04:18:50'),(4,'M.A. in Sanskrit',1,'2026-01-27 04:18:50','2026-01-27 04:18:50'),(5,'Jyotish Praveena',1,'2026-01-27 04:18:50','2026-01-27 04:18:50'),(6,'Jyotish Visharada',1,'2026-01-27 04:18:50','2026-01-27 04:18:50'),(7,'Jyotish Bhushan',1,'2026-01-27 04:18:50','2026-01-27 04:18:50'),(8,'Jyotish Ratna',1,'2026-01-27 04:18:50','2026-01-27 04:18:50'),(9,'Jyotish Shastracharya',1,'2026-01-27 04:18:50','2026-01-27 04:18:50'),(10,'Diploma in Vastu Shastra',1,'2026-01-27 04:18:50','2026-01-27 04:18:50'),(11,'Advanced Vastu Consultant',1,'2026-01-27 04:18:50','2026-01-27 04:18:50'),(12,'Numerology Specialist Certificate',1,'2026-01-27 04:18:50','2026-01-27 04:18:50'),(13,'Palmistry Expert Diploma',1,'2026-01-27 04:18:50','2026-01-27 04:18:50'),(14,'Certified Tarot Card Reader',1,'2026-01-27 04:18:50','2026-01-27 04:18:50'),(15,'Gemology Graduate Degree',1,'2026-01-27 04:18:50','2026-01-27 04:18:50'),(16,'Master of Arts (M.A.)',1,'2026-01-27 04:18:50','2026-01-27 04:18:50'),(17,'Bachelor of Arts (B.A.)',1,'2026-01-27 04:18:50','2026-01-27 04:18:50'),(18,'Master of Science (M.Sc.)',1,'2026-01-27 04:18:50','2026-01-27 04:18:50'),(19,'Bachelor of Science (B.Sc.)',1,'2026-01-27 04:18:50','2026-01-27 04:18:50'),(20,'Master of Commerce (M.Com.)',1,'2026-01-27 04:18:50','2026-01-27 04:18:50'),(21,'Bachelor of Commerce (B.Com.)',1,'2026-01-27 04:18:50','2026-01-27 04:18:50'),(22,'Bachelor of Education (B.Ed.)',1,'2026-01-27 04:18:50','2026-01-27 04:18:50'),(23,'Master of Education (M.Ed.)',1,'2026-01-27 04:18:50','2026-01-27 04:18:50'),(24,'B.Tech in Computer Science',1,'2026-01-27 04:18:50','2026-01-27 04:18:50'),(25,'M.Tech in Engineering',1,'2026-01-27 04:18:50','2026-01-27 04:18:50'),(26,'M.B.A. in Human Resources',1,'2026-01-27 04:18:50','2026-01-27 04:18:50'),(27,'M.B.A. in Marketing',1,'2026-01-27 04:18:50','2026-01-27 04:18:50'),(28,'M.B.A. in Finance',1,'2026-01-27 04:18:50','2026-01-27 04:18:50'),(29,'B.B.A. Management',1,'2026-01-27 04:18:50','2026-01-27 04:18:50'),(30,'P.G. Diploma in Astrology',1,'2026-01-27 04:18:50','2026-01-27 04:18:50'),(31,'Certificate in Lal Kitab',1,'2026-01-27 04:18:50','2026-01-27 04:18:50'),(32,'Nadi Astrology Specialist',1,'2026-01-27 04:18:50','2026-01-27 04:18:50'),(33,'KP Astrology Practitioner',1,'2026-01-27 04:18:50','2026-01-27 04:18:50'),(34,'Western Astrology Expert',1,'2026-01-27 04:18:50','2026-01-27 04:18:50'),(35,'Medical Astrology Consultant',1,'2026-01-27 04:18:50','2026-01-27 04:18:50'),(36,'Mundane Astrology Specialist',1,'2026-01-27 04:18:50','2026-01-27 04:18:50'),(37,'Diploma in Yoga and Meditation',1,'2026-01-27 04:18:50','2026-01-27 04:18:50'),(38,'Certified Yoga Instructor',1,'2026-01-27 04:18:50','2026-01-27 04:18:50'),(39,'M.A. in Philosophy',1,'2026-01-27 04:18:50','2026-01-27 04:18:50'),(40,'M.A. in Psychology',1,'2026-01-27 04:18:50','2026-01-27 04:18:50'),(41,'Bachelor of Law (LL.B.)',1,'2026-01-27 04:18:50','2026-01-27 04:18:50'),(42,'Master of Law (LL.M.)',1,'2026-01-27 04:18:50','2026-01-27 04:18:50'),(43,'Doctor Of Medicine (M.D.)',1,'2026-01-27 04:18:50','2026-01-27 04:18:50'),(44,'Bachelor of Homeopathic Medicine (BHMS)',1,'2026-01-27 04:18:50','2026-01-27 04:18:50'),(45,'Bachelor of Ayurvedic Medicine (BAMS)',1,'2026-01-27 04:18:50','2026-01-27 04:18:50'),(46,'Reiki Master Healer',1,'2026-01-27 04:18:50','2026-01-27 04:18:50'),(47,'Pranic Healing Specialist',1,'2026-01-27 04:18:50','2026-01-27 04:18:50'),(48,'Acupressure Practitioner',1,'2026-01-27 04:18:50','2026-01-27 04:18:50'),(49,'Hypnotherapy Certification',1,'2026-01-27 04:18:50','2026-01-27 04:18:50'),(50,'Spiritual Life Coach',1,'2026-01-27 04:18:50','2026-01-27 04:18:50'),(51,'Corporate Astrology Consultant',1,'2026-01-27 04:18:50','2026-01-27 04:18:50');

--
-- Table structure for table `recharge_packages`
--

CREATE TABLE `recharge_packages` (
  `id` bigint unsigned NOT NULL AUTO_INCREMENT,
  `amount` decimal(10,2) NOT NULL,
  `talktime` int NOT NULL COMMENT 'Talktime in minutes',
  `validity_months` int NOT NULL DEFAULT '0',
  `is_cashback` tinyint(1) NOT NULL DEFAULT '0',
  `cashback_amount` decimal(10,2) NOT NULL DEFAULT '0.00',
  `is_taxable` tinyint(1) NOT NULL DEFAULT '0',
  `tax_percentage` decimal(5,2) NOT NULL DEFAULT '0.00',
  `status` enum('active','inactive') COLLATE utf8mb4_unicode_ci NOT NULL DEFAULT 'active',
  `created_at` timestamp NULL DEFAULT NULL,
  `updated_at` timestamp NULL DEFAULT NULL,
  PRIMARY KEY (`id`)
) ENGINE=InnoDB AUTO_INCREMENT=3 DEFAULT CHARSET=utf8mb4 COLLATE=utf8mb4_unicode_ci;

--
-- Dumping data for table `recharge_packages`
--

INSERT INTO `recharge_packages` VALUES (1,1000.00,59,12,1,100.00,1,18.00,'active','2026-01-27 23:17:46','2026-01-27 23:18:31'),(2,2000.00,120,12,0,0.00,1,18.00,'active','2026-01-27 23:18:21','2026-01-27 23:18:21');

--
-- Table structure for table `reseller_applications`
--

CREATE TABLE `reseller_applications` (
  `id` bigint unsigned NOT NULL AUTO_INCREMENT,
  `user_id` bigint unsigned DEFAULT NULL,
  `name` varchar(255) CHARACTER SET utf8mb4 COLLATE utf8mb4_unicode_ci NOT NULL,
  `email` varchar(255) CHARACTER SET utf8mb4 COLLATE utf8mb4_unicode_ci NOT NULL,
  `phone` varchar(255) CHARACTER SET utf8mb4 COLLATE utf8mb4_unicode_ci NOT NULL,
  `address` text CHARACTER SET utf8mb4 COLLATE utf8mb4_unicode_ci NOT NULL,
  `city` varchar(255) CHARACTER SET utf8mb4 COLLATE utf8mb4_unicode_ci NOT NULL,
  `state` varchar(255) CHARACTER SET utf8mb4 COLLATE utf8mb4_unicode_ci NOT NULL,
  `postal_code` varchar(255) CHARACTER SET utf8mb4 COLLATE utf8mb4_unicode_ci NOT NULL,
  `company_name` varchar(255) CHARACTER SET utf8mb4 COLLATE utf8mb4_unicode_ci NOT NULL,
  `company_website` varchar(255) CHARACTER SET utf8mb4 COLLATE utf8mb4_unicode_ci DEFAULT NULL,
  `gst_number` varchar(255) CHARACTER SET utf8mb4 COLLATE utf8mb4_unicode_ci NOT NULL,
  `status` enum('pending','approved','rejected') CHARACTER SET utf8mb4 COLLATE utf8mb4_unicode_ci NOT NULL DEFAULT 'pending',
  `admin_notes` text CHARACTER SET utf8mb4 COLLATE utf8mb4_unicode_ci,
  `created_at` timestamp NULL DEFAULT NULL,
  `updated_at` timestamp NULL DEFAULT NULL,
  PRIMARY KEY (`id`),
  KEY `reseller_applications_user_id_foreign` (`user_id`),
  CONSTRAINT `reseller_applications_user_id_foreign` FOREIGN KEY (`user_id`) REFERENCES `users` (`id`) ON DELETE SET NULL
) ENGINE=InnoDB DEFAULT CHARSET=utf8mb4 COLLATE=utf8mb4_unicode_ci;

--
-- Dumping data for table `reseller_applications`
--


--
-- Table structure for table `resellers`
--

CREATE TABLE `resellers` (
  `id` bigint unsigned NOT NULL AUTO_INCREMENT,
  `user_id` bigint unsigned NOT NULL,
  `company_name` varchar(255) CHARACTER SET utf8mb4 COLLATE utf8mb4_unicode_ci DEFAULT NULL,
  `gst_number` varchar(255) CHARACTER SET utf8mb4 COLLATE utf8mb4_unicode_ci DEFAULT NULL,
  `phone` varchar(255) CHARACTER SET utf8mb4 COLLATE utf8mb4_unicode_ci DEFAULT NULL,
  `address` text CHARACTER SET utf8mb4 COLLATE utf8mb4_unicode_ci,
  `city` varchar(255) CHARACTER SET utf8mb4 COLLATE utf8mb4_unicode_ci DEFAULT NULL,
  `state` varchar(255) CHARACTER SET utf8mb4 COLLATE utf8mb4_unicode_ci DEFAULT NULL,
  `country` varchar(255) CHARACTER SET utf8mb4 COLLATE utf8mb4_unicode_ci NOT NULL DEFAULT 'India',
  `pincode` varchar(255) CHARACTER SET utf8mb4 COLLATE utf8mb4_unicode_ci DEFAULT NULL,
  `logo_path` varchar(255) CHARACTER SET utf8mb4 COLLATE utf8mb4_unicode_ci DEFAULT NULL,
  `created_at` timestamp NULL DEFAULT NULL,
  `updated_at` timestamp NULL DEFAULT NULL,
  PRIMARY KEY (`id`),
  KEY `resellers_user_id_foreign` (`user_id`),
  CONSTRAINT `resellers_user_id_foreign` FOREIGN KEY (`user_id`) REFERENCES `users` (`id`) ON DELETE CASCADE
) ENGINE=InnoDB DEFAULT CHARSET=utf8mb4 COLLATE=utf8mb4_unicode_ci;

--
-- Dumping data for table `resellers`
--


--
-- Table structure for table `reviews`
--

CREATE TABLE `reviews` (
  `id` bigint unsigned NOT NULL AUTO_INCREMENT,
  `user_id` bigint unsigned NOT NULL,
  `astrologer_id` bigint unsigned NOT NULL,
  `rating` int NOT NULL,
  `comment` text COLLATE utf8mb4_unicode_ci,
  `is_public` tinyint(1) NOT NULL DEFAULT '1',
  `created_at` timestamp NULL DEFAULT NULL,
  `updated_at` timestamp NULL DEFAULT NULL,
  PRIMARY KEY (`id`),
  KEY `reviews_user_id_foreign` (`user_id`),
  KEY `reviews_astrologer_id_foreign` (`astrologer_id`),
  CONSTRAINT `reviews_astrologer_id_foreign` FOREIGN KEY (`astrologer_id`) REFERENCES `users` (`id`) ON DELETE CASCADE,
  CONSTRAINT `reviews_user_id_foreign` FOREIGN KEY (`user_id`) REFERENCES `users` (`id`) ON DELETE CASCADE
) ENGINE=InnoDB AUTO_INCREMENT=3 DEFAULT CHARSET=utf8mb4 COLLATE=utf8mb4_unicode_ci;

--
-- Dumping data for table `reviews`
--

INSERT INTO `reviews` VALUES (1,3,2,4,'Amazing session! Very insightful and accurate predictions. Highly recommended.',1,'2026-01-28 00:53:31','2026-01-28 00:53:31'),(2,4,2,5,'Amazing session! Very insightful and accurate predictions. Highly recommended.',1,'2026-01-28 00:53:31','2026-01-28 00:53:31');

--
-- Table structure for table `scategories`
--

CREATE TABLE `scategories` (
  `id` bigint unsigned NOT NULL AUTO_INCREMENT,
  `parent_id` bigint unsigned DEFAULT NULL,
  `name` varchar(255) COLLATE utf8mb4_unicode_ci NOT NULL,
  `slug` varchar(255) COLLATE utf8mb4_unicode_ci NOT NULL,
  `image` varchar(255) COLLATE utf8mb4_unicode_ci DEFAULT NULL,
  `schema_markup` text COLLATE utf8mb4_unicode_ci,
  `seo_title` varchar(60) COLLATE utf8mb4_unicode_ci DEFAULT NULL,
  `meta_description` text COLLATE utf8mb4_unicode_ci,
  `breadcrumbs_title` varchar(255) COLLATE utf8mb4_unicode_ci DEFAULT NULL,
  `canonical_url` varchar(255) COLLATE utf8mb4_unicode_ci DEFAULT NULL,
  `nofollow` tinyint(1) NOT NULL DEFAULT '0',
  `status` enum('active','inactive') COLLATE utf8mb4_unicode_ci NOT NULL DEFAULT 'active',
  `created_at` timestamp NULL DEFAULT NULL,
  `updated_at` timestamp NULL DEFAULT NULL,
  PRIMARY KEY (`id`),
  UNIQUE KEY `scategories_slug_unique` (`slug`),
  KEY `scategories_parent_id_foreign` (`parent_id`),
  CONSTRAINT `scategories_parent_id_foreign` FOREIGN KEY (`parent_id`) REFERENCES `scategories` (`id`) ON DELETE CASCADE
) ENGINE=InnoDB AUTO_INCREMENT=109 DEFAULT CHARSET=utf8mb4 COLLATE=utf8mb4_unicode_ci;

--
-- Dumping data for table `scategories`
--

INSERT INTO `scategories` VALUES (1,NULL,'Vedic Astrology','vedic-astrology',NULL,NULL,NULL,NULL,NULL,NULL,0,'active','2026-01-30 22:10:31','2026-01-30 22:10:31'),(2,NULL,'Numerology','numerology',NULL,NULL,NULL,NULL,NULL,NULL,0,'active','2026-01-30 22:10:31','2026-01-30 22:10:31'),(3,NULL,'Nadi Astrology','nadi-astrology',NULL,NULL,NULL,NULL,NULL,NULL,0,'active','2026-01-30 22:10:31','2026-01-30 22:10:31'),(4,NULL,'Vasthu','vasthu',NULL,NULL,NULL,NULL,NULL,NULL,0,'active','2026-01-30 22:10:31','2026-01-30 22:10:31'),(5,NULL,'Gemology','gemology',NULL,NULL,NULL,NULL,NULL,NULL,0,'active','2026-01-30 22:10:31','2026-01-30 22:10:31'),(6,NULL,'Prashana Astrology','prashana-astrology',NULL,NULL,NULL,NULL,NULL,NULL,0,'active','2026-01-30 22:10:31','2026-01-30 22:10:31'),(7,NULL,'KP Astrology','kp-astrology',NULL,NULL,NULL,NULL,NULL,NULL,0,'active','2026-01-30 22:10:31','2026-01-30 22:10:31'),(8,NULL,'Lal Kitab Astrology','lal-kitab-astrology',NULL,NULL,NULL,NULL,NULL,NULL,0,'active','2026-01-30 22:10:31','2026-01-30 22:10:31'),(9,NULL,'Service Eum Velit','service-eum-velit-1',NULL,NULL,NULL,'Placeat quia qui velit modi.',NULL,NULL,0,'active','2026-01-31 09:23:07','2026-01-31 09:23:07'),(10,NULL,'Service Rerum Ut','service-rerum-ut-2',NULL,NULL,NULL,'Similique voluptatum a deleniti esse nostrum blanditiis distinctio rerum.',NULL,NULL,0,'active','2026-01-31 09:23:07','2026-01-31 09:23:07'),(11,NULL,'Service Quam Exercitationem','service-quam-exercitationem-3',NULL,NULL,NULL,'Dignissimos qui repellat deserunt magni molestiae harum.',NULL,NULL,0,'active','2026-01-31 09:23:07','2026-01-31 09:23:07'),(12,NULL,'Service Deleniti Omnis','service-deleniti-omnis-4',NULL,NULL,NULL,'Quae dicta occaecati blanditiis libero.',NULL,NULL,0,'active','2026-01-31 09:23:07','2026-01-31 09:23:07'),(13,NULL,'Service Et Atque','service-et-atque-5',NULL,NULL,NULL,'Vel mollitia et enim qui velit.',NULL,NULL,0,'active','2026-01-31 09:23:07','2026-01-31 09:23:07'),(14,NULL,'Service Et Recusandae','service-et-recusandae-6',NULL,NULL,NULL,'Ducimus voluptatibus quas temporibus ut voluptatem facilis sint.',NULL,NULL,0,'active','2026-01-31 09:23:07','2026-01-31 09:23:07'),(15,NULL,'Service Aut Rerum','service-aut-rerum-7',NULL,NULL,NULL,'Fugiat fugiat aut veritatis non dolorem voluptatem et.',NULL,NULL,0,'active','2026-01-31 09:23:07','2026-01-31 09:23:07'),(16,NULL,'Service Est Voluptatibus','service-est-voluptatibus-8',NULL,NULL,NULL,'Enim labore cum sed voluptatem ea cumque.',NULL,NULL,0,'active','2026-01-31 09:23:07','2026-01-31 09:23:07'),(17,NULL,'Service Veritatis Qui','service-veritatis-qui-9',NULL,NULL,NULL,'At iusto quos minus est commodi.',NULL,NULL,0,'active','2026-01-31 09:23:07','2026-01-31 09:23:07'),(18,NULL,'Service Impedit Nisi','service-impedit-nisi-10',NULL,NULL,NULL,'Velit alias vero sint dolorum.',NULL,NULL,0,'active','2026-01-31 09:23:07','2026-01-31 09:23:07'),(19,NULL,'Service Quia Et','service-quia-et-11',NULL,NULL,NULL,'Sint beatae eum ab est exercitationem dolorum explicabo iure.',NULL,NULL,0,'active','2026-01-31 09:23:07','2026-01-31 09:23:07'),(20,NULL,'Service Sunt Nam','service-sunt-nam-12',NULL,NULL,NULL,'Voluptatem pariatur dicta excepturi voluptas in iste qui.',NULL,NULL,0,'active','2026-01-31 09:23:07','2026-01-31 09:23:07'),(21,NULL,'Service Velit Tenetur','service-velit-tenetur-13',NULL,NULL,NULL,'Quis voluptatem voluptas iusto aut.',NULL,NULL,0,'active','2026-01-31 09:23:07','2026-01-31 09:23:07'),(22,NULL,'Service Nihil Soluta','service-nihil-soluta-14',NULL,NULL,NULL,'Iure qui ex eos et ex alias aspernatur.',NULL,NULL,0,'active','2026-01-31 09:23:07','2026-01-31 09:23:07'),(23,NULL,'Service Dicta Rerum','service-dicta-rerum-15',NULL,NULL,NULL,'Itaque deleniti inventore ab inventore inventore adipisci sit.',NULL,NULL,0,'active','2026-01-31 09:23:07','2026-01-31 09:23:07'),(24,NULL,'Service Minima Ut','service-minima-ut-16',NULL,NULL,NULL,'Provident ex quisquam ab ut nemo cum in.',NULL,NULL,0,'active','2026-01-31 09:23:07','2026-01-31 09:23:07'),(25,NULL,'Service Ea Facilis','service-ea-facilis-17',NULL,NULL,NULL,'Delectus qui magni autem qui in excepturi.',NULL,NULL,0,'active','2026-01-31 09:23:07','2026-01-31 09:23:07'),(26,NULL,'Service At Aspernatur','service-at-aspernatur-18',NULL,NULL,NULL,'Et et aut id cum dolorem.',NULL,NULL,0,'active','2026-01-31 09:23:07','2026-01-31 09:23:07'),(27,NULL,'Service Reprehenderit Ab','service-reprehenderit-ab-19',NULL,NULL,NULL,'Earum numquam ab sunt est quis et voluptatem.',NULL,NULL,0,'active','2026-01-31 09:23:07','2026-01-31 09:23:07'),(28,NULL,'Service Similique Hic','service-similique-hic-20',NULL,NULL,NULL,'Laboriosam et voluptas voluptatem cum ut.',NULL,NULL,0,'active','2026-01-31 09:23:07','2026-01-31 09:23:07'),(29,NULL,'Service Corrupti Neque','service-corrupti-neque-21',NULL,NULL,NULL,'Eaque praesentium facere et ad occaecati soluta.',NULL,NULL,0,'active','2026-01-31 09:23:07','2026-01-31 09:23:07'),(30,NULL,'Service Magnam Hic','service-magnam-hic-22',NULL,NULL,NULL,'Expedita molestiae aliquam consequatur ipsum iusto ab.',NULL,NULL,0,'active','2026-01-31 09:23:07','2026-01-31 09:23:07'),(31,NULL,'Service Quia Nisi','service-quia-nisi-23',NULL,NULL,NULL,'Enim quas voluptatum ad quaerat debitis dolore.',NULL,NULL,0,'active','2026-01-31 09:23:07','2026-01-31 09:23:07'),(32,NULL,'Service Velit Inventore','service-velit-inventore-24',NULL,NULL,NULL,'Delectus qui officia nobis distinctio.',NULL,NULL,0,'active','2026-01-31 09:23:07','2026-01-31 09:23:07'),(33,NULL,'Service Quod Velit','service-quod-velit-25',NULL,NULL,NULL,'Error quod consequuntur perferendis est.',NULL,NULL,0,'active','2026-01-31 09:23:07','2026-01-31 09:23:07'),(34,NULL,'Service Aliquid Illo','service-aliquid-illo-26',NULL,NULL,NULL,'Temporibus dolorem perspiciatis recusandae consectetur autem.',NULL,NULL,0,'active','2026-01-31 09:23:07','2026-01-31 09:23:07'),(35,NULL,'Service Inventore Quos','service-inventore-quos-27',NULL,NULL,NULL,'Rerum id vel omnis quos ea autem fugiat ut.',NULL,NULL,0,'active','2026-01-31 09:23:07','2026-01-31 09:23:07'),(36,NULL,'Service Suscipit Qui','service-suscipit-qui-28',NULL,NULL,NULL,'Tenetur maiores magnam consequatur aliquam.',NULL,NULL,0,'active','2026-01-31 09:23:07','2026-01-31 09:23:07'),(37,NULL,'Service Qui Laudantium','service-qui-laudantium-29',NULL,NULL,NULL,'Placeat at dolore suscipit voluptatem quaerat nulla.',NULL,NULL,0,'active','2026-01-31 09:23:07','2026-01-31 09:23:07'),(38,NULL,'Service Fugiat Sint','service-fugiat-sint-30',NULL,NULL,NULL,'Dignissimos autem odio cumque cum veniam.',NULL,NULL,0,'active','2026-01-31 09:23:07','2026-01-31 09:23:07'),(39,NULL,'Service Est Reiciendis','service-est-reiciendis-31',NULL,NULL,NULL,'Earum sit sed excepturi officia.',NULL,NULL,0,'active','2026-01-31 09:23:07','2026-01-31 09:23:07'),(40,NULL,'Service Qui Ullam','service-qui-ullam-32',NULL,NULL,NULL,'Sit qui quia soluta.',NULL,NULL,0,'active','2026-01-31 09:23:08','2026-01-31 09:23:08'),(41,NULL,'Service Ab Voluptatibus','service-ab-voluptatibus-33',NULL,NULL,NULL,'Odio quas omnis ducimus expedita velit reprehenderit amet.',NULL,NULL,0,'active','2026-01-31 09:23:08','2026-01-31 09:23:08'),(42,NULL,'Service Accusantium Qui','service-accusantium-qui-34',NULL,NULL,NULL,'Veritatis soluta eius consequatur et asperiores amet.',NULL,NULL,0,'active','2026-01-31 09:23:08','2026-01-31 09:23:08'),(43,NULL,'Service Magnam Dolorem','service-magnam-dolorem-35',NULL,NULL,NULL,'Mollitia veniam eveniet qui.',NULL,NULL,0,'active','2026-01-31 09:23:08','2026-01-31 09:23:08'),(44,NULL,'Service Vero Animi','service-vero-animi-36',NULL,NULL,NULL,'Sunt reiciendis aut animi occaecati quam et.',NULL,NULL,0,'active','2026-01-31 09:23:08','2026-01-31 09:23:08'),(45,NULL,'Service Et Sunt','service-et-sunt-37',NULL,NULL,NULL,'Illo natus vero voluptatem quis rerum vel.',NULL,NULL,0,'active','2026-01-31 09:23:08','2026-01-31 09:23:08'),(46,NULL,'Service Dolorem Illum','service-dolorem-illum-38',NULL,NULL,NULL,'Debitis ut eveniet eligendi eos quia.',NULL,NULL,0,'active','2026-01-31 09:23:08','2026-01-31 09:23:08'),(47,NULL,'Service Quaerat Officia','service-quaerat-officia-39',NULL,NULL,NULL,'Perferendis sequi deserunt autem est cumque.',NULL,NULL,0,'active','2026-01-31 09:23:08','2026-01-31 09:23:08'),(48,NULL,'Service Totam Sed','service-totam-sed-40',NULL,NULL,NULL,'Et quisquam magni vero sed.',NULL,NULL,0,'active','2026-01-31 09:23:08','2026-01-31 09:23:08'),(49,NULL,'Service Pariatur Ipsam','service-pariatur-ipsam-41',NULL,NULL,NULL,'Harum quia velit quos totam perspiciatis est et.',NULL,NULL,0,'active','2026-01-31 09:23:08','2026-01-31 09:23:08'),(50,NULL,'Service Quia Minima','service-quia-minima-42',NULL,NULL,NULL,'Non voluptatem distinctio quasi quasi ipsam ipsum ratione non.',NULL,NULL,0,'active','2026-01-31 09:23:08','2026-01-31 09:23:08'),(51,NULL,'Service Mollitia Tempora','service-mollitia-tempora-43',NULL,NULL,NULL,'Dolores qui molestiae omnis suscipit dolores debitis dolor.',NULL,NULL,0,'active','2026-01-31 09:23:08','2026-01-31 09:23:08'),(52,NULL,'Service Dicta Deserunt','service-dicta-deserunt-44',NULL,NULL,NULL,'Molestiae aliquam optio optio.',NULL,NULL,0,'active','2026-01-31 09:23:08','2026-01-31 09:23:08'),(53,NULL,'Service Quas Ut','service-quas-ut-45',NULL,NULL,NULL,'Modi accusantium aperiam nihil laborum animi quis et.',NULL,NULL,0,'active','2026-01-31 09:23:08','2026-01-31 09:23:08'),(54,NULL,'Service In Ad','service-in-ad-46',NULL,NULL,NULL,'Doloremque et molestiae aut similique ab autem aut.',NULL,NULL,0,'active','2026-01-31 09:23:08','2026-01-31 09:23:08'),(55,NULL,'Service Eum Et','service-eum-et-47',NULL,NULL,NULL,'Culpa architecto qui quam quam non debitis.',NULL,NULL,0,'active','2026-01-31 09:23:08','2026-01-31 09:23:08'),(56,NULL,'Service Occaecati Laudantium','service-occaecati-laudantium-48',NULL,NULL,NULL,'Consequuntur adipisci facere omnis ab.',NULL,NULL,0,'active','2026-01-31 09:23:08','2026-01-31 09:23:08'),(57,NULL,'Service Possimus Architecto','service-possimus-architecto-49',NULL,NULL,NULL,'Architecto et et voluptatibus repellat.',NULL,NULL,0,'active','2026-01-31 09:23:08','2026-01-31 09:23:08'),(58,NULL,'Service Repudiandae Laudantium','service-repudiandae-laudantium-50',NULL,NULL,NULL,'Est neque architecto ut voluptatibus perferendis id.',NULL,NULL,0,'active','2026-01-31 09:23:08','2026-01-31 09:23:08'),(59,NULL,'Service Nisi Enim','service-nisi-enim-1',NULL,NULL,NULL,'Perspiciatis illum quibusdam sed dolorem eaque molestias nesciunt.',NULL,NULL,0,'active','2026-01-31 09:42:20','2026-01-31 09:42:20'),(60,NULL,'Service Quo Non','service-quo-non-2',NULL,NULL,NULL,'Sunt optio autem consequatur tempora.',NULL,NULL,0,'active','2026-01-31 09:42:20','2026-01-31 09:42:20'),(61,NULL,'Service Facere Omnis','service-facere-omnis-3',NULL,NULL,NULL,'Libero vel nostrum nihil aut non voluptas.',NULL,NULL,0,'active','2026-01-31 09:42:20','2026-01-31 09:42:20'),(62,NULL,'Service Quos Rerum','service-quos-rerum-4',NULL,NULL,NULL,'Eum magni provident tenetur suscipit atque in.',NULL,NULL,0,'active','2026-01-31 09:42:20','2026-01-31 09:42:20'),(63,NULL,'Service Sed Ea','service-sed-ea-5',NULL,NULL,NULL,'Incidunt velit esse voluptate accusamus enim dignissimos.',NULL,NULL,0,'active','2026-01-31 09:42:20','2026-01-31 09:42:20'),(64,NULL,'Service Et Reiciendis','service-et-reiciendis-6',NULL,NULL,NULL,'Consequatur voluptatem vero quia ipsa officia.',NULL,NULL,0,'active','2026-01-31 09:42:20','2026-01-31 09:42:20'),(65,NULL,'Service Molestias Nisi','service-molestias-nisi-7',NULL,NULL,NULL,'Et labore repellat non.',NULL,NULL,0,'active','2026-01-31 09:42:20','2026-01-31 09:42:20'),(66,NULL,'Service Mollitia Iste','service-mollitia-iste-8',NULL,NULL,NULL,'Quis eveniet sunt ipsum maxime sed unde numquam.',NULL,NULL,0,'active','2026-01-31 09:42:20','2026-01-31 09:42:20'),(67,NULL,'Service Beatae Perferendis','service-beatae-perferendis-9',NULL,NULL,NULL,'Est harum ullam dolor doloribus doloremque aut.',NULL,NULL,0,'active','2026-01-31 09:42:20','2026-01-31 09:42:20'),(68,NULL,'Service Sequi Corrupti','service-sequi-corrupti-10',NULL,NULL,NULL,'Officia consequatur alias aliquid tempora.',NULL,NULL,0,'active','2026-01-31 09:42:20','2026-01-31 09:42:20'),(69,NULL,'Service Harum Veritatis','service-harum-veritatis-11',NULL,NULL,NULL,'Accusamus consequatur sit omnis tenetur quidem fuga.',NULL,NULL,0,'active','2026-01-31 09:42:20','2026-01-31 09:42:20'),(70,NULL,'Service Consequatur Repudiandae','service-consequatur-repudiandae-12',NULL,NULL,NULL,'Ipsam ut possimus voluptate aut repellat.',NULL,NULL,0,'active','2026-01-31 09:42:20','2026-01-31 09:42:20'),(71,NULL,'Service Perspiciatis Exercitationem','service-perspiciatis-exercitationem-13',NULL,NULL,NULL,'Voluptatem unde vero explicabo quasi amet.',NULL,NULL,0,'active','2026-01-31 09:42:20','2026-01-31 09:42:20'),(72,NULL,'Service Tempore Sequi','service-tempore-sequi-14',NULL,NULL,NULL,'Maxime in et quasi est.',NULL,NULL,0,'active','2026-01-31 09:42:20','2026-01-31 09:42:20'),(73,NULL,'Service Voluptatum Laborum','service-voluptatum-laborum-15',NULL,NULL,NULL,'Nihil quia autem explicabo quasi itaque.',NULL,NULL,0,'active','2026-01-31 09:42:20','2026-01-31 09:42:20'),(74,NULL,'Service Sit Perspiciatis','service-sit-perspiciatis-16',NULL,NULL,NULL,'Velit asperiores deleniti non impedit rerum libero iusto.',NULL,NULL,0,'active','2026-01-31 09:42:20','2026-01-31 09:42:20'),(75,NULL,'Service Est Distinctio','service-est-distinctio-17',NULL,NULL,NULL,'Aut ducimus recusandae fuga.',NULL,NULL,0,'active','2026-01-31 09:42:20','2026-01-31 09:42:20'),(76,NULL,'Service Omnis Enim','service-omnis-enim-18',NULL,NULL,NULL,'Minus facere officia dolor reprehenderit ipsa et.',NULL,NULL,0,'active','2026-01-31 09:42:20','2026-01-31 09:42:20'),(77,NULL,'Service Facilis Non','service-facilis-non-19',NULL,NULL,NULL,'In est ut quas impedit totam ad.',NULL,NULL,0,'active','2026-01-31 09:42:20','2026-01-31 09:42:20'),(78,NULL,'Service Aliquid Voluptatum','service-aliquid-voluptatum-20',NULL,NULL,NULL,'Id est porro ut.',NULL,NULL,0,'active','2026-01-31 09:42:20','2026-01-31 09:42:20'),(79,NULL,'Service Sed Corrupti','service-sed-corrupti-21',NULL,NULL,NULL,'Nisi consectetur facilis sed iste omnis earum.',NULL,NULL,0,'active','2026-01-31 09:42:20','2026-01-31 09:42:20'),(80,NULL,'Service Quo Ipsa','service-quo-ipsa-22',NULL,NULL,NULL,'Officia aut quasi laudantium voluptas aut quaerat enim.',NULL,NULL,0,'active','2026-01-31 09:42:20','2026-01-31 09:42:20'),(81,NULL,'Service Ducimus Quasi','service-ducimus-quasi-23',NULL,NULL,NULL,'Eligendi voluptate porro recusandae aut dicta.',NULL,NULL,0,'active','2026-01-31 09:42:20','2026-01-31 09:42:20'),(82,NULL,'Service Officia Quod','service-officia-quod-24',NULL,NULL,NULL,'Nihil aut et consequuntur ut.',NULL,NULL,0,'active','2026-01-31 09:42:20','2026-01-31 09:42:20'),(83,NULL,'Service Provident Mollitia','service-provident-mollitia-25',NULL,NULL,NULL,'Neque exercitationem doloremque odit sint unde ut quas.',NULL,NULL,0,'active','2026-01-31 09:42:20','2026-01-31 09:42:20'),(84,NULL,'Service Assumenda Perspiciatis','service-assumenda-perspiciatis-26',NULL,NULL,NULL,'Omnis placeat tempore qui ducimus repellendus iste.',NULL,NULL,0,'active','2026-01-31 09:42:20','2026-01-31 09:42:20'),(85,NULL,'Service Iste Aut','service-iste-aut-27',NULL,NULL,NULL,'Aliquam in atque vel nostrum et natus ut.',NULL,NULL,0,'active','2026-01-31 09:42:20','2026-01-31 09:42:20'),(86,NULL,'Service Dolore Quo','service-dolore-quo-28',NULL,NULL,NULL,'Voluptas illum aut enim ipsum.',NULL,NULL,0,'active','2026-01-31 09:42:20','2026-01-31 09:42:20'),(87,NULL,'Service Eos Earum','service-eos-earum-29',NULL,NULL,NULL,'Cupiditate voluptatum atque commodi.',NULL,NULL,0,'active','2026-01-31 09:42:20','2026-01-31 09:42:20'),(88,NULL,'Service Sunt Libero','service-sunt-libero-30',NULL,NULL,NULL,'Pariatur autem eum fuga dolorem.',NULL,NULL,0,'active','2026-01-31 09:42:20','2026-01-31 09:42:20'),(89,NULL,'Service Nesciunt Perspiciatis','service-nesciunt-perspiciatis-31',NULL,NULL,NULL,'Sint aspernatur non voluptates asperiores natus deleniti aut quia.',NULL,NULL,0,'active','2026-01-31 09:42:20','2026-01-31 09:42:20'),(90,NULL,'Service Et Totam','service-et-totam-32',NULL,NULL,NULL,'Iusto ut sed consequatur porro.',NULL,NULL,0,'active','2026-01-31 09:42:20','2026-01-31 09:42:20'),(91,NULL,'Service Quod Quo','service-quod-quo-33',NULL,NULL,NULL,'Est a perspiciatis corporis ut id ad.',NULL,NULL,0,'active','2026-01-31 09:42:20','2026-01-31 09:42:20'),(92,NULL,'Service Est Perspiciatis','service-est-perspiciatis-34',NULL,NULL,NULL,'Consectetur molestiae doloribus repellat cumque sequi est ea veritatis.',NULL,NULL,0,'active','2026-01-31 09:42:20','2026-01-31 09:42:20'),(93,NULL,'Service Ut Ut','service-ut-ut-35',NULL,NULL,NULL,'Repudiandae et eos sunt temporibus ut a debitis perferendis.',NULL,NULL,0,'active','2026-01-31 09:42:20','2026-01-31 09:42:20'),(94,NULL,'Service Et Aliquam','service-et-aliquam-36',NULL,NULL,NULL,'Culpa fugit ratione et non ipsam adipisci et.',NULL,NULL,0,'active','2026-01-31 09:42:20','2026-01-31 09:42:20'),(95,NULL,'Service Fuga Velit','service-fuga-velit-37',NULL,NULL,NULL,'Explicabo veniam in cupiditate.',NULL,NULL,0,'active','2026-01-31 09:42:20','2026-01-31 09:42:20'),(96,NULL,'Service Magnam Repellat','service-magnam-repellat-38',NULL,NULL,NULL,'Voluptatibus sequi architecto aut ea et corporis qui eius.',NULL,NULL,0,'active','2026-01-31 09:42:20','2026-01-31 09:42:20'),(97,NULL,'Service Voluptatem Aut','service-voluptatem-aut-39',NULL,NULL,NULL,'Dolor ut temporibus architecto blanditiis sint.',NULL,NULL,0,'active','2026-01-31 09:42:20','2026-01-31 09:42:20'),(98,NULL,'Service Tempora Amet','service-tempora-amet-40',NULL,NULL,NULL,'Rem alias est quis autem ea ea ut.',NULL,NULL,0,'active','2026-01-31 09:42:20','2026-01-31 09:42:20'),(99,NULL,'Service Voluptas At','service-voluptas-at-41',NULL,NULL,NULL,'Occaecati natus libero aut quis.',NULL,NULL,0,'active','2026-01-31 09:42:20','2026-01-31 09:42:20'),(100,NULL,'Service Maiores Aut','service-maiores-aut-42',NULL,NULL,NULL,'Ipsam rerum deserunt id aut.',NULL,NULL,0,'active','2026-01-31 09:42:20','2026-01-31 09:42:20'),(101,NULL,'Service Est Illum','service-est-illum-43',NULL,NULL,NULL,'Ea illo dolor quia magnam.',NULL,NULL,0,'active','2026-01-31 09:42:20','2026-01-31 09:42:20'),(102,NULL,'Service Sit Dolores','service-sit-dolores-44',NULL,NULL,NULL,'Earum eius occaecati possimus molestiae perspiciatis.',NULL,NULL,0,'active','2026-01-31 09:42:20','2026-01-31 09:42:20'),(103,NULL,'Service Nobis Dolores','service-nobis-dolores-45',NULL,NULL,NULL,'Quis molestias perferendis omnis tenetur.',NULL,NULL,0,'active','2026-01-31 09:42:20','2026-01-31 09:42:20'),(104,NULL,'Service Eius Labore','service-eius-labore-46',NULL,NULL,NULL,'Hic et corporis vero reprehenderit nemo magni quaerat.',NULL,NULL,0,'active','2026-01-31 09:42:20','2026-01-31 09:42:20'),(105,NULL,'Service Voluptas Distinctio','service-voluptas-distinctio-47',NULL,NULL,NULL,'Ut quis molestias aut voluptas explicabo voluptates.',NULL,NULL,0,'active','2026-01-31 09:42:20','2026-01-31 09:42:20'),(106,NULL,'Service Totam Ut','service-totam-ut-48',NULL,NULL,NULL,'Magnam in odio voluptate doloribus.',NULL,NULL,0,'active','2026-01-31 09:42:20','2026-01-31 09:42:20'),(107,NULL,'Service Vel Porro','service-vel-porro-49',NULL,NULL,NULL,'Consequatur voluptate laudantium placeat.',NULL,NULL,0,'active','2026-01-31 09:42:20','2026-01-31 09:42:20'),(108,NULL,'Service Aut Sit','service-aut-sit-50',NULL,NULL,NULL,'Itaque maxime deleniti consequatur rerum voluptatem.',NULL,NULL,0,'active','2026-01-31 09:42:20','2026-01-31 09:42:20');

--
-- Table structure for table `scategory_user`
--

CREATE TABLE `scategory_user` (
  `id` bigint unsigned NOT NULL AUTO_INCREMENT,
  `user_id` bigint unsigned NOT NULL,
  `scategory_id` bigint unsigned NOT NULL,
  `created_at` timestamp NULL DEFAULT NULL,
  `updated_at` timestamp NULL DEFAULT NULL,
  PRIMARY KEY (`id`),
  KEY `scategory_user_user_id_foreign` (`user_id`),
  KEY `scategory_user_scategory_id_foreign` (`scategory_id`),
  CONSTRAINT `scategory_user_scategory_id_foreign` FOREIGN KEY (`scategory_id`) REFERENCES `scategories` (`id`) ON DELETE CASCADE,
  CONSTRAINT `scategory_user_user_id_foreign` FOREIGN KEY (`user_id`) REFERENCES `users` (`id`) ON DELETE CASCADE
) ENGINE=InnoDB AUTO_INCREMENT=1999 DEFAULT CHARSET=utf8mb4 COLLATE=utf8mb4_unicode_ci;

--
-- Dumping data for table `scategory_user`
--

INSERT INTO `scategory_user` VALUES (1,2,8,NULL,NULL),(2,2,7,NULL,NULL),(3,26,6,NULL,NULL),(4,26,16,NULL,NULL),(5,26,24,NULL,NULL),(6,27,11,NULL,NULL),(7,27,46,NULL,NULL),(8,27,54,NULL,NULL),(9,28,3,NULL,NULL),(10,28,40,NULL,NULL),(11,28,55,NULL,NULL),(12,29,26,NULL,NULL),(13,29,28,NULL,NULL),(14,29,50,NULL,NULL),(15,30,5,NULL,NULL),(16,31,14,NULL,NULL),(17,31,18,NULL,NULL),(18,32,5,NULL,NULL),(19,32,49,NULL,NULL),(20,33,3,NULL,NULL),(21,33,15,NULL,NULL),(22,34,2,NULL,NULL),(23,34,50,NULL,NULL),(24,34,57,NULL,NULL),(25,35,4,NULL,NULL),(26,35,20,NULL,NULL),(27,35,57,NULL,NULL),(28,36,19,NULL,NULL),(29,36,23,NULL,NULL),(30,37,2,NULL,NULL),(31,37,36,NULL,NULL),(32,37,43,NULL,NULL),(33,38,35,NULL,NULL),(34,38,52,NULL,NULL),(35,39,37,NULL,NULL),(36,39,42,NULL,NULL),(37,40,2,NULL,NULL),(38,40,54,NULL,NULL),(39,41,30,NULL,NULL),(40,41,49,NULL,NULL),(41,41,56,NULL,NULL),(42,42,6,NULL,NULL),(43,42,18,NULL,NULL),(44,42,51,NULL,NULL),(45,43,26,NULL,NULL),(46,43,49,NULL,NULL),(47,43,57,NULL,NULL),(48,44,5,NULL,NULL),(49,44,31,NULL,NULL),(50,45,41,NULL,NULL),(51,45,54,NULL,NULL),(52,46,5,NULL,NULL),(53,46,9,NULL,NULL),(54,46,14,NULL,NULL),(55,47,13,NULL,NULL),(56,47,21,NULL,NULL),(57,47,54,NULL,NULL),(58,48,2,NULL,NULL),(59,48,20,NULL,NULL),(60,49,11,NULL,NULL),(61,49,22,NULL,NULL),(62,49,53,NULL,NULL),(63,50,26,NULL,NULL),(64,50,44,NULL,NULL),(65,50,53,NULL,NULL),(66,51,13,NULL,NULL),(67,51,20,NULL,NULL),(68,51,55,NULL,NULL),(69,52,32,NULL,NULL),(70,52,53,NULL,NULL),(71,53,15,NULL,NULL),(72,53,20,NULL,NULL),(73,53,35,NULL,NULL),(74,54,44,NULL,NULL),(75,55,6,NULL,NULL),(76,55,34,NULL,NULL),(77,56,9,NULL,NULL),(78,56,27,NULL,NULL),(79,57,6,NULL,NULL),(80,58,48,NULL,NULL),(81,59,10,NULL,NULL),(82,59,50,NULL,NULL),(83,60,5,NULL,NULL),(84,61,28,NULL,NULL),(85,61,35,NULL,NULL),(86,62,15,NULL,NULL),(87,62,35,NULL,NULL),(88,62,56,NULL,NULL),(89,63,1,NULL,NULL),(90,63,27,NULL,NULL),(91,63,38,NULL,NULL),(92,64,25,NULL,NULL),(93,65,3,NULL,NULL),(94,65,45,NULL,NULL),(95,66,45,NULL,NULL),(96,66,55,NULL,NULL),(97,67,2,NULL,NULL),(98,67,54,NULL,NULL),(99,68,2,NULL,NULL),(100,68,24,NULL,NULL),(101,68,30,NULL,NULL),(102,69,49,NULL,NULL),(103,70,17,NULL,NULL),(104,71,3,NULL,NULL),(105,71,36,NULL,NULL),(106,71,44,NULL,NULL),(107,72,24,NULL,NULL),(108,72,26,NULL,NULL),(109,72,53,NULL,NULL),(110,73,2,NULL,NULL),(111,73,6,NULL,NULL),(112,73,37,NULL,NULL),(113,74,18,NULL,NULL),(114,74,44,NULL,NULL),(115,75,45,NULL,NULL),(116,75,54,NULL,NULL),(117,76,51,NULL,NULL),(118,77,25,NULL,NULL),(119,77,26,NULL,NULL),(120,77,40,NULL,NULL),(121,78,30,NULL,NULL),(122,78,46,NULL,NULL),(123,78,52,NULL,NULL),(124,79,16,NULL,NULL),(125,79,39,NULL,NULL),(126,79,47,NULL,NULL),(127,80,19,NULL,NULL),(128,80,44,NULL,NULL),(129,81,26,NULL,NULL),(130,82,22,NULL,NULL),(131,82,24,NULL,NULL),(132,82,36,NULL,NULL),(133,83,39,NULL,NULL),(134,84,13,NULL,NULL),(135,84,17,NULL,NULL),(136,85,1,NULL,NULL),(137,85,16,NULL,NULL),(138,86,7,NULL,NULL),(139,86,51,NULL,NULL),(140,86,54,NULL,NULL),(141,87,12,NULL,NULL),(142,87,48,NULL,NULL),(143,87,54,NULL,NULL),(144,88,29,NULL,NULL),(145,88,38,NULL,NULL),(146,89,30,NULL,NULL),(147,89,31,NULL,NULL),(148,90,23,NULL,NULL),(149,90,50,NULL,NULL),(150,90,57,NULL,NULL),(151,91,12,NULL,NULL),(152,92,21,NULL,NULL),(153,92,35,NULL,NULL),(154,92,52,NULL,NULL),(155,93,4,NULL,NULL),(156,94,24,NULL,NULL),(157,94,37,NULL,NULL),(158,95,6,NULL,NULL),(159,96,36,NULL,NULL),(160,97,13,NULL,NULL),(161,97,19,NULL,NULL),(162,97,31,NULL,NULL),(163,98,49,NULL,NULL),(164,99,24,NULL,NULL),(165,99,40,NULL,NULL),(166,99,44,NULL,NULL),(167,100,5,NULL,NULL),(168,100,22,NULL,NULL),(169,100,27,NULL,NULL),(170,101,4,NULL,NULL),(171,102,1,NULL,NULL),(172,102,44,NULL,NULL),(173,102,51,NULL,NULL),(174,103,1,NULL,NULL),(175,103,11,NULL,NULL),(176,103,18,NULL,NULL),(177,104,45,NULL,NULL),(178,104,55,NULL,NULL),(179,104,58,NULL,NULL),(180,105,3,NULL,NULL),(181,106,22,NULL,NULL),(182,106,51,NULL,NULL),(183,107,6,NULL,NULL),(184,107,42,NULL,NULL),(185,107,47,NULL,NULL),(186,108,25,NULL,NULL),(187,109,19,NULL,NULL),(188,109,30,NULL,NULL),(189,109,52,NULL,NULL),(190,110,48,NULL,NULL),(191,111,55,NULL,NULL),(192,112,54,NULL,NULL),(193,113,35,NULL,NULL),(194,113,47,NULL,NULL),(195,113,53,NULL,NULL),(196,114,7,NULL,NULL),(197,114,45,NULL,NULL),(198,115,17,NULL,NULL),(199,115,36,NULL,NULL),(200,115,54,NULL,NULL),(201,116,35,NULL,NULL),(202,117,45,NULL,NULL),(203,117,50,NULL,NULL),(204,117,54,NULL,NULL),(205,118,22,NULL,NULL),(206,118,32,NULL,NULL),(207,119,10,NULL,NULL),(208,119,48,NULL,NULL),(209,120,26,NULL,NULL),(210,120,35,NULL,NULL),(211,121,43,NULL,NULL),(212,122,9,NULL,NULL),(213,122,21,NULL,NULL),(214,122,35,NULL,NULL),(215,123,26,NULL,NULL),(216,124,13,NULL,NULL),(217,125,57,NULL,NULL),(218,126,12,NULL,NULL),(219,126,37,NULL,NULL),(220,126,49,NULL,NULL),(221,127,49,NULL,NULL),(222,128,24,NULL,NULL),(223,129,41,NULL,NULL),(224,130,9,NULL,NULL),(225,130,48,NULL,NULL),(226,131,21,NULL,NULL),(227,131,26,NULL,NULL),(228,132,37,NULL,NULL),(229,133,32,NULL,NULL),(230,134,49,NULL,NULL),(231,134,52,NULL,NULL),(232,135,55,NULL,NULL),(233,136,2,NULL,NULL),(234,136,14,NULL,NULL),(235,136,23,NULL,NULL),(236,137,53,NULL,NULL),(237,138,18,NULL,NULL),(238,139,32,NULL,NULL),(239,140,29,NULL,NULL),(240,140,39,NULL,NULL),(241,141,25,NULL,NULL),(242,141,31,NULL,NULL),(243,141,36,NULL,NULL),(244,142,20,NULL,NULL),(245,143,8,NULL,NULL),(246,143,16,NULL,NULL),(247,143,38,NULL,NULL),(248,144,7,NULL,NULL),(249,144,20,NULL,NULL),(250,145,3,NULL,NULL),(251,145,50,NULL,NULL),(252,146,36,NULL,NULL),(253,146,52,NULL,NULL),(254,147,13,NULL,NULL),(255,147,23,NULL,NULL),(256,148,11,NULL,NULL),(257,148,24,NULL,NULL),(258,149,12,NULL,NULL),(259,149,35,NULL,NULL),(260,149,41,NULL,NULL),(261,150,6,NULL,NULL),(262,151,6,NULL,NULL),(263,151,14,NULL,NULL),(264,151,32,NULL,NULL),(265,152,57,NULL,NULL),(266,153,14,NULL,NULL),(267,153,36,NULL,NULL),(268,154,9,NULL,NULL),(269,154,40,NULL,NULL),(270,155,30,NULL,NULL),(271,155,39,NULL,NULL),(272,155,53,NULL,NULL),(273,156,44,NULL,NULL),(274,157,10,NULL,NULL),(275,157,52,NULL,NULL),(276,157,55,NULL,NULL),(277,158,2,NULL,NULL),(278,158,32,NULL,NULL),(279,158,37,NULL,NULL),(280,159,49,NULL,NULL),(281,159,52,NULL,NULL),(282,160,12,NULL,NULL),(283,160,16,NULL,NULL),(284,160,19,NULL,NULL),(285,161,45,NULL,NULL),(286,162,25,NULL,NULL),(287,162,43,NULL,NULL),(288,163,27,NULL,NULL),(289,164,9,NULL,NULL),(290,164,28,NULL,NULL),(291,164,56,NULL,NULL),(292,165,15,NULL,NULL),(293,165,30,NULL,NULL),(294,166,32,NULL,NULL),(295,166,33,NULL,NULL),(296,166,39,NULL,NULL),(297,167,8,NULL,NULL),(298,167,33,NULL,NULL),(299,167,37,NULL,NULL),(300,168,3,NULL,NULL),(301,168,35,NULL,NULL),(302,168,44,NULL,NULL),(303,169,9,NULL,NULL),(304,169,13,NULL,NULL),(305,170,32,NULL,NULL),(306,170,42,NULL,NULL),(307,170,50,NULL,NULL),(308,171,24,NULL,NULL),(309,172,27,NULL,NULL),(310,172,37,NULL,NULL),(311,172,58,NULL,NULL),(312,173,32,NULL,NULL),(313,174,19,NULL,NULL),(314,174,42,NULL,NULL),(315,174,45,NULL,NULL),(316,175,4,NULL,NULL),(317,175,37,NULL,NULL),(318,176,41,NULL,NULL),(319,177,17,NULL,NULL),(320,177,29,NULL,NULL),(321,177,38,NULL,NULL),(322,178,11,NULL,NULL),(323,178,17,NULL,NULL),(324,178,29,NULL,NULL),(325,179,8,NULL,NULL),(326,179,16,NULL,NULL),(327,179,48,NULL,NULL),(328,180,34,NULL,NULL),(329,180,42,NULL,NULL),(330,180,44,NULL,NULL),(331,181,37,NULL,NULL),(332,181,50,NULL,NULL),(333,182,45,NULL,NULL),(334,182,58,NULL,NULL),(335,183,8,NULL,NULL),(336,184,10,NULL,NULL),(337,184,29,NULL,NULL),(338,184,49,NULL,NULL),(339,185,4,NULL,NULL),(340,185,54,NULL,NULL),(341,185,58,NULL,NULL),(342,186,22,NULL,NULL),(343,187,23,NULL,NULL),(344,187,28,NULL,NULL),(345,188,30,NULL,NULL),(346,189,36,NULL,NULL),(347,189,50,NULL,NULL),(348,189,54,NULL,NULL),(349,190,6,NULL,NULL),(350,190,17,NULL,NULL),(351,190,24,NULL,NULL),(352,191,50,NULL,NULL),(353,192,16,NULL,NULL),(354,192,29,NULL,NULL),(355,192,39,NULL,NULL),(356,193,4,NULL,NULL),(357,193,33,NULL,NULL),(358,194,8,NULL,NULL),(359,194,27,NULL,NULL),(360,194,48,NULL,NULL),(361,195,24,NULL,NULL),(362,195,54,NULL,NULL),(363,196,30,NULL,NULL),(364,196,32,NULL,NULL),(365,197,2,NULL,NULL),(366,197,19,NULL,NULL),(367,197,20,NULL,NULL),(368,198,19,NULL,NULL),(369,198,47,NULL,NULL),(370,198,50,NULL,NULL),(371,199,17,NULL,NULL),(372,200,25,NULL,NULL),(373,200,53,NULL,NULL),(374,201,4,NULL,NULL),(375,201,46,NULL,NULL),(376,202,56,NULL,NULL),(377,202,58,NULL,NULL),(378,203,3,NULL,NULL),(379,203,13,NULL,NULL),(380,203,56,NULL,NULL),(381,204,14,NULL,NULL),(382,204,40,NULL,NULL),(383,204,50,NULL,NULL),(384,205,17,NULL,NULL),(385,205,39,NULL,NULL),(386,206,16,NULL,NULL),(387,206,20,NULL,NULL),(388,206,54,NULL,NULL),(389,207,18,NULL,NULL),(390,208,1,NULL,NULL),(391,208,10,NULL,NULL),(392,208,27,NULL,NULL),(393,209,14,NULL,NULL),(394,209,22,NULL,NULL),(395,209,36,NULL,NULL),(396,210,25,NULL,NULL),(397,211,2,NULL,NULL),(398,211,55,NULL,NULL),(399,212,11,NULL,NULL),(400,212,36,NULL,NULL),(401,212,40,NULL,NULL),(402,213,27,NULL,NULL),(403,214,21,NULL,NULL),(404,214,40,NULL,NULL),(405,215,25,NULL,NULL),(406,215,32,NULL,NULL),(407,216,25,NULL,NULL),(408,216,52,NULL,NULL),(409,216,58,NULL,NULL),(410,217,5,NULL,NULL),(411,217,17,NULL,NULL),(412,217,25,NULL,NULL),(413,218,45,NULL,NULL),(414,219,20,NULL,NULL),(415,219,23,NULL,NULL),(416,219,27,NULL,NULL),(417,220,27,NULL,NULL),(418,220,30,NULL,NULL),(419,220,46,NULL,NULL),(420,221,22,NULL,NULL),(421,221,47,NULL,NULL),(422,222,36,NULL,NULL),(423,222,49,NULL,NULL),(424,223,24,NULL,NULL),(425,223,28,NULL,NULL),(426,223,36,NULL,NULL),(427,224,49,NULL,NULL),(428,224,51,NULL,NULL),(429,225,8,NULL,NULL),(430,226,25,NULL,NULL),(431,226,52,NULL,NULL),(432,227,23,NULL,NULL),(433,228,58,NULL,NULL),(434,229,3,NULL,NULL),(435,229,19,NULL,NULL),(436,229,53,NULL,NULL),(437,230,5,NULL,NULL),(438,230,52,NULL,NULL),(439,231,4,NULL,NULL),(440,232,7,NULL,NULL),(441,232,33,NULL,NULL),(442,232,55,NULL,NULL),(443,233,10,NULL,NULL),(444,234,5,NULL,NULL),(445,234,42,NULL,NULL),(446,235,29,NULL,NULL),(447,235,30,NULL,NULL),(448,235,33,NULL,NULL),(449,236,32,NULL,NULL),(450,237,16,NULL,NULL),(451,237,25,NULL,NULL),(452,238,26,NULL,NULL),(453,238,32,NULL,NULL),(454,238,49,NULL,NULL),(455,239,18,NULL,NULL),(456,239,20,NULL,NULL),(457,239,27,NULL,NULL),(458,240,50,NULL,NULL),(459,241,31,NULL,NULL),(460,241,47,NULL,NULL),(461,241,54,NULL,NULL),(462,242,9,NULL,NULL),(463,243,19,NULL,NULL),(464,243,20,NULL,NULL),(465,243,23,NULL,NULL),(466,244,37,NULL,NULL),(467,244,42,NULL,NULL),(468,244,48,NULL,NULL),(469,245,2,NULL,NULL),(470,245,5,NULL,NULL),(471,245,6,NULL,NULL),(472,246,5,NULL,NULL),(473,246,56,NULL,NULL),(474,247,48,NULL,NULL),(475,248,46,NULL,NULL),(476,249,45,NULL,NULL),(477,250,6,NULL,NULL),(478,250,30,NULL,NULL),(479,250,40,NULL,NULL),(480,251,15,NULL,NULL),(481,251,21,NULL,NULL),(482,251,53,NULL,NULL),(483,252,47,NULL,NULL),(484,253,25,NULL,NULL),(485,253,36,NULL,NULL),(486,254,11,NULL,NULL),(487,254,47,NULL,NULL),(488,254,52,NULL,NULL),(489,255,33,NULL,NULL),(490,256,15,NULL,NULL),(491,256,30,NULL,NULL),(492,256,48,NULL,NULL),(493,257,21,NULL,NULL),(494,257,34,NULL,NULL),(495,257,41,NULL,NULL),(496,258,30,NULL,NULL),(497,258,43,NULL,NULL),(498,259,13,NULL,NULL),(499,259,31,NULL,NULL),(500,260,11,NULL,NULL),(501,260,42,NULL,NULL),(502,261,17,NULL,NULL),(503,261,34,NULL,NULL),(504,261,51,NULL,NULL),(505,262,38,NULL,NULL),(506,262,50,NULL,NULL),(507,263,30,NULL,NULL),(508,264,24,NULL,NULL),(509,264,51,NULL,NULL),(510,264,58,NULL,NULL),(511,265,4,NULL,NULL),(512,266,22,NULL,NULL),(513,267,7,NULL,NULL),(514,268,19,NULL,NULL),(515,269,10,NULL,NULL),(516,269,41,NULL,NULL),(517,269,50,NULL,NULL),(518,270,19,NULL,NULL),(519,270,30,NULL,NULL),(520,270,49,NULL,NULL),(521,271,41,NULL,NULL),(522,272,51,NULL,NULL),(523,273,19,NULL,NULL),(524,273,29,NULL,NULL),(525,274,13,NULL,NULL),(526,274,47,NULL,NULL),(527,274,58,NULL,NULL),(528,275,28,NULL,NULL),(529,275,49,NULL,NULL),(530,276,10,NULL,NULL),(531,276,45,NULL,NULL),(532,277,8,NULL,NULL),(533,277,56,NULL,NULL),(534,278,46,NULL,NULL),(535,279,14,NULL,NULL),(536,279,26,NULL,NULL),(537,279,58,NULL,NULL),(538,280,1,NULL,NULL),(539,280,26,NULL,NULL),(540,280,28,NULL,NULL),(541,281,2,NULL,NULL),(542,281,16,NULL,NULL),(543,281,47,NULL,NULL),(544,282,36,NULL,NULL),(545,282,52,NULL,NULL),(546,283,21,NULL,NULL),(547,284,6,NULL,NULL),(548,284,17,NULL,NULL),(549,284,43,NULL,NULL),(550,285,4,NULL,NULL),(551,285,13,NULL,NULL),(552,286,24,NULL,NULL),(553,287,16,NULL,NULL),(554,287,29,NULL,NULL),(555,288,32,NULL,NULL),(556,289,11,NULL,NULL),(557,289,30,NULL,NULL),(558,290,30,NULL,NULL),(559,290,31,NULL,NULL),(560,290,35,NULL,NULL),(561,291,33,NULL,NULL),(562,292,11,NULL,NULL),(563,292,12,NULL,NULL),(564,293,27,NULL,NULL),(565,294,20,NULL,NULL),(566,295,16,NULL,NULL),(567,295,51,NULL,NULL),(568,296,26,NULL,NULL),(569,296,42,NULL,NULL),(570,297,6,NULL,NULL),(571,297,19,NULL,NULL),(572,297,56,NULL,NULL),(573,298,41,NULL,NULL),(574,298,48,NULL,NULL),(575,299,6,NULL,NULL),(576,299,37,NULL,NULL),(577,299,51,NULL,NULL),(578,300,35,NULL,NULL),(579,300,48,NULL,NULL),(580,301,1,NULL,NULL),(581,301,22,NULL,NULL),(582,302,20,NULL,NULL),(583,302,21,NULL,NULL),(584,303,25,NULL,NULL),(585,304,49,NULL,NULL),(586,304,50,NULL,NULL),(587,305,11,NULL,NULL),(588,305,21,NULL,NULL),(589,306,24,NULL,NULL),(590,307,11,NULL,NULL),(591,308,10,NULL,NULL),(592,308,31,NULL,NULL),(593,308,49,NULL,NULL),(594,309,12,NULL,NULL),(595,309,51,NULL,NULL),(596,309,56,NULL,NULL),(597,310,5,NULL,NULL),(598,310,32,NULL,NULL),(599,311,2,NULL,NULL),(600,311,47,NULL,NULL),(601,312,6,NULL,NULL),(602,312,7,NULL,NULL),(603,312,8,NULL,NULL),(604,313,12,NULL,NULL),(605,313,18,NULL,NULL),(606,313,33,NULL,NULL),(607,314,7,NULL,NULL),(608,314,51,NULL,NULL),(609,315,43,NULL,NULL),(610,316,18,NULL,NULL),(611,316,31,NULL,NULL),(612,317,1,NULL,NULL),(613,318,11,NULL,NULL),(614,318,44,NULL,NULL),(615,318,50,NULL,NULL),(616,319,25,NULL,NULL),(617,320,4,NULL,NULL),(618,320,25,NULL,NULL),(619,320,52,NULL,NULL),(620,321,22,NULL,NULL),(621,322,15,NULL,NULL),(622,322,51,NULL,NULL),(623,323,43,NULL,NULL),(624,323,46,NULL,NULL),(625,324,27,NULL,NULL),(626,325,34,NULL,NULL),(627,325,35,NULL,NULL),(628,325,51,NULL,NULL),(629,326,5,NULL,NULL),(630,326,22,NULL,NULL),(631,327,1,NULL,NULL),(632,328,6,NULL,NULL),(633,328,15,NULL,NULL),(634,328,47,NULL,NULL),(635,329,36,NULL,NULL),(636,329,50,NULL,NULL),(637,329,52,NULL,NULL),(638,330,1,NULL,NULL),(639,331,18,NULL,NULL),(640,331,27,NULL,NULL),(641,331,31,NULL,NULL),(642,332,8,NULL,NULL),(643,332,10,NULL,NULL),(644,332,41,NULL,NULL),(645,333,15,NULL,NULL),(646,333,46,NULL,NULL),(647,334,45,NULL,NULL),(648,335,2,NULL,NULL),(649,335,3,NULL,NULL),(650,336,22,NULL,NULL),(651,336,40,NULL,NULL),(652,336,41,NULL,NULL),(653,337,14,NULL,NULL),(654,337,43,NULL,NULL),(655,337,44,NULL,NULL),(656,338,15,NULL,NULL),(657,338,43,NULL,NULL),(658,339,2,NULL,NULL),(659,339,39,NULL,NULL),(660,339,52,NULL,NULL),(661,340,37,NULL,NULL),(662,341,37,NULL,NULL),(663,341,43,NULL,NULL),(664,342,8,NULL,NULL),(665,342,31,NULL,NULL),(666,342,50,NULL,NULL),(667,343,3,NULL,NULL),(668,343,8,NULL,NULL),(669,344,44,NULL,NULL),(670,345,32,NULL,NULL),(671,345,47,NULL,NULL),(672,346,47,NULL,NULL),(673,347,47,NULL,NULL),(674,348,21,NULL,NULL),(675,348,47,NULL,NULL),(676,348,51,NULL,NULL),(677,349,19,NULL,NULL),(678,349,51,NULL,NULL),(679,350,20,NULL,NULL),(680,350,37,NULL,NULL),(681,350,45,NULL,NULL),(682,351,12,NULL,NULL),(683,351,16,NULL,NULL),(684,351,49,NULL,NULL),(685,352,15,NULL,NULL),(686,352,54,NULL,NULL),(687,352,56,NULL,NULL),(688,353,35,NULL,NULL),(689,354,38,NULL,NULL),(690,354,46,NULL,NULL),(691,355,25,NULL,NULL),(692,355,37,NULL,NULL),(693,355,42,NULL,NULL),(694,356,42,NULL,NULL),(695,357,53,NULL,NULL),(696,357,58,NULL,NULL),(697,358,4,NULL,NULL),(698,359,51,NULL,NULL),(699,360,14,NULL,NULL),(700,361,37,NULL,NULL),(701,361,52,NULL,NULL),(702,361,54,NULL,NULL),(703,362,6,NULL,NULL),(704,362,18,NULL,NULL),(705,363,32,NULL,NULL),(706,364,42,NULL,NULL),(707,365,17,NULL,NULL),(708,365,47,NULL,NULL),(709,366,16,NULL,NULL),(710,366,25,NULL,NULL),(711,367,5,NULL,NULL),(712,367,13,NULL,NULL),(713,367,25,NULL,NULL),(714,368,40,NULL,NULL),(715,369,2,NULL,NULL),(716,369,14,NULL,NULL),(717,369,43,NULL,NULL),(718,370,45,NULL,NULL),(719,371,8,NULL,NULL),(720,372,15,NULL,NULL),(721,372,30,NULL,NULL),(722,372,52,NULL,NULL),(723,373,50,NULL,NULL),(724,374,30,NULL,NULL),(725,375,31,NULL,NULL),(726,376,27,NULL,NULL),(727,377,10,NULL,NULL),(728,378,17,NULL,NULL),(729,378,49,NULL,NULL),(730,379,14,NULL,NULL),(731,380,5,NULL,NULL),(732,380,38,NULL,NULL),(733,381,5,NULL,NULL),(734,382,30,NULL,NULL),(735,382,38,NULL,NULL),(736,382,50,NULL,NULL),(737,383,47,NULL,NULL),(738,383,51,NULL,NULL),(739,384,42,NULL,NULL),(740,385,31,NULL,NULL),(741,386,38,NULL,NULL),(742,387,8,NULL,NULL),(743,387,23,NULL,NULL),(744,387,42,NULL,NULL),(745,388,34,NULL,NULL),(746,389,54,NULL,NULL),(747,390,50,NULL,NULL),(748,391,16,NULL,NULL),(749,391,41,NULL,NULL),(750,392,28,NULL,NULL),(751,392,40,NULL,NULL),(752,393,58,NULL,NULL),(753,394,7,NULL,NULL),(754,394,22,NULL,NULL),(755,394,35,NULL,NULL),(756,395,9,NULL,NULL),(757,396,7,NULL,NULL),(758,396,23,NULL,NULL),(759,396,50,NULL,NULL),(760,397,6,NULL,NULL),(761,397,13,NULL,NULL),(762,397,44,NULL,NULL),(763,398,38,NULL,NULL),(764,399,32,NULL,NULL),(765,399,48,NULL,NULL),(766,400,34,NULL,NULL),(767,401,26,NULL,NULL),(768,402,42,NULL,NULL),(769,403,5,NULL,NULL),(770,403,36,NULL,NULL),(771,404,21,NULL,NULL),(772,405,16,NULL,NULL),(773,406,2,NULL,NULL),(774,406,28,NULL,NULL),(775,406,44,NULL,NULL),(776,407,35,NULL,NULL),(777,408,7,NULL,NULL),(778,408,49,NULL,NULL),(779,409,50,NULL,NULL),(780,410,8,NULL,NULL),(781,410,15,NULL,NULL),(782,410,36,NULL,NULL),(783,411,55,NULL,NULL),(784,412,12,NULL,NULL),(785,412,42,NULL,NULL),(786,412,57,NULL,NULL),(787,413,14,NULL,NULL),(788,413,20,NULL,NULL),(789,413,40,NULL,NULL),(790,414,8,NULL,NULL),(791,414,55,NULL,NULL),(792,415,10,NULL,NULL),(793,415,23,NULL,NULL),(794,415,45,NULL,NULL),(795,416,2,NULL,NULL),(796,417,3,NULL,NULL),(797,417,25,NULL,NULL),(798,417,55,NULL,NULL),(799,418,1,NULL,NULL),(800,418,52,NULL,NULL),(801,419,21,NULL,NULL),(802,419,24,NULL,NULL),(803,420,12,NULL,NULL),(804,420,16,NULL,NULL),(805,420,35,NULL,NULL),(806,421,14,NULL,NULL),(807,422,47,NULL,NULL),(808,423,58,NULL,NULL),(809,424,13,NULL,NULL),(810,424,17,NULL,NULL),(811,425,2,NULL,NULL),(812,425,11,NULL,NULL),(813,425,13,NULL,NULL),(814,426,16,NULL,NULL),(815,426,36,NULL,NULL),(816,427,9,NULL,NULL),(817,427,31,NULL,NULL),(818,428,14,NULL,NULL),(819,429,51,NULL,NULL),(820,429,57,NULL,NULL),(821,430,3,NULL,NULL),(822,430,15,NULL,NULL),(823,430,55,NULL,NULL),(824,431,58,NULL,NULL),(825,432,32,NULL,NULL),(826,432,43,NULL,NULL),(827,433,2,NULL,NULL),(828,433,15,NULL,NULL),(829,434,23,NULL,NULL),(830,435,19,NULL,NULL),(831,435,52,NULL,NULL),(832,436,51,NULL,NULL),(833,436,53,NULL,NULL),(834,437,29,NULL,NULL),(835,438,3,NULL,NULL),(836,438,32,NULL,NULL),(837,439,16,NULL,NULL),(838,439,40,NULL,NULL),(839,439,48,NULL,NULL),(840,440,4,NULL,NULL),(841,440,34,NULL,NULL),(842,440,39,NULL,NULL),(843,441,14,NULL,NULL),(844,441,29,NULL,NULL),(845,441,45,NULL,NULL),(846,442,4,NULL,NULL),(847,443,12,NULL,NULL),(848,443,23,NULL,NULL),(849,444,3,NULL,NULL),(850,444,54,NULL,NULL),(851,445,6,NULL,NULL),(852,445,19,NULL,NULL),(853,446,19,NULL,NULL),(854,446,42,NULL,NULL),(855,446,56,NULL,NULL),(856,447,12,NULL,NULL),(857,448,29,NULL,NULL),(858,448,37,NULL,NULL),(859,449,27,NULL,NULL),(860,449,46,NULL,NULL),(861,449,47,NULL,NULL),(862,450,23,NULL,NULL),(863,450,55,NULL,NULL),(864,450,58,NULL,NULL),(865,451,14,NULL,NULL),(866,451,16,NULL,NULL),(867,451,55,NULL,NULL),(868,452,4,NULL,NULL),(869,452,16,NULL,NULL),(870,453,56,NULL,NULL),(871,454,11,NULL,NULL),(872,454,49,NULL,NULL),(873,454,54,NULL,NULL),(874,455,19,NULL,NULL),(875,455,22,NULL,NULL),(876,455,46,NULL,NULL),(877,456,43,NULL,NULL),(878,457,45,NULL,NULL),(879,457,48,NULL,NULL),(880,458,1,NULL,NULL),(881,458,7,NULL,NULL),(882,458,36,NULL,NULL),(883,459,17,NULL,NULL),(884,459,24,NULL,NULL),(885,459,27,NULL,NULL),(886,460,15,NULL,NULL),(887,461,1,NULL,NULL),(888,461,56,NULL,NULL),(889,462,2,NULL,NULL),(890,462,21,NULL,NULL),(891,462,29,NULL,NULL),(892,463,29,NULL,NULL),(893,463,36,NULL,NULL),(894,463,53,NULL,NULL),(895,464,54,NULL,NULL),(896,465,3,NULL,NULL),(897,465,37,NULL,NULL),(898,466,15,NULL,NULL),(899,466,29,NULL,NULL),(900,466,44,NULL,NULL),(901,467,31,NULL,NULL),(902,467,53,NULL,NULL),(903,468,19,NULL,NULL),(904,469,8,NULL,NULL),(905,469,14,NULL,NULL),(906,469,26,NULL,NULL),(907,470,10,NULL,NULL),(908,471,9,NULL,NULL),(909,471,32,NULL,NULL),(910,471,56,NULL,NULL),(911,472,9,NULL,NULL),(912,472,33,NULL,NULL),(913,473,50,NULL,NULL),(914,474,55,NULL,NULL),(915,475,10,NULL,NULL),(916,475,11,NULL,NULL),(917,475,40,NULL,NULL),(918,476,5,NULL,NULL),(919,476,6,NULL,NULL),(920,476,57,NULL,NULL),(921,477,16,NULL,NULL),(922,477,18,NULL,NULL),(923,477,32,NULL,NULL),(924,478,17,NULL,NULL),(925,479,5,NULL,NULL),(926,479,48,NULL,NULL),(927,480,23,NULL,NULL),(928,481,8,NULL,NULL),(929,481,53,NULL,NULL),(930,482,55,NULL,NULL),(931,483,1,NULL,NULL),(932,483,41,NULL,NULL),(933,483,46,NULL,NULL),(934,484,37,NULL,NULL),(935,484,39,NULL,NULL),(936,485,24,NULL,NULL),(937,486,14,NULL,NULL),(938,486,25,NULL,NULL),(939,487,4,NULL,NULL),(940,487,6,NULL,NULL),(941,488,6,NULL,NULL),(942,488,22,NULL,NULL),(943,489,37,NULL,NULL),(944,490,35,NULL,NULL),(945,491,27,NULL,NULL),(946,491,40,NULL,NULL),(947,491,41,NULL,NULL),(948,492,34,NULL,NULL),(949,492,42,NULL,NULL),(950,492,55,NULL,NULL),(951,493,18,NULL,NULL),(952,494,24,NULL,NULL),(953,494,31,NULL,NULL),(954,494,33,NULL,NULL),(955,495,47,NULL,NULL),(956,496,44,NULL,NULL),(957,496,46,NULL,NULL),(958,497,30,NULL,NULL),(959,497,57,NULL,NULL),(960,498,38,NULL,NULL),(961,499,14,NULL,NULL),(962,499,28,NULL,NULL),(963,499,44,NULL,NULL),(964,500,23,NULL,NULL),(965,500,41,NULL,NULL),(966,501,1,NULL,NULL),(967,502,22,NULL,NULL),(968,502,40,NULL,NULL),(969,502,44,NULL,NULL),(970,503,6,NULL,NULL),(971,503,35,NULL,NULL),(972,504,27,NULL,NULL),(973,504,37,NULL,NULL),(974,505,1,NULL,NULL),(975,505,39,NULL,NULL),(976,506,19,NULL,NULL),(977,507,14,NULL,NULL),(978,507,49,NULL,NULL),(979,508,1,NULL,NULL),(980,508,55,NULL,NULL),(981,509,39,NULL,NULL),(982,510,5,NULL,NULL),(983,510,11,NULL,NULL),(984,510,36,NULL,NULL),(985,511,17,NULL,NULL),(986,512,30,NULL,NULL),(987,513,13,NULL,NULL),(988,513,43,NULL,NULL),(989,513,45,NULL,NULL),(990,514,39,NULL,NULL),(991,515,7,NULL,NULL),(992,515,14,NULL,NULL),(993,515,41,NULL,NULL),(994,516,9,NULL,NULL),(995,516,13,NULL,NULL),(996,517,33,NULL,NULL),(997,517,49,NULL,NULL),(998,518,1,NULL,NULL),(999,518,38,NULL,NULL),(1000,519,46,NULL,NULL),(1001,519,48,NULL,NULL),(1002,520,21,NULL,NULL),(1003,520,24,NULL,NULL),(1004,520,29,NULL,NULL),(1005,521,39,NULL,NULL),(1006,522,32,NULL,NULL),(1007,523,6,NULL,NULL),(1008,524,1,NULL,NULL),(1009,525,5,NULL,NULL),(1010,525,14,NULL,NULL),(1011,525,25,NULL,NULL),(1012,526,4,NULL,NULL),(1013,526,15,NULL,NULL),(1014,527,3,NULL,NULL),(1015,528,7,NULL,NULL),(1016,529,4,NULL,NULL),(1017,530,66,NULL,NULL),(1018,530,70,NULL,NULL),(1019,530,88,NULL,NULL),(1020,531,51,NULL,NULL),(1021,531,59,NULL,NULL),(1022,531,86,NULL,NULL),(1023,532,40,NULL,NULL),(1024,532,62,NULL,NULL),(1025,533,35,NULL,NULL),(1026,534,13,NULL,NULL),(1027,534,93,NULL,NULL),(1028,534,106,NULL,NULL),(1029,535,53,NULL,NULL),(1030,535,74,NULL,NULL),(1031,535,101,NULL,NULL),(1032,536,63,NULL,NULL),(1033,537,56,NULL,NULL),(1034,537,89,NULL,NULL),(1035,538,101,NULL,NULL),(1036,539,3,NULL,NULL),(1037,539,65,NULL,NULL),(1038,539,82,NULL,NULL),(1039,540,30,NULL,NULL),(1040,540,31,NULL,NULL),(1041,540,48,NULL,NULL),(1042,541,68,NULL,NULL),(1043,542,19,NULL,NULL),(1044,542,41,NULL,NULL),(1045,543,32,NULL,NULL),(1046,544,3,NULL,NULL),(1047,545,62,NULL,NULL),(1048,546,10,NULL,NULL),(1049,547,56,NULL,NULL),(1050,548,96,NULL,NULL),(1051,549,60,NULL,NULL),(1052,550,3,NULL,NULL),(1053,551,78,NULL,NULL),(1054,552,5,NULL,NULL),(1055,552,71,NULL,NULL),(1056,552,85,NULL,NULL),(1057,553,104,NULL,NULL),(1058,554,52,NULL,NULL),(1059,555,35,NULL,NULL),(1060,556,41,NULL,NULL),(1061,556,61,NULL,NULL),(1062,556,98,NULL,NULL),(1063,557,5,NULL,NULL),(1064,557,26,NULL,NULL),(1065,558,6,NULL,NULL),(1066,558,11,NULL,NULL),(1067,559,26,NULL,NULL),(1068,559,66,NULL,NULL),(1069,560,14,NULL,NULL),(1070,561,100,NULL,NULL),(1071,562,53,NULL,NULL),(1072,562,107,NULL,NULL),(1073,563,18,NULL,NULL),(1074,564,8,NULL,NULL),(1075,564,24,NULL,NULL),(1076,565,21,NULL,NULL),(1077,566,19,NULL,NULL),(1078,566,54,NULL,NULL),(1079,566,85,NULL,NULL),(1080,567,32,NULL,NULL),(1081,567,57,NULL,NULL),(1082,567,64,NULL,NULL),(1083,568,8,NULL,NULL),(1084,569,16,NULL,NULL),(1085,569,51,NULL,NULL),(1086,569,80,NULL,NULL),(1087,570,64,NULL,NULL),(1088,570,96,NULL,NULL),(1089,570,100,NULL,NULL),(1090,571,21,NULL,NULL),(1091,571,86,NULL,NULL),(1092,572,40,NULL,NULL),(1093,573,57,NULL,NULL),(1094,573,62,NULL,NULL),(1095,573,68,NULL,NULL),(1096,574,69,NULL,NULL),(1097,574,76,NULL,NULL),(1098,574,106,NULL,NULL),(1099,575,59,NULL,NULL),(1100,576,57,NULL,NULL),(1101,576,66,NULL,NULL),(1102,576,102,NULL,NULL),(1103,577,4,NULL,NULL),(1104,577,67,NULL,NULL),(1105,577,88,NULL,NULL),(1106,578,33,NULL,NULL),(1107,578,36,NULL,NULL),(1108,578,59,NULL,NULL),(1109,579,53,NULL,NULL),(1110,579,82,NULL,NULL),(1111,579,88,NULL,NULL),(1112,580,79,NULL,NULL),(1113,581,25,NULL,NULL),(1114,581,54,NULL,NULL),(1115,582,8,NULL,NULL),(1116,582,13,NULL,NULL),(1117,583,75,NULL,NULL),(1118,584,18,NULL,NULL),(1119,585,31,NULL,NULL),(1120,585,74,NULL,NULL),(1121,586,47,NULL,NULL),(1122,587,10,NULL,NULL),(1123,587,36,NULL,NULL),(1124,587,84,NULL,NULL),(1125,588,38,NULL,NULL),(1126,589,52,NULL,NULL),(1127,590,65,NULL,NULL),(1128,590,84,NULL,NULL),(1129,591,53,NULL,NULL),(1130,591,55,NULL,NULL),(1131,591,71,NULL,NULL),(1132,592,13,NULL,NULL),(1133,592,33,NULL,NULL),(1134,592,68,NULL,NULL),(1135,593,61,NULL,NULL),(1136,593,103,NULL,NULL),(1137,594,22,NULL,NULL),(1138,594,94,NULL,NULL),(1139,594,102,NULL,NULL),(1140,595,19,NULL,NULL),(1141,596,3,NULL,NULL),(1142,596,94,NULL,NULL),(1143,597,27,NULL,NULL),(1144,597,90,NULL,NULL),(1145,598,5,NULL,NULL),(1146,599,4,NULL,NULL),(1147,600,27,NULL,NULL),(1148,601,26,NULL,NULL),(1149,601,81,NULL,NULL),(1150,602,90,NULL,NULL),(1151,603,90,NULL,NULL),(1152,603,92,NULL,NULL),(1153,604,41,NULL,NULL),(1154,605,28,NULL,NULL),(1155,605,49,NULL,NULL),(1156,605,88,NULL,NULL),(1157,606,11,NULL,NULL),(1158,606,18,NULL,NULL),(1159,607,51,NULL,NULL),(1160,607,70,NULL,NULL),(1161,608,51,NULL,NULL),(1162,608,82,NULL,NULL),(1163,609,15,NULL,NULL),(1164,609,45,NULL,NULL),(1165,609,75,NULL,NULL),(1166,610,73,NULL,NULL),(1167,611,30,NULL,NULL),(1168,611,69,NULL,NULL),(1169,611,77,NULL,NULL),(1170,612,14,NULL,NULL),(1171,613,7,NULL,NULL),(1172,613,63,NULL,NULL),(1173,613,106,NULL,NULL),(1174,614,33,NULL,NULL),(1175,614,41,NULL,NULL),(1176,614,84,NULL,NULL),(1177,615,4,NULL,NULL),(1178,616,7,NULL,NULL),(1179,617,15,NULL,NULL),(1180,617,17,NULL,NULL),(1181,617,87,NULL,NULL),(1182,618,70,NULL,NULL),(1183,618,75,NULL,NULL),(1184,619,6,NULL,NULL),(1185,620,29,NULL,NULL),(1186,621,25,NULL,NULL),(1187,622,10,NULL,NULL),(1188,623,93,NULL,NULL),(1189,624,32,NULL,NULL),(1190,624,61,NULL,NULL),(1191,624,103,NULL,NULL),(1192,625,39,NULL,NULL),(1193,625,64,NULL,NULL),(1194,625,99,NULL,NULL),(1195,626,17,NULL,NULL),(1196,626,51,NULL,NULL),(1197,626,67,NULL,NULL),(1198,627,33,NULL,NULL),(1199,627,42,NULL,NULL),(1200,627,51,NULL,NULL),(1201,628,22,NULL,NULL),(1202,628,77,NULL,NULL),(1203,629,91,NULL,NULL),(1204,630,30,NULL,NULL),(1205,630,53,NULL,NULL),(1206,630,97,NULL,NULL),(1207,631,18,NULL,NULL),(1208,632,57,NULL,NULL),(1209,632,61,NULL,NULL),(1210,632,85,NULL,NULL),(1211,633,40,NULL,NULL),(1212,634,33,NULL,NULL),(1213,634,37,NULL,NULL),(1214,634,66,NULL,NULL),(1215,635,70,NULL,NULL),(1216,636,23,NULL,NULL),(1217,636,82,NULL,NULL),(1218,637,72,NULL,NULL),(1219,637,99,NULL,NULL),(1220,638,26,NULL,NULL),(1221,639,46,NULL,NULL),(1222,640,2,NULL,NULL),(1223,640,57,NULL,NULL),(1224,641,3,NULL,NULL),(1225,641,40,NULL,NULL),(1226,641,45,NULL,NULL),(1227,642,105,NULL,NULL),(1228,643,95,NULL,NULL),(1229,644,6,NULL,NULL),(1230,644,17,NULL,NULL),(1231,644,105,NULL,NULL),(1232,645,20,NULL,NULL),(1233,645,108,NULL,NULL),(1234,646,22,NULL,NULL),(1235,646,58,NULL,NULL),(1236,647,48,NULL,NULL),(1237,647,57,NULL,NULL),(1238,648,27,NULL,NULL),(1239,648,50,NULL,NULL),(1240,649,14,NULL,NULL),(1241,649,57,NULL,NULL),(1242,650,23,NULL,NULL),(1243,650,53,NULL,NULL),(1244,650,60,NULL,NULL),(1245,651,23,NULL,NULL),(1246,651,54,NULL,NULL),(1247,651,74,NULL,NULL),(1248,652,102,NULL,NULL),(1249,653,18,NULL,NULL),(1250,653,19,NULL,NULL),(1251,653,106,NULL,NULL),(1252,654,58,NULL,NULL),(1253,655,4,NULL,NULL),(1254,655,14,NULL,NULL),(1255,655,85,NULL,NULL),(1256,656,57,NULL,NULL),(1257,656,80,NULL,NULL),(1258,656,99,NULL,NULL),(1259,657,38,NULL,NULL),(1260,658,35,NULL,NULL),(1261,658,72,NULL,NULL),(1262,658,91,NULL,NULL),(1263,659,36,NULL,NULL),(1264,659,42,NULL,NULL),(1265,659,101,NULL,NULL),(1266,660,50,NULL,NULL),(1267,661,14,NULL,NULL),(1268,662,52,NULL,NULL),(1269,663,54,NULL,NULL),(1270,664,7,NULL,NULL),(1271,664,16,NULL,NULL),(1272,664,73,NULL,NULL),(1273,665,30,NULL,NULL),(1274,665,36,NULL,NULL),(1275,665,43,NULL,NULL),(1276,666,6,NULL,NULL),(1277,666,54,NULL,NULL),(1278,666,101,NULL,NULL),(1279,667,50,NULL,NULL),(1280,668,48,NULL,NULL),(1281,669,38,NULL,NULL),(1282,669,76,NULL,NULL),(1283,669,79,NULL,NULL),(1284,670,68,NULL,NULL),(1285,671,27,NULL,NULL),(1286,671,57,NULL,NULL),(1287,672,56,NULL,NULL),(1288,672,64,NULL,NULL),(1289,673,1,NULL,NULL),(1290,674,41,NULL,NULL),(1291,674,81,NULL,NULL),(1292,674,106,NULL,NULL),(1293,675,35,NULL,NULL),(1294,676,6,NULL,NULL),(1295,676,53,NULL,NULL),(1296,676,108,NULL,NULL),(1297,677,3,NULL,NULL),(1298,678,43,NULL,NULL),(1299,679,26,NULL,NULL),(1300,680,15,NULL,NULL),(1301,680,57,NULL,NULL),(1302,681,9,NULL,NULL),(1303,681,37,NULL,NULL),(1304,681,38,NULL,NULL),(1305,682,23,NULL,NULL),(1306,682,38,NULL,NULL),(1307,683,42,NULL,NULL),(1308,683,85,NULL,NULL),(1309,684,40,NULL,NULL),(1310,684,94,NULL,NULL),(1311,684,104,NULL,NULL),(1312,685,46,NULL,NULL),(1313,685,53,NULL,NULL),(1314,686,47,NULL,NULL),(1315,686,61,NULL,NULL),(1316,687,22,NULL,NULL),(1317,687,68,NULL,NULL),(1318,687,103,NULL,NULL),(1319,688,3,NULL,NULL),(1320,688,57,NULL,NULL),(1321,689,105,NULL,NULL),(1322,690,14,NULL,NULL),(1323,690,51,NULL,NULL),(1324,691,104,NULL,NULL),(1325,692,88,NULL,NULL),(1326,693,44,NULL,NULL),(1327,693,85,NULL,NULL),(1328,694,26,NULL,NULL),(1329,694,27,NULL,NULL),(1330,695,83,NULL,NULL),(1331,696,13,NULL,NULL),(1332,697,14,NULL,NULL),(1333,698,105,NULL,NULL),(1334,699,68,NULL,NULL),(1335,699,80,NULL,NULL),(1336,700,36,NULL,NULL),(1337,700,92,NULL,NULL),(1338,701,7,NULL,NULL),(1339,701,41,NULL,NULL),(1340,702,49,NULL,NULL),(1341,702,59,NULL,NULL),(1342,703,36,NULL,NULL),(1343,703,102,NULL,NULL),(1344,704,68,NULL,NULL),(1345,704,96,NULL,NULL),(1346,705,6,NULL,NULL),(1347,705,57,NULL,NULL),(1348,705,95,NULL,NULL),(1349,706,36,NULL,NULL),(1350,706,70,NULL,NULL),(1351,706,107,NULL,NULL),(1352,707,8,NULL,NULL),(1353,707,99,NULL,NULL),(1354,707,105,NULL,NULL),(1355,708,45,NULL,NULL),(1356,708,105,NULL,NULL),(1357,709,29,NULL,NULL),(1358,710,49,NULL,NULL),(1359,710,79,NULL,NULL),(1360,711,57,NULL,NULL),(1361,711,93,NULL,NULL),(1362,712,76,NULL,NULL),(1363,713,17,NULL,NULL),(1364,713,54,NULL,NULL),(1365,714,58,NULL,NULL),(1366,715,9,NULL,NULL),(1367,715,68,NULL,NULL),(1368,716,57,NULL,NULL),(1369,716,104,NULL,NULL),(1370,717,36,NULL,NULL),(1371,717,37,NULL,NULL),(1372,717,96,NULL,NULL),(1373,718,57,NULL,NULL),(1374,719,9,NULL,NULL),(1375,719,63,NULL,NULL),(1376,719,76,NULL,NULL),(1377,720,3,NULL,NULL),(1378,720,48,NULL,NULL),(1379,721,7,NULL,NULL),(1380,721,53,NULL,NULL),(1381,721,74,NULL,NULL),(1382,722,47,NULL,NULL),(1383,722,102,NULL,NULL),(1384,723,18,NULL,NULL),(1385,723,56,NULL,NULL),(1386,724,67,NULL,NULL),(1387,725,2,NULL,NULL),(1388,725,9,NULL,NULL),(1389,725,31,NULL,NULL),(1390,726,83,NULL,NULL),(1391,727,3,NULL,NULL),(1392,727,79,NULL,NULL),(1393,728,25,NULL,NULL),(1394,728,59,NULL,NULL),(1395,728,72,NULL,NULL),(1396,729,7,NULL,NULL),(1397,729,36,NULL,NULL),(1398,730,11,NULL,NULL),(1399,730,34,NULL,NULL),(1400,731,18,NULL,NULL),(1401,731,71,NULL,NULL),(1402,732,21,NULL,NULL),(1403,732,76,NULL,NULL),(1404,732,85,NULL,NULL),(1405,733,69,NULL,NULL),(1406,733,88,NULL,NULL),(1407,734,31,NULL,NULL),(1408,734,50,NULL,NULL),(1409,734,93,NULL,NULL),(1410,735,66,NULL,NULL),(1411,735,91,NULL,NULL),(1412,736,87,NULL,NULL),(1413,737,25,NULL,NULL),(1414,737,33,NULL,NULL),(1415,738,94,NULL,NULL),(1416,739,26,NULL,NULL),(1417,739,100,NULL,NULL),(1418,740,37,NULL,NULL),(1419,740,46,NULL,NULL),(1420,740,106,NULL,NULL),(1421,741,20,NULL,NULL),(1422,741,74,NULL,NULL),(1423,741,84,NULL,NULL),(1424,742,93,NULL,NULL),(1425,743,41,NULL,NULL),(1426,743,83,NULL,NULL),(1427,743,105,NULL,NULL),(1428,744,50,NULL,NULL),(1429,744,91,NULL,NULL),(1430,745,28,NULL,NULL),(1431,745,67,NULL,NULL),(1432,745,73,NULL,NULL),(1433,746,19,NULL,NULL),(1434,746,69,NULL,NULL),(1435,746,70,NULL,NULL),(1436,747,86,NULL,NULL),(1437,747,90,NULL,NULL),(1438,748,66,NULL,NULL),(1439,749,3,NULL,NULL),(1440,749,8,NULL,NULL),(1441,749,79,NULL,NULL),(1442,750,58,NULL,NULL),(1443,750,60,NULL,NULL),(1444,750,104,NULL,NULL),(1445,751,69,NULL,NULL),(1446,751,108,NULL,NULL),(1447,752,31,NULL,NULL),(1448,752,92,NULL,NULL),(1449,752,103,NULL,NULL),(1450,753,31,NULL,NULL),(1451,753,50,NULL,NULL),(1452,754,10,NULL,NULL),(1453,754,39,NULL,NULL),(1454,754,42,NULL,NULL),(1455,755,102,NULL,NULL),(1456,756,6,NULL,NULL),(1457,756,55,NULL,NULL),(1458,756,61,NULL,NULL),(1459,757,25,NULL,NULL),(1460,757,43,NULL,NULL),(1461,757,92,NULL,NULL),(1462,758,10,NULL,NULL),(1463,759,1,NULL,NULL),(1464,759,29,NULL,NULL),(1465,760,13,NULL,NULL),(1466,760,60,NULL,NULL),(1467,760,64,NULL,NULL),(1468,761,17,NULL,NULL),(1469,761,57,NULL,NULL),(1470,762,56,NULL,NULL),(1471,762,58,NULL,NULL),(1472,763,23,NULL,NULL),(1473,764,45,NULL,NULL),(1474,764,54,NULL,NULL),(1475,765,65,NULL,NULL),(1476,766,26,NULL,NULL),(1477,766,49,NULL,NULL),(1478,766,64,NULL,NULL),(1479,767,58,NULL,NULL),(1480,767,100,NULL,NULL),(1481,767,104,NULL,NULL),(1482,768,1,NULL,NULL),(1483,768,75,NULL,NULL),(1484,768,78,NULL,NULL),(1485,769,15,NULL,NULL),(1486,769,70,NULL,NULL),(1487,770,20,NULL,NULL),(1488,770,33,NULL,NULL),(1489,770,53,NULL,NULL),(1490,771,50,NULL,NULL),(1491,771,77,NULL,NULL),(1492,771,104,NULL,NULL),(1493,772,30,NULL,NULL),(1494,772,47,NULL,NULL),(1495,772,86,NULL,NULL),(1496,773,10,NULL,NULL),(1497,773,31,NULL,NULL),(1498,773,52,NULL,NULL),(1499,774,10,NULL,NULL),(1500,774,54,NULL,NULL),(1501,774,66,NULL,NULL),(1502,775,42,NULL,NULL),(1503,775,47,NULL,NULL),(1504,775,71,NULL,NULL),(1505,776,25,NULL,NULL),(1506,776,70,NULL,NULL),(1507,777,71,NULL,NULL),(1508,778,64,NULL,NULL),(1509,779,62,NULL,NULL),(1510,780,23,NULL,NULL),(1511,780,46,NULL,NULL),(1512,781,10,NULL,NULL),(1513,781,77,NULL,NULL),(1514,781,84,NULL,NULL),(1515,782,2,NULL,NULL),(1516,783,102,NULL,NULL),(1517,784,27,NULL,NULL),(1518,785,100,NULL,NULL),(1519,785,104,NULL,NULL),(1520,786,49,NULL,NULL),(1521,786,61,NULL,NULL),(1522,787,19,NULL,NULL),(1523,787,21,NULL,NULL),(1524,787,56,NULL,NULL),(1525,788,24,NULL,NULL),(1526,788,54,NULL,NULL),(1527,789,29,NULL,NULL),(1528,790,15,NULL,NULL),(1529,790,30,NULL,NULL),(1530,791,14,NULL,NULL),(1531,791,104,NULL,NULL),(1532,792,27,NULL,NULL),(1533,792,37,NULL,NULL),(1534,793,55,NULL,NULL),(1535,794,72,NULL,NULL),(1536,794,85,NULL,NULL),(1537,794,103,NULL,NULL),(1538,795,45,NULL,NULL),(1539,795,76,NULL,NULL),(1540,796,22,NULL,NULL),(1541,796,37,NULL,NULL),(1542,796,62,NULL,NULL),(1543,797,8,NULL,NULL),(1544,797,53,NULL,NULL),(1545,798,73,NULL,NULL),(1546,799,57,NULL,NULL),(1547,799,90,NULL,NULL),(1548,800,65,NULL,NULL),(1549,801,80,NULL,NULL),(1550,802,69,NULL,NULL),(1551,802,76,NULL,NULL),(1552,802,92,NULL,NULL),(1553,803,85,NULL,NULL),(1554,804,6,NULL,NULL),(1555,804,45,NULL,NULL),(1556,804,53,NULL,NULL),(1557,805,11,NULL,NULL),(1558,805,61,NULL,NULL),(1559,806,78,NULL,NULL),(1560,807,41,NULL,NULL),(1561,808,89,NULL,NULL),(1562,809,25,NULL,NULL),(1563,810,10,NULL,NULL),(1564,810,30,NULL,NULL),(1565,810,80,NULL,NULL),(1566,811,56,NULL,NULL),(1567,811,59,NULL,NULL),(1568,812,80,NULL,NULL),(1569,813,5,NULL,NULL),(1570,813,6,NULL,NULL),(1571,813,14,NULL,NULL),(1572,814,29,NULL,NULL),(1573,814,56,NULL,NULL),(1574,815,37,NULL,NULL),(1575,815,106,NULL,NULL),(1576,816,62,NULL,NULL),(1577,816,77,NULL,NULL),(1578,817,21,NULL,NULL),(1579,817,55,NULL,NULL),(1580,817,99,NULL,NULL),(1581,818,7,NULL,NULL),(1582,818,48,NULL,NULL),(1583,819,5,NULL,NULL),(1584,819,46,NULL,NULL),(1585,820,47,NULL,NULL),(1586,820,50,NULL,NULL),(1587,821,7,NULL,NULL),(1588,821,15,NULL,NULL),(1589,821,38,NULL,NULL),(1590,822,14,NULL,NULL),(1591,822,39,NULL,NULL),(1592,823,34,NULL,NULL),(1593,824,3,NULL,NULL),(1594,824,99,NULL,NULL),(1595,825,6,NULL,NULL),(1596,825,29,NULL,NULL),(1597,825,35,NULL,NULL),(1598,826,30,NULL,NULL),(1599,826,33,NULL,NULL),(1600,826,103,NULL,NULL),(1601,827,55,NULL,NULL),(1602,827,81,NULL,NULL),(1603,828,2,NULL,NULL),(1604,828,4,NULL,NULL),(1605,828,95,NULL,NULL),(1606,829,7,NULL,NULL),(1607,829,25,NULL,NULL),(1608,830,16,NULL,NULL),(1609,830,31,NULL,NULL),(1610,830,42,NULL,NULL),(1611,831,29,NULL,NULL),(1612,831,41,NULL,NULL),(1613,831,42,NULL,NULL),(1614,832,57,NULL,NULL),(1615,833,38,NULL,NULL),(1616,834,57,NULL,NULL),(1617,834,82,NULL,NULL),(1618,835,89,NULL,NULL),(1619,836,68,NULL,NULL),(1620,837,25,NULL,NULL),(1621,837,31,NULL,NULL),(1622,838,104,NULL,NULL),(1623,838,106,NULL,NULL),(1624,839,71,NULL,NULL),(1625,840,50,NULL,NULL),(1626,840,75,NULL,NULL),(1627,840,97,NULL,NULL),(1628,841,2,NULL,NULL),(1629,842,54,NULL,NULL),(1630,842,57,NULL,NULL),(1631,842,108,NULL,NULL),(1632,843,10,NULL,NULL),(1633,843,42,NULL,NULL),(1634,843,103,NULL,NULL),(1635,844,50,NULL,NULL),(1636,844,71,NULL,NULL),(1637,844,108,NULL,NULL),(1638,845,51,NULL,NULL),(1639,845,52,NULL,NULL),(1640,845,66,NULL,NULL),(1641,846,34,NULL,NULL),(1642,846,56,NULL,NULL),(1643,846,75,NULL,NULL),(1644,847,8,NULL,NULL),(1645,847,88,NULL,NULL),(1646,847,107,NULL,NULL),(1647,848,11,NULL,NULL),(1648,849,50,NULL,NULL),(1649,850,19,NULL,NULL),(1650,851,83,NULL,NULL),(1651,851,86,NULL,NULL),(1652,852,101,NULL,NULL),(1653,853,3,NULL,NULL),(1654,853,55,NULL,NULL),(1655,854,7,NULL,NULL),(1656,855,1,NULL,NULL),(1657,856,9,NULL,NULL),(1658,856,46,NULL,NULL),(1659,857,10,NULL,NULL),(1660,857,58,NULL,NULL),(1661,857,80,NULL,NULL),(1662,858,38,NULL,NULL),(1663,859,9,NULL,NULL),(1664,859,60,NULL,NULL),(1665,860,51,NULL,NULL),(1666,860,75,NULL,NULL),(1667,860,89,NULL,NULL),(1668,861,52,NULL,NULL),(1669,862,2,NULL,NULL),(1670,862,86,NULL,NULL),(1671,863,66,NULL,NULL),(1672,864,90,NULL,NULL),(1673,864,100,NULL,NULL),(1674,865,38,NULL,NULL),(1675,866,28,NULL,NULL),(1676,867,46,NULL,NULL),(1677,868,27,NULL,NULL),(1678,869,50,NULL,NULL),(1679,869,57,NULL,NULL),(1680,870,25,NULL,NULL),(1681,871,1,NULL,NULL),(1682,871,4,NULL,NULL),(1683,871,79,NULL,NULL),(1684,872,28,NULL,NULL),(1685,872,43,NULL,NULL),(1686,873,26,NULL,NULL),(1687,873,58,NULL,NULL),(1688,873,67,NULL,NULL),(1689,874,2,NULL,NULL),(1690,874,26,NULL,NULL),(1691,874,63,NULL,NULL),(1692,875,16,NULL,NULL),(1693,875,59,NULL,NULL),(1694,876,90,NULL,NULL),(1695,876,92,NULL,NULL),(1696,877,66,NULL,NULL),(1697,878,2,NULL,NULL),(1698,878,50,NULL,NULL),(1699,878,85,NULL,NULL),(1700,879,20,NULL,NULL),(1701,879,58,NULL,NULL),(1702,879,73,NULL,NULL),(1703,880,85,NULL,NULL),(1704,880,96,NULL,NULL),(1705,880,99,NULL,NULL),(1706,881,11,NULL,NULL),(1707,881,50,NULL,NULL),(1708,881,65,NULL,NULL),(1709,882,15,NULL,NULL),(1710,882,67,NULL,NULL),(1711,883,67,NULL,NULL),(1712,883,68,NULL,NULL),(1713,884,2,NULL,NULL),(1714,884,51,NULL,NULL),(1715,884,98,NULL,NULL),(1716,885,78,NULL,NULL),(1717,885,80,NULL,NULL),(1718,885,95,NULL,NULL),(1719,886,44,NULL,NULL),(1720,886,95,NULL,NULL),(1721,887,61,NULL,NULL),(1722,888,52,NULL,NULL),(1723,889,103,NULL,NULL),(1724,890,30,NULL,NULL),(1725,891,51,NULL,NULL),(1726,892,30,NULL,NULL),(1727,892,78,NULL,NULL),(1728,893,59,NULL,NULL),(1729,893,98,NULL,NULL),(1730,894,11,NULL,NULL),(1731,894,76,NULL,NULL),(1732,895,48,NULL,NULL),(1733,895,88,NULL,NULL),(1734,895,107,NULL,NULL),(1735,896,48,NULL,NULL),(1736,896,77,NULL,NULL),(1737,897,43,NULL,NULL),(1738,898,48,NULL,NULL),(1739,898,96,NULL,NULL),(1740,899,8,NULL,NULL),(1741,899,39,NULL,NULL),(1742,899,89,NULL,NULL),(1743,900,5,NULL,NULL),(1744,900,17,NULL,NULL),(1745,900,94,NULL,NULL),(1746,901,41,NULL,NULL),(1747,901,53,NULL,NULL),(1748,901,105,NULL,NULL),(1749,902,33,NULL,NULL),(1750,903,86,NULL,NULL),(1751,903,101,NULL,NULL),(1752,904,28,NULL,NULL),(1753,904,82,NULL,NULL),(1754,905,58,NULL,NULL),(1755,905,108,NULL,NULL),(1756,906,45,NULL,NULL),(1757,906,88,NULL,NULL),(1758,907,49,NULL,NULL),(1759,908,22,NULL,NULL),(1760,908,68,NULL,NULL),(1761,908,72,NULL,NULL),(1762,909,96,NULL,NULL),(1763,910,20,NULL,NULL),(1764,911,21,NULL,NULL),(1765,911,69,NULL,NULL),(1766,911,83,NULL,NULL),(1767,912,10,NULL,NULL),(1768,912,22,NULL,NULL),(1769,913,87,NULL,NULL),(1770,914,11,NULL,NULL),(1771,915,53,NULL,NULL),(1772,915,77,NULL,NULL),(1773,915,95,NULL,NULL),(1774,916,73,NULL,NULL),(1775,916,79,NULL,NULL),(1776,917,3,NULL,NULL),(1777,917,77,NULL,NULL),(1778,917,101,NULL,NULL),(1779,918,40,NULL,NULL),(1780,918,44,NULL,NULL),(1781,918,86,NULL,NULL),(1782,919,22,NULL,NULL),(1783,920,24,NULL,NULL),(1784,920,30,NULL,NULL),(1785,920,103,NULL,NULL),(1786,921,25,NULL,NULL),(1787,922,107,NULL,NULL),(1788,923,72,NULL,NULL),(1789,924,96,NULL,NULL),(1790,925,14,NULL,NULL),(1791,925,23,NULL,NULL),(1792,925,33,NULL,NULL),(1793,926,66,NULL,NULL),(1794,927,6,NULL,NULL),(1795,927,40,NULL,NULL),(1796,927,107,NULL,NULL),(1797,928,103,NULL,NULL),(1798,929,84,NULL,NULL),(1799,929,86,NULL,NULL),(1800,930,26,NULL,NULL),(1801,931,9,NULL,NULL),(1802,932,19,NULL,NULL),(1803,932,25,NULL,NULL),(1804,933,60,NULL,NULL),(1805,933,87,NULL,NULL),(1806,934,38,NULL,NULL),(1807,935,20,NULL,NULL),(1808,935,61,NULL,NULL),(1809,935,76,NULL,NULL),(1810,936,71,NULL,NULL),(1811,936,78,NULL,NULL),(1812,936,94,NULL,NULL),(1813,937,8,NULL,NULL),(1814,937,13,NULL,NULL),(1815,938,108,NULL,NULL),(1816,939,32,NULL,NULL),(1817,939,74,NULL,NULL),(1818,940,20,NULL,NULL),(1819,940,25,NULL,NULL),(1820,940,39,NULL,NULL),(1821,941,44,NULL,NULL),(1822,941,67,NULL,NULL),(1823,941,73,NULL,NULL),(1824,942,4,NULL,NULL),(1825,942,53,NULL,NULL),(1826,943,29,NULL,NULL),(1827,943,56,NULL,NULL),(1828,943,80,NULL,NULL),(1829,944,72,NULL,NULL),(1830,944,86,NULL,NULL),(1831,945,47,NULL,NULL),(1832,945,85,NULL,NULL),(1833,946,22,NULL,NULL),(1834,946,23,NULL,NULL),(1835,947,3,NULL,NULL),(1836,948,28,NULL,NULL),(1837,948,55,NULL,NULL),(1838,948,101,NULL,NULL),(1839,949,3,NULL,NULL),(1840,949,75,NULL,NULL),(1841,950,71,NULL,NULL),(1842,950,100,NULL,NULL),(1843,950,106,NULL,NULL),(1844,951,39,NULL,NULL),(1845,951,66,NULL,NULL),(1846,952,74,NULL,NULL),(1847,952,102,NULL,NULL),(1848,952,106,NULL,NULL),(1849,953,70,NULL,NULL),(1850,953,99,NULL,NULL),(1851,954,68,NULL,NULL),(1852,954,96,NULL,NULL),(1853,955,13,NULL,NULL),(1854,955,38,NULL,NULL),(1855,956,8,NULL,NULL),(1856,956,36,NULL,NULL),(1857,957,46,NULL,NULL),(1858,957,67,NULL,NULL),(1859,958,9,NULL,NULL),(1860,958,71,NULL,NULL),(1861,959,48,NULL,NULL),(1862,960,29,NULL,NULL),(1863,960,78,NULL,NULL),(1864,960,103,NULL,NULL),(1865,961,76,NULL,NULL),(1866,961,101,NULL,NULL),(1867,962,4,NULL,NULL),(1868,962,78,NULL,NULL),(1869,963,16,NULL,NULL),(1870,964,65,NULL,NULL),(1871,964,89,NULL,NULL),(1872,964,104,NULL,NULL),(1873,965,11,NULL,NULL),(1874,965,38,NULL,NULL),(1875,966,42,NULL,NULL),(1876,966,105,NULL,NULL),(1877,967,45,NULL,NULL),(1878,967,86,NULL,NULL),(1879,967,90,NULL,NULL),(1880,968,68,NULL,NULL),(1881,968,87,NULL,NULL),(1882,969,3,NULL,NULL),(1883,970,83,NULL,NULL),(1884,970,85,NULL,NULL),(1885,970,105,NULL,NULL),(1886,971,68,NULL,NULL),(1887,971,102,NULL,NULL),(1888,971,108,NULL,NULL),(1889,972,22,NULL,NULL),(1890,972,78,NULL,NULL),(1891,973,37,NULL,NULL),(1892,973,58,NULL,NULL),(1893,973,98,NULL,NULL),(1894,974,8,NULL,NULL),(1895,974,49,NULL,NULL),(1896,975,46,NULL,NULL),(1897,975,59,NULL,NULL),(1898,975,105,NULL,NULL),(1899,976,87,NULL,NULL),(1900,976,89,NULL,NULL),(1901,976,90,NULL,NULL),(1902,977,14,NULL,NULL),(1903,977,21,NULL,NULL),(1904,977,56,NULL,NULL),(1905,978,18,NULL,NULL),(1906,979,3,NULL,NULL),(1907,979,15,NULL,NULL),(1908,979,25,NULL,NULL),(1909,980,47,NULL,NULL),(1910,981,55,NULL,NULL),(1911,981,64,NULL,NULL),(1912,982,23,NULL,NULL),(1913,982,97,NULL,NULL),(1914,983,32,NULL,NULL),(1915,983,66,NULL,NULL),(1916,984,31,NULL,NULL),(1917,984,48,NULL,NULL),(1918,984,64,NULL,NULL),(1919,985,12,NULL,NULL),(1920,985,71,NULL,NULL),(1921,986,37,NULL,NULL),(1922,987,10,NULL,NULL),(1923,987,108,NULL,NULL),(1924,988,77,NULL,NULL),(1925,988,102,NULL,NULL),(1926,989,42,NULL,NULL),(1927,989,47,NULL,NULL),(1928,989,69,NULL,NULL),(1929,990,62,NULL,NULL),(1930,991,6,NULL,NULL),(1931,991,62,NULL,NULL),(1932,991,101,NULL,NULL),(1933,992,63,NULL,NULL),(1934,992,74,NULL,NULL),(1935,992,76,NULL,NULL),(1936,993,46,NULL,NULL),(1937,994,7,NULL,NULL),(1938,994,79,NULL,NULL),(1939,994,105,NULL,NULL),(1940,995,38,NULL,NULL),(1941,996,26,NULL,NULL),(1942,996,37,NULL,NULL),(1943,996,81,NULL,NULL),(1944,997,102,NULL,NULL),(1945,998,36,NULL,NULL),(1946,998,52,NULL,NULL),(1947,998,101,NULL,NULL),(1948,999,30,NULL,NULL),(1949,999,87,NULL,NULL),(1950,1000,2,NULL,NULL),(1951,1001,86,NULL,NULL),(1952,1002,93,NULL,NULL),(1953,1002,97,NULL,NULL),(1954,1003,74,NULL,NULL),(1955,1004,7,NULL,NULL),(1956,1004,89,NULL,NULL),(1957,1005,31,NULL,NULL),(1958,1006,34,NULL,NULL),(1959,1006,89,NULL,NULL),(1960,1007,78,NULL,NULL),(1961,1008,22,NULL,NULL),(1962,1008,98,NULL,NULL),(1963,1009,49,NULL,NULL),(1964,1009,59,NULL,NULL),(1965,1009,108,NULL,NULL),(1966,1010,48,NULL,NULL),(1967,1010,105,NULL,NULL),(1968,1011,75,NULL,NULL),(1969,1012,11,NULL,NULL),(1970,1012,18,NULL,NULL),(1971,1013,18,NULL,NULL),(1972,1013,71,NULL,NULL),(1973,1013,80,NULL,NULL),(1974,1014,2,NULL,NULL),(1975,1014,31,NULL,NULL),(1976,1014,90,NULL,NULL),(1977,1015,2,NULL,NULL),(1978,1015,61,NULL,NULL),(1979,1015,107,NULL,NULL),(1980,1016,15,NULL,NULL),(1981,1017,63,NULL,NULL),(1982,1017,94,NULL,NULL),(1983,1018,48,NULL,NULL),(1984,1018,97,NULL,NULL),(1985,1019,52,NULL,NULL),(1986,1020,22,NULL,NULL),(1987,1021,28,NULL,NULL),(1988,1021,52,NULL,NULL),(1989,1022,20,NULL,NULL),(1990,1022,23,NULL,NULL),(1991,1023,32,NULL,NULL),(1992,1023,46,NULL,NULL),(1993,1024,22,NULL,NULL),(1994,1024,71,NULL,NULL),(1995,1025,5,NULL,NULL),(1996,1025,83,NULL,NULL),(1997,1026,4,NULL,NULL),(1998,1027,1,NULL,NULL);

--
-- Table structure for table `search_histories`
--

CREATE TABLE `search_histories` (
  `id` bigint unsigned NOT NULL AUTO_INCREMENT,
  `user_id` bigint unsigned NOT NULL,
  `query` varchar(255) CHARACTER SET utf8mb4 COLLATE utf8mb4_unicode_ci NOT NULL,
  `created_at` timestamp NULL DEFAULT NULL,
  `updated_at` timestamp NULL DEFAULT NULL,
  PRIMARY KEY (`id`),
  KEY `search_histories_user_id_foreign` (`user_id`),
  CONSTRAINT `search_histories_user_id_foreign` FOREIGN KEY (`user_id`) REFERENCES `users` (`id`) ON DELETE CASCADE
) ENGINE=InnoDB DEFAULT CHARSET=utf8mb4 COLLATE=utf8mb4_unicode_ci;

--
-- Dumping data for table `search_histories`
--


--
-- Table structure for table `seo_settings`
--

CREATE TABLE `seo_settings` (
  `id` bigint unsigned NOT NULL AUTO_INCREMENT,
  `page_name` varchar(255) COLLATE utf8mb4_unicode_ci NOT NULL,
  `schema_markup` longtext COLLATE utf8mb4_unicode_ci,
  PRIMARY KEY (`id`),
  UNIQUE KEY `seo_settings_page_name_unique` (`page_name`)
) ENGINE=InnoDB DEFAULT CHARSET=utf8mb4 COLLATE=utf8mb4_unicode_ci;

--
-- Dumping data for table `seo_settings`
--


--
-- Table structure for table `sessions`
--

CREATE TABLE `sessions` (
  `id` varchar(255) COLLATE utf8mb4_unicode_ci NOT NULL,
  `user_id` bigint unsigned DEFAULT NULL,
  `ip_address` varchar(45) COLLATE utf8mb4_unicode_ci DEFAULT NULL,
  `user_agent` text COLLATE utf8mb4_unicode_ci,
  `payload` longtext COLLATE utf8mb4_unicode_ci NOT NULL,
  `last_activity` int NOT NULL,
  PRIMARY KEY (`id`),
  KEY `sessions_user_id_index` (`user_id`),
  KEY `sessions_last_activity_index` (`last_activity`)
) ENGINE=InnoDB DEFAULT CHARSET=utf8mb4 COLLATE=utf8mb4_unicode_ci;

--
-- Dumping data for table `sessions`
--

INSERT INTO `sessions` VALUES ('g1tBwomhjof9moQ8vUzsWvwzO8TOvUmCo8Xk7rUr',NULL,'127.0.0.1','Mozilla/5.0 (Windows NT 10.0; Win64; x64) AppleWebKit/537.36 (KHTML, like Gecko) Chrome/144.0.0.0 Safari/537.36','YTo0OntzOjY6Il90b2tlbiI7czo0MDoiYmUwS1ZuSUZJM2c0Wm84dXpoSTBjYTA4aE0xZUF4eFdtMGN2OGxqRSI7czozOiJ1cmwiO2E6MTp7czo4OiJpbnRlbmRlZCI7czozMzoiaHR0cDovL2xvY2FsaG9zdDo4MDAwL2FkbWluL3VzZXJzIjt9czo5OiJfcHJldmlvdXMiO2E6Mjp7czozOiJ1cmwiO3M6Mjc6Imh0dHA6Ly9sb2NhbGhvc3Q6ODAwMC9sb2dpbiI7czo1OiJyb3V0ZSI7czo1OiJsb2dpbiI7fXM6NjoiX2ZsYXNoIjthOjI6e3M6Mzoib2xkIjthOjA6e31zOjM6Im5ldyI7YTowOnt9fX0=',1770193110),('KG0aFN3Cef5CSk19vFlU7SYGaC8IHY1lWeK9UMWS',2,'127.0.0.1','Mozilla/5.0 (Windows NT 10.0; Win64; x64) AppleWebKit/537.36 (KHTML, like Gecko) Chrome/144.0.0.0 Safari/537.36','YTo0OntzOjY6Il90b2tlbiI7czo0MDoiMVNocUtPaUZwdDQ5eXhaVGZjVFd1Z3VEZW10ZkRZWEhEZnd2QWRjYiI7czo2OiJfZmxhc2giO2E6Mjp7czozOiJvbGQiO2E6MDp7fXM6MzoibmV3IjthOjA6e319czo5OiJfcHJldmlvdXMiO2E6Mjp7czozOiJ1cmwiO3M6NDA6Imh0dHA6Ly9sb2NhbGhvc3Q6ODAwMC9hc3Ryb2xvZ2VyL2NoYXQvMTciO3M6NToicm91dGUiO3M6MjA6ImFzdHJvbG9nZXIuY2hhdC5yb29tIjt9czo1MDoibG9naW5fd2ViXzU5YmEzNmFkZGMyYjJmOTQwMTU4MGYwMTRjN2Y1OGVhNGUzMDk4OWQiO2k6Mjt9',1770198940),('uRGMbQy3Ri7uXOMpNy3zwZaEUCPjGcveHUguls11',NULL,'127.0.0.1','Mozilla/5.0 (Windows NT 10.0; Win64; x64) AppleWebKit/537.36 (KHTML, like Gecko) Chrome/144.0.0.0 Safari/537.36','YTozOntzOjY6Il90b2tlbiI7czo0MDoiS25WMEZ4aVdsUUJUdk01MjFhQkJJU2tyNklrWEJiOXlVODBsQWZ6RSI7czo2OiJfZmxhc2giO2E6Mjp7czozOiJvbGQiO2E6MDp7fXM6MzoibmV3IjthOjA6e319czo5OiJfcHJldmlvdXMiO2E6Mjp7czozOiJ1cmwiO3M6NzA6Imh0dHA6Ly9sb2NhbGhvc3Q6ODAwMC9zaG9wL3Byb2R1Y3QvcHJvZHVjdC1kZXNlcnVudC1hbWV0LXByb3ZpZGVudC0xOTciO3M6NToicm91dGUiO3M6MTI6InNob3AucHJvZHVjdCI7fX0=',1770199070),('yAJTCtkx99JEvgOBdxALLbky62vTLkT6l78gfZoH',NULL,'127.0.0.1','Mozilla/5.0 (Windows NT 10.0; Win64; x64) AppleWebKit/537.36 (KHTML, like Gecko) Chrome/144.0.0.0 Safari/537.36','YTozOntzOjY6Il90b2tlbiI7czo0MDoiRVZiOEE2QkN3NzJsQ3pENW41NlhYSURxM3FGVDJMMzM4ZWpXM1RyNCI7czo5OiJfcHJldmlvdXMiO2E6Mjp7czozOiJ1cmwiO3M6MjE6Imh0dHA6Ly9sb2NhbGhvc3Q6ODAwMCI7czo1OiJyb3V0ZSI7czo0OiJob21lIjt9czo2OiJfZmxhc2giO2E6Mjp7czozOiJvbGQiO2E6MDp7fXM6MzoibmV3IjthOjA6e319fQ==',1770566216),('YclYSv3emjmR0XdNlvqqv2jTKr60e0D8YcwoF0KZ',NULL,'127.0.0.1','Mozilla/5.0 (Windows NT 10.0; Win64; x64) AppleWebKit/537.36 (KHTML, like Gecko) Chrome/144.0.0.0 Safari/537.36','YTozOntzOjY6Il90b2tlbiI7czo0MDoidU9FQVRzUHIyZXMzcEMxcVZ4eUsxTUJxNXJZTHBjWkZUbG1lajR3cyI7czo5OiJfcHJldmlvdXMiO2E6Mjp7czozOiJ1cmwiO3M6NjU6Imh0dHA6Ly9sb2NhbGhvc3Q6ODAwMC9wb29qYS1zZXJ2aWNlcy9rYWFsLXNhcnAtZG9zaC1uaXZhcmFuLXBvb2phIjtzOjU6InJvdXRlIjtzOjE5OiJwb29qYS1zZXJ2aWNlcy5zaG93Ijt9czo2OiJfZmxhc2giO2E6Mjp7czozOiJvbGQiO2E6MDp7fXM6MzoibmV3IjthOjA6e319fQ==',1770571099);

--
-- Table structure for table `skill_user`
--

CREATE TABLE `skill_user` (
  `id` bigint unsigned NOT NULL AUTO_INCREMENT,
  `skill_id` bigint unsigned NOT NULL,
  `user_id` bigint unsigned NOT NULL,
  `created_at` timestamp NULL DEFAULT NULL,
  `updated_at` timestamp NULL DEFAULT NULL,
  PRIMARY KEY (`id`),
  KEY `skill_user_skill_id_foreign` (`skill_id`),
  KEY `skill_user_user_id_foreign` (`user_id`),
  CONSTRAINT `skill_user_skill_id_foreign` FOREIGN KEY (`skill_id`) REFERENCES `skills` (`id`) ON DELETE CASCADE,
  CONSTRAINT `skill_user_user_id_foreign` FOREIGN KEY (`user_id`) REFERENCES `users` (`id`) ON DELETE CASCADE
) ENGINE=InnoDB AUTO_INCREMENT=3090 DEFAULT CHARSET=utf8mb4 COLLATE=utf8mb4_unicode_ci;

--
-- Dumping data for table `skill_user`
--

INSERT INTO `skill_user` VALUES (3,3,5,NULL,NULL),(4,1,5,NULL,NULL),(5,3,6,NULL,NULL),(6,1,6,NULL,NULL),(8,1,7,NULL,NULL),(9,3,8,NULL,NULL),(10,1,8,NULL,NULL),(11,2,9,NULL,NULL),(12,3,9,NULL,NULL),(13,3,10,NULL,NULL),(15,2,11,NULL,NULL),(16,3,11,NULL,NULL),(18,1,12,NULL,NULL),(19,2,13,NULL,NULL),(20,3,13,NULL,NULL),(22,1,14,NULL,NULL),(23,3,15,NULL,NULL),(26,3,16,NULL,NULL),(28,1,17,NULL,NULL),(29,2,18,NULL,NULL),(31,3,19,NULL,NULL),(32,1,19,NULL,NULL),(33,2,20,NULL,NULL),(36,1,21,NULL,NULL),(38,1,22,NULL,NULL),(39,3,23,NULL,NULL),(40,1,23,NULL,NULL),(42,1,24,NULL,NULL),(43,2,7,NULL,NULL),(44,2,10,NULL,NULL),(45,3,12,NULL,NULL),(46,2,14,NULL,NULL),(47,2,15,NULL,NULL),(48,1,16,NULL,NULL),(49,3,17,NULL,NULL),(50,3,18,NULL,NULL),(51,1,20,NULL,NULL),(52,3,21,NULL,NULL),(53,2,22,NULL,NULL),(54,2,24,NULL,NULL),(55,4,2,NULL,NULL),(56,12,26,NULL,NULL),(57,7,26,NULL,NULL),(58,10,26,NULL,NULL),(59,3,27,NULL,NULL),(60,17,27,NULL,NULL),(61,9,28,NULL,NULL),(62,14,28,NULL,NULL),(63,4,28,NULL,NULL),(64,19,29,NULL,NULL),(65,7,29,NULL,NULL),(66,5,29,NULL,NULL),(67,8,30,NULL,NULL),(68,16,30,NULL,NULL),(69,3,30,NULL,NULL),(70,1,30,NULL,NULL),(71,15,31,NULL,NULL),(72,11,31,NULL,NULL),(73,3,31,NULL,NULL),(74,7,31,NULL,NULL),(75,8,32,NULL,NULL),(76,3,32,NULL,NULL),(77,9,32,NULL,NULL),(78,14,32,NULL,NULL),(79,15,33,NULL,NULL),(80,13,33,NULL,NULL),(81,3,33,NULL,NULL),(82,1,33,NULL,NULL),(83,19,34,NULL,NULL),(84,3,34,NULL,NULL),(85,14,34,NULL,NULL),(86,15,35,NULL,NULL),(87,7,35,NULL,NULL),(88,8,36,NULL,NULL),(89,13,36,NULL,NULL),(90,2,36,NULL,NULL),(91,8,37,NULL,NULL),(92,19,37,NULL,NULL),(93,2,37,NULL,NULL),(94,8,38,NULL,NULL),(95,16,38,NULL,NULL),(96,13,38,NULL,NULL),(97,14,38,NULL,NULL),(98,12,39,NULL,NULL),(99,17,39,NULL,NULL),(100,2,40,NULL,NULL),(101,14,40,NULL,NULL),(102,4,41,NULL,NULL),(103,1,41,NULL,NULL),(104,14,42,NULL,NULL),(105,5,42,NULL,NULL),(106,8,43,NULL,NULL),(107,16,43,NULL,NULL),(108,18,43,NULL,NULL),(109,5,43,NULL,NULL),(110,16,44,NULL,NULL),(111,2,44,NULL,NULL),(112,5,44,NULL,NULL),(113,11,45,NULL,NULL),(114,9,45,NULL,NULL),(115,7,45,NULL,NULL),(116,10,45,NULL,NULL),(117,2,46,NULL,NULL),(118,4,46,NULL,NULL),(119,18,47,NULL,NULL),(120,17,47,NULL,NULL),(121,15,48,NULL,NULL),(122,19,48,NULL,NULL),(123,7,48,NULL,NULL),(124,4,48,NULL,NULL),(125,6,49,NULL,NULL),(126,19,49,NULL,NULL),(127,7,49,NULL,NULL),(128,19,50,NULL,NULL),(129,14,50,NULL,NULL),(130,2,51,NULL,NULL),(131,14,51,NULL,NULL),(132,6,52,NULL,NULL),(133,19,52,NULL,NULL),(134,14,52,NULL,NULL),(135,5,52,NULL,NULL),(136,16,53,NULL,NULL),(137,18,53,NULL,NULL),(138,5,53,NULL,NULL),(139,8,54,NULL,NULL),(140,18,54,NULL,NULL),(141,16,55,NULL,NULL),(142,11,55,NULL,NULL),(143,13,55,NULL,NULL),(144,5,56,NULL,NULL),(145,1,56,NULL,NULL),(146,11,57,NULL,NULL),(147,7,57,NULL,NULL),(148,5,57,NULL,NULL),(149,8,58,NULL,NULL),(150,14,58,NULL,NULL),(151,16,59,NULL,NULL),(152,13,59,NULL,NULL),(153,1,59,NULL,NULL),(154,9,60,NULL,NULL),(155,7,60,NULL,NULL),(156,19,61,NULL,NULL),(157,17,61,NULL,NULL),(158,1,61,NULL,NULL),(159,12,62,NULL,NULL),(160,6,62,NULL,NULL),(161,18,62,NULL,NULL),(162,10,62,NULL,NULL),(163,18,63,NULL,NULL),(164,9,63,NULL,NULL),(165,14,63,NULL,NULL),(166,8,64,NULL,NULL),(167,2,64,NULL,NULL),(168,3,64,NULL,NULL),(169,11,65,NULL,NULL),(170,12,65,NULL,NULL),(171,18,65,NULL,NULL),(172,14,65,NULL,NULL),(173,13,66,NULL,NULL),(174,2,66,NULL,NULL),(175,14,66,NULL,NULL),(176,12,67,NULL,NULL),(177,17,67,NULL,NULL),(178,18,68,NULL,NULL),(179,19,68,NULL,NULL),(180,2,69,NULL,NULL),(181,9,69,NULL,NULL),(182,7,69,NULL,NULL),(183,10,69,NULL,NULL),(184,8,70,NULL,NULL),(185,18,70,NULL,NULL),(186,2,70,NULL,NULL),(187,6,71,NULL,NULL),(188,4,71,NULL,NULL),(189,12,72,NULL,NULL),(190,19,72,NULL,NULL),(191,9,72,NULL,NULL),(192,12,73,NULL,NULL),(193,14,73,NULL,NULL),(194,6,74,NULL,NULL),(195,10,74,NULL,NULL),(196,5,74,NULL,NULL),(197,5,75,NULL,NULL),(198,4,75,NULL,NULL),(199,13,76,NULL,NULL),(200,2,76,NULL,NULL),(201,15,77,NULL,NULL),(202,6,77,NULL,NULL),(203,10,77,NULL,NULL),(204,16,78,NULL,NULL),(205,18,78,NULL,NULL),(206,9,78,NULL,NULL),(207,10,78,NULL,NULL),(208,8,79,NULL,NULL),(209,11,79,NULL,NULL),(210,4,79,NULL,NULL),(211,13,80,NULL,NULL),(212,9,80,NULL,NULL),(213,4,80,NULL,NULL),(214,15,81,NULL,NULL),(215,11,81,NULL,NULL),(216,12,81,NULL,NULL),(217,19,81,NULL,NULL),(218,3,82,NULL,NULL),(219,5,82,NULL,NULL),(220,4,82,NULL,NULL),(221,13,83,NULL,NULL),(222,3,83,NULL,NULL),(223,7,83,NULL,NULL),(224,6,84,NULL,NULL),(225,2,84,NULL,NULL),(226,14,84,NULL,NULL),(227,4,84,NULL,NULL),(228,11,85,NULL,NULL),(229,19,85,NULL,NULL),(230,3,85,NULL,NULL),(231,10,85,NULL,NULL),(232,16,86,NULL,NULL),(233,2,86,NULL,NULL),(234,16,87,NULL,NULL),(235,5,87,NULL,NULL),(236,15,88,NULL,NULL),(237,12,88,NULL,NULL),(238,2,88,NULL,NULL),(239,1,88,NULL,NULL),(240,8,89,NULL,NULL),(241,19,89,NULL,NULL),(242,14,89,NULL,NULL),(243,6,90,NULL,NULL),(244,13,90,NULL,NULL),(245,3,90,NULL,NULL),(246,6,91,NULL,NULL),(247,9,91,NULL,NULL),(248,7,91,NULL,NULL),(249,11,92,NULL,NULL),(250,9,92,NULL,NULL),(251,7,92,NULL,NULL),(252,12,93,NULL,NULL),(253,18,93,NULL,NULL),(254,19,93,NULL,NULL),(255,16,94,NULL,NULL),(256,15,94,NULL,NULL),(257,3,94,NULL,NULL),(258,15,95,NULL,NULL),(259,18,95,NULL,NULL),(260,3,95,NULL,NULL),(261,9,95,NULL,NULL),(262,11,96,NULL,NULL),(263,12,96,NULL,NULL),(264,13,96,NULL,NULL),(265,15,97,NULL,NULL),(266,2,97,NULL,NULL),(267,3,97,NULL,NULL),(268,1,97,NULL,NULL),(269,15,98,NULL,NULL),(270,19,98,NULL,NULL),(271,4,98,NULL,NULL),(272,1,98,NULL,NULL),(273,16,99,NULL,NULL),(274,7,99,NULL,NULL),(275,8,100,NULL,NULL),(276,4,100,NULL,NULL),(277,6,101,NULL,NULL),(278,14,101,NULL,NULL),(279,6,102,NULL,NULL),(280,9,102,NULL,NULL),(281,7,102,NULL,NULL),(282,16,103,NULL,NULL),(283,14,103,NULL,NULL),(284,11,104,NULL,NULL),(285,13,104,NULL,NULL),(286,1,104,NULL,NULL),(287,8,105,NULL,NULL),(288,3,105,NULL,NULL),(289,5,105,NULL,NULL),(290,1,105,NULL,NULL),(291,13,106,NULL,NULL),(292,3,106,NULL,NULL),(293,9,106,NULL,NULL),(294,10,106,NULL,NULL),(295,8,107,NULL,NULL),(296,4,107,NULL,NULL),(297,1,107,NULL,NULL),(298,3,108,NULL,NULL),(299,10,108,NULL,NULL),(300,17,108,NULL,NULL),(301,4,108,NULL,NULL),(302,6,109,NULL,NULL),(303,14,109,NULL,NULL),(304,8,110,NULL,NULL),(305,13,110,NULL,NULL),(306,19,110,NULL,NULL),(307,1,110,NULL,NULL),(308,14,111,NULL,NULL),(309,5,111,NULL,NULL),(310,4,111,NULL,NULL),(311,9,112,NULL,NULL),(312,7,112,NULL,NULL),(313,4,112,NULL,NULL),(314,16,113,NULL,NULL),(315,13,113,NULL,NULL),(316,12,114,NULL,NULL),(317,19,114,NULL,NULL),(318,7,114,NULL,NULL),(319,16,115,NULL,NULL),(320,6,115,NULL,NULL),(321,18,115,NULL,NULL),(322,2,115,NULL,NULL),(323,8,116,NULL,NULL),(324,16,116,NULL,NULL),(325,10,116,NULL,NULL),(326,1,116,NULL,NULL),(327,11,117,NULL,NULL),(328,5,117,NULL,NULL),(329,8,118,NULL,NULL),(330,2,118,NULL,NULL),(331,14,118,NULL,NULL),(332,4,118,NULL,NULL),(333,16,119,NULL,NULL),(334,6,119,NULL,NULL),(335,19,119,NULL,NULL),(336,1,119,NULL,NULL),(337,13,120,NULL,NULL),(338,19,120,NULL,NULL),(339,7,120,NULL,NULL),(340,13,121,NULL,NULL),(341,14,121,NULL,NULL),(342,17,121,NULL,NULL),(343,8,122,NULL,NULL),(344,12,122,NULL,NULL),(345,9,122,NULL,NULL),(346,5,122,NULL,NULL),(347,11,123,NULL,NULL),(348,12,123,NULL,NULL),(349,18,123,NULL,NULL),(350,6,124,NULL,NULL),(351,9,124,NULL,NULL),(352,19,125,NULL,NULL),(353,9,125,NULL,NULL),(354,4,125,NULL,NULL),(355,18,126,NULL,NULL),(356,3,126,NULL,NULL),(357,6,127,NULL,NULL),(358,5,127,NULL,NULL),(359,9,128,NULL,NULL),(360,7,128,NULL,NULL),(361,7,129,NULL,NULL),(362,17,129,NULL,NULL),(363,1,129,NULL,NULL),(364,2,130,NULL,NULL),(365,1,130,NULL,NULL),(366,15,131,NULL,NULL),(367,18,131,NULL,NULL),(368,8,132,NULL,NULL),(369,18,132,NULL,NULL),(370,2,132,NULL,NULL),(371,7,132,NULL,NULL),(372,10,133,NULL,NULL),(373,14,133,NULL,NULL),(374,15,134,NULL,NULL),(375,11,134,NULL,NULL),(376,18,134,NULL,NULL),(377,10,134,NULL,NULL),(378,13,135,NULL,NULL),(379,5,135,NULL,NULL),(380,4,135,NULL,NULL),(381,2,136,NULL,NULL),(382,9,136,NULL,NULL),(383,7,136,NULL,NULL),(384,19,137,NULL,NULL),(385,4,137,NULL,NULL),(386,8,138,NULL,NULL),(387,13,138,NULL,NULL),(388,2,138,NULL,NULL),(389,9,138,NULL,NULL),(390,11,139,NULL,NULL),(391,14,139,NULL,NULL),(392,1,139,NULL,NULL),(393,11,140,NULL,NULL),(394,13,140,NULL,NULL),(395,14,140,NULL,NULL),(396,17,140,NULL,NULL),(397,8,141,NULL,NULL),(398,16,141,NULL,NULL),(399,12,141,NULL,NULL),(400,3,141,NULL,NULL),(401,7,142,NULL,NULL),(402,10,142,NULL,NULL),(403,5,142,NULL,NULL),(404,16,143,NULL,NULL),(405,18,143,NULL,NULL),(406,7,143,NULL,NULL),(407,5,143,NULL,NULL),(408,8,144,NULL,NULL),(409,16,144,NULL,NULL),(410,3,144,NULL,NULL),(411,17,144,NULL,NULL),(412,15,145,NULL,NULL),(413,5,145,NULL,NULL),(414,1,145,NULL,NULL),(415,10,146,NULL,NULL),(416,14,146,NULL,NULL),(417,15,147,NULL,NULL),(418,19,147,NULL,NULL),(419,1,147,NULL,NULL),(420,8,148,NULL,NULL),(421,10,148,NULL,NULL),(422,13,149,NULL,NULL),(423,2,149,NULL,NULL),(424,17,149,NULL,NULL),(425,15,150,NULL,NULL),(426,2,150,NULL,NULL),(427,4,150,NULL,NULL),(428,6,151,NULL,NULL),(429,17,151,NULL,NULL),(430,12,152,NULL,NULL),(431,19,152,NULL,NULL),(432,16,153,NULL,NULL),(433,6,153,NULL,NULL),(434,16,154,NULL,NULL),(435,2,154,NULL,NULL),(436,1,154,NULL,NULL),(437,16,155,NULL,NULL),(438,12,155,NULL,NULL),(439,3,155,NULL,NULL),(440,4,155,NULL,NULL),(441,12,156,NULL,NULL),(442,3,156,NULL,NULL),(443,2,157,NULL,NULL),(444,10,157,NULL,NULL),(445,17,157,NULL,NULL),(446,11,158,NULL,NULL),(447,13,158,NULL,NULL),(448,17,158,NULL,NULL),(449,8,159,NULL,NULL),(450,18,159,NULL,NULL),(451,17,159,NULL,NULL),(452,6,160,NULL,NULL),(453,10,160,NULL,NULL),(454,5,160,NULL,NULL),(455,16,161,NULL,NULL),(456,17,161,NULL,NULL),(457,6,162,NULL,NULL),(458,13,162,NULL,NULL),(459,15,163,NULL,NULL),(460,6,163,NULL,NULL),(461,2,163,NULL,NULL),(462,1,163,NULL,NULL),(463,16,164,NULL,NULL),(464,3,164,NULL,NULL),(465,12,165,NULL,NULL),(466,9,165,NULL,NULL),(467,16,166,NULL,NULL),(468,12,166,NULL,NULL),(469,13,166,NULL,NULL),(470,19,166,NULL,NULL),(471,15,167,NULL,NULL),(472,13,167,NULL,NULL),(473,19,167,NULL,NULL),(474,3,167,NULL,NULL),(475,9,168,NULL,NULL),(476,17,168,NULL,NULL),(477,6,169,NULL,NULL),(478,17,169,NULL,NULL),(479,5,169,NULL,NULL),(480,1,169,NULL,NULL),(481,16,170,NULL,NULL),(482,11,170,NULL,NULL),(483,6,171,NULL,NULL),(484,9,171,NULL,NULL),(485,7,171,NULL,NULL),(486,8,172,NULL,NULL),(487,14,172,NULL,NULL),(488,2,173,NULL,NULL),(489,10,173,NULL,NULL),(490,1,173,NULL,NULL),(491,15,174,NULL,NULL),(492,5,174,NULL,NULL),(493,16,175,NULL,NULL),(494,18,175,NULL,NULL),(495,3,175,NULL,NULL),(496,1,175,NULL,NULL),(497,11,176,NULL,NULL),(498,2,176,NULL,NULL),(499,8,177,NULL,NULL),(500,13,177,NULL,NULL),(501,2,177,NULL,NULL),(502,14,177,NULL,NULL),(503,9,178,NULL,NULL),(504,17,178,NULL,NULL),(505,3,179,NULL,NULL),(506,7,179,NULL,NULL),(507,14,180,NULL,NULL),(508,5,180,NULL,NULL),(509,15,181,NULL,NULL),(510,6,181,NULL,NULL),(511,13,181,NULL,NULL),(512,5,181,NULL,NULL),(513,18,182,NULL,NULL),(514,7,182,NULL,NULL),(515,12,183,NULL,NULL),(516,17,183,NULL,NULL),(517,16,184,NULL,NULL),(518,18,184,NULL,NULL),(519,15,185,NULL,NULL),(520,3,185,NULL,NULL),(521,10,185,NULL,NULL),(522,8,186,NULL,NULL),(523,16,186,NULL,NULL),(524,18,186,NULL,NULL),(525,14,186,NULL,NULL),(526,11,187,NULL,NULL),(527,2,187,NULL,NULL),(528,4,187,NULL,NULL),(529,8,188,NULL,NULL),(530,12,188,NULL,NULL),(531,18,188,NULL,NULL),(532,7,188,NULL,NULL),(533,13,189,NULL,NULL),(534,7,189,NULL,NULL),(535,15,190,NULL,NULL),(536,6,190,NULL,NULL),(537,8,191,NULL,NULL),(538,11,191,NULL,NULL),(539,14,191,NULL,NULL),(540,17,191,NULL,NULL),(541,11,192,NULL,NULL),(542,9,192,NULL,NULL),(543,5,192,NULL,NULL),(544,4,192,NULL,NULL),(545,15,193,NULL,NULL),(546,18,193,NULL,NULL),(547,3,193,NULL,NULL),(548,14,193,NULL,NULL),(549,19,194,NULL,NULL),(550,3,194,NULL,NULL),(551,4,194,NULL,NULL),(552,11,195,NULL,NULL),(553,10,195,NULL,NULL),(554,11,196,NULL,NULL),(555,19,196,NULL,NULL),(556,2,196,NULL,NULL),(557,7,196,NULL,NULL),(558,18,197,NULL,NULL),(559,5,197,NULL,NULL),(560,15,198,NULL,NULL),(561,12,198,NULL,NULL),(562,13,198,NULL,NULL),(563,10,198,NULL,NULL),(564,8,199,NULL,NULL),(565,11,199,NULL,NULL),(566,19,199,NULL,NULL),(567,13,200,NULL,NULL),(568,9,200,NULL,NULL),(569,6,201,NULL,NULL),(570,19,201,NULL,NULL),(571,7,201,NULL,NULL),(572,1,201,NULL,NULL),(573,11,202,NULL,NULL),(574,19,202,NULL,NULL),(575,17,202,NULL,NULL),(576,1,202,NULL,NULL),(577,8,203,NULL,NULL),(578,3,203,NULL,NULL),(579,4,203,NULL,NULL),(580,13,204,NULL,NULL),(581,1,204,NULL,NULL),(582,12,205,NULL,NULL),(583,13,205,NULL,NULL),(584,18,205,NULL,NULL),(585,4,205,NULL,NULL),(586,6,206,NULL,NULL),(587,18,206,NULL,NULL),(588,4,206,NULL,NULL),(589,1,206,NULL,NULL),(590,6,207,NULL,NULL),(591,18,207,NULL,NULL),(592,3,207,NULL,NULL),(593,7,207,NULL,NULL),(594,16,208,NULL,NULL),(595,15,208,NULL,NULL),(596,19,208,NULL,NULL),(597,14,208,NULL,NULL),(598,19,209,NULL,NULL),(599,2,209,NULL,NULL),(600,3,209,NULL,NULL),(601,4,209,NULL,NULL),(602,8,210,NULL,NULL),(603,18,210,NULL,NULL),(604,12,211,NULL,NULL),(605,2,211,NULL,NULL),(606,7,211,NULL,NULL),(607,4,211,NULL,NULL),(608,18,212,NULL,NULL),(609,7,212,NULL,NULL),(610,8,213,NULL,NULL),(611,11,213,NULL,NULL),(612,12,213,NULL,NULL),(613,6,214,NULL,NULL),(614,2,214,NULL,NULL),(615,5,214,NULL,NULL),(616,2,215,NULL,NULL),(617,7,215,NULL,NULL),(618,14,215,NULL,NULL),(619,18,216,NULL,NULL),(620,2,216,NULL,NULL),(621,5,216,NULL,NULL),(622,8,217,NULL,NULL),(623,3,217,NULL,NULL),(624,15,218,NULL,NULL),(625,18,218,NULL,NULL),(626,19,218,NULL,NULL),(627,16,219,NULL,NULL),(628,12,219,NULL,NULL),(629,3,219,NULL,NULL),(630,1,219,NULL,NULL),(631,16,220,NULL,NULL),(632,11,220,NULL,NULL),(633,14,220,NULL,NULL),(634,9,221,NULL,NULL),(635,4,221,NULL,NULL),(636,1,221,NULL,NULL),(637,16,222,NULL,NULL),(638,6,222,NULL,NULL),(639,5,222,NULL,NULL),(640,1,222,NULL,NULL),(641,12,223,NULL,NULL),(642,18,223,NULL,NULL),(643,7,223,NULL,NULL),(644,13,224,NULL,NULL),(645,18,224,NULL,NULL),(646,14,224,NULL,NULL),(647,6,225,NULL,NULL),(648,14,225,NULL,NULL),(649,16,226,NULL,NULL),(650,18,226,NULL,NULL),(651,3,226,NULL,NULL),(652,7,226,NULL,NULL),(653,11,227,NULL,NULL),(654,12,227,NULL,NULL),(655,7,227,NULL,NULL),(656,1,227,NULL,NULL),(657,14,228,NULL,NULL),(658,17,228,NULL,NULL),(659,15,229,NULL,NULL),(660,3,229,NULL,NULL),(661,14,229,NULL,NULL),(662,17,229,NULL,NULL),(663,15,230,NULL,NULL),(664,9,230,NULL,NULL),(665,10,230,NULL,NULL),(666,14,230,NULL,NULL),(667,12,231,NULL,NULL),(668,19,231,NULL,NULL),(669,3,231,NULL,NULL),(670,14,231,NULL,NULL),(671,8,232,NULL,NULL),(672,13,232,NULL,NULL),(673,4,232,NULL,NULL),(674,11,233,NULL,NULL),(675,5,233,NULL,NULL),(676,4,233,NULL,NULL),(677,11,234,NULL,NULL),(678,13,234,NULL,NULL),(679,16,235,NULL,NULL),(680,6,235,NULL,NULL),(681,3,235,NULL,NULL),(682,8,236,NULL,NULL),(683,17,236,NULL,NULL),(684,16,237,NULL,NULL),(685,19,237,NULL,NULL),(686,9,237,NULL,NULL),(687,7,237,NULL,NULL),(688,15,238,NULL,NULL),(689,13,238,NULL,NULL),(690,19,238,NULL,NULL),(691,10,238,NULL,NULL),(692,18,239,NULL,NULL),(693,3,239,NULL,NULL),(694,9,239,NULL,NULL),(695,17,239,NULL,NULL),(696,15,240,NULL,NULL),(697,2,240,NULL,NULL),(698,6,241,NULL,NULL),(699,2,241,NULL,NULL),(700,14,241,NULL,NULL),(701,17,241,NULL,NULL),(702,12,242,NULL,NULL),(703,5,242,NULL,NULL),(704,13,243,NULL,NULL),(705,14,243,NULL,NULL),(706,2,244,NULL,NULL),(707,9,244,NULL,NULL),(708,4,244,NULL,NULL),(709,11,245,NULL,NULL),(710,19,245,NULL,NULL),(711,5,245,NULL,NULL),(712,4,245,NULL,NULL),(713,16,246,NULL,NULL),(714,15,246,NULL,NULL),(715,18,246,NULL,NULL),(716,10,246,NULL,NULL),(717,11,247,NULL,NULL),(718,4,247,NULL,NULL),(719,8,248,NULL,NULL),(720,16,248,NULL,NULL),(721,18,248,NULL,NULL),(722,18,249,NULL,NULL),(723,5,249,NULL,NULL),(724,12,250,NULL,NULL),(725,6,250,NULL,NULL),(726,15,251,NULL,NULL),(727,9,251,NULL,NULL),(728,14,251,NULL,NULL),(729,4,251,NULL,NULL),(730,8,252,NULL,NULL),(731,11,252,NULL,NULL),(732,6,252,NULL,NULL),(733,18,252,NULL,NULL),(734,6,253,NULL,NULL),(735,2,253,NULL,NULL),(736,5,253,NULL,NULL),(737,2,254,NULL,NULL),(738,3,254,NULL,NULL),(739,7,254,NULL,NULL),(740,15,255,NULL,NULL),(741,2,255,NULL,NULL),(742,10,255,NULL,NULL),(743,4,255,NULL,NULL),(744,2,256,NULL,NULL),(745,10,256,NULL,NULL),(746,14,256,NULL,NULL),(747,7,257,NULL,NULL),(748,10,257,NULL,NULL),(749,5,257,NULL,NULL),(750,2,258,NULL,NULL),(751,7,258,NULL,NULL),(752,4,258,NULL,NULL),(753,19,259,NULL,NULL),(754,2,259,NULL,NULL),(755,1,259,NULL,NULL),(756,9,260,NULL,NULL),(757,10,260,NULL,NULL),(758,12,261,NULL,NULL),(759,9,261,NULL,NULL),(760,5,261,NULL,NULL),(761,8,262,NULL,NULL),(762,12,262,NULL,NULL),(763,19,262,NULL,NULL),(764,1,262,NULL,NULL),(765,6,263,NULL,NULL),(766,4,263,NULL,NULL),(767,6,264,NULL,NULL),(768,13,264,NULL,NULL),(769,19,264,NULL,NULL),(770,9,264,NULL,NULL),(771,15,265,NULL,NULL),(772,18,265,NULL,NULL),(773,7,265,NULL,NULL),(774,2,266,NULL,NULL),(775,9,266,NULL,NULL),(776,7,266,NULL,NULL),(777,14,266,NULL,NULL),(778,14,267,NULL,NULL),(779,17,267,NULL,NULL),(780,1,267,NULL,NULL),(781,15,268,NULL,NULL),(782,11,268,NULL,NULL),(783,18,269,NULL,NULL),(784,2,269,NULL,NULL),(785,3,269,NULL,NULL),(786,16,270,NULL,NULL),(787,4,270,NULL,NULL),(788,16,271,NULL,NULL),(789,12,271,NULL,NULL),(790,10,271,NULL,NULL),(791,17,271,NULL,NULL),(792,6,272,NULL,NULL),(793,18,272,NULL,NULL),(794,9,272,NULL,NULL),(795,17,272,NULL,NULL),(796,16,273,NULL,NULL),(797,14,273,NULL,NULL),(798,4,273,NULL,NULL),(799,14,274,NULL,NULL),(800,5,274,NULL,NULL),(801,16,275,NULL,NULL),(802,6,275,NULL,NULL),(803,3,275,NULL,NULL),(804,10,276,NULL,NULL),(805,4,276,NULL,NULL),(806,6,277,NULL,NULL),(807,14,277,NULL,NULL),(808,1,277,NULL,NULL),(809,18,278,NULL,NULL),(810,4,278,NULL,NULL),(811,15,279,NULL,NULL),(812,6,279,NULL,NULL),(813,9,279,NULL,NULL),(814,4,279,NULL,NULL),(815,8,280,NULL,NULL),(816,16,280,NULL,NULL),(817,2,280,NULL,NULL),(818,7,280,NULL,NULL),(819,19,281,NULL,NULL),(820,5,281,NULL,NULL),(821,11,282,NULL,NULL),(822,18,282,NULL,NULL),(823,3,282,NULL,NULL),(824,14,282,NULL,NULL),(825,6,283,NULL,NULL),(826,7,283,NULL,NULL),(827,15,284,NULL,NULL),(828,2,284,NULL,NULL),(829,14,284,NULL,NULL),(830,5,284,NULL,NULL),(831,12,285,NULL,NULL),(832,19,285,NULL,NULL),(833,3,285,NULL,NULL),(834,17,285,NULL,NULL),(835,15,286,NULL,NULL),(836,14,286,NULL,NULL),(837,9,287,NULL,NULL),(838,7,287,NULL,NULL),(839,4,287,NULL,NULL),(840,1,287,NULL,NULL),(841,16,288,NULL,NULL),(842,10,288,NULL,NULL),(843,7,289,NULL,NULL),(844,10,289,NULL,NULL),(845,14,289,NULL,NULL),(846,6,290,NULL,NULL),(847,19,290,NULL,NULL),(848,15,291,NULL,NULL),(849,11,291,NULL,NULL),(850,9,291,NULL,NULL),(851,12,292,NULL,NULL),(852,2,292,NULL,NULL),(853,9,292,NULL,NULL),(854,10,292,NULL,NULL),(855,16,293,NULL,NULL),(856,3,293,NULL,NULL),(857,4,293,NULL,NULL),(858,1,293,NULL,NULL),(859,8,294,NULL,NULL),(860,16,294,NULL,NULL),(861,12,294,NULL,NULL),(862,3,294,NULL,NULL),(863,6,295,NULL,NULL),(864,13,295,NULL,NULL),(865,4,295,NULL,NULL),(866,1,295,NULL,NULL),(867,12,296,NULL,NULL),(868,13,296,NULL,NULL),(869,15,297,NULL,NULL),(870,11,297,NULL,NULL),(871,9,297,NULL,NULL),(872,5,297,NULL,NULL),(873,3,298,NULL,NULL),(874,7,298,NULL,NULL),(875,10,298,NULL,NULL),(876,4,298,NULL,NULL),(877,16,299,NULL,NULL),(878,6,299,NULL,NULL),(879,18,299,NULL,NULL),(880,10,299,NULL,NULL),(881,13,300,NULL,NULL),(882,18,300,NULL,NULL),(883,1,300,NULL,NULL),(884,11,301,NULL,NULL),(885,3,301,NULL,NULL),(886,1,301,NULL,NULL),(887,11,302,NULL,NULL),(888,13,302,NULL,NULL),(889,7,302,NULL,NULL),(890,14,302,NULL,NULL),(891,9,303,NULL,NULL),(892,10,303,NULL,NULL),(893,4,303,NULL,NULL),(894,16,304,NULL,NULL),(895,6,304,NULL,NULL),(896,3,304,NULL,NULL),(897,10,304,NULL,NULL),(898,15,305,NULL,NULL),(899,12,305,NULL,NULL),(900,9,305,NULL,NULL),(901,7,305,NULL,NULL),(902,11,306,NULL,NULL),(903,7,306,NULL,NULL),(904,10,306,NULL,NULL),(905,18,307,NULL,NULL),(906,19,307,NULL,NULL),(907,1,307,NULL,NULL),(908,15,308,NULL,NULL),(909,6,308,NULL,NULL),(910,13,308,NULL,NULL),(911,17,308,NULL,NULL),(912,13,309,NULL,NULL),(913,18,309,NULL,NULL),(914,4,309,NULL,NULL),(915,13,310,NULL,NULL),(916,3,310,NULL,NULL),(917,15,311,NULL,NULL),(918,13,311,NULL,NULL),(919,5,311,NULL,NULL),(920,6,312,NULL,NULL),(921,13,312,NULL,NULL),(922,1,312,NULL,NULL),(923,10,313,NULL,NULL),(924,14,313,NULL,NULL),(925,6,314,NULL,NULL),(926,19,314,NULL,NULL),(927,7,314,NULL,NULL),(928,17,314,NULL,NULL),(929,2,315,NULL,NULL),(930,17,315,NULL,NULL),(931,15,316,NULL,NULL),(932,9,316,NULL,NULL),(933,8,317,NULL,NULL),(934,17,317,NULL,NULL),(935,16,318,NULL,NULL),(936,11,318,NULL,NULL),(937,6,318,NULL,NULL),(938,3,318,NULL,NULL),(939,19,319,NULL,NULL),(940,3,319,NULL,NULL),(941,12,320,NULL,NULL),(942,18,320,NULL,NULL),(943,8,321,NULL,NULL),(944,18,321,NULL,NULL),(945,9,321,NULL,NULL),(946,1,321,NULL,NULL),(947,6,322,NULL,NULL),(948,2,322,NULL,NULL),(949,5,322,NULL,NULL),(950,8,323,NULL,NULL),(951,12,323,NULL,NULL),(952,3,323,NULL,NULL),(953,7,323,NULL,NULL),(954,19,324,NULL,NULL),(955,14,324,NULL,NULL),(956,4,324,NULL,NULL),(957,12,325,NULL,NULL),(958,9,325,NULL,NULL),(959,8,326,NULL,NULL),(960,18,326,NULL,NULL),(961,3,326,NULL,NULL),(962,7,326,NULL,NULL),(963,6,327,NULL,NULL),(964,2,327,NULL,NULL),(965,10,327,NULL,NULL),(966,14,327,NULL,NULL),(967,3,328,NULL,NULL),(968,10,328,NULL,NULL),(969,2,329,NULL,NULL),(970,1,329,NULL,NULL),(971,15,330,NULL,NULL),(972,12,330,NULL,NULL),(973,14,330,NULL,NULL),(974,4,330,NULL,NULL),(975,8,331,NULL,NULL),(976,16,331,NULL,NULL),(977,2,331,NULL,NULL),(978,1,331,NULL,NULL),(979,11,332,NULL,NULL),(980,9,332,NULL,NULL),(981,14,332,NULL,NULL),(982,6,333,NULL,NULL),(983,2,333,NULL,NULL),(984,4,334,NULL,NULL),(985,1,334,NULL,NULL),(986,18,335,NULL,NULL),(987,19,335,NULL,NULL),(988,10,335,NULL,NULL),(989,12,336,NULL,NULL),(990,6,336,NULL,NULL),(991,5,336,NULL,NULL),(992,16,337,NULL,NULL),(993,11,337,NULL,NULL),(994,12,337,NULL,NULL),(995,12,338,NULL,NULL),(996,19,338,NULL,NULL),(997,3,338,NULL,NULL),(998,4,338,NULL,NULL),(999,12,339,NULL,NULL),(1000,13,339,NULL,NULL),(1001,5,339,NULL,NULL),(1002,1,339,NULL,NULL),(1003,6,340,NULL,NULL),(1004,19,340,NULL,NULL),(1005,5,340,NULL,NULL),(1006,8,341,NULL,NULL),(1007,19,341,NULL,NULL),(1008,2,341,NULL,NULL),(1009,5,341,NULL,NULL),(1010,2,342,NULL,NULL),(1011,10,342,NULL,NULL),(1012,14,342,NULL,NULL),(1013,5,342,NULL,NULL),(1014,18,343,NULL,NULL),(1015,3,343,NULL,NULL),(1016,9,343,NULL,NULL),(1017,5,343,NULL,NULL),(1018,11,344,NULL,NULL),(1019,19,344,NULL,NULL),(1020,7,344,NULL,NULL),(1021,1,344,NULL,NULL),(1022,11,345,NULL,NULL),(1023,19,345,NULL,NULL),(1024,16,346,NULL,NULL),(1025,11,346,NULL,NULL),(1026,7,346,NULL,NULL),(1027,17,346,NULL,NULL),(1028,10,347,NULL,NULL),(1029,17,347,NULL,NULL),(1030,16,348,NULL,NULL),(1031,18,348,NULL,NULL),(1032,19,348,NULL,NULL),(1033,4,348,NULL,NULL),(1034,16,349,NULL,NULL),(1035,3,349,NULL,NULL),(1036,9,349,NULL,NULL),(1037,4,349,NULL,NULL),(1038,12,350,NULL,NULL),(1039,13,350,NULL,NULL),(1040,10,350,NULL,NULL),(1041,1,350,NULL,NULL),(1042,18,351,NULL,NULL),(1043,2,351,NULL,NULL),(1044,4,351,NULL,NULL),(1045,16,352,NULL,NULL),(1046,12,352,NULL,NULL),(1047,6,352,NULL,NULL),(1048,3,352,NULL,NULL),(1049,13,353,NULL,NULL),(1050,3,353,NULL,NULL),(1051,7,353,NULL,NULL),(1052,10,353,NULL,NULL),(1053,16,354,NULL,NULL),(1054,6,354,NULL,NULL),(1055,10,354,NULL,NULL),(1056,17,354,NULL,NULL),(1057,8,355,NULL,NULL),(1058,15,355,NULL,NULL),(1059,10,355,NULL,NULL),(1060,1,355,NULL,NULL),(1061,8,356,NULL,NULL),(1062,16,356,NULL,NULL),(1063,16,357,NULL,NULL),(1064,2,357,NULL,NULL),(1065,16,358,NULL,NULL),(1066,6,358,NULL,NULL),(1067,17,358,NULL,NULL),(1068,4,358,NULL,NULL),(1069,8,359,NULL,NULL),(1070,14,359,NULL,NULL),(1071,6,360,NULL,NULL),(1072,2,360,NULL,NULL),(1073,11,361,NULL,NULL),(1074,9,361,NULL,NULL),(1075,17,361,NULL,NULL),(1076,11,362,NULL,NULL),(1077,13,362,NULL,NULL),(1078,3,362,NULL,NULL),(1079,19,363,NULL,NULL),(1080,7,363,NULL,NULL),(1081,16,364,NULL,NULL),(1082,9,364,NULL,NULL),(1083,14,364,NULL,NULL),(1084,8,365,NULL,NULL),(1085,11,365,NULL,NULL),(1086,2,365,NULL,NULL),(1087,2,366,NULL,NULL),(1088,4,366,NULL,NULL),(1089,1,366,NULL,NULL),(1090,3,367,NULL,NULL),(1091,1,367,NULL,NULL),(1092,3,368,NULL,NULL),(1093,14,368,NULL,NULL),(1094,4,368,NULL,NULL),(1095,1,368,NULL,NULL),(1096,18,369,NULL,NULL),(1097,19,369,NULL,NULL),(1098,10,369,NULL,NULL),(1099,4,369,NULL,NULL),(1100,16,370,NULL,NULL),(1101,11,370,NULL,NULL),(1102,2,370,NULL,NULL),(1103,3,370,NULL,NULL),(1104,8,371,NULL,NULL),(1105,15,371,NULL,NULL),(1106,11,371,NULL,NULL),(1107,1,371,NULL,NULL),(1108,8,372,NULL,NULL),(1109,11,372,NULL,NULL),(1110,6,372,NULL,NULL),(1111,8,373,NULL,NULL),(1112,5,373,NULL,NULL),(1113,4,373,NULL,NULL),(1114,19,374,NULL,NULL),(1115,4,374,NULL,NULL),(1116,2,375,NULL,NULL),(1117,3,375,NULL,NULL),(1118,7,375,NULL,NULL),(1119,17,375,NULL,NULL),(1120,13,376,NULL,NULL),(1121,19,376,NULL,NULL),(1122,10,376,NULL,NULL),(1123,15,377,NULL,NULL),(1124,1,377,NULL,NULL),(1125,12,378,NULL,NULL),(1126,6,378,NULL,NULL),(1127,13,378,NULL,NULL),(1128,4,378,NULL,NULL),(1129,16,379,NULL,NULL),(1130,12,379,NULL,NULL),(1131,13,380,NULL,NULL),(1132,18,380,NULL,NULL),(1133,19,380,NULL,NULL),(1134,10,380,NULL,NULL),(1135,8,381,NULL,NULL),(1136,11,381,NULL,NULL),(1137,10,381,NULL,NULL),(1138,17,381,NULL,NULL),(1139,18,382,NULL,NULL),(1140,17,382,NULL,NULL),(1141,3,383,NULL,NULL),(1142,14,383,NULL,NULL),(1143,6,384,NULL,NULL),(1144,17,384,NULL,NULL),(1145,1,384,NULL,NULL),(1146,12,385,NULL,NULL),(1147,6,385,NULL,NULL),(1148,14,385,NULL,NULL),(1149,17,385,NULL,NULL),(1150,16,386,NULL,NULL),(1151,9,386,NULL,NULL),(1152,17,386,NULL,NULL),(1153,15,387,NULL,NULL),(1154,3,387,NULL,NULL),(1155,1,387,NULL,NULL),(1156,16,388,NULL,NULL),(1157,17,388,NULL,NULL),(1158,5,388,NULL,NULL),(1159,16,389,NULL,NULL),(1160,11,389,NULL,NULL),(1161,3,389,NULL,NULL),(1162,1,389,NULL,NULL),(1163,13,390,NULL,NULL),(1164,3,390,NULL,NULL),(1165,10,390,NULL,NULL),(1166,11,391,NULL,NULL),(1167,13,391,NULL,NULL),(1168,10,391,NULL,NULL),(1169,14,391,NULL,NULL),(1170,16,392,NULL,NULL),(1171,11,392,NULL,NULL),(1172,13,392,NULL,NULL),(1173,7,392,NULL,NULL),(1174,8,393,NULL,NULL),(1175,18,393,NULL,NULL),(1176,7,393,NULL,NULL),(1177,10,393,NULL,NULL),(1178,15,394,NULL,NULL),(1179,17,394,NULL,NULL),(1180,6,395,NULL,NULL),(1181,3,395,NULL,NULL),(1182,14,395,NULL,NULL),(1183,5,395,NULL,NULL),(1184,8,396,NULL,NULL),(1185,18,396,NULL,NULL),(1186,19,396,NULL,NULL),(1187,3,396,NULL,NULL),(1188,8,397,NULL,NULL),(1189,2,397,NULL,NULL),(1190,3,397,NULL,NULL),(1191,14,397,NULL,NULL),(1192,2,398,NULL,NULL),(1193,17,398,NULL,NULL),(1194,5,398,NULL,NULL),(1195,11,399,NULL,NULL),(1196,19,399,NULL,NULL),(1197,7,399,NULL,NULL),(1198,1,399,NULL,NULL),(1199,14,400,NULL,NULL),(1200,1,400,NULL,NULL),(1201,6,401,NULL,NULL),(1202,13,401,NULL,NULL),(1203,1,401,NULL,NULL),(1204,12,402,NULL,NULL),(1205,13,402,NULL,NULL),(1206,7,402,NULL,NULL),(1207,13,403,NULL,NULL),(1208,4,403,NULL,NULL),(1209,12,404,NULL,NULL),(1210,2,404,NULL,NULL),(1211,19,405,NULL,NULL),(1212,7,405,NULL,NULL),(1213,17,405,NULL,NULL),(1214,4,405,NULL,NULL),(1215,15,406,NULL,NULL),(1216,18,406,NULL,NULL),(1217,4,406,NULL,NULL),(1218,6,407,NULL,NULL),(1219,9,407,NULL,NULL),(1220,4,407,NULL,NULL),(1221,12,408,NULL,NULL),(1222,18,408,NULL,NULL),(1223,18,409,NULL,NULL),(1224,19,409,NULL,NULL),(1225,10,410,NULL,NULL),(1226,17,410,NULL,NULL),(1227,1,410,NULL,NULL),(1228,11,411,NULL,NULL),(1229,13,411,NULL,NULL),(1230,3,411,NULL,NULL),(1231,4,411,NULL,NULL),(1232,8,412,NULL,NULL),(1233,11,412,NULL,NULL),(1234,6,412,NULL,NULL),(1235,14,412,NULL,NULL),(1236,11,413,NULL,NULL),(1237,14,413,NULL,NULL),(1238,17,413,NULL,NULL),(1239,8,414,NULL,NULL),(1240,15,414,NULL,NULL),(1241,17,414,NULL,NULL),(1242,14,415,NULL,NULL),(1243,4,415,NULL,NULL),(1244,19,416,NULL,NULL),(1245,7,416,NULL,NULL),(1246,10,416,NULL,NULL),(1247,11,417,NULL,NULL),(1248,18,417,NULL,NULL),(1249,19,417,NULL,NULL),(1250,5,417,NULL,NULL),(1251,8,418,NULL,NULL),(1252,16,418,NULL,NULL),(1253,4,418,NULL,NULL),(1254,12,419,NULL,NULL),(1255,13,419,NULL,NULL),(1256,4,419,NULL,NULL),(1257,15,420,NULL,NULL),(1258,6,420,NULL,NULL),(1259,1,420,NULL,NULL),(1260,11,421,NULL,NULL),(1261,12,421,NULL,NULL),(1262,6,421,NULL,NULL),(1263,16,422,NULL,NULL),(1264,19,422,NULL,NULL),(1265,2,422,NULL,NULL),(1266,5,422,NULL,NULL),(1267,12,423,NULL,NULL),(1268,3,423,NULL,NULL),(1269,14,424,NULL,NULL),(1270,17,424,NULL,NULL),(1271,5,424,NULL,NULL),(1272,12,425,NULL,NULL),(1273,6,425,NULL,NULL),(1274,18,425,NULL,NULL),(1275,4,425,NULL,NULL),(1276,12,426,NULL,NULL),(1277,18,426,NULL,NULL),(1278,3,426,NULL,NULL),(1279,9,426,NULL,NULL),(1280,8,427,NULL,NULL),(1281,13,427,NULL,NULL),(1282,4,427,NULL,NULL),(1283,16,428,NULL,NULL),(1284,15,428,NULL,NULL),(1285,18,428,NULL,NULL),(1286,14,428,NULL,NULL),(1287,8,429,NULL,NULL),(1288,1,429,NULL,NULL),(1289,16,430,NULL,NULL),(1290,9,430,NULL,NULL),(1291,14,430,NULL,NULL),(1292,11,431,NULL,NULL),(1293,2,431,NULL,NULL),(1294,2,432,NULL,NULL),(1295,3,432,NULL,NULL),(1296,7,432,NULL,NULL),(1297,16,433,NULL,NULL),(1298,19,433,NULL,NULL),(1299,2,433,NULL,NULL),(1300,8,434,NULL,NULL),(1301,10,434,NULL,NULL),(1302,5,434,NULL,NULL),(1303,1,434,NULL,NULL),(1304,16,435,NULL,NULL),(1305,18,435,NULL,NULL),(1306,14,435,NULL,NULL),(1307,1,435,NULL,NULL),(1308,12,436,NULL,NULL),(1309,9,436,NULL,NULL),(1310,5,436,NULL,NULL),(1311,1,436,NULL,NULL),(1312,13,437,NULL,NULL),(1313,4,437,NULL,NULL),(1314,1,437,NULL,NULL),(1315,15,438,NULL,NULL),(1316,13,438,NULL,NULL),(1317,1,438,NULL,NULL),(1318,12,439,NULL,NULL),(1319,2,439,NULL,NULL),(1320,3,439,NULL,NULL),(1321,1,439,NULL,NULL),(1322,11,440,NULL,NULL),(1323,13,440,NULL,NULL),(1324,2,440,NULL,NULL),(1325,7,440,NULL,NULL),(1326,8,441,NULL,NULL),(1327,15,441,NULL,NULL),(1328,7,441,NULL,NULL),(1329,6,442,NULL,NULL),(1330,14,442,NULL,NULL),(1331,4,442,NULL,NULL),(1332,18,443,NULL,NULL),(1333,2,443,NULL,NULL),(1334,3,443,NULL,NULL),(1335,7,443,NULL,NULL),(1336,4,444,NULL,NULL),(1337,1,444,NULL,NULL),(1338,16,445,NULL,NULL),(1339,14,445,NULL,NULL),(1340,15,446,NULL,NULL),(1341,12,446,NULL,NULL),(1342,3,446,NULL,NULL),(1343,13,447,NULL,NULL),(1344,10,447,NULL,NULL),(1345,4,447,NULL,NULL),(1346,1,447,NULL,NULL),(1347,16,448,NULL,NULL),(1348,12,448,NULL,NULL),(1349,6,448,NULL,NULL),(1350,18,448,NULL,NULL),(1351,13,449,NULL,NULL),(1352,5,449,NULL,NULL),(1353,8,450,NULL,NULL),(1354,15,450,NULL,NULL),(1355,3,450,NULL,NULL),(1356,7,450,NULL,NULL),(1357,15,451,NULL,NULL),(1358,2,451,NULL,NULL),(1359,3,451,NULL,NULL),(1360,10,451,NULL,NULL),(1361,8,452,NULL,NULL),(1362,3,452,NULL,NULL),(1363,10,452,NULL,NULL),(1364,4,452,NULL,NULL),(1365,8,453,NULL,NULL),(1366,12,453,NULL,NULL),(1367,6,453,NULL,NULL),(1368,17,453,NULL,NULL),(1369,15,454,NULL,NULL),(1370,12,454,NULL,NULL),(1371,13,454,NULL,NULL),(1372,5,454,NULL,NULL),(1373,13,455,NULL,NULL),(1374,17,455,NULL,NULL),(1375,12,456,NULL,NULL),(1376,13,456,NULL,NULL),(1377,19,456,NULL,NULL),(1378,14,456,NULL,NULL),(1379,12,457,NULL,NULL),(1380,18,457,NULL,NULL),(1381,7,457,NULL,NULL),(1382,19,458,NULL,NULL),(1383,5,458,NULL,NULL),(1384,13,459,NULL,NULL),(1385,7,459,NULL,NULL),(1386,10,459,NULL,NULL),(1387,10,460,NULL,NULL),(1388,14,460,NULL,NULL),(1389,11,461,NULL,NULL),(1390,18,461,NULL,NULL),(1391,10,461,NULL,NULL),(1392,5,461,NULL,NULL),(1393,15,462,NULL,NULL),(1394,2,462,NULL,NULL),(1395,17,462,NULL,NULL),(1396,13,463,NULL,NULL),(1397,18,463,NULL,NULL),(1398,3,464,NULL,NULL),(1399,7,464,NULL,NULL),(1400,4,464,NULL,NULL),(1401,10,465,NULL,NULL),(1402,4,465,NULL,NULL),(1403,16,466,NULL,NULL),(1404,12,466,NULL,NULL),(1405,6,466,NULL,NULL),(1406,4,466,NULL,NULL),(1407,10,467,NULL,NULL),(1408,1,467,NULL,NULL),(1409,15,468,NULL,NULL),(1410,6,468,NULL,NULL),(1411,11,469,NULL,NULL),(1412,9,469,NULL,NULL),(1413,14,469,NULL,NULL),(1414,16,470,NULL,NULL),(1415,3,470,NULL,NULL),(1416,5,470,NULL,NULL),(1417,1,470,NULL,NULL),(1418,14,471,NULL,NULL),(1419,4,471,NULL,NULL),(1420,6,472,NULL,NULL),(1421,10,472,NULL,NULL),(1422,17,472,NULL,NULL),(1423,12,473,NULL,NULL),(1424,17,473,NULL,NULL),(1425,8,474,NULL,NULL),(1426,4,474,NULL,NULL),(1427,3,475,NULL,NULL),(1428,10,475,NULL,NULL),(1429,17,475,NULL,NULL),(1430,3,476,NULL,NULL),(1431,14,476,NULL,NULL),(1432,1,476,NULL,NULL),(1433,15,477,NULL,NULL),(1434,12,477,NULL,NULL),(1435,7,477,NULL,NULL),(1436,17,477,NULL,NULL),(1437,2,478,NULL,NULL),(1438,9,478,NULL,NULL),(1439,7,478,NULL,NULL),(1440,14,478,NULL,NULL),(1441,16,479,NULL,NULL),(1442,12,479,NULL,NULL),(1443,4,479,NULL,NULL),(1444,8,480,NULL,NULL),(1445,16,480,NULL,NULL),(1446,19,480,NULL,NULL),(1447,2,480,NULL,NULL),(1448,3,481,NULL,NULL),(1449,7,481,NULL,NULL),(1450,17,481,NULL,NULL),(1451,12,482,NULL,NULL),(1452,18,482,NULL,NULL),(1453,3,482,NULL,NULL),(1454,6,483,NULL,NULL),(1455,19,483,NULL,NULL),(1456,4,483,NULL,NULL),(1457,10,484,NULL,NULL),(1458,5,484,NULL,NULL),(1459,6,485,NULL,NULL),(1460,10,485,NULL,NULL),(1461,1,485,NULL,NULL),(1462,19,486,NULL,NULL),(1463,17,486,NULL,NULL),(1464,8,487,NULL,NULL),(1465,12,487,NULL,NULL),(1466,6,487,NULL,NULL),(1467,6,488,NULL,NULL),(1468,18,488,NULL,NULL),(1469,7,488,NULL,NULL),(1470,17,488,NULL,NULL),(1471,16,489,NULL,NULL),(1472,13,489,NULL,NULL),(1473,5,489,NULL,NULL),(1474,12,490,NULL,NULL),(1475,18,490,NULL,NULL),(1476,2,490,NULL,NULL),(1477,15,491,NULL,NULL),(1478,18,491,NULL,NULL),(1479,17,491,NULL,NULL),(1480,8,492,NULL,NULL),(1481,6,492,NULL,NULL),(1482,10,492,NULL,NULL),(1483,18,493,NULL,NULL),(1484,3,493,NULL,NULL),(1485,10,493,NULL,NULL),(1486,5,493,NULL,NULL),(1487,12,494,NULL,NULL),(1488,13,494,NULL,NULL),(1489,7,494,NULL,NULL),(1490,11,495,NULL,NULL),(1491,7,495,NULL,NULL),(1492,10,495,NULL,NULL),(1493,16,496,NULL,NULL),(1494,11,496,NULL,NULL),(1495,12,497,NULL,NULL),(1496,3,497,NULL,NULL),(1497,17,497,NULL,NULL),(1498,4,497,NULL,NULL),(1499,15,498,NULL,NULL),(1500,4,498,NULL,NULL),(1501,7,499,NULL,NULL),(1502,14,499,NULL,NULL),(1503,5,499,NULL,NULL),(1504,4,499,NULL,NULL),(1505,11,500,NULL,NULL),(1506,2,500,NULL,NULL),(1507,4,500,NULL,NULL),(1508,8,501,NULL,NULL),(1509,2,501,NULL,NULL),(1510,7,501,NULL,NULL),(1511,15,502,NULL,NULL),(1512,11,502,NULL,NULL),(1513,13,503,NULL,NULL),(1514,2,503,NULL,NULL),(1515,9,503,NULL,NULL),(1516,15,504,NULL,NULL),(1517,11,504,NULL,NULL),(1518,9,504,NULL,NULL),(1519,17,505,NULL,NULL),(1520,5,505,NULL,NULL),(1521,9,506,NULL,NULL),(1522,10,506,NULL,NULL),(1523,13,507,NULL,NULL),(1524,7,507,NULL,NULL),(1525,10,507,NULL,NULL),(1526,14,507,NULL,NULL),(1527,8,508,NULL,NULL),(1528,17,508,NULL,NULL),(1529,1,508,NULL,NULL),(1530,16,509,NULL,NULL),(1531,6,509,NULL,NULL),(1532,8,510,NULL,NULL),(1533,12,510,NULL,NULL),(1534,6,511,NULL,NULL),(1535,9,511,NULL,NULL),(1536,7,512,NULL,NULL),(1537,4,512,NULL,NULL),(1538,15,513,NULL,NULL),(1539,18,513,NULL,NULL),(1540,17,513,NULL,NULL),(1541,12,514,NULL,NULL),(1542,13,514,NULL,NULL),(1543,4,514,NULL,NULL),(1544,13,515,NULL,NULL),(1545,18,515,NULL,NULL),(1546,3,515,NULL,NULL),(1547,15,516,NULL,NULL),(1548,12,516,NULL,NULL),(1549,7,516,NULL,NULL),(1550,1,516,NULL,NULL),(1551,2,517,NULL,NULL),(1552,3,517,NULL,NULL),(1553,8,518,NULL,NULL),(1554,16,518,NULL,NULL),(1555,18,518,NULL,NULL),(1556,19,518,NULL,NULL),(1557,16,519,NULL,NULL),(1558,15,519,NULL,NULL),(1559,12,519,NULL,NULL),(1560,8,520,NULL,NULL),(1561,5,520,NULL,NULL),(1562,11,521,NULL,NULL),(1563,6,521,NULL,NULL),(1564,9,521,NULL,NULL),(1565,1,521,NULL,NULL),(1566,6,522,NULL,NULL),(1567,2,522,NULL,NULL),(1568,9,522,NULL,NULL),(1569,16,523,NULL,NULL),(1570,15,523,NULL,NULL),(1571,19,523,NULL,NULL),(1572,10,523,NULL,NULL),(1573,12,524,NULL,NULL),(1574,7,524,NULL,NULL),(1575,12,525,NULL,NULL),(1576,3,525,NULL,NULL),(1577,5,525,NULL,NULL),(1578,11,526,NULL,NULL),(1579,13,526,NULL,NULL),(1580,5,526,NULL,NULL),(1581,16,527,NULL,NULL),(1582,6,527,NULL,NULL),(1583,14,527,NULL,NULL),(1584,7,528,NULL,NULL),(1585,5,528,NULL,NULL),(1586,1,528,NULL,NULL),(1587,15,529,NULL,NULL),(1588,4,529,NULL,NULL),(1589,19,530,NULL,NULL),(1590,17,530,NULL,NULL),(1591,11,531,NULL,NULL),(1592,1,531,NULL,NULL),(1593,15,532,NULL,NULL),(1594,6,532,NULL,NULL),(1595,18,533,NULL,NULL),(1596,5,533,NULL,NULL),(1597,4,533,NULL,NULL),(1598,9,534,NULL,NULL),(1599,7,534,NULL,NULL),(1600,10,534,NULL,NULL),(1601,8,535,NULL,NULL),(1602,13,535,NULL,NULL),(1603,15,536,NULL,NULL),(1604,12,536,NULL,NULL),(1605,19,536,NULL,NULL),(1606,3,536,NULL,NULL),(1607,12,537,NULL,NULL),(1608,10,537,NULL,NULL),(1609,14,537,NULL,NULL),(1610,5,537,NULL,NULL),(1611,11,538,NULL,NULL),(1612,19,538,NULL,NULL),(1613,17,538,NULL,NULL),(1614,11,539,NULL,NULL),(1615,9,539,NULL,NULL),(1616,8,540,NULL,NULL),(1617,11,540,NULL,NULL),(1618,10,540,NULL,NULL),(1619,9,541,NULL,NULL),(1620,5,541,NULL,NULL),(1621,4,541,NULL,NULL),(1622,11,542,NULL,NULL),(1623,7,542,NULL,NULL),(1624,5,542,NULL,NULL),(1625,11,543,NULL,NULL),(1626,13,543,NULL,NULL),(1627,7,543,NULL,NULL),(1628,15,544,NULL,NULL),(1629,11,544,NULL,NULL),(1630,12,544,NULL,NULL),(1631,13,545,NULL,NULL),(1632,17,545,NULL,NULL),(1633,3,546,NULL,NULL),(1634,10,546,NULL,NULL),(1635,18,547,NULL,NULL),(1636,14,547,NULL,NULL),(1637,15,548,NULL,NULL),(1638,18,548,NULL,NULL),(1639,19,548,NULL,NULL),(1640,14,548,NULL,NULL),(1641,6,549,NULL,NULL),(1642,2,549,NULL,NULL),(1643,9,549,NULL,NULL),(1644,4,549,NULL,NULL),(1645,15,550,NULL,NULL),(1646,18,550,NULL,NULL),(1647,5,550,NULL,NULL),(1648,8,551,NULL,NULL),(1649,15,551,NULL,NULL),(1650,16,552,NULL,NULL),(1651,12,552,NULL,NULL),(1652,3,552,NULL,NULL),(1653,8,553,NULL,NULL),(1654,17,553,NULL,NULL),(1655,1,553,NULL,NULL),(1656,8,554,NULL,NULL),(1657,11,554,NULL,NULL),(1658,4,554,NULL,NULL),(1659,7,555,NULL,NULL),(1660,4,555,NULL,NULL),(1661,9,556,NULL,NULL),(1662,1,556,NULL,NULL),(1663,12,557,NULL,NULL),(1664,9,557,NULL,NULL),(1665,17,557,NULL,NULL),(1666,4,557,NULL,NULL),(1667,4,558,NULL,NULL),(1668,1,558,NULL,NULL),(1669,6,559,NULL,NULL),(1670,14,559,NULL,NULL),(1671,5,559,NULL,NULL),(1672,13,560,NULL,NULL),(1673,18,560,NULL,NULL),(1674,10,560,NULL,NULL),(1675,4,560,NULL,NULL),(1676,12,561,NULL,NULL),(1677,2,561,NULL,NULL),(1678,4,561,NULL,NULL),(1679,12,562,NULL,NULL),(1680,3,562,NULL,NULL),(1681,4,562,NULL,NULL),(1682,13,563,NULL,NULL),(1683,19,563,NULL,NULL),(1684,11,564,NULL,NULL),(1685,12,564,NULL,NULL),(1686,10,564,NULL,NULL),(1687,15,565,NULL,NULL),(1688,11,565,NULL,NULL),(1689,12,565,NULL,NULL),(1690,5,565,NULL,NULL),(1691,8,566,NULL,NULL),(1692,12,566,NULL,NULL),(1693,7,566,NULL,NULL),(1694,13,567,NULL,NULL),(1695,10,567,NULL,NULL),(1696,14,567,NULL,NULL),(1697,1,567,NULL,NULL),(1698,19,568,NULL,NULL),(1699,3,568,NULL,NULL),(1700,7,568,NULL,NULL),(1701,1,568,NULL,NULL),(1702,3,569,NULL,NULL),(1703,9,569,NULL,NULL),(1704,7,569,NULL,NULL),(1705,17,569,NULL,NULL),(1706,7,570,NULL,NULL),(1707,10,570,NULL,NULL),(1708,11,571,NULL,NULL),(1709,12,571,NULL,NULL),(1710,17,571,NULL,NULL),(1711,5,571,NULL,NULL),(1712,6,572,NULL,NULL),(1713,2,572,NULL,NULL),(1714,3,572,NULL,NULL),(1715,4,572,NULL,NULL),(1716,8,573,NULL,NULL),(1717,2,573,NULL,NULL),(1718,17,573,NULL,NULL),(1719,16,574,NULL,NULL),(1720,10,574,NULL,NULL),(1721,12,575,NULL,NULL),(1722,6,575,NULL,NULL),(1723,18,575,NULL,NULL),(1724,8,576,NULL,NULL),(1725,13,576,NULL,NULL),(1726,8,577,NULL,NULL),(1727,6,577,NULL,NULL),(1728,19,577,NULL,NULL),(1729,6,578,NULL,NULL),(1730,7,578,NULL,NULL),(1731,4,578,NULL,NULL),(1732,12,579,NULL,NULL),(1733,19,579,NULL,NULL),(1734,3,579,NULL,NULL),(1735,10,579,NULL,NULL),(1736,18,580,NULL,NULL),(1737,9,580,NULL,NULL),(1738,8,581,NULL,NULL),(1739,16,581,NULL,NULL),(1740,4,581,NULL,NULL),(1741,18,582,NULL,NULL),(1742,3,582,NULL,NULL),(1743,4,582,NULL,NULL),(1744,15,583,NULL,NULL),(1745,11,583,NULL,NULL),(1746,14,583,NULL,NULL),(1747,5,583,NULL,NULL),(1748,8,584,NULL,NULL),(1749,15,584,NULL,NULL),(1750,5,584,NULL,NULL),(1751,4,584,NULL,NULL),(1752,11,585,NULL,NULL),(1753,12,585,NULL,NULL),(1754,19,585,NULL,NULL),(1755,10,586,NULL,NULL),(1756,14,586,NULL,NULL),(1757,16,587,NULL,NULL),(1758,15,587,NULL,NULL),(1759,13,587,NULL,NULL),(1760,18,587,NULL,NULL),(1761,16,588,NULL,NULL),(1762,9,588,NULL,NULL),(1763,14,588,NULL,NULL),(1764,12,589,NULL,NULL),(1765,19,589,NULL,NULL),(1766,2,590,NULL,NULL),(1767,9,590,NULL,NULL),(1768,11,591,NULL,NULL),(1769,18,591,NULL,NULL),(1770,3,591,NULL,NULL),(1771,6,592,NULL,NULL),(1772,3,592,NULL,NULL),(1773,7,592,NULL,NULL),(1774,4,592,NULL,NULL),(1775,13,593,NULL,NULL),(1776,18,593,NULL,NULL),(1777,14,593,NULL,NULL),(1778,5,593,NULL,NULL),(1779,8,594,NULL,NULL),(1780,15,594,NULL,NULL),(1781,18,594,NULL,NULL),(1782,7,594,NULL,NULL),(1783,14,595,NULL,NULL),(1784,17,595,NULL,NULL),(1785,4,595,NULL,NULL),(1786,15,596,NULL,NULL),(1787,4,596,NULL,NULL),(1788,15,597,NULL,NULL),(1789,2,597,NULL,NULL),(1790,17,597,NULL,NULL),(1791,4,597,NULL,NULL),(1792,15,598,NULL,NULL),(1793,11,598,NULL,NULL),(1794,3,598,NULL,NULL),(1795,14,598,NULL,NULL),(1796,18,599,NULL,NULL),(1797,17,599,NULL,NULL),(1798,5,599,NULL,NULL),(1799,11,600,NULL,NULL),(1800,7,600,NULL,NULL),(1801,14,600,NULL,NULL),(1802,1,600,NULL,NULL),(1803,15,601,NULL,NULL),(1804,7,601,NULL,NULL),(1805,3,602,NULL,NULL),(1806,7,602,NULL,NULL),(1807,14,602,NULL,NULL),(1808,5,602,NULL,NULL),(1809,11,603,NULL,NULL),(1810,18,603,NULL,NULL),(1811,11,604,NULL,NULL),(1812,14,604,NULL,NULL),(1813,17,604,NULL,NULL),(1814,5,604,NULL,NULL),(1815,6,605,NULL,NULL),(1816,13,605,NULL,NULL),(1817,5,605,NULL,NULL),(1818,3,606,NULL,NULL),(1819,1,606,NULL,NULL),(1820,15,607,NULL,NULL),(1821,7,607,NULL,NULL),(1822,6,608,NULL,NULL),(1823,7,608,NULL,NULL),(1824,1,608,NULL,NULL),(1825,15,609,NULL,NULL),(1826,3,609,NULL,NULL),(1827,15,610,NULL,NULL),(1828,13,610,NULL,NULL),(1829,2,610,NULL,NULL),(1830,19,611,NULL,NULL),(1831,2,611,NULL,NULL),(1832,10,611,NULL,NULL),(1833,4,611,NULL,NULL),(1834,6,612,NULL,NULL),(1835,18,612,NULL,NULL),(1836,10,612,NULL,NULL),(1837,1,612,NULL,NULL),(1838,19,613,NULL,NULL),(1839,4,613,NULL,NULL),(1840,10,614,NULL,NULL),(1841,17,614,NULL,NULL),(1842,8,615,NULL,NULL),(1843,18,615,NULL,NULL),(1844,2,615,NULL,NULL),(1845,9,615,NULL,NULL),(1846,6,616,NULL,NULL),(1847,19,616,NULL,NULL),(1848,9,616,NULL,NULL),(1849,11,617,NULL,NULL),(1850,1,617,NULL,NULL),(1851,16,618,NULL,NULL),(1852,3,618,NULL,NULL),(1853,17,618,NULL,NULL),(1854,9,619,NULL,NULL),(1855,17,619,NULL,NULL),(1856,15,620,NULL,NULL),(1857,6,620,NULL,NULL),(1858,17,620,NULL,NULL),(1859,13,621,NULL,NULL),(1860,10,621,NULL,NULL),(1861,11,622,NULL,NULL),(1862,2,622,NULL,NULL),(1863,9,622,NULL,NULL),(1864,10,623,NULL,NULL),(1865,17,623,NULL,NULL),(1866,19,624,NULL,NULL),(1867,2,624,NULL,NULL),(1868,5,624,NULL,NULL),(1869,1,624,NULL,NULL),(1870,19,625,NULL,NULL),(1871,9,625,NULL,NULL),(1872,9,626,NULL,NULL),(1873,4,626,NULL,NULL),(1874,1,626,NULL,NULL),(1875,11,627,NULL,NULL),(1876,18,627,NULL,NULL),(1877,14,627,NULL,NULL),(1878,5,627,NULL,NULL),(1879,16,628,NULL,NULL),(1880,11,628,NULL,NULL),(1881,6,628,NULL,NULL),(1882,10,628,NULL,NULL),(1883,11,629,NULL,NULL),(1884,18,629,NULL,NULL),(1885,1,629,NULL,NULL),(1886,13,630,NULL,NULL),(1887,19,630,NULL,NULL),(1888,17,630,NULL,NULL),(1889,8,631,NULL,NULL),(1890,11,631,NULL,NULL),(1891,12,631,NULL,NULL),(1892,4,631,NULL,NULL),(1893,11,632,NULL,NULL),(1894,13,632,NULL,NULL),(1895,12,633,NULL,NULL),(1896,3,633,NULL,NULL),(1897,17,633,NULL,NULL),(1898,6,634,NULL,NULL),(1899,2,634,NULL,NULL),(1900,7,634,NULL,NULL),(1901,5,634,NULL,NULL),(1902,16,635,NULL,NULL),(1903,11,635,NULL,NULL),(1904,5,635,NULL,NULL),(1905,4,635,NULL,NULL),(1906,16,636,NULL,NULL),(1907,18,636,NULL,NULL),(1908,7,636,NULL,NULL),(1909,17,636,NULL,NULL),(1910,3,637,NULL,NULL),(1911,17,637,NULL,NULL),(1912,15,638,NULL,NULL),(1913,19,638,NULL,NULL),(1914,7,638,NULL,NULL),(1915,6,639,NULL,NULL),(1916,13,639,NULL,NULL),(1917,3,639,NULL,NULL),(1918,15,640,NULL,NULL),(1919,1,640,NULL,NULL),(1920,13,641,NULL,NULL),(1921,19,641,NULL,NULL),(1922,14,641,NULL,NULL),(1923,5,641,NULL,NULL),(1924,10,642,NULL,NULL),(1925,17,642,NULL,NULL),(1926,14,643,NULL,NULL),(1927,5,643,NULL,NULL),(1928,7,644,NULL,NULL),(1929,17,644,NULL,NULL),(1930,4,644,NULL,NULL),(1931,1,644,NULL,NULL),(1932,15,645,NULL,NULL),(1933,5,645,NULL,NULL),(1934,16,646,NULL,NULL),(1935,12,646,NULL,NULL),(1936,18,646,NULL,NULL),(1937,3,647,NULL,NULL),(1938,7,647,NULL,NULL),(1939,16,648,NULL,NULL),(1940,6,648,NULL,NULL),(1941,13,648,NULL,NULL),(1942,10,648,NULL,NULL),(1943,13,649,NULL,NULL),(1944,18,649,NULL,NULL),(1945,14,649,NULL,NULL),(1946,16,650,NULL,NULL),(1947,12,650,NULL,NULL),(1948,6,650,NULL,NULL),(1949,15,651,NULL,NULL),(1950,6,651,NULL,NULL),(1951,3,651,NULL,NULL),(1952,9,651,NULL,NULL),(1953,15,652,NULL,NULL),(1954,6,652,NULL,NULL),(1955,18,652,NULL,NULL),(1956,9,652,NULL,NULL),(1957,11,653,NULL,NULL),(1958,13,653,NULL,NULL),(1959,9,653,NULL,NULL),(1960,7,653,NULL,NULL),(1961,8,654,NULL,NULL),(1962,13,654,NULL,NULL),(1963,9,654,NULL,NULL),(1964,1,654,NULL,NULL),(1965,19,655,NULL,NULL),(1966,3,655,NULL,NULL),(1967,17,655,NULL,NULL),(1968,11,656,NULL,NULL),(1969,19,656,NULL,NULL),(1970,4,656,NULL,NULL),(1971,15,657,NULL,NULL),(1972,2,657,NULL,NULL),(1973,3,657,NULL,NULL),(1974,16,658,NULL,NULL),(1975,6,658,NULL,NULL),(1976,18,658,NULL,NULL),(1977,15,659,NULL,NULL),(1978,13,659,NULL,NULL),(1979,19,659,NULL,NULL),(1980,8,660,NULL,NULL),(1981,18,660,NULL,NULL),(1982,7,660,NULL,NULL),(1983,14,660,NULL,NULL),(1984,18,661,NULL,NULL),(1985,5,661,NULL,NULL),(1986,15,662,NULL,NULL),(1987,2,662,NULL,NULL),(1988,1,662,NULL,NULL),(1989,12,663,NULL,NULL),(1990,4,663,NULL,NULL),(1991,16,664,NULL,NULL),(1992,11,664,NULL,NULL),(1993,12,665,NULL,NULL),(1994,5,665,NULL,NULL),(1995,1,665,NULL,NULL),(1996,18,666,NULL,NULL),(1997,7,666,NULL,NULL),(1998,14,666,NULL,NULL),(1999,12,667,NULL,NULL),(2000,17,667,NULL,NULL),(2001,5,667,NULL,NULL),(2002,19,668,NULL,NULL),(2003,1,668,NULL,NULL),(2004,18,669,NULL,NULL),(2005,10,669,NULL,NULL),(2006,15,670,NULL,NULL),(2007,11,670,NULL,NULL),(2008,12,670,NULL,NULL),(2009,3,670,NULL,NULL),(2010,11,671,NULL,NULL),(2011,13,671,NULL,NULL),(2012,12,672,NULL,NULL),(2013,5,672,NULL,NULL),(2014,1,672,NULL,NULL),(2015,13,673,NULL,NULL),(2016,18,673,NULL,NULL),(2017,7,673,NULL,NULL),(2018,14,673,NULL,NULL),(2019,8,674,NULL,NULL),(2020,15,674,NULL,NULL),(2021,6,674,NULL,NULL),(2022,13,674,NULL,NULL),(2023,6,675,NULL,NULL),(2024,13,675,NULL,NULL),(2025,18,675,NULL,NULL),(2026,11,676,NULL,NULL),(2027,13,676,NULL,NULL),(2028,19,676,NULL,NULL),(2029,17,676,NULL,NULL),(2030,13,677,NULL,NULL),(2031,3,677,NULL,NULL),(2032,10,677,NULL,NULL),(2033,14,678,NULL,NULL),(2034,17,678,NULL,NULL),(2035,13,679,NULL,NULL),(2036,3,679,NULL,NULL),(2037,7,679,NULL,NULL),(2038,17,679,NULL,NULL),(2039,19,680,NULL,NULL),(2040,9,680,NULL,NULL),(2041,14,680,NULL,NULL),(2042,15,681,NULL,NULL),(2043,13,681,NULL,NULL),(2044,14,681,NULL,NULL),(2045,8,682,NULL,NULL),(2046,19,682,NULL,NULL),(2047,9,682,NULL,NULL),(2048,14,683,NULL,NULL),(2049,4,683,NULL,NULL),(2050,7,684,NULL,NULL),(2051,1,684,NULL,NULL),(2052,16,685,NULL,NULL),(2053,2,685,NULL,NULL),(2054,3,685,NULL,NULL),(2055,2,686,NULL,NULL),(2056,14,686,NULL,NULL),(2057,2,687,NULL,NULL),(2058,7,687,NULL,NULL),(2059,5,687,NULL,NULL),(2060,8,688,NULL,NULL),(2061,6,688,NULL,NULL),(2062,8,689,NULL,NULL),(2063,16,689,NULL,NULL),(2064,2,689,NULL,NULL),(2065,15,690,NULL,NULL),(2066,13,690,NULL,NULL),(2067,5,690,NULL,NULL),(2068,8,691,NULL,NULL),(2069,12,691,NULL,NULL),(2070,9,691,NULL,NULL),(2071,5,691,NULL,NULL),(2072,13,692,NULL,NULL),(2073,2,692,NULL,NULL),(2074,10,692,NULL,NULL),(2075,13,693,NULL,NULL),(2076,4,693,NULL,NULL),(2077,11,694,NULL,NULL),(2078,18,694,NULL,NULL),(2079,14,694,NULL,NULL),(2080,14,695,NULL,NULL),(2081,5,695,NULL,NULL),(2082,16,696,NULL,NULL),(2083,18,696,NULL,NULL),(2084,4,696,NULL,NULL),(2085,8,697,NULL,NULL),(2086,6,697,NULL,NULL),(2087,7,697,NULL,NULL),(2088,8,698,NULL,NULL),(2089,16,698,NULL,NULL),(2090,3,698,NULL,NULL),(2091,9,698,NULL,NULL),(2092,8,699,NULL,NULL),(2093,18,699,NULL,NULL),(2094,9,699,NULL,NULL),(2095,7,699,NULL,NULL),(2096,7,700,NULL,NULL),(2097,5,700,NULL,NULL),(2098,15,701,NULL,NULL),(2099,19,701,NULL,NULL),(2100,4,701,NULL,NULL),(2101,19,702,NULL,NULL),(2102,2,702,NULL,NULL),(2103,7,702,NULL,NULL),(2104,2,703,NULL,NULL),(2105,9,703,NULL,NULL),(2106,7,703,NULL,NULL),(2107,10,703,NULL,NULL),(2108,13,704,NULL,NULL),(2109,19,704,NULL,NULL),(2110,17,704,NULL,NULL),(2111,15,705,NULL,NULL),(2112,6,705,NULL,NULL),(2113,18,705,NULL,NULL),(2114,19,705,NULL,NULL),(2115,8,706,NULL,NULL),(2116,7,706,NULL,NULL),(2117,5,706,NULL,NULL),(2118,4,706,NULL,NULL),(2119,8,707,NULL,NULL),(2120,6,707,NULL,NULL),(2121,9,707,NULL,NULL),(2122,5,707,NULL,NULL),(2123,11,708,NULL,NULL),(2124,10,708,NULL,NULL),(2125,17,708,NULL,NULL),(2126,16,709,NULL,NULL),(2127,3,709,NULL,NULL),(2128,5,709,NULL,NULL),(2129,19,710,NULL,NULL),(2130,3,710,NULL,NULL),(2131,14,710,NULL,NULL),(2132,4,710,NULL,NULL),(2133,6,711,NULL,NULL),(2134,19,711,NULL,NULL),(2135,2,711,NULL,NULL),(2136,5,711,NULL,NULL),(2137,2,712,NULL,NULL),(2138,10,712,NULL,NULL),(2139,17,712,NULL,NULL),(2140,11,713,NULL,NULL),(2141,12,713,NULL,NULL),(2142,6,713,NULL,NULL),(2143,12,714,NULL,NULL),(2144,18,714,NULL,NULL),(2145,2,714,NULL,NULL),(2146,13,715,NULL,NULL),(2147,14,715,NULL,NULL),(2148,4,715,NULL,NULL),(2149,11,716,NULL,NULL),(2150,12,716,NULL,NULL),(2151,4,716,NULL,NULL),(2152,6,717,NULL,NULL),(2153,7,717,NULL,NULL),(2154,1,717,NULL,NULL),(2155,16,718,NULL,NULL),(2156,11,718,NULL,NULL),(2157,14,718,NULL,NULL),(2158,8,719,NULL,NULL),(2159,2,719,NULL,NULL),(2160,9,719,NULL,NULL),(2161,14,719,NULL,NULL),(2162,16,720,NULL,NULL),(2163,12,720,NULL,NULL),(2164,18,720,NULL,NULL),(2165,10,720,NULL,NULL),(2166,10,721,NULL,NULL),(2167,5,721,NULL,NULL),(2168,16,722,NULL,NULL),(2169,12,722,NULL,NULL),(2170,18,723,NULL,NULL),(2171,7,723,NULL,NULL),(2172,14,723,NULL,NULL),(2173,5,723,NULL,NULL),(2174,16,724,NULL,NULL),(2175,6,724,NULL,NULL),(2176,18,725,NULL,NULL),(2177,19,725,NULL,NULL),(2178,10,725,NULL,NULL),(2179,16,726,NULL,NULL),(2180,15,726,NULL,NULL),(2181,13,726,NULL,NULL),(2182,18,726,NULL,NULL),(2183,13,727,NULL,NULL),(2184,3,727,NULL,NULL),(2185,10,727,NULL,NULL),(2186,6,728,NULL,NULL),(2187,7,728,NULL,NULL),(2188,4,728,NULL,NULL),(2189,1,728,NULL,NULL),(2190,15,729,NULL,NULL),(2191,18,729,NULL,NULL),(2192,1,729,NULL,NULL),(2193,11,730,NULL,NULL),(2194,13,730,NULL,NULL),(2195,2,730,NULL,NULL),(2196,9,730,NULL,NULL),(2197,11,731,NULL,NULL),(2198,12,731,NULL,NULL),(2199,6,731,NULL,NULL),(2200,8,732,NULL,NULL),(2201,2,732,NULL,NULL),(2202,3,732,NULL,NULL),(2203,17,732,NULL,NULL),(2204,16,733,NULL,NULL),(2205,17,733,NULL,NULL),(2206,4,733,NULL,NULL),(2207,12,734,NULL,NULL),(2208,6,734,NULL,NULL),(2209,13,734,NULL,NULL),(2210,9,734,NULL,NULL),(2211,15,735,NULL,NULL),(2212,2,735,NULL,NULL),(2213,7,735,NULL,NULL),(2214,4,736,NULL,NULL),(2215,1,736,NULL,NULL),(2216,11,737,NULL,NULL),(2217,19,737,NULL,NULL),(2218,9,737,NULL,NULL),(2219,18,738,NULL,NULL),(2220,7,738,NULL,NULL),(2221,17,738,NULL,NULL),(2222,8,739,NULL,NULL),(2223,12,739,NULL,NULL),(2224,6,739,NULL,NULL),(2225,10,739,NULL,NULL),(2226,13,740,NULL,NULL),(2227,7,740,NULL,NULL),(2228,8,741,NULL,NULL),(2229,3,741,NULL,NULL),(2230,4,741,NULL,NULL),(2231,13,742,NULL,NULL),(2232,7,742,NULL,NULL),(2233,1,742,NULL,NULL),(2234,7,743,NULL,NULL),(2235,5,743,NULL,NULL),(2236,8,744,NULL,NULL),(2237,13,744,NULL,NULL),(2238,19,744,NULL,NULL),(2239,10,744,NULL,NULL),(2240,18,745,NULL,NULL),(2241,10,745,NULL,NULL),(2242,11,746,NULL,NULL),(2243,10,746,NULL,NULL),(2244,14,746,NULL,NULL),(2245,5,746,NULL,NULL),(2246,16,747,NULL,NULL),(2247,13,747,NULL,NULL),(2248,7,747,NULL,NULL),(2249,1,747,NULL,NULL),(2250,15,748,NULL,NULL),(2251,10,748,NULL,NULL),(2252,13,749,NULL,NULL),(2253,18,749,NULL,NULL),(2254,9,749,NULL,NULL),(2255,12,750,NULL,NULL),(2256,2,750,NULL,NULL),(2257,11,751,NULL,NULL),(2258,5,751,NULL,NULL),(2259,1,751,NULL,NULL),(2260,16,752,NULL,NULL),(2261,7,752,NULL,NULL),(2262,8,753,NULL,NULL),(2263,14,753,NULL,NULL),(2264,11,754,NULL,NULL),(2265,6,754,NULL,NULL),(2266,2,754,NULL,NULL),(2267,7,754,NULL,NULL),(2268,19,755,NULL,NULL),(2269,3,755,NULL,NULL),(2270,18,756,NULL,NULL),(2271,19,756,NULL,NULL),(2272,7,757,NULL,NULL),(2273,10,757,NULL,NULL),(2274,14,757,NULL,NULL),(2275,1,757,NULL,NULL),(2276,16,758,NULL,NULL),(2277,13,758,NULL,NULL),(2278,6,759,NULL,NULL),(2279,13,759,NULL,NULL),(2280,2,759,NULL,NULL),(2281,5,759,NULL,NULL),(2282,8,760,NULL,NULL),(2283,13,760,NULL,NULL),(2284,14,760,NULL,NULL),(2285,8,761,NULL,NULL),(2286,16,761,NULL,NULL),(2287,7,761,NULL,NULL),(2288,1,761,NULL,NULL),(2289,19,762,NULL,NULL),(2290,7,762,NULL,NULL),(2291,5,762,NULL,NULL),(2292,2,763,NULL,NULL),(2293,3,763,NULL,NULL),(2294,18,764,NULL,NULL),(2295,5,764,NULL,NULL),(2296,16,765,NULL,NULL),(2297,11,765,NULL,NULL),(2298,13,765,NULL,NULL),(2299,3,765,NULL,NULL),(2300,15,766,NULL,NULL),(2301,13,766,NULL,NULL),(2302,9,766,NULL,NULL),(2303,16,767,NULL,NULL),(2304,18,767,NULL,NULL),(2305,3,767,NULL,NULL),(2306,15,768,NULL,NULL),(2307,18,768,NULL,NULL),(2308,3,768,NULL,NULL),(2309,16,769,NULL,NULL),(2310,18,769,NULL,NULL),(2311,11,770,NULL,NULL),(2312,2,770,NULL,NULL),(2313,3,770,NULL,NULL),(2314,9,770,NULL,NULL),(2315,6,771,NULL,NULL),(2316,2,771,NULL,NULL),(2317,14,771,NULL,NULL),(2318,8,772,NULL,NULL),(2319,12,772,NULL,NULL),(2320,6,772,NULL,NULL),(2321,5,772,NULL,NULL),(2322,15,773,NULL,NULL),(2323,13,773,NULL,NULL),(2324,3,773,NULL,NULL),(2325,10,773,NULL,NULL),(2326,12,774,NULL,NULL),(2327,9,774,NULL,NULL),(2328,10,774,NULL,NULL),(2329,1,774,NULL,NULL),(2330,11,775,NULL,NULL),(2331,18,775,NULL,NULL),(2332,3,775,NULL,NULL),(2333,11,776,NULL,NULL),(2334,2,776,NULL,NULL),(2335,3,776,NULL,NULL),(2336,9,776,NULL,NULL),(2337,18,777,NULL,NULL),(2338,3,777,NULL,NULL),(2339,3,778,NULL,NULL),(2340,7,778,NULL,NULL),(2341,4,778,NULL,NULL),(2342,1,778,NULL,NULL),(2343,16,779,NULL,NULL),(2344,2,779,NULL,NULL),(2345,14,779,NULL,NULL),(2346,1,779,NULL,NULL),(2347,15,780,NULL,NULL),(2348,10,780,NULL,NULL),(2349,11,781,NULL,NULL),(2350,10,781,NULL,NULL),(2351,19,782,NULL,NULL),(2352,14,782,NULL,NULL),(2353,16,783,NULL,NULL),(2354,15,783,NULL,NULL),(2355,9,783,NULL,NULL),(2356,14,784,NULL,NULL),(2357,4,784,NULL,NULL),(2358,16,785,NULL,NULL),(2359,12,785,NULL,NULL),(2360,3,785,NULL,NULL),(2361,5,785,NULL,NULL),(2362,18,786,NULL,NULL),(2363,19,786,NULL,NULL),(2364,9,786,NULL,NULL),(2365,13,787,NULL,NULL),(2366,19,787,NULL,NULL),(2367,14,787,NULL,NULL),(2368,6,788,NULL,NULL),(2369,1,788,NULL,NULL),(2370,8,789,NULL,NULL),(2371,11,789,NULL,NULL),(2372,8,790,NULL,NULL),(2373,19,790,NULL,NULL),(2374,8,791,NULL,NULL),(2375,16,791,NULL,NULL),(2376,14,791,NULL,NULL),(2377,8,792,NULL,NULL),(2378,18,792,NULL,NULL),(2379,17,792,NULL,NULL),(2380,1,792,NULL,NULL),(2381,6,793,NULL,NULL),(2382,17,793,NULL,NULL),(2383,6,794,NULL,NULL),(2384,3,794,NULL,NULL),(2385,18,795,NULL,NULL),(2386,3,795,NULL,NULL),(2387,8,796,NULL,NULL),(2388,3,796,NULL,NULL),(2389,10,796,NULL,NULL),(2390,4,796,NULL,NULL),(2391,19,797,NULL,NULL),(2392,9,797,NULL,NULL),(2393,5,797,NULL,NULL),(2394,13,798,NULL,NULL),(2395,19,798,NULL,NULL),(2396,2,798,NULL,NULL),(2397,2,799,NULL,NULL),(2398,17,799,NULL,NULL),(2399,16,800,NULL,NULL),(2400,11,800,NULL,NULL),(2401,14,800,NULL,NULL),(2402,17,800,NULL,NULL),(2403,9,801,NULL,NULL),(2404,17,801,NULL,NULL),(2405,5,801,NULL,NULL),(2406,2,802,NULL,NULL),(2407,17,802,NULL,NULL),(2408,19,803,NULL,NULL),(2409,1,803,NULL,NULL),(2410,15,804,NULL,NULL),(2411,17,804,NULL,NULL),(2412,19,805,NULL,NULL),(2413,9,805,NULL,NULL),(2414,7,805,NULL,NULL),(2415,1,805,NULL,NULL),(2416,8,806,NULL,NULL),(2417,17,806,NULL,NULL),(2418,13,807,NULL,NULL),(2419,18,807,NULL,NULL),(2420,9,807,NULL,NULL),(2421,1,807,NULL,NULL),(2422,11,808,NULL,NULL),(2423,19,808,NULL,NULL),(2424,17,808,NULL,NULL),(2425,8,809,NULL,NULL),(2426,16,809,NULL,NULL),(2427,5,809,NULL,NULL),(2428,8,810,NULL,NULL),(2429,3,810,NULL,NULL),(2430,10,810,NULL,NULL),(2431,1,810,NULL,NULL),(2432,3,811,NULL,NULL),(2433,10,811,NULL,NULL),(2434,8,812,NULL,NULL),(2435,16,812,NULL,NULL),(2436,19,812,NULL,NULL),(2437,12,813,NULL,NULL),(2438,18,813,NULL,NULL),(2439,14,813,NULL,NULL),(2440,13,814,NULL,NULL),(2441,7,814,NULL,NULL),(2442,10,814,NULL,NULL),(2443,13,815,NULL,NULL),(2444,19,815,NULL,NULL),(2445,5,815,NULL,NULL),(2446,12,816,NULL,NULL),(2447,7,816,NULL,NULL),(2448,2,817,NULL,NULL),(2449,3,817,NULL,NULL),(2450,7,817,NULL,NULL),(2451,10,817,NULL,NULL),(2452,12,818,NULL,NULL),(2453,6,818,NULL,NULL),(2454,9,818,NULL,NULL),(2455,1,818,NULL,NULL),(2456,11,819,NULL,NULL),(2457,19,819,NULL,NULL),(2458,9,820,NULL,NULL),(2459,7,820,NULL,NULL),(2460,10,820,NULL,NULL),(2461,14,820,NULL,NULL),(2462,8,821,NULL,NULL),(2463,19,821,NULL,NULL),(2464,10,821,NULL,NULL),(2465,4,821,NULL,NULL),(2466,11,822,NULL,NULL),(2467,18,822,NULL,NULL),(2468,19,822,NULL,NULL),(2469,2,822,NULL,NULL),(2470,11,823,NULL,NULL),(2471,9,823,NULL,NULL),(2472,7,824,NULL,NULL),(2473,14,824,NULL,NULL),(2474,17,824,NULL,NULL),(2475,5,824,NULL,NULL),(2476,8,825,NULL,NULL),(2477,14,825,NULL,NULL),(2478,5,825,NULL,NULL),(2479,11,826,NULL,NULL),(2480,1,826,NULL,NULL),(2481,15,827,NULL,NULL),(2482,6,827,NULL,NULL),(2483,1,827,NULL,NULL),(2484,2,828,NULL,NULL),(2485,10,828,NULL,NULL),(2486,1,828,NULL,NULL),(2487,3,829,NULL,NULL),(2488,10,829,NULL,NULL),(2489,4,829,NULL,NULL),(2490,19,830,NULL,NULL),(2491,3,830,NULL,NULL),(2492,7,830,NULL,NULL),(2493,19,831,NULL,NULL),(2494,3,831,NULL,NULL),(2495,10,831,NULL,NULL),(2496,4,831,NULL,NULL),(2497,13,832,NULL,NULL),(2498,18,832,NULL,NULL),(2499,19,832,NULL,NULL),(2500,7,832,NULL,NULL),(2501,8,833,NULL,NULL),(2502,19,833,NULL,NULL),(2503,5,833,NULL,NULL),(2504,16,834,NULL,NULL),(2505,17,834,NULL,NULL),(2506,1,834,NULL,NULL),(2507,16,835,NULL,NULL),(2508,11,835,NULL,NULL),(2509,12,835,NULL,NULL),(2510,17,835,NULL,NULL),(2511,9,836,NULL,NULL),(2512,14,836,NULL,NULL),(2513,15,837,NULL,NULL),(2514,14,837,NULL,NULL),(2515,4,837,NULL,NULL),(2516,1,837,NULL,NULL),(2517,11,838,NULL,NULL),(2518,13,838,NULL,NULL),(2519,7,838,NULL,NULL),(2520,4,838,NULL,NULL),(2521,6,839,NULL,NULL),(2522,19,839,NULL,NULL),(2523,9,839,NULL,NULL),(2524,1,839,NULL,NULL),(2525,13,840,NULL,NULL),(2526,2,840,NULL,NULL),(2527,12,841,NULL,NULL),(2528,19,841,NULL,NULL),(2529,15,842,NULL,NULL),(2530,3,842,NULL,NULL),(2531,10,842,NULL,NULL),(2532,5,842,NULL,NULL),(2533,16,843,NULL,NULL),(2534,12,843,NULL,NULL),(2535,9,843,NULL,NULL),(2536,5,843,NULL,NULL),(2537,14,844,NULL,NULL),(2538,5,844,NULL,NULL),(2539,13,845,NULL,NULL),(2540,9,845,NULL,NULL),(2541,1,845,NULL,NULL),(2542,14,846,NULL,NULL),(2543,17,846,NULL,NULL),(2544,16,847,NULL,NULL),(2545,19,847,NULL,NULL),(2546,19,848,NULL,NULL),(2547,5,848,NULL,NULL),(2548,3,849,NULL,NULL),(2549,5,849,NULL,NULL),(2550,19,850,NULL,NULL),(2551,3,850,NULL,NULL),(2552,11,851,NULL,NULL),(2553,7,851,NULL,NULL),(2554,14,851,NULL,NULL),(2555,13,852,NULL,NULL),(2556,19,852,NULL,NULL),(2557,3,852,NULL,NULL),(2558,1,852,NULL,NULL),(2559,2,853,NULL,NULL),(2560,3,853,NULL,NULL),(2561,10,853,NULL,NULL),(2562,16,854,NULL,NULL),(2563,7,854,NULL,NULL),(2564,14,854,NULL,NULL),(2565,11,855,NULL,NULL),(2566,13,855,NULL,NULL),(2567,9,855,NULL,NULL),(2568,17,855,NULL,NULL),(2569,2,856,NULL,NULL),(2570,3,856,NULL,NULL),(2571,17,856,NULL,NULL),(2572,5,856,NULL,NULL),(2573,12,857,NULL,NULL),(2574,1,857,NULL,NULL),(2575,16,858,NULL,NULL),(2576,10,858,NULL,NULL),(2577,4,858,NULL,NULL),(2578,12,859,NULL,NULL),(2579,4,859,NULL,NULL),(2580,8,860,NULL,NULL),(2581,16,860,NULL,NULL),(2582,10,860,NULL,NULL),(2583,15,861,NULL,NULL),(2584,2,861,NULL,NULL),(2585,10,861,NULL,NULL),(2586,8,862,NULL,NULL),(2587,12,862,NULL,NULL),(2588,3,862,NULL,NULL),(2589,4,862,NULL,NULL),(2590,18,863,NULL,NULL),(2591,5,863,NULL,NULL),(2592,11,864,NULL,NULL),(2593,3,864,NULL,NULL),(2594,5,864,NULL,NULL),(2595,14,865,NULL,NULL),(2596,17,865,NULL,NULL),(2597,1,865,NULL,NULL),(2598,12,866,NULL,NULL),(2599,6,866,NULL,NULL),(2600,18,866,NULL,NULL),(2601,7,866,NULL,NULL),(2602,15,867,NULL,NULL),(2603,18,867,NULL,NULL),(2604,10,867,NULL,NULL),(2605,4,867,NULL,NULL),(2606,11,868,NULL,NULL),(2607,18,868,NULL,NULL),(2608,19,868,NULL,NULL),(2609,2,868,NULL,NULL),(2610,7,869,NULL,NULL),(2611,17,869,NULL,NULL),(2612,16,870,NULL,NULL),(2613,14,870,NULL,NULL),(2614,18,871,NULL,NULL),(2615,5,871,NULL,NULL),(2616,16,872,NULL,NULL),(2617,6,872,NULL,NULL),(2618,3,872,NULL,NULL),(2619,7,872,NULL,NULL),(2620,8,873,NULL,NULL),(2621,11,873,NULL,NULL),(2622,17,873,NULL,NULL),(2623,15,874,NULL,NULL),(2624,13,874,NULL,NULL),(2625,16,875,NULL,NULL),(2626,14,875,NULL,NULL),(2627,1,875,NULL,NULL),(2628,16,876,NULL,NULL),(2629,11,876,NULL,NULL),(2630,19,876,NULL,NULL),(2631,9,876,NULL,NULL),(2632,11,877,NULL,NULL),(2633,3,877,NULL,NULL),(2634,15,878,NULL,NULL),(2635,13,878,NULL,NULL),(2636,7,878,NULL,NULL),(2637,8,879,NULL,NULL),(2638,11,879,NULL,NULL),(2639,7,879,NULL,NULL),(2640,16,880,NULL,NULL),(2641,19,880,NULL,NULL),(2642,10,880,NULL,NULL),(2643,16,881,NULL,NULL),(2644,10,881,NULL,NULL),(2645,14,881,NULL,NULL),(2646,17,881,NULL,NULL),(2647,19,882,NULL,NULL),(2648,10,882,NULL,NULL),(2649,5,882,NULL,NULL),(2650,18,883,NULL,NULL),(2651,2,883,NULL,NULL),(2652,3,883,NULL,NULL),(2653,8,884,NULL,NULL),(2654,10,884,NULL,NULL),(2655,8,885,NULL,NULL),(2656,9,885,NULL,NULL),(2657,14,885,NULL,NULL),(2658,15,886,NULL,NULL),(2659,17,886,NULL,NULL),(2660,7,887,NULL,NULL),(2661,10,887,NULL,NULL),(2662,2,888,NULL,NULL),(2663,4,888,NULL,NULL),(2664,6,889,NULL,NULL),(2665,9,889,NULL,NULL),(2666,7,889,NULL,NULL),(2667,11,890,NULL,NULL),(2668,6,890,NULL,NULL),(2669,17,890,NULL,NULL),(2670,5,890,NULL,NULL),(2671,8,891,NULL,NULL),(2672,16,891,NULL,NULL),(2673,19,891,NULL,NULL),(2674,14,891,NULL,NULL),(2675,9,892,NULL,NULL),(2676,7,892,NULL,NULL),(2677,1,892,NULL,NULL),(2678,16,893,NULL,NULL),(2679,12,893,NULL,NULL),(2680,6,893,NULL,NULL),(2681,19,893,NULL,NULL),(2682,18,894,NULL,NULL),(2683,2,894,NULL,NULL),(2684,7,894,NULL,NULL),(2685,18,895,NULL,NULL),(2686,3,895,NULL,NULL),(2687,17,895,NULL,NULL),(2688,5,895,NULL,NULL),(2689,11,896,NULL,NULL),(2690,18,896,NULL,NULL),(2691,7,897,NULL,NULL),(2692,17,897,NULL,NULL),(2693,5,897,NULL,NULL),(2694,4,897,NULL,NULL),(2695,8,898,NULL,NULL),(2696,1,898,NULL,NULL),(2697,17,899,NULL,NULL),(2698,5,899,NULL,NULL),(2699,4,899,NULL,NULL),(2700,11,900,NULL,NULL),(2701,13,900,NULL,NULL),(2702,7,900,NULL,NULL),(2703,14,900,NULL,NULL),(2704,18,901,NULL,NULL),(2705,3,901,NULL,NULL),(2706,10,901,NULL,NULL),(2707,16,902,NULL,NULL),(2708,19,902,NULL,NULL),(2709,2,902,NULL,NULL),(2710,10,902,NULL,NULL),(2711,15,903,NULL,NULL),(2712,13,903,NULL,NULL),(2713,14,903,NULL,NULL),(2714,8,904,NULL,NULL),(2715,12,904,NULL,NULL),(2716,6,904,NULL,NULL),(2717,19,905,NULL,NULL),(2718,2,905,NULL,NULL),(2719,4,905,NULL,NULL),(2720,16,906,NULL,NULL),(2721,10,906,NULL,NULL),(2722,5,906,NULL,NULL),(2723,1,906,NULL,NULL),(2724,11,907,NULL,NULL),(2725,18,907,NULL,NULL),(2726,1,907,NULL,NULL),(2727,10,908,NULL,NULL),(2728,4,908,NULL,NULL),(2729,12,909,NULL,NULL),(2730,9,909,NULL,NULL),(2731,16,910,NULL,NULL),(2732,18,910,NULL,NULL),(2733,14,910,NULL,NULL),(2734,15,911,NULL,NULL),(2735,11,911,NULL,NULL),(2736,3,911,NULL,NULL),(2737,8,912,NULL,NULL),(2738,17,912,NULL,NULL),(2739,16,913,NULL,NULL),(2740,18,913,NULL,NULL),(2741,14,913,NULL,NULL),(2742,4,913,NULL,NULL),(2743,15,914,NULL,NULL),(2744,3,914,NULL,NULL),(2745,17,914,NULL,NULL),(2746,13,915,NULL,NULL),(2747,5,915,NULL,NULL),(2748,8,916,NULL,NULL),(2749,18,916,NULL,NULL),(2750,7,917,NULL,NULL),(2751,10,917,NULL,NULL),(2752,5,917,NULL,NULL),(2753,8,918,NULL,NULL),(2754,11,918,NULL,NULL),(2755,2,919,NULL,NULL),(2756,3,919,NULL,NULL),(2757,16,920,NULL,NULL),(2758,10,920,NULL,NULL),(2759,17,920,NULL,NULL),(2760,6,921,NULL,NULL),(2761,9,921,NULL,NULL),(2762,5,921,NULL,NULL),(2763,5,922,NULL,NULL),(2764,4,922,NULL,NULL),(2765,13,923,NULL,NULL),(2766,3,923,NULL,NULL),(2767,7,923,NULL,NULL),(2768,14,923,NULL,NULL),(2769,3,924,NULL,NULL),(2770,4,924,NULL,NULL),(2771,3,925,NULL,NULL),(2772,7,925,NULL,NULL),(2773,10,925,NULL,NULL),(2774,14,925,NULL,NULL),(2775,12,926,NULL,NULL),(2776,3,926,NULL,NULL),(2777,10,926,NULL,NULL),(2778,5,926,NULL,NULL),(2779,15,927,NULL,NULL),(2780,12,927,NULL,NULL),(2781,18,927,NULL,NULL),(2782,5,927,NULL,NULL),(2783,11,928,NULL,NULL),(2784,12,928,NULL,NULL),(2785,14,928,NULL,NULL),(2786,5,928,NULL,NULL),(2787,8,929,NULL,NULL),(2788,6,929,NULL,NULL),(2789,2,929,NULL,NULL),(2790,17,929,NULL,NULL),(2791,12,930,NULL,NULL),(2792,19,930,NULL,NULL),(2793,16,931,NULL,NULL),(2794,13,931,NULL,NULL),(2795,18,931,NULL,NULL),(2796,9,931,NULL,NULL),(2797,12,932,NULL,NULL),(2798,2,932,NULL,NULL),(2799,7,932,NULL,NULL),(2800,12,933,NULL,NULL),(2801,13,933,NULL,NULL),(2802,18,934,NULL,NULL),(2803,17,934,NULL,NULL),(2804,2,935,NULL,NULL),(2805,9,935,NULL,NULL),(2806,5,935,NULL,NULL),(2807,6,936,NULL,NULL),(2808,19,936,NULL,NULL),(2809,15,937,NULL,NULL),(2810,6,937,NULL,NULL),(2811,13,937,NULL,NULL),(2812,10,937,NULL,NULL),(2813,10,938,NULL,NULL),(2814,14,938,NULL,NULL),(2815,17,938,NULL,NULL),(2816,12,939,NULL,NULL),(2817,18,939,NULL,NULL),(2818,9,939,NULL,NULL),(2819,15,940,NULL,NULL),(2820,12,940,NULL,NULL),(2821,19,940,NULL,NULL),(2822,15,941,NULL,NULL),(2823,6,941,NULL,NULL),(2824,9,941,NULL,NULL),(2825,7,941,NULL,NULL),(2826,13,942,NULL,NULL),(2827,14,942,NULL,NULL),(2828,1,942,NULL,NULL),(2829,12,943,NULL,NULL),(2830,19,943,NULL,NULL),(2831,4,943,NULL,NULL),(2832,16,944,NULL,NULL),(2833,15,944,NULL,NULL),(2834,2,944,NULL,NULL),(2835,6,945,NULL,NULL),(2836,7,945,NULL,NULL),(2837,14,945,NULL,NULL),(2838,4,945,NULL,NULL),(2839,16,946,NULL,NULL),(2840,9,946,NULL,NULL),(2841,4,946,NULL,NULL),(2842,11,947,NULL,NULL),(2843,2,947,NULL,NULL),(2844,17,947,NULL,NULL),(2845,9,948,NULL,NULL),(2846,14,948,NULL,NULL),(2847,1,948,NULL,NULL),(2848,16,949,NULL,NULL),(2849,12,949,NULL,NULL),(2850,4,949,NULL,NULL),(2851,11,950,NULL,NULL),(2852,6,950,NULL,NULL),(2853,7,950,NULL,NULL),(2854,4,950,NULL,NULL),(2855,3,951,NULL,NULL),(2856,7,951,NULL,NULL),(2857,12,952,NULL,NULL),(2858,19,952,NULL,NULL),(2859,3,952,NULL,NULL),(2860,9,952,NULL,NULL),(2861,15,953,NULL,NULL),(2862,6,953,NULL,NULL),(2863,10,953,NULL,NULL),(2864,1,953,NULL,NULL),(2865,15,954,NULL,NULL),(2866,6,954,NULL,NULL),(2867,13,954,NULL,NULL),(2868,9,954,NULL,NULL),(2869,8,955,NULL,NULL),(2870,11,955,NULL,NULL),(2871,19,955,NULL,NULL),(2872,14,955,NULL,NULL),(2873,13,956,NULL,NULL),(2874,1,956,NULL,NULL),(2875,6,957,NULL,NULL),(2876,3,957,NULL,NULL),(2877,6,958,NULL,NULL),(2878,19,958,NULL,NULL),(2879,3,958,NULL,NULL),(2880,17,958,NULL,NULL),(2881,8,959,NULL,NULL),(2882,15,959,NULL,NULL),(2883,3,959,NULL,NULL),(2884,17,959,NULL,NULL),(2885,8,960,NULL,NULL),(2886,11,960,NULL,NULL),(2887,3,960,NULL,NULL),(2888,14,960,NULL,NULL),(2889,11,961,NULL,NULL),(2890,13,961,NULL,NULL),(2891,9,961,NULL,NULL),(2892,8,962,NULL,NULL),(2893,2,962,NULL,NULL),(2894,5,962,NULL,NULL),(2895,12,963,NULL,NULL),(2896,13,963,NULL,NULL),(2897,7,964,NULL,NULL),(2898,17,964,NULL,NULL),(2899,5,964,NULL,NULL),(2900,15,965,NULL,NULL),(2901,12,965,NULL,NULL),(2902,13,965,NULL,NULL),(2903,10,965,NULL,NULL),(2904,6,966,NULL,NULL),(2905,18,966,NULL,NULL),(2906,2,966,NULL,NULL),(2907,17,966,NULL,NULL),(2908,6,967,NULL,NULL),(2909,3,967,NULL,NULL),(2910,7,967,NULL,NULL),(2911,5,967,NULL,NULL),(2912,15,968,NULL,NULL),(2913,6,968,NULL,NULL),(2914,14,968,NULL,NULL),(2915,1,968,NULL,NULL),(2916,2,969,NULL,NULL),(2917,17,969,NULL,NULL),(2918,12,970,NULL,NULL),(2919,19,970,NULL,NULL),(2920,14,970,NULL,NULL),(2921,10,971,NULL,NULL),(2922,14,971,NULL,NULL),(2923,13,972,NULL,NULL),(2924,14,972,NULL,NULL),(2925,11,973,NULL,NULL),(2926,14,973,NULL,NULL),(2927,5,973,NULL,NULL),(2928,4,973,NULL,NULL),(2929,16,974,NULL,NULL),(2930,11,974,NULL,NULL),(2931,13,974,NULL,NULL),(2932,7,974,NULL,NULL),(2933,16,975,NULL,NULL),(2934,9,975,NULL,NULL),(2935,6,976,NULL,NULL),(2936,19,976,NULL,NULL),(2937,8,977,NULL,NULL),(2938,3,977,NULL,NULL),(2939,14,977,NULL,NULL),(2940,5,977,NULL,NULL),(2941,8,978,NULL,NULL),(2942,3,978,NULL,NULL),(2943,7,978,NULL,NULL),(2944,8,979,NULL,NULL),(2945,12,979,NULL,NULL),(2946,9,979,NULL,NULL),(2947,17,979,NULL,NULL),(2948,8,980,NULL,NULL),(2949,14,980,NULL,NULL),(2950,1,980,NULL,NULL),(2951,6,981,NULL,NULL),(2952,13,981,NULL,NULL),(2953,2,981,NULL,NULL),(2954,10,981,NULL,NULL),(2955,11,982,NULL,NULL),(2956,19,982,NULL,NULL),(2957,2,982,NULL,NULL),(2958,12,983,NULL,NULL),(2959,18,983,NULL,NULL),(2960,16,984,NULL,NULL),(2961,12,984,NULL,NULL),(2962,3,985,NULL,NULL),(2963,9,985,NULL,NULL),(2964,14,985,NULL,NULL),(2965,5,985,NULL,NULL),(2966,17,986,NULL,NULL),(2967,5,986,NULL,NULL),(2968,8,987,NULL,NULL),(2969,16,987,NULL,NULL),(2970,5,987,NULL,NULL),(2971,15,988,NULL,NULL),(2972,12,988,NULL,NULL),(2973,6,988,NULL,NULL),(2974,10,988,NULL,NULL),(2975,8,989,NULL,NULL),(2976,11,989,NULL,NULL),(2977,13,989,NULL,NULL),(2978,19,989,NULL,NULL),(2979,16,990,NULL,NULL),(2980,6,990,NULL,NULL),(2981,7,990,NULL,NULL),(2982,17,990,NULL,NULL),(2983,8,991,NULL,NULL),(2984,1,991,NULL,NULL),(2985,13,992,NULL,NULL),(2986,3,992,NULL,NULL),(2987,9,992,NULL,NULL),(2988,4,992,NULL,NULL),(2989,12,993,NULL,NULL),(2990,19,993,NULL,NULL),(2991,1,993,NULL,NULL),(2992,6,994,NULL,NULL),(2993,18,994,NULL,NULL),(2994,10,994,NULL,NULL),(2995,1,994,NULL,NULL),(2996,8,995,NULL,NULL),(2997,2,995,NULL,NULL),(2998,9,995,NULL,NULL),(2999,4,995,NULL,NULL),(3000,16,996,NULL,NULL),(3001,11,996,NULL,NULL),(3002,19,996,NULL,NULL),(3003,18,997,NULL,NULL),(3004,19,997,NULL,NULL),(3005,17,997,NULL,NULL),(3006,12,998,NULL,NULL),(3007,3,998,NULL,NULL),(3008,11,999,NULL,NULL),(3009,13,999,NULL,NULL),(3010,3,999,NULL,NULL),(3011,3,1000,NULL,NULL),(3012,9,1000,NULL,NULL),(3013,5,1000,NULL,NULL),(3014,14,1001,NULL,NULL),(3015,5,1001,NULL,NULL),(3016,6,1002,NULL,NULL),(3017,3,1002,NULL,NULL),(3018,8,1003,NULL,NULL),(3019,18,1003,NULL,NULL),(3020,1,1003,NULL,NULL),(3021,12,1004,NULL,NULL),(3022,10,1004,NULL,NULL),(3023,16,1005,NULL,NULL),(3024,9,1005,NULL,NULL),(3025,14,1005,NULL,NULL),(3026,19,1006,NULL,NULL),(3027,9,1006,NULL,NULL),(3028,4,1006,NULL,NULL),(3029,18,1007,NULL,NULL),(3030,2,1007,NULL,NULL),(3031,17,1007,NULL,NULL),(3032,8,1008,NULL,NULL),(3033,19,1008,NULL,NULL),(3034,14,1008,NULL,NULL),(3035,11,1009,NULL,NULL),(3036,6,1009,NULL,NULL),(3037,13,1009,NULL,NULL),(3038,1,1009,NULL,NULL),(3039,8,1010,NULL,NULL),(3040,15,1010,NULL,NULL),(3041,2,1010,NULL,NULL),(3042,17,1010,NULL,NULL),(3043,11,1011,NULL,NULL),(3044,12,1011,NULL,NULL),(3045,18,1011,NULL,NULL),(3046,9,1011,NULL,NULL),(3047,18,1012,NULL,NULL),(3048,9,1012,NULL,NULL),(3049,17,1012,NULL,NULL),(3050,8,1013,NULL,NULL),(3051,18,1013,NULL,NULL),(3052,9,1013,NULL,NULL),(3053,10,1013,NULL,NULL),(3054,8,1014,NULL,NULL),(3055,15,1014,NULL,NULL),(3056,15,1015,NULL,NULL),(3057,7,1015,NULL,NULL),(3058,10,1015,NULL,NULL),(3059,4,1015,NULL,NULL),(3060,16,1016,NULL,NULL),(3061,19,1016,NULL,NULL),(3062,4,1016,NULL,NULL),(3063,1,1016,NULL,NULL),(3064,2,1017,NULL,NULL),(3065,7,1017,NULL,NULL),(3066,4,1017,NULL,NULL),(3067,8,1018,NULL,NULL),(3068,16,1018,NULL,NULL),(3069,6,1018,NULL,NULL),(3070,7,1018,NULL,NULL),(3071,8,1019,NULL,NULL),(3072,15,1019,NULL,NULL),(3073,10,1019,NULL,NULL),(3074,1,1019,NULL,NULL),(3075,3,1020,NULL,NULL),(3076,7,1020,NULL,NULL),(3077,6,1021,NULL,NULL),(3078,14,1021,NULL,NULL),(3079,9,1022,NULL,NULL),(3080,1,1022,NULL,NULL),(3081,15,1023,NULL,NULL),(3082,9,1023,NULL,NULL),(3083,12,1024,NULL,NULL),(3084,7,1024,NULL,NULL),(3085,15,1025,NULL,NULL),(3086,3,1025,NULL,NULL),(3087,3,1026,NULL,NULL),(3088,6,1026,NULL,NULL),(3089,2,1027,NULL,NULL);

--
-- Table structure for table `skills`
--

CREATE TABLE `skills` (
  `id` bigint unsigned NOT NULL AUTO_INCREMENT,
  `name` varchar(255) COLLATE utf8mb4_unicode_ci NOT NULL,
  `slug` varchar(255) COLLATE utf8mb4_unicode_ci NOT NULL,
  `status` tinyint(1) NOT NULL DEFAULT '1',
  `created_at` timestamp NULL DEFAULT NULL,
  `updated_at` timestamp NULL DEFAULT NULL,
  PRIMARY KEY (`id`),
  UNIQUE KEY `skills_name_unique` (`name`),
  UNIQUE KEY `skills_slug_unique` (`slug`)
) ENGINE=InnoDB AUTO_INCREMENT=20 DEFAULT CHARSET=utf8mb4 COLLATE=utf8mb4_unicode_ci;

--
-- Dumping data for table `skills`
--

INSERT INTO `skills` VALUES (1,'Vedic','vedic',1,'2026-01-27 03:28:10','2026-01-27 03:28:10'),(2,'Numerology','numerology',1,'2026-01-27 03:28:17','2026-01-27 03:28:17'),(3,'Palmistry','palmistry',1,'2026-01-27 03:29:32','2026-01-27 03:29:32'),(4,'tarro card','tarro-card',1,'2026-01-30 22:21:40','2026-01-30 22:21:40'),(5,'Tarot Reading','tarot-reading',1,'2026-01-31 09:23:06','2026-01-31 09:23:06'),(6,'Face Reading','face-reading',1,'2026-01-31 09:23:06','2026-01-31 09:23:06'),(7,'Psychic Reading','psychic-reading',1,'2026-01-31 09:23:06','2026-01-31 09:23:06'),(8,'Aura Reading','aura-reading',1,'2026-01-31 09:23:07','2026-01-31 09:23:07'),(9,'Pranic Healing','pranic-healing',1,'2026-01-31 09:23:07','2026-01-31 09:23:07'),(10,'Reiki','reiki',1,'2026-01-31 09:23:07','2026-01-31 09:23:07'),(11,'Crystal Healing','crystal-healing',1,'2026-01-31 09:23:07','2026-01-31 09:23:07'),(12,'Dream Analysis','dream-analysis',1,'2026-01-31 09:23:07','2026-01-31 09:23:07'),(13,'Graphology','graphology',1,'2026-01-31 09:23:07','2026-01-31 09:23:07'),(14,'Signature Analysis','signature-analysis',1,'2026-01-31 09:23:07','2026-01-31 09:23:07'),(15,'Corporate Astrology','corporate-astrology',1,'2026-01-31 09:23:07','2026-01-31 09:23:07'),(16,'Business Astrology','business-astrology',1,'2026-01-31 09:23:07','2026-01-31 09:23:07'),(17,'Stock Market Astrology','stock-market-astrology',1,'2026-01-31 09:23:07','2026-01-31 09:23:07'),(18,'Medical Astrology','medical-astrology',1,'2026-01-31 09:23:07','2026-01-31 09:23:07'),(19,'Mundane Astrology','mundane-astrology',1,'2026-01-31 09:23:07','2026-01-31 09:23:07');

--
-- Table structure for table `sliders`
--

CREATE TABLE `sliders` (
  `id` bigint unsigned NOT NULL AUTO_INCREMENT,
  `image_path` varchar(255) COLLATE utf8mb4_unicode_ci NOT NULL,
  `alt_text` varchar(255) COLLATE utf8mb4_unicode_ci DEFAULT NULL,
  `link` varchar(255) COLLATE utf8mb4_unicode_ci DEFAULT NULL,
  `status` tinyint(1) NOT NULL DEFAULT '1',
  `sort_order` int NOT NULL DEFAULT '0',
  `created_at` timestamp NULL DEFAULT NULL,
  `updated_at` timestamp NULL DEFAULT NULL,
  PRIMARY KEY (`id`)
) ENGINE=InnoDB DEFAULT CHARSET=utf8mb4 COLLATE=utf8mb4_unicode_ci;

--
-- Dumping data for table `sliders`
--


--
-- Table structure for table `states`
--

CREATE TABLE `states` (
  `id` bigint unsigned NOT NULL AUTO_INCREMENT,
  `country_id` bigint unsigned NOT NULL,
  `name` varchar(255) COLLATE utf8mb4_unicode_ci NOT NULL,
  `created_at` timestamp NULL DEFAULT NULL,
  `updated_at` timestamp NULL DEFAULT NULL,
  PRIMARY KEY (`id`),
  KEY `states_country_id_foreign` (`country_id`),
  CONSTRAINT `states_country_id_foreign` FOREIGN KEY (`country_id`) REFERENCES `countries` (`id`) ON DELETE CASCADE
) ENGINE=InnoDB AUTO_INCREMENT=112 DEFAULT CHARSET=utf8mb4 COLLATE=utf8mb4_unicode_ci;

--
-- Dumping data for table `states`
--

INSERT INTO `states` VALUES (1,1,'Andhra Pradesh','2026-01-27 06:52:22','2026-01-27 06:52:22'),(2,1,'Arunachal Pradesh','2026-01-27 06:52:22','2026-01-27 06:52:22'),(3,1,'Assam','2026-01-27 06:52:22','2026-01-27 06:52:22'),(4,1,'Bihar','2026-01-27 06:52:22','2026-01-27 06:52:22'),(5,1,'Chhattisgarh','2026-01-27 06:52:22','2026-01-27 06:52:22'),(6,1,'Goa','2026-01-27 06:52:22','2026-01-27 06:52:22'),(7,1,'Gujarat','2026-01-27 06:52:22','2026-01-27 06:52:22'),(8,1,'Haryana','2026-01-27 06:52:22','2026-01-27 06:52:22'),(9,1,'Himachal Pradesh','2026-01-27 06:52:22','2026-01-27 06:52:22'),(10,1,'Jharkhand','2026-01-27 06:52:22','2026-01-27 06:52:22'),(11,1,'Karnataka','2026-01-27 06:52:22','2026-01-27 06:52:22'),(12,1,'Kerala','2026-01-27 06:52:22','2026-01-27 06:52:22'),(13,1,'Madhya Pradesh','2026-01-27 06:52:22','2026-01-27 06:52:22'),(14,1,'Maharashtra','2026-01-27 06:52:22','2026-01-27 06:52:22'),(15,1,'Manipur','2026-01-27 06:52:22','2026-01-27 06:52:22'),(16,1,'Meghalaya','2026-01-27 06:52:22','2026-01-27 06:52:22'),(17,1,'Mizoram','2026-01-27 06:52:22','2026-01-27 06:52:22'),(18,1,'Nagaland','2026-01-27 06:52:22','2026-01-27 06:52:22'),(19,1,'Odisha','2026-01-27 06:52:22','2026-01-27 06:52:22'),(20,1,'Punjab','2026-01-27 06:52:22','2026-01-27 06:52:22'),(21,1,'Rajasthan','2026-01-27 06:52:22','2026-01-27 06:52:22'),(22,1,'Sikkim','2026-01-27 06:52:22','2026-01-27 06:52:22'),(23,1,'Tamil Nadu','2026-01-27 06:52:22','2026-01-27 06:52:22'),(24,1,'Telangana','2026-01-27 06:52:22','2026-01-27 06:52:22'),(25,1,'Tripura','2026-01-27 06:52:22','2026-01-27 06:52:22'),(26,1,'Uttar Pradesh','2026-01-27 06:52:22','2026-01-27 06:52:22'),(27,1,'Uttarakhand','2026-01-27 06:52:22','2026-01-27 06:52:22'),(28,1,'West Bengal','2026-01-27 06:52:22','2026-01-27 06:52:22'),(29,1,'Andaman and Nicobar Islands','2026-01-27 06:52:22','2026-01-27 06:52:22'),(30,1,'Chandigarh','2026-01-27 06:52:22','2026-01-27 06:52:22'),(31,1,'Dadra and Nagar Haveli and Daman and Diu','2026-01-27 06:52:22','2026-01-27 06:52:22'),(32,1,'Delhi','2026-01-27 06:52:22','2026-01-27 06:52:22'),(33,1,'Jammu and Kashmir','2026-01-27 06:52:22','2026-01-27 06:52:22'),(34,1,'Ladakh','2026-01-27 06:52:22','2026-01-27 06:52:22'),(35,1,'Lakshadweep','2026-01-27 06:52:22','2026-01-27 06:52:22'),(36,1,'Puducherry','2026-01-27 06:52:22','2026-01-27 06:52:22'),(37,2,'Alabama','2026-01-27 06:52:22','2026-01-27 06:52:22'),(38,2,'Alaska','2026-01-27 06:52:22','2026-01-27 06:52:22'),(39,2,'Arizona','2026-01-27 06:52:22','2026-01-27 06:52:22'),(40,2,'Arkansas','2026-01-27 06:52:22','2026-01-27 06:52:22'),(41,2,'California','2026-01-27 06:52:22','2026-01-27 06:52:22'),(42,2,'Colorado','2026-01-27 06:52:22','2026-01-27 06:52:22'),(43,2,'Connecticut','2026-01-27 06:52:22','2026-01-27 06:52:22'),(44,2,'Delaware','2026-01-27 06:52:22','2026-01-27 06:52:22'),(45,2,'Florida','2026-01-27 06:52:22','2026-01-27 06:52:22'),(46,2,'Georgia','2026-01-27 06:52:22','2026-01-27 06:52:22'),(47,2,'Hawaii','2026-01-27 06:52:22','2026-01-27 06:52:22'),(48,2,'Idaho','2026-01-27 06:52:22','2026-01-27 06:52:22'),(49,2,'Illinois','2026-01-27 06:52:22','2026-01-27 06:52:22'),(50,2,'Indiana','2026-01-27 06:52:22','2026-01-27 06:52:22'),(51,2,'Iowa','2026-01-27 06:52:22','2026-01-27 06:52:22'),(52,2,'Kansas','2026-01-27 06:52:22','2026-01-27 06:52:22'),(53,2,'Kentucky','2026-01-27 06:52:22','2026-01-27 06:52:22'),(54,2,'Louisiana','2026-01-27 06:52:22','2026-01-27 06:52:22'),(55,2,'Maine','2026-01-27 06:52:22','2026-01-27 06:52:22'),(56,2,'Maryland','2026-01-27 06:52:22','2026-01-27 06:52:22'),(57,2,'Massachusetts','2026-01-27 06:52:22','2026-01-27 06:52:22'),(58,2,'Michigan','2026-01-27 06:52:22','2026-01-27 06:52:22'),(59,2,'Minnesota','2026-01-27 06:52:22','2026-01-27 06:52:22'),(60,2,'Mississippi','2026-01-27 06:52:22','2026-01-27 06:52:22'),(61,2,'Missouri','2026-01-27 06:52:22','2026-01-27 06:52:22'),(62,2,'Montana','2026-01-27 06:52:22','2026-01-27 06:52:22'),(63,2,'Nebraska','2026-01-27 06:52:22','2026-01-27 06:52:22'),(64,2,'Nevada','2026-01-27 06:52:22','2026-01-27 06:52:22'),(65,2,'New Hampshire','2026-01-27 06:52:22','2026-01-27 06:52:22'),(66,2,'New Jersey','2026-01-27 06:52:22','2026-01-27 06:52:22'),(67,2,'New Mexico','2026-01-27 06:52:22','2026-01-27 06:52:22'),(68,2,'New York','2026-01-27 06:52:22','2026-01-27 06:52:22'),(69,2,'North Carolina','2026-01-27 06:52:22','2026-01-27 06:52:22'),(70,2,'North Dakota','2026-01-27 06:52:22','2026-01-27 06:52:22'),(71,2,'Ohio','2026-01-27 06:52:22','2026-01-27 06:52:22'),(72,2,'Oklahoma','2026-01-27 06:52:22','2026-01-27 06:52:22'),(73,2,'Oregon','2026-01-27 06:52:22','2026-01-27 06:52:22'),(74,2,'Pennsylvania','2026-01-27 06:52:22','2026-01-27 06:52:22'),(75,2,'Rhode Island','2026-01-27 06:52:22','2026-01-27 06:52:22'),(76,2,'South Carolina','2026-01-27 06:52:22','2026-01-27 06:52:22'),(77,2,'South Dakota','2026-01-27 06:52:22','2026-01-27 06:52:22'),(78,2,'Tennessee','2026-01-27 06:52:22','2026-01-27 06:52:22'),(79,2,'Texas','2026-01-27 06:52:22','2026-01-27 06:52:22'),(80,2,'Utah','2026-01-27 06:52:22','2026-01-27 06:52:22'),(81,2,'Vermont','2026-01-27 06:52:22','2026-01-27 06:52:22'),(82,2,'Virginia','2026-01-27 06:52:22','2026-01-27 06:52:22'),(83,2,'Washington','2026-01-27 06:52:22','2026-01-27 06:52:22'),(84,2,'West Virginia','2026-01-27 06:52:22','2026-01-27 06:52:22'),(85,2,'Wisconsin','2026-01-27 06:52:22','2026-01-27 06:52:22'),(86,2,'Wyoming','2026-01-27 06:52:22','2026-01-27 06:52:22'),(87,3,'England','2026-01-27 06:52:22','2026-01-27 06:52:22'),(88,3,'Scotland','2026-01-27 06:52:22','2026-01-27 06:52:22'),(89,3,'Wales','2026-01-27 06:52:22','2026-01-27 06:52:22'),(90,3,'Northern Ireland','2026-01-27 06:52:22','2026-01-27 06:52:22'),(91,4,'Alberta','2026-01-27 06:52:22','2026-01-27 06:52:22'),(92,4,'British Columbia','2026-01-27 06:52:22','2026-01-27 06:52:22'),(93,4,'Manitoba','2026-01-27 06:52:22','2026-01-27 06:52:22'),(94,4,'New Brunswick','2026-01-27 06:52:22','2026-01-27 06:52:22'),(95,4,'Newfoundland and Labrador','2026-01-27 06:52:22','2026-01-27 06:52:22'),(96,4,'Northwest Territories','2026-01-27 06:52:22','2026-01-27 06:52:22'),(97,4,'Nova Scotia','2026-01-27 06:52:22','2026-01-27 06:52:22'),(98,4,'Nunavut','2026-01-27 06:52:22','2026-01-27 06:52:22'),(99,4,'Ontario','2026-01-27 06:52:22','2026-01-27 06:52:22'),(100,4,'Prince Edward Island','2026-01-27 06:52:22','2026-01-27 06:52:22'),(101,4,'Quebec','2026-01-27 06:52:22','2026-01-27 06:52:22'),(102,4,'Saskatchewan','2026-01-27 06:52:22','2026-01-27 06:52:22'),(103,4,'Yukon','2026-01-27 06:52:22','2026-01-27 06:52:22'),(104,5,'New South Wales','2026-01-27 06:52:22','2026-01-27 06:52:22'),(105,5,'Queensland','2026-01-27 06:52:22','2026-01-27 06:52:22'),(106,5,'South Australia','2026-01-27 06:52:22','2026-01-27 06:52:22'),(107,5,'Tasmania','2026-01-27 06:52:22','2026-01-27 06:52:22'),(108,5,'Victoria','2026-01-27 06:52:22','2026-01-27 06:52:22'),(109,5,'Western Australia','2026-01-27 06:52:22','2026-01-27 06:52:22'),(110,5,'Australian Capital Territory','2026-01-27 06:52:22','2026-01-27 06:52:22'),(111,5,'Northern Territory','2026-01-27 06:52:22','2026-01-27 06:52:22');

--
-- Table structure for table `stores`
--

CREATE TABLE `stores` (
  `id` bigint unsigned NOT NULL AUTO_INCREMENT,
  `name` varchar(255) CHARACTER SET utf8mb4 COLLATE utf8mb4_unicode_ci NOT NULL,
  `address_line1` varchar(255) CHARACTER SET utf8mb4 COLLATE utf8mb4_unicode_ci NOT NULL,
  `address_line2` varchar(255) CHARACTER SET utf8mb4 COLLATE utf8mb4_unicode_ci DEFAULT NULL,
  `city` varchar(255) CHARACTER SET utf8mb4 COLLATE utf8mb4_unicode_ci NOT NULL,
  `state` varchar(255) CHARACTER SET utf8mb4 COLLATE utf8mb4_unicode_ci NOT NULL,
  `postal_code` varchar(255) CHARACTER SET utf8mb4 COLLATE utf8mb4_unicode_ci NOT NULL,
  `country` varchar(255) CHARACTER SET utf8mb4 COLLATE utf8mb4_unicode_ci NOT NULL DEFAULT 'India',
  `phone` varchar(255) CHARACTER SET utf8mb4 COLLATE utf8mb4_unicode_ci DEFAULT NULL,
  `email` varchar(255) CHARACTER SET utf8mb4 COLLATE utf8mb4_unicode_ci DEFAULT NULL,
  `map_iframe` text CHARACTER SET utf8mb4 COLLATE utf8mb4_unicode_ci,
  `is_active` tinyint(1) NOT NULL DEFAULT '1',
  `created_at` timestamp NULL DEFAULT NULL,
  `updated_at` timestamp NULL DEFAULT NULL,
  PRIMARY KEY (`id`)
) ENGINE=InnoDB AUTO_INCREMENT=3 DEFAULT CHARSET=utf8mb4 COLLATE=utf8mb4_unicode_ci;

--
-- Dumping data for table `stores`
--

INSERT INTO `stores` VALUES (1,'Hair Niche By Shelly','25-Third Floor, Nehru Shopping Complex, Lawrence Road',NULL,'Amritsar','punjab','143001','India','9781134384','hairnicheindia@gmail.com',NULL,1,'2025-12-19 11:53:35','2026-01-08 13:22:30');

--
-- Table structure for table `subscribers`
--

CREATE TABLE `subscribers` (
  `id` bigint unsigned NOT NULL AUTO_INCREMENT,
  `email` varchar(255) COLLATE utf8mb4_unicode_ci NOT NULL,
  `is_active` tinyint(1) NOT NULL DEFAULT '1',
  `created_at` timestamp NULL DEFAULT NULL,
  `updated_at` timestamp NULL DEFAULT NULL,
  PRIMARY KEY (`id`),
  UNIQUE KEY `subscribers_email_unique` (`email`)
) ENGINE=InnoDB DEFAULT CHARSET=utf8mb4 COLLATE=utf8mb4_unicode_ci;

--
-- Dumping data for table `subscribers`
--


--
-- Table structure for table `taxes`
--

CREATE TABLE `taxes` (
  `id` bigint unsigned NOT NULL AUTO_INCREMENT,
  `name` varchar(255) COLLATE utf8mb4_unicode_ci NOT NULL,
  `rate` decimal(8,2) NOT NULL,
  `status` tinyint(1) NOT NULL DEFAULT '1',
  `created_at` timestamp NULL DEFAULT NULL,
  `updated_at` timestamp NULL DEFAULT NULL,
  PRIMARY KEY (`id`),
  UNIQUE KEY `taxes_name_unique` (`name`)
) ENGINE=InnoDB AUTO_INCREMENT=3 DEFAULT CHARSET=utf8mb4 COLLATE=utf8mb4_unicode_ci;

--
-- Dumping data for table `taxes`
--

INSERT INTO `taxes` VALUES (1,'gst5',5.00,1,'2026-01-27 03:16:08','2026-01-27 03:16:08'),(2,'gst12',12.00,1,'2026-01-27 03:16:17','2026-01-27 03:16:17');

--
-- Table structure for table `ticket_messages`
--

CREATE TABLE `ticket_messages` (
  `id` bigint unsigned NOT NULL AUTO_INCREMENT,
  `ticket_id` bigint unsigned NOT NULL,
  `user_id` bigint unsigned NOT NULL,
  `message` text CHARACTER SET utf8mb4 COLLATE utf8mb4_unicode_ci NOT NULL,
  `attachment_path` varchar(255) CHARACTER SET utf8mb4 COLLATE utf8mb4_unicode_ci DEFAULT NULL,
  `created_at` timestamp NULL DEFAULT NULL,
  `updated_at` timestamp NULL DEFAULT NULL,
  PRIMARY KEY (`id`),
  KEY `ticket_messages_ticket_id_foreign` (`ticket_id`),
  KEY `ticket_messages_user_id_foreign` (`user_id`),
  CONSTRAINT `ticket_messages_ticket_id_foreign` FOREIGN KEY (`ticket_id`) REFERENCES `tickets` (`id`) ON DELETE CASCADE,
  CONSTRAINT `ticket_messages_user_id_foreign` FOREIGN KEY (`user_id`) REFERENCES `users` (`id`) ON DELETE CASCADE
) ENGINE=InnoDB AUTO_INCREMENT=15 DEFAULT CHARSET=utf8mb4 COLLATE=utf8mb4_unicode_ci;

--
-- Dumping data for table `ticket_messages`
--

INSERT INTO `ticket_messages` VALUES (1,1,3,'lmkm',NULL,'2026-01-30 12:43:50','2026-01-30 12:43:50'),(2,2,3,'hi admin',NULL,'2026-01-31 01:18:07','2026-01-31 01:18:07'),(3,3,3,'hi admin',NULL,'2026-01-31 01:19:02','2026-01-31 01:19:02'),(4,4,3,'hi admin',NULL,'2026-01-31 01:41:07','2026-01-31 01:41:07'),(5,5,3,'hi admin',NULL,'2026-01-31 01:41:20','2026-01-31 01:41:20'),(6,6,3,'hi admin',NULL,'2026-01-31 01:41:55','2026-01-31 01:41:55'),(7,7,3,'test ticke',NULL,'2026-01-31 01:53:08','2026-01-31 01:53:08'),(8,8,3,'test ticke',NULL,'2026-01-31 01:54:03','2026-01-31 01:54:03'),(9,9,3,'test ticke',NULL,'2026-01-31 01:54:32','2026-01-31 01:54:32'),(10,10,3,'test ticke',NULL,'2026-01-31 01:55:08','2026-01-31 01:55:08'),(11,11,3,'test ticke',NULL,'2026-01-31 01:56:13','2026-01-31 01:56:13'),(12,12,3,'test ticke',NULL,'2026-01-31 02:52:51','2026-01-31 02:52:51'),(13,12,3,'hi can you reply',NULL,'2026-01-31 02:53:05','2026-01-31 02:53:05'),(14,12,1,'hi thanks',NULL,'2026-01-31 02:53:47','2026-01-31 02:53:47');

--
-- Table structure for table `tickets`
--

CREATE TABLE `tickets` (
  `id` bigint unsigned NOT NULL AUTO_INCREMENT,
  `user_id` bigint unsigned NOT NULL,
  `order_id` bigint unsigned NOT NULL,
  `ticket_number` varchar(255) CHARACTER SET utf8mb4 COLLATE utf8mb4_unicode_ci NOT NULL,
  `subject` varchar(255) CHARACTER SET utf8mb4 COLLATE utf8mb4_unicode_ci NOT NULL,
  `status` enum('open','closed') CHARACTER SET utf8mb4 COLLATE utf8mb4_unicode_ci NOT NULL DEFAULT 'open',
  `created_at` timestamp NULL DEFAULT NULL,
  `updated_at` timestamp NULL DEFAULT NULL,
  PRIMARY KEY (`id`),
  UNIQUE KEY `tickets_ticket_number_unique` (`ticket_number`),
  KEY `tickets_user_id_foreign` (`user_id`),
  KEY `tickets_order_id_foreign` (`order_id`),
  CONSTRAINT `tickets_order_id_foreign` FOREIGN KEY (`order_id`) REFERENCES `orders` (`id`) ON DELETE CASCADE,
  CONSTRAINT `tickets_user_id_foreign` FOREIGN KEY (`user_id`) REFERENCES `users` (`id`) ON DELETE CASCADE
) ENGINE=InnoDB AUTO_INCREMENT=13 DEFAULT CHARSET=utf8mb4 COLLATE=utf8mb4_unicode_ci;

--
-- Dumping data for table `tickets`
--

INSERT INTO `tickets` VALUES (1,3,7,'TKT-FGA3TSNP','gfhgfhgfhgfhgfhggfhgfhgkmimkjm','open','2026-01-30 12:43:50','2026-01-30 12:43:50'),(2,3,12,'TKT-BFFHMHXR','test support','open','2026-01-31 01:18:07','2026-01-31 01:18:07'),(3,3,12,'TKT-ZB283NTY','test support','open','2026-01-31 01:19:01','2026-01-31 01:19:01'),(4,3,12,'TKT-KLM5JRQB','test support','open','2026-01-31 01:41:07','2026-01-31 01:41:07'),(5,3,12,'TKT-U6VQAMQN','test support','open','2026-01-31 01:41:20','2026-01-31 01:41:20'),(6,3,12,'TKT-QU0YJWHT','test support','open','2026-01-31 01:41:55','2026-01-31 01:41:55'),(7,3,12,'TKT-ACLN6OCQ','ho test','open','2026-01-31 01:53:08','2026-01-31 01:53:08'),(8,3,12,'TKT-OPJ5IWAN','ho test','open','2026-01-31 01:54:03','2026-01-31 01:54:03'),(9,3,12,'TKT-QFWYHM34','ho test','open','2026-01-31 01:54:32','2026-01-31 01:54:32'),(10,3,12,'TKT-INSVSXKF','ho test','open','2026-01-31 01:55:08','2026-01-31 01:55:08'),(11,3,12,'TKT-PQW1QU26','ho test','closed','2026-01-31 01:56:13','2026-01-31 03:16:40'),(12,3,12,'TKT-LUPPGMTL','ho test','closed','2026-01-31 02:52:51','2026-01-31 02:53:55');

--
-- Table structure for table `transactions`
--

CREATE TABLE `transactions` (
  `id` bigint unsigned NOT NULL AUTO_INCREMENT,
  `user_id` bigint unsigned NOT NULL,
  `amount` decimal(10,2) NOT NULL,
  `payment_id` varchar(255) COLLATE utf8mb4_unicode_ci NOT NULL,
  `gateway` varchar(255) COLLATE utf8mb4_unicode_ci NOT NULL,
  `description` varchar(255) COLLATE utf8mb4_unicode_ci DEFAULT NULL,
  `status` varchar(255) COLLATE utf8mb4_unicode_ci NOT NULL DEFAULT 'pending',
  `type` varchar(255) COLLATE utf8mb4_unicode_ci NOT NULL,
  `meta_data` json DEFAULT NULL,
  `created_at` timestamp NULL DEFAULT NULL,
  `updated_at` timestamp NULL DEFAULT NULL,
  PRIMARY KEY (`id`),
  UNIQUE KEY `transactions_payment_id_unique` (`payment_id`),
  KEY `transactions_user_id_foreign` (`user_id`),
  CONSTRAINT `transactions_user_id_foreign` FOREIGN KEY (`user_id`) REFERENCES `users` (`id`) ON DELETE CASCADE
) ENGINE=InnoDB AUTO_INCREMENT=14 DEFAULT CHARSET=utf8mb4 COLLATE=utf8mb4_unicode_ci;

--
-- Dumping data for table `transactions`
--

INSERT INTO `transactions` VALUES (1,3,2000.00,'pay_S9D6tvQOSGNc5Y','razorpay','Wallet Recharge - ₹2000.00','success','credit','{\"cashback\": \"0.00\", \"talktime\": 120, \"package_id\": 2, \"tax_amount\": 360, \"total_paid\": 2360}','2026-01-28 01:37:53','2026-01-28 01:37:53'),(2,3,1000.00,'pay_S9DIK3Z3DUCBHS','razorpay','Wallet Recharge - ₹1000.00','success','credit','{\"cashback\": \"100.00\", \"talktime\": 59, \"package_id\": 1, \"tax_amount\": 180, \"total_paid\": 1180}','2026-01-28 01:48:43','2026-01-28 01:48:43'),(3,3,10.00,'CHAT-1','wallet','Chat with sahil (1 mins)','success','debit','{\"rate\": \"10.00\", \"duration\": 1, \"session_id\": 1}','2026-01-28 02:46:08','2026-01-28 02:46:08'),(5,3,110.00,'CHAT-2','wallet','Chat with sahil (11 mins)','success','debit','{\"rate\": \"10.00\", \"duration\": 11, \"session_id\": 2}','2026-01-28 03:18:17','2026-01-28 03:18:17'),(6,3,50.00,'CHAT-3','wallet','Chat with sahil (5 mins)','success','debit','{\"rate\": \"10.00\", \"duration\": 5, \"session_id\": 3}','2026-01-28 04:55:10','2026-01-28 04:55:10'),(7,3,490.00,'CHAT-4','wallet','Chat with sahil (49 mins)','success','debit','{\"rate\": \"10.00\", \"duration\": 49, \"session_id\": 4}','2026-01-28 05:48:13','2026-01-28 05:48:13'),(8,3,10.00,'CHAT-5','wallet','Chat with sahil (1 mins)','success','debit','{\"rate\": \"10.00\", \"duration\": 1, \"session_id\": 5}','2026-01-28 06:04:14','2026-01-28 06:04:14'),(9,3,210.00,'CHAT-6','wallet','Chat with sahil (21 mins)','success','debit','{\"rate\": \"10.00\", \"duration\": 21, \"session_id\": 6}','2026-01-28 06:27:33','2026-01-28 06:27:33'),(10,3,160.00,'CHAT-7','wallet','Chat with sahil (16 mins)','success','debit','{\"rate\": \"10.00\", \"duration\": 16, \"session_id\": 7}','2026-01-28 06:47:50','2026-01-28 06:47:50'),(11,3,1000.00,'pay_SANohwPrYMDrYE','razorpay','Wallet Recharge - ₹1000.00','success','credit','{\"cashback\": \"100.00\", \"talktime\": 59, \"package_id\": 1, \"tax_amount\": 180, \"total_paid\": 1180}','2026-01-31 00:45:21','2026-01-31 00:45:21'),(12,3,2000.00,'pay_SAQtn9fglRwKZt','razorpay','Wallet Recharge - ₹2000.00','success','credit','{\"cashback\": \"0.00\", \"talktime\": 120, \"package_id\": 2, \"tax_amount\": 360, \"total_paid\": 2360}','2026-01-31 03:46:10','2026-01-31 03:46:10'),(13,1027,1000.00,'pay_SC11rSalnplg3H','razorpay','Astrologer Enrollment Fee','success','enrollment_fee','{\"ip\": \"127.0.0.1\", \"user_agent\": \"Mozilla/5.0 (Windows NT 10.0; Win64; x64) AppleWebKit/537.36 (KHTML, like Gecko) Chrome/144.0.0.0 Safari/537.36\"}','2026-02-04 03:45:56','2026-02-04 03:45:56');

--
-- Table structure for table `user_details`
--

CREATE TABLE `user_details` (
  `id` bigint unsigned NOT NULL AUTO_INCREMENT,
  `user_id` bigint unsigned NOT NULL,
  `gender` varchar(255) COLLATE utf8mb4_unicode_ci DEFAULT NULL,
  `marital_status` varchar(255) COLLATE utf8mb4_unicode_ci DEFAULT NULL,
  `spouse_name` varchar(255) COLLATE utf8mb4_unicode_ci DEFAULT NULL,
  `spouse_dob` date DEFAULT NULL,
  `occupation` varchar(255) COLLATE utf8mb4_unicode_ci DEFAULT NULL,
  `dob` date DEFAULT NULL,
  `tob` time DEFAULT NULL,
  `pob` varchar(255) COLLATE utf8mb4_unicode_ci DEFAULT NULL,
  `current_address` text COLLATE utf8mb4_unicode_ci,
  `about_me` text COLLATE utf8mb4_unicode_ci,
  `country_id` bigint unsigned DEFAULT NULL,
  `state_id` bigint unsigned DEFAULT NULL,
  `city` varchar(255) COLLATE utf8mb4_unicode_ci DEFAULT NULL,
  `pincode` varchar(255) COLLATE utf8mb4_unicode_ci DEFAULT NULL,
  `parental_father_name` varchar(255) COLLATE utf8mb4_unicode_ci DEFAULT NULL,
  `parental_mother_name` varchar(255) COLLATE utf8mb4_unicode_ci DEFAULT NULL,
  `maternal_father_name` varchar(255) COLLATE utf8mb4_unicode_ci DEFAULT NULL,
  `maternal_mother_name` varchar(255) COLLATE utf8mb4_unicode_ci DEFAULT NULL,
  `created_at` timestamp NULL DEFAULT NULL,
  `updated_at` timestamp NULL DEFAULT NULL,
  PRIMARY KEY (`id`),
  KEY `user_details_user_id_foreign` (`user_id`),
  KEY `user_details_country_id_foreign` (`country_id`),
  KEY `user_details_state_id_foreign` (`state_id`),
  CONSTRAINT `user_details_country_id_foreign` FOREIGN KEY (`country_id`) REFERENCES `countries` (`id`),
  CONSTRAINT `user_details_state_id_foreign` FOREIGN KEY (`state_id`) REFERENCES `states` (`id`),
  CONSTRAINT `user_details_user_id_foreign` FOREIGN KEY (`user_id`) REFERENCES `users` (`id`) ON DELETE CASCADE
) ENGINE=InnoDB AUTO_INCREMENT=2 DEFAULT CHARSET=utf8mb4 COLLATE=utf8mb4_unicode_ci;

--
-- Dumping data for table `user_details`
--

INSERT INTO `user_details` VALUES (1,3,'Male','Married','abc','2000-01-01','Civil Servant','1986-01-04','15:30:00','amritsar','25-Third Foor , Nehru Shopping Complex, Lawrence R','about me',1,20,'Amritsar','143001','ravi','neelam','pardeep','manju','2026-01-27 07:03:45','2026-01-29 06:33:33');

--
-- Table structure for table `user_payment_methods`
--

CREATE TABLE `user_payment_methods` (
  `id` bigint unsigned NOT NULL AUTO_INCREMENT,
  `user_id` bigint unsigned NOT NULL,
  `type` varchar(255) CHARACTER SET utf8mb4 COLLATE utf8mb4_unicode_ci NOT NULL,
  `account_number` varchar(255) CHARACTER SET utf8mb4 COLLATE utf8mb4_unicode_ci DEFAULT NULL,
  `ifsc_code` varchar(255) CHARACTER SET utf8mb4 COLLATE utf8mb4_unicode_ci DEFAULT NULL,
  `bank_name` varchar(255) CHARACTER SET utf8mb4 COLLATE utf8mb4_unicode_ci DEFAULT NULL,
  `branch` varchar(255) CHARACTER SET utf8mb4 COLLATE utf8mb4_unicode_ci DEFAULT NULL,
  `upi_id` varchar(255) CHARACTER SET utf8mb4 COLLATE utf8mb4_unicode_ci DEFAULT NULL,
  `is_default` tinyint(1) NOT NULL DEFAULT '0',
  `created_at` timestamp NULL DEFAULT NULL,
  `updated_at` timestamp NULL DEFAULT NULL,
  PRIMARY KEY (`id`),
  KEY `user_payment_methods_user_id_foreign` (`user_id`),
  CONSTRAINT `user_payment_methods_user_id_foreign` FOREIGN KEY (`user_id`) REFERENCES `users` (`id`) ON DELETE CASCADE
) ENGINE=InnoDB AUTO_INCREMENT=4 DEFAULT CHARSET=utf8mb4 COLLATE=utf8mb4_unicode_ci;

--
-- Dumping data for table `user_payment_methods`
--

INSERT INTO `user_payment_methods` VALUES (1,23,'bank_transfer','581515151','hdfc002051','hdfc bank','mall road',NULL,0,'2026-01-18 04:50:54','2026-01-19 01:24:02'),(2,23,'upi',NULL,NULL,NULL,NULL,'abc@hdfcbank.com',1,'2026-01-18 04:51:07','2026-01-19 01:24:02');

--
-- Table structure for table `wallet_transactions`
--

CREATE TABLE `wallet_transactions` (
  `id` bigint unsigned NOT NULL AUTO_INCREMENT,
  `user_id` bigint unsigned NOT NULL,
  `type` enum('credit','debit') CHARACTER SET utf8mb4 COLLATE utf8mb4_unicode_ci NOT NULL,
  `wallet_type` varchar(255) COLLATE utf8mb4_unicode_ci NOT NULL DEFAULT 'chat' COMMENT 'chat or shopping',
  `amount` int NOT NULL,
  `description` varchar(255) CHARACTER SET utf8mb4 COLLATE utf8mb4_unicode_ci DEFAULT NULL,
  `reference_type` varchar(255) CHARACTER SET utf8mb4 COLLATE utf8mb4_unicode_ci DEFAULT NULL,
  `reference_id` varchar(255) CHARACTER SET utf8mb4 COLLATE utf8mb4_unicode_ci DEFAULT NULL,
  `created_at` timestamp NULL DEFAULT NULL,
  `updated_at` timestamp NULL DEFAULT NULL,
  PRIMARY KEY (`id`),
  KEY `wallet_transactions_user_id_foreign` (`user_id`),
  KEY `wallet_transactions_reference_type_reference_id_index` (`reference_type`,`reference_id`),
  CONSTRAINT `wallet_transactions_user_id_foreign` FOREIGN KEY (`user_id`) REFERENCES `users` (`id`) ON DELETE CASCADE
) ENGINE=InnoDB AUTO_INCREMENT=30 DEFAULT CHARSET=utf8mb4 COLLATE=utf8mb4_unicode_ci;

--
-- Dumping data for table `wallet_transactions`
--

INSERT INTO `wallet_transactions` VALUES (7,23,'credit','chat',8,'Earned from Order #ORD-RENDIVO9GF','App\\Models\\Order','3','2026-01-18 02:37:21','2026-01-18 02:37:21'),(8,23,'credit','chat',8,'Earned from Order #ORD-HJJIBNSL64','App\\Models\\Order','2','2026-01-18 04:44:54','2026-01-18 04:44:54'),(9,23,'credit','chat',8,'Earned from Order #ORD-LMVC0HUWSO','App\\Models\\Order','1','2026-01-18 05:51:43','2026-01-18 05:51:43'),(10,23,'credit','chat',8,'Earned from Order #ORD-FNZ77PNSAZ','App\\Models\\Order','4','2026-01-19 01:22:40','2026-01-19 01:22:40'),(11,2,'credit','chat',105,'Earned from Order #ORD-7GIXUAHJSW','App\\Models\\Order','9','2026-01-30 23:15:53','2026-01-30 23:15:53'),(12,3,'credit','chat',152,'Earned from Order #ORD-ZKIRWDTXLD','App\\Models\\Order','10','2026-01-31 00:02:01','2026-01-31 00:02:01'),(13,3,'credit','chat',190,'Earned from Order #ORD-7YR0ES8N7C','App\\Models\\Order','11','2026-01-31 00:03:06','2026-01-31 00:03:06'),(14,3,'credit','chat',190,'Earned from Order #ORD-SYYZKXZKRD','App\\Models\\Order','12','2026-01-31 00:19:11','2026-01-31 00:19:11'),(15,3,'credit','chat',1100,'Wallet Recharge - Package: ','App\\Models\\RechargePackage','1','2026-01-31 00:45:21','2026-01-31 00:45:21'),(16,3,'debit','chat',50,'Chat with sahil (5 mins)','App\\Models\\ChatSession','8','2026-01-31 00:51:31','2026-01-31 00:51:31'),(17,3,'debit','chat',30,'Chat with sahil (3 mins)','App\\Models\\ChatSession','12','2026-01-31 00:52:04','2026-01-31 00:52:04'),(18,3,'debit','chat',40,'Chat with sahil (4 mins)','App\\Models\\ChatSession','11','2026-01-31 00:52:21','2026-01-31 00:52:21'),(19,3,'debit','chat',50,'Chat with sahil (5 mins)','App\\Models\\ChatSession','10','2026-01-31 00:52:31','2026-01-31 00:52:31'),(20,3,'debit','chat',60,'Chat with sahil (6 mins)','App\\Models\\ChatSession','9','2026-01-31 00:52:37','2026-01-31 00:52:37'),(21,3,'debit','chat',10,'Chat with sahil (1 mins)','App\\Models\\ChatSession','13','2026-01-31 00:58:00','2026-01-31 00:58:00'),(22,3,'debit','chat',10,'Chat with sahil (1 mins)','App\\Models\\ChatSession','14','2026-01-31 01:00:41','2026-01-31 01:00:41'),(23,3,'credit','chat',2000,'Wallet Recharge - Package: ','App\\Models\\RechargePackage','2','2026-01-31 03:46:10','2026-01-31 03:46:10'),(24,3,'credit','chat',285,'Earned from Order #ORD-7VHEEPJDOW','App\\Models\\Order','13','2026-01-31 03:46:58','2026-01-31 03:46:58'),(25,3,'credit','shopping',47,'Earned from Order #ORD-ZKOA1J0BFL','App\\Models\\Order','14','2026-01-31 03:51:32','2026-01-31 03:51:32'),(26,3,'debit','chat',1060,'Chat with sahil (106 mins)','App\\Models\\ChatSession','16','2026-02-03 16:25:44','2026-02-03 16:25:44'),(27,3,'debit','chat',1060,'Chat with sahil (106 mins)','App\\Models\\ChatSession','15','2026-02-03 16:26:00','2026-02-03 16:26:00'),(28,3,'credit','shopping',52,'Earned from Order #ORD-NEHL9LCHTY','App\\Models\\Order','15','2026-02-03 17:37:15','2026-02-03 17:37:15'),(29,3,'debit','chat',110,'Chat with sahil (11 mins)','App\\Models\\ChatSession','17','2026-02-04 04:25:46','2026-02-04 04:25:46');

--
-- Table structure for table `website_settings`
--

CREATE TABLE `website_settings` (
  `id` bigint unsigned NOT NULL AUTO_INCREMENT,
  `logo_path` varchar(255) COLLATE utf8mb4_unicode_ci DEFAULT NULL,
  `phone_sales` varchar(255) COLLATE utf8mb4_unicode_ci DEFAULT NULL,
  `phone_support` varchar(255) COLLATE utf8mb4_unicode_ci DEFAULT NULL,
  `email_sales` varchar(255) COLLATE utf8mb4_unicode_ci DEFAULT NULL,
  `email_support` varchar(255) COLLATE utf8mb4_unicode_ci DEFAULT NULL,
  `address_head_office` text COLLATE utf8mb4_unicode_ci,
  `address_branch_office` text COLLATE utf8mb4_unicode_ci,
  `social_facebook` varchar(255) COLLATE utf8mb4_unicode_ci DEFAULT NULL,
  `social_instagram` varchar(255) COLLATE utf8mb4_unicode_ci DEFAULT NULL,
  `social_twitter` varchar(255) COLLATE utf8mb4_unicode_ci DEFAULT NULL,
  `social_linkedin` varchar(255) COLLATE utf8mb4_unicode_ci DEFAULT NULL,
  `social_youtube` varchar(255) COLLATE utf8mb4_unicode_ci DEFAULT NULL,
  `created_at` timestamp NULL DEFAULT NULL,
  `updated_at` timestamp NULL DEFAULT NULL,
  PRIMARY KEY (`id`)
) ENGINE=InnoDB DEFAULT CHARSET=utf8mb4 COLLATE=utf8mb4_unicode_ci;

--
-- Dumping data for table `website_settings`
--


--
-- Table structure for table `wishlists`
--

CREATE TABLE `wishlists` (
  `id` bigint unsigned NOT NULL AUTO_INCREMENT,
  `user_id` bigint unsigned NOT NULL,
  `product_id` bigint unsigned NOT NULL,
  `created_at` timestamp NULL DEFAULT NULL,
  `updated_at` timestamp NULL DEFAULT NULL,
  PRIMARY KEY (`id`),
  UNIQUE KEY `wishlists_user_id_product_id_unique` (`user_id`,`product_id`),
  KEY `wishlists_product_id_foreign` (`product_id`),
  CONSTRAINT `wishlists_product_id_foreign` FOREIGN KEY (`product_id`) REFERENCES `products` (`id`) ON DELETE CASCADE,
  CONSTRAINT `wishlists_user_id_foreign` FOREIGN KEY (`user_id`) REFERENCES `users` (`id`) ON DELETE CASCADE
) ENGINE=InnoDB AUTO_INCREMENT=6 DEFAULT CHARSET=utf8mb4 COLLATE=utf8mb4_unicode_ci;

--
-- Dumping data for table `wishlists`
--



