-- Table structure for table `promotional_banners`
--

CREATE TABLE `promotional_banners` (
  `id` bigint unsigned NOT NULL AUTO_INCREMENT,
  `image_path` varchar(255) COLLATE utf8mb4_unicode_ci NOT NULL,
  `link_url` varchar(255) COLLATE utf8mb4_unicode_ci DEFAULT NULL,
  `status` tinyint(1) NOT NULL DEFAULT '1',
  `created_at` timestamp NULL DEFAULT NULL,
  `updated_at` timestamp NULL DEFAULT NULL,
  PRIMARY KEY (`id`)
) ENGINE=InnoDB DEFAULT CHARSET=utf8mb4 COLLATE=utf8mb4_unicode_ci;

--
-- Dumping data for table `promotional_banners`
--


--
-- Table structure for table `qualifications`
--

CREATE TABLE `qualifications` (
  `id` bigint unsigned NOT NULL AUTO_INCREMENT,
  `name` varchar(255) COLLATE utf8mb4_unicode_ci NOT NULL,
  `status` tinyint(1) NOT NULL DEFAULT '1',
  `created_at` timestamp NULL DEFAULT NULL,
  `updated_at` timestamp NULL DEFAULT NULL,
  PRIMARY KEY (`id`)
) ENGINE=InnoDB AUTO_INCREMENT=52 DEFAULT CHARSET=utf8mb4 COLLATE=utf8mb4_unicode_ci;

--
-- Dumping data for table `qualifications`
--

INSERT INTO `qualifications` VALUES (1,'Ph.D. in Astrology',1,'2026-01-27 04:18:50','2026-01-27 04:18:50'),(2,'Master in Vedic Astrology',1,'2026-01-27 04:18:50','2026-01-27 04:18:50'),(3,'B.A. in Sanskrit',1,'2026-01-27 04:18:50','2026-01-27 04:18:50'),(4,'M.A. in Sanskrit',1,'2026-01-27 04:18:50','2026-01-27 04:18:50'),(5,'Jyotish Praveena',1,'2026-01-27 04:18:50','2026-01-27 04:18:50'),(6,'Jyotish Visharada',1,'2026-01-27 04:18:50','2026-01-27 04:18:50'),(7,'Jyotish Bhushan',1,'2026-01-27 04:18:50','2026-01-27 04:18:50'),(8,'Jyotish Ratna',1,'2026-01-27 04:18:50','2026-01-27 04:18:50'),(9,'Jyotish Shastracharya',1,'2026-01-27 04:18:50','2026-01-27 04:18:50'),(10,'Diploma in Vastu Shastra',1,'2026-01-27 04:18:50','2026-01-27 04:18:50'),(11,'Advanced Vastu Consultant',1,'2026-01-27 04:18:50','2026-01-27 04:18:50'),(12,'Numerology Specialist Certificate',1,'2026-01-27 04:18:50','2026-01-27 04:18:50'),(13,'Palmistry Expert Diploma',1,'2026-01-27 04:18:50','2026-01-27 04:18:50'),(14,'Certified Tarot Card Reader',1,'2026-01-27 04:18:50','2026-01-27 04:18:50'),(15,'Gemology Graduate Degree',1,'2026-01-27 04:18:50','2026-01-27 04:18:50'),(16,'Master of Arts (M.A.)',1,'2026-01-27 04:18:50','2026-01-27 04:18:50'),(17,'Bachelor of Arts (B.A.)',1,'2026-01-27 04:18:50','2026-01-27 04:18:50'),(18,'Master of Science (M.Sc.)',1,'2026-01-27 04:18:50','2026-01-27 04:18:50'),(19,'Bachelor of Science (B.Sc.)',1,'2026-01-27 04:18:50','2026-01-27 04:18:50'),(20,'Master of Commerce (M.Com.)',1,'2026-01-27 04:18:50','2026-01-27 04:18:50'),(21,'Bachelor of Commerce (B.Com.)',1,'2026-01-27 04:18:50','2026-01-27 04:18:50'),(22,'Bachelor of Education (B.Ed.)',1,'2026-01-27 04:18:50','2026-01-27 04:18:50'),(23,'Master of Education (M.Ed.)',1,'2026-01-27 04:18:50','2026-01-27 04:18:50'),(24,'B.Tech in Computer Science',1,'2026-01-27 04:18:50','2026-01-27 04:18:50'),(25,'M.Tech in Engineering',1,'2026-01-27 04:18:50','2026-01-27 04:18:50'),(26,'M.B.A. in Human Resources',1,'2026-01-27 04:18:50','2026-01-27 04:18:50'),(27,'M.B.A. in Marketing',1,'2026-01-27 04:18:50','2026-01-27 04:18:50'),(28,'M.B.A. in Finance',1,'2026-01-27 04:18:50','2026-01-27 04:18:50'),(29,'B.B.A. Management',1,'2026-01-27 04:18:50','2026-01-27 04:18:50'),(30,'P.G. Diploma in Astrology',1,'2026-01-27 04:18:50','2026-01-27 04:18:50'),(31,'Certificate in Lal Kitab',1,'2026-01-27 04:18:50','2026-01-27 04:18:50'),(32,'Nadi Astrology Specialist',1,'2026-01-27 04:18:50','2026-01-27 04:18:50'),(33,'KP Astrology Practitioner',1,'2026-01-27 04:18:50','2026-01-27 04:18:50'),(34,'Western Astrology Expert',1,'2026-01-27 04:18:50','2026-01-27 04:18:50'),(35,'Medical Astrology Consultant',1,'2026-01-27 04:18:50','2026-01-27 04:18:50'),(36,'Mundane Astrology Specialist',1,'2026-01-27 04:18:50','2026-01-27 04:18:50'),(37,'Diploma in Yoga and Meditation',1,'2026-01-27 04:18:50','2026-01-27 04:18:50'),(38,'Certified Yoga Instructor',1,'2026-01-27 04:18:50','2026-01-27 04:18:50'),(39,'M.A. in Philosophy',1,'2026-01-27 04:18:50','2026-01-27 04:18:50'),(40,'M.A. in Psychology',1,'2026-01-27 04:18:50','2026-01-27 04:18:50'),(41,'Bachelor of Law (LL.B.)',1,'2026-01-27 04:18:50','2026-01-27 04:18:50'),(42,'Master of Law (LL.M.)',1,'2026-01-27 04:18:50','2026-01-27 04:18:50'),(43,'Doctor Of Medicine (M.D.)',1,'2026-01-27 04:18:50','2026-01-27 04:18:50'),(44,'Bachelor of Homeopathic Medicine (BHMS)',1,'2026-01-27 04:18:50','2026-01-27 04:18:50'),(45,'Bachelor of Ayurvedic Medicine (BAMS)',1,'2026-01-27 04:18:50','2026-01-27 04:18:50'),(46,'Reiki Master Healer',1,'2026-01-27 04:18:50','2026-01-27 04:18:50'),(47,'Pranic Healing Specialist',1,'2026-01-27 04:18:50','2026-01-27 04:18:50'),(48,'Acupressure Practitioner',1,'2026-01-27 04:18:50','2026-01-27 04:18:50'),(49,'Hypnotherapy Certification',1,'2026-01-27 04:18:50','2026-01-27 04:18:50'),(50,'Spiritual Life Coach',1,'2026-01-27 04:18:50','2026-01-27 04:18:50'),(51,'Corporate Astrology Consultant',1,'2026-01-27 04:18:50','2026-01-27 04:18:50');

--
-- Table structure for table `recharge_packages`
--

CREATE TABLE `recharge_packages` (
  `id` bigint unsigned NOT NULL AUTO_INCREMENT,
  `amount` decimal(10,2) NOT NULL,
  `talktime` int NOT NULL COMMENT 'Talktime in minutes',
  `validity_months` int NOT NULL DEFAULT '0',
  `is_cashback` tinyint(1) NOT NULL DEFAULT '0',
  `cashback_amount` decimal(10,2) NOT NULL DEFAULT '0.00',
  `is_taxable` tinyint(1) NOT NULL DEFAULT '0',
  `tax_percentage` decimal(5,2) NOT NULL DEFAULT '0.00',
  `status` enum('active','inactive') COLLATE utf8mb4_unicode_ci NOT NULL DEFAULT 'active',
  `created_at` timestamp NULL DEFAULT NULL,
  `updated_at` timestamp NULL DEFAULT NULL,
  PRIMARY KEY (`id`)
) ENGINE=InnoDB AUTO_INCREMENT=3 DEFAULT CHARSET=utf8mb4 COLLATE=utf8mb4_unicode_ci;

--
-- Dumping data for table `recharge_packages`
--

INSERT INTO `recharge_packages` VALUES (1,1000.00,59,12,1,100.00,1,18.00,'active','2026-01-27 23:17:46','2026-01-27 23:18:31'),(2,2000.00,120,12,0,0.00,1,18.00,'active','2026-01-27 23:18:21','2026-01-27 23:18:21');

--
-- Table structure for table `reseller_applications`
--

CREATE TABLE `reseller_applications` (
  `id` bigint unsigned NOT NULL AUTO_INCREMENT,
  `user_id` bigint unsigned DEFAULT NULL,
  `name` varchar(255) CHARACTER SET utf8mb4 COLLATE utf8mb4_unicode_ci NOT NULL,
  `email` varchar(255) CHARACTER SET utf8mb4 COLLATE utf8mb4_unicode_ci NOT NULL,
  `phone` varchar(255) CHARACTER SET utf8mb4 COLLATE utf8mb4_unicode_ci NOT NULL,
  `address` text CHARACTER SET utf8mb4 COLLATE utf8mb4_unicode_ci NOT NULL,
  `city` varchar(255) CHARACTER SET utf8mb4 COLLATE utf8mb4_unicode_ci NOT NULL,
  `state` varchar(255) CHARACTER SET utf8mb4 COLLATE utf8mb4_unicode_ci NOT NULL,
  `postal_code` varchar(255) CHARACTER SET utf8mb4 COLLATE utf8mb4_unicode_ci NOT NULL,
  `company_name` varchar(255) CHARACTER SET utf8mb4 COLLATE utf8mb4_unicode_ci NOT NULL,
  `company_website` varchar(255) CHARACTER SET utf8mb4 COLLATE utf8mb4_unicode_ci DEFAULT NULL,
  `gst_number` varchar(255) CHARACTER SET utf8mb4 COLLATE utf8mb4_unicode_ci NOT NULL,
  `status` enum('pending','approved','rejected') CHARACTER SET utf8mb4 COLLATE utf8mb4_unicode_ci NOT NULL DEFAULT 'pending',
  `admin_notes` text CHARACTER SET utf8mb4 COLLATE utf8mb4_unicode_ci,
  `created_at` timestamp NULL DEFAULT NULL,
  `updated_at` timestamp NULL DEFAULT NULL,
  PRIMARY KEY (`id`),
  KEY `reseller_applications_user_id_foreign` (`user_id`),
  CONSTRAINT `reseller_applications_user_id_foreign` FOREIGN KEY (`user_id`) REFERENCES `users` (`id`) ON DELETE SET NULL
) ENGINE=InnoDB DEFAULT CHARSET=utf8mb4 COLLATE=utf8mb4_unicode_ci;

--
-- Dumping data for table `reseller_applications`
--


--
-- Table structure for table `resellers`
--

CREATE TABLE `resellers` (
  `id` bigint unsigned NOT NULL AUTO_INCREMENT,
  `user_id` bigint unsigned NOT NULL,
  `company_name` varchar(255) CHARACTER SET utf8mb4 COLLATE utf8mb4_unicode_ci DEFAULT NULL,
  `gst_number` varchar(255) CHARACTER SET utf8mb4 COLLATE utf8mb4_unicode_ci DEFAULT NULL,
  `phone` varchar(255) CHARACTER SET utf8mb4 COLLATE utf8mb4_unicode_ci DEFAULT NULL,
  `address` text CHARACTER SET utf8mb4 COLLATE utf8mb4_unicode_ci,
  `city` varchar(255) CHARACTER SET utf8mb4 COLLATE utf8mb4_unicode_ci DEFAULT NULL,
  `state` varchar(255) CHARACTER SET utf8mb4 COLLATE utf8mb4_unicode_ci DEFAULT NULL,
  `country` varchar(255) CHARACTER SET utf8mb4 COLLATE utf8mb4_unicode_ci NOT NULL DEFAULT 'India',
  `pincode` varchar(255) CHARACTER SET utf8mb4 COLLATE utf8mb4_unicode_ci DEFAULT NULL,
  `logo_path` varchar(255) CHARACTER SET utf8mb4 COLLATE utf8mb4_unicode_ci DEFAULT NULL,
  `created_at` timestamp NULL DEFAULT NULL,
  `updated_at` timestamp NULL DEFAULT NULL,
  PRIMARY KEY (`id`),
  KEY `resellers_user_id_foreign` (`user_id`),
  CONSTRAINT `resellers_user_id_foreign` FOREIGN KEY (`user_id`) REFERENCES `users` (`id`) ON DELETE CASCADE
) ENGINE=InnoDB DEFAULT CHARSET=utf8mb4 COLLATE=utf8mb4_unicode_ci;

--
-- Dumping data for table `resellers`
--


--
-- Table structure for table `reviews`
--

CREATE TABLE `reviews` (
  `id` bigint unsigned NOT NULL AUTO_INCREMENT,
  `user_id` bigint unsigned NOT NULL,
  `astrologer_id` bigint unsigned NOT NULL,
  `rating` int NOT NULL,
  `comment` text COLLATE utf8mb4_unicode_ci,
  `is_public` tinyint(1) NOT NULL DEFAULT '1',
  `created_at` timestamp NULL DEFAULT NULL,
  `updated_at` timestamp NULL DEFAULT NULL,
  PRIMARY KEY (`id`),
  KEY `reviews_user_id_foreign` (`user_id`),
  KEY `reviews_astrologer_id_foreign` (`astrologer_id`),
  CONSTRAINT `reviews_astrologer_id_foreign` FOREIGN KEY (`astrologer_id`) REFERENCES `users` (`id`) ON DELETE CASCADE,
  CONSTRAINT `reviews_user_id_foreign` FOREIGN KEY (`user_id`) REFERENCES `users` (`id`) ON DELETE CASCADE
) ENGINE=InnoDB AUTO_INCREMENT=3 DEFAULT CHARSET=utf8mb4 COLLATE=utf8mb4_unicode_ci;

--
-- Dumping data for table `reviews`
--

INSERT INTO `reviews` VALUES (1,3,2,4,'Amazing session! Very insightful and accurate predictions. Highly recommended.',1,'2026-01-28 00:53:31','2026-01-28 00:53:31'),(2,4,2,5,'Amazing session! Very insightful and accurate predictions. Highly recommended.',1,'2026-01-28 00:53:31','2026-01-28 00:53:31');

--
-- Table structure for table `scategories`
--

CREATE TABLE `scategories` (
  `id` bigint unsigned NOT NULL AUTO_INCREMENT,
  `parent_id` bigint unsigned DEFAULT NULL,
  `name` varchar(255) COLLATE utf8mb4_unicode_ci NOT NULL,
  `slug` varchar(255) COLLATE utf8mb4_unicode_ci NOT NULL,
  `image` varchar(255) COLLATE utf8mb4_unicode_ci DEFAULT NULL,
  `schema_markup` text COLLATE utf8mb4_unicode_ci,
  `seo_title` varchar(60) COLLATE utf8mb4_unicode_ci DEFAULT NULL,
  `meta_description` text COLLATE utf8mb4_unicode_ci,
  `breadcrumbs_title` varchar(255) COLLATE utf8mb4_unicode_ci DEFAULT NULL,
  `canonical_url` varchar(255) COLLATE utf8mb4_unicode_ci DEFAULT NULL,
  `nofollow` tinyint(1) NOT NULL DEFAULT '0',
  `status` enum('active','inactive') COLLATE utf8mb4_unicode_ci NOT NULL DEFAULT 'active',
  `created_at` timestamp NULL DEFAULT NULL,
  `updated_at` timestamp NULL DEFAULT NULL,
  PRIMARY KEY (`id`),
  UNIQUE KEY `scategories_slug_unique` (`slug`),
  KEY `scategories_parent_id_foreign` (`parent_id`),
  CONSTRAINT `scategories_parent_id_foreign` FOREIGN KEY (`parent_id`) REFERENCES `scategories` (`id`) ON DELETE CASCADE
) ENGINE=InnoDB AUTO_INCREMENT=109 DEFAULT CHARSET=utf8mb4 COLLATE=utf8mb4_unicode_ci;

--
-- Dumping data for table `scategories`
--

INSERT INTO `scategories` VALUES (1,NULL,'Vedic Astrology','vedic-astrology',NULL,NULL,NULL,NULL,NULL,NULL,0,'active','2026-01-30 22:10:31','2026-01-30 22:10:31'),(2,NULL,'Numerology','numerology',NULL,NULL,NULL,NULL,NULL,NULL,0,'active','2026-01-30 22:10:31','2026-01-30 22:10:31'),(3,NULL,'Nadi Astrology','nadi-astrology',NULL,NULL,NULL,NULL,NULL,NULL,0,'active','2026-01-30 22:10:31','2026-01-30 22:10:31'),(4,NULL,'Vasthu','vasthu',NULL,NULL,NULL,NULL,NULL,NULL,0,'active','2026-01-30 22:10:31','2026-01-30 22:10:31'),(5,NULL,'Gemology','gemology',NULL,NULL,NULL,NULL,NULL,NULL,0,'active','2026-01-30 22:10:31','2026-01-30 22:10:31'),(6,NULL,'Prashana Astrology','prashana-astrology',NULL,NULL,NULL,NULL,NULL,NULL,0,'active','2026-01-30 22:10:31','2026-01-30 22:10:31'),(7,NULL,'KP Astrology','kp-astrology',NULL,NULL,NULL,NULL,NULL,NULL,0,'active','2026-01-30 22:10:31','2026-01-30 22:10:31'),(8,NULL,'Lal Kitab Astrology','lal-kitab-astrology',NULL,NULL,NULL,NULL,NULL,NULL,0,'active','2026-01-30 22:10:31','2026-01-30 22:10:31'),(9,NULL,'Service Eum Velit','service-eum-velit-1',NULL,NULL,NULL,'Placeat quia qui velit modi.',NULL,NULL,0,'active','2026-01-31 09:23:07','2026-01-31 09:23:07'),(10,NULL,'Service Rerum Ut','service-rerum-ut-2',NULL,NULL,NULL,'Similique voluptatum a deleniti esse nostrum blanditiis distinctio rerum.',NULL,NULL,0,'active','2026-01-31 09:23:07','2026-01-31 09:23:07'),(11,NULL,'Service Quam Exercitationem','service-quam-exercitationem-3',NULL,NULL,NULL,'Dignissimos qui repellat deserunt magni molestiae harum.',NULL,NULL,0,'active','2026-01-31 09:23:07','2026-01-31 09:23:07'),(12,NULL,'Service Deleniti Omnis','service-deleniti-omnis-4',NULL,NULL,NULL,'Quae dicta occaecati blanditiis libero.',NULL,NULL,0,'active','2026-01-31 09:23:07','2026-01-31 09:23:07'),(13,NULL,'Service Et Atque','service-et-atque-5',NULL,NULL,NULL,'Vel mollitia et enim qui velit.',NULL,NULL,0,'active','2026-01-31 09:23:07','2026-01-31 09:23:07'),(14,NULL,'Service Et Recusandae','service-et-recusandae-6',NULL,NULL,NULL,'Ducimus voluptatibus quas temporibus ut voluptatem facilis sint.',NULL,NULL,0,'active','2026-01-31 09:23:07','2026-01-31 09:23:07'),(15,NULL,'Service Aut Rerum','service-aut-rerum-7',NULL,NULL,NULL,'Fugiat fugiat aut veritatis non dolorem voluptatem et.',NULL,NULL,0,'active','2026-01-31 09:23:07','2026-01-31 09:23:07'),(16,NULL,'Service Est Voluptatibus','service-est-voluptatibus-8',NULL,NULL,NULL,'Enim labore cum sed voluptatem ea cumque.',NULL,NULL,0,'active','2026-01-31 09:23:07','2026-01-31 09:23:07'),(17,NULL,'Service Veritatis Qui','service-veritatis-qui-9',NULL,NULL,NULL,'At iusto quos minus est commodi.',NULL,NULL,0,'active','2026-01-31 09:23:07','2026-01-31 09:23:07'),(18,NULL,'Service Impedit Nisi','service-impedit-nisi-10',NULL,NULL,NULL,'Velit alias vero sint dolorum.',NULL,NULL,0,'active','2026-01-31 09:23:07','2026-01-31 09:23:07'),(19,NULL,'Service Quia Et','service-quia-et-11',NULL,NULL,NULL,'Sint beatae eum ab est exercitationem dolorum explicabo iure.',NULL,NULL,0,'active','2026-01-31 09:23:07','2026-01-31 09:23:07'),(20,NULL,'Service Sunt Nam','service-sunt-nam-12',NULL,NULL,NULL,'Voluptatem pariatur dicta excepturi voluptas in iste qui.',NULL,NULL,0,'active','2026-01-31 09:23:07','2026-01-31 09:23:07'),(21,NULL,'Service Velit Tenetur','service-velit-tenetur-13',NULL,NULL,NULL,'Quis voluptatem voluptas iusto aut.',NULL,NULL,0,'active','2026-01-31 09:23:07','2026-01-31 09:23:07'),(22,NULL,'Service Nihil Soluta','service-nihil-soluta-14',NULL,NULL,NULL,'Iure qui ex eos et ex alias aspernatur.',NULL,NULL,0,'active','2026-01-31 09:23:07','2026-01-31 09:23:07'),(23,NULL,'Service Dicta Rerum','service-dicta-rerum-15',NULL,NULL,NULL,'Itaque deleniti inventore ab inventore inventore adipisci sit.',NULL,NULL,0,'active','2026-01-31 09:23:07','2026-01-31 09:23:07'),(24,NULL,'Service Minima Ut','service-minima-ut-16',NULL,NULL,NULL,'Provident ex quisquam ab ut nemo cum in.',NULL,NULL,0,'active','2026-01-31 09:23:07','2026-01-31 09:23:07'),(25,NULL,'Service Ea Facilis','service-ea-facilis-17',NULL,NULL,NULL,'Delectus qui magni autem qui in excepturi.',NULL,NULL,0,'active','2026-01-31 09:23:07','2026-01-31 09:23:07'),(26,NULL,'Service At Aspernatur','service-at-aspernatur-18',NULL,NULL,NULL,'Et et aut id cum dolorem.',NULL,NULL,0,'active','2026-01-31 09:23:07','2026-01-31 09:23:07'),(27,NULL,'Service Reprehenderit Ab','service-reprehenderit-ab-19',NULL,NULL,NULL,'Earum numquam ab sunt est quis et voluptatem.',NULL,NULL,0,'active','2026-01-31 09:23:07','2026-01-31 09:23:07'),(28,NULL,'Service Similique Hic','service-similique-hic-20',NULL,NULL,NULL,'Laboriosam et voluptas voluptatem cum ut.',NULL,NULL,0,'active','2026-01-31 09:23:07','2026-01-31 09:23:07'),(29,NULL,'Service Corrupti Neque','service-corrupti-neque-21',NULL,NULL,NULL,'Eaque praesentium facere et ad occaecati soluta.',NULL,NULL,0,'active','2026-01-31 09:23:07','2026-01-31 09:23:07'),(30,NULL,'Service Magnam Hic','service-magnam-hic-22',NULL,NULL,NULL,'Expedita molestiae aliquam consequatur ipsum iusto ab.',NULL,NULL,0,'active','2026-01-31 09:23:07','2026-01-31 09:23:07'),(31,NULL,'Service Quia Nisi','service-quia-nisi-23',NULL,NULL,NULL,'Enim quas voluptatum ad quaerat debitis dolore.',NULL,NULL,0,'active','2026-01-31 09:23:07','2026-01-31 09:23:07'),(32,NULL,'Service Velit Inventore','service-velit-inventore-24',NULL,NULL,NULL,'Delectus qui officia nobis distinctio.',NULL,NULL,0,'active','2026-01-31 09:23:07','2026-01-31 09:23:07'),(33,NULL,'Service Quod Velit','service-quod-velit-25',NULL,NULL,NULL,'Error quod consequuntur perferendis est.',NULL,NULL,0,'active','2026-01-31 09:23:07','2026-01-31 09:23:07'),(34,NULL,'Service Aliquid Illo','service-aliquid-illo-26',NULL,NULL,NULL,'Temporibus dolorem perspiciatis recusandae consectetur autem.',NULL,NULL,0,'active','2026-01-31 09:23:07','2026-01-31 09:23:07'),(35,NULL,'Service Inventore Quos','service-inventore-quos-27',NULL,NULL,NULL,'Rerum id vel omnis quos ea autem fugiat ut.',NULL,NULL,0,'active','2026-01-31 09:23:07','2026-01-31 09:23:07'),(36,NULL,'Service Suscipit Qui','service-suscipit-qui-28',NULL,NULL,NULL,'Tenetur maiores magnam consequatur aliquam.',NULL,NULL,0,'active','2026-01-31 09:23:07','2026-01-31 09:23:07'),(37,NULL,'Service Qui Laudantium','service-qui-laudantium-29',NULL,NULL,NULL,'Placeat at dolore suscipit voluptatem quaerat nulla.',NULL,NULL,0,'active','2026-01-31 09:23:07','2026-01-31 09:23:07'),(38,NULL,'Service Fugiat Sint','service-fugiat-sint-30',NULL,NULL,NULL,'Dignissimos autem odio cumque cum veniam.',NULL,NULL,0,'active','2026-01-31 09:23:07','2026-01-31 09:23:07'),(39,NULL,'Service Est Reiciendis','service-est-reiciendis-31',NULL,NULL,NULL,'Earum sit sed excepturi officia.',NULL,NULL,0,'active','2026-01-31 09:23:07','2026-01-31 09:23:07'),(40,NULL,'Service Qui Ullam','service-qui-ullam-32',NULL,NULL,NULL,'Sit qui quia soluta.',NULL,NULL,0,'active','2026-01-31 09:23:08','2026-01-31 09:23:08'),(41,NULL,'Service Ab Voluptatibus','service-ab-voluptatibus-33',NULL,NULL,NULL,'Odio quas omnis ducimus expedita velit reprehenderit amet.',NULL,NULL,0,'active','2026-01-31 09:23:08','2026-01-31 09:23:08'),(42,NULL,'Service Accusantium Qui','service-accusantium-qui-34',NULL,NULL,NULL,'Veritatis soluta eius consequatur et asperiores amet.',NULL,NULL,0,'active','2026-01-31 09:23:08','2026-01-31 09:23:08'),(43,NULL,'Service Magnam Dolorem','service-magnam-dolorem-35',NULL,NULL,NULL,'Mollitia veniam eveniet qui.',NULL,NULL,0,'active','2026-01-31 09:23:08','2026-01-31 09:23:08'),(44,NULL,'Service Vero Animi','service-vero-animi-36',NULL,NULL,NULL,'Sunt reiciendis aut animi occaecati quam et.',NULL,NULL,0,'active','2026-01-31 09:23:08','2026-01-31 09:23:08'),(45,NULL,'Service Et Sunt','service-et-sunt-37',NULL,NULL,NULL,'Illo natus vero voluptatem quis rerum vel.',NULL,NULL,0,'active','2026-01-31 09:23:08','2026-01-31 09:23:08'),(46,NULL,'Service Dolorem Illum','service-dolorem-illum-38',NULL,NULL,NULL,'Debitis ut eveniet eligendi eos quia.',NULL,NULL,0,'active','2026-01-31 09:23:08','2026-01-31 09:23:08'),(47,NULL,'Service Quaerat Officia','service-quaerat-officia-39',NULL,NULL,NULL,'Perferendis sequi deserunt autem est cumque.',NULL,NULL,0,'active','2026-01-31 09:23:08','2026-01-31 09:23:08'),(48,NULL,'Service Totam Sed','service-totam-sed-40',NULL,NULL,NULL,'Et quisquam magni vero sed.',NULL,NULL,0,'active','2026-01-31 09:23:08','2026-01-31 09:23:08'),(49,NULL,'Service Pariatur Ipsam','service-pariatur-ipsam-41',NULL,NULL,NULL,'Harum quia velit quos totam perspiciatis est et.',NULL,NULL,0,'active','2026-01-31 09:23:08','2026-01-31 09:23:08'),(50,NULL,'Service Quia Minima','service-quia-minima-42',NULL,NULL,NULL,'Non voluptatem distinctio quasi quasi ipsam ipsum ratione non.',NULL,NULL,0,'active','2026-01-31 09:23:08','2026-01-31 09:23:08'),(51,NULL,'Service Mollitia Tempora','service-mollitia-tempora-43',NULL,NULL,NULL,'Dolores qui molestiae omnis suscipit dolores debitis dolor.',NULL,NULL,0,'active','2026-01-31 09:23:08','2026-01-31 09:23:08'),(52,NULL,'Service Dicta Deserunt','service-dicta-deserunt-44',NULL,NULL,NULL,'Molestiae aliquam optio optio.',NULL,NULL,0,'active','2026-01-31 09:23:08','2026-01-31 09:23:08'),(53,NULL,'Service Quas Ut','service-quas-ut-45',NULL,NULL,NULL,'Modi accusantium aperiam nihil laborum animi quis et.',NULL,NULL,0,'active','2026-01-31 09:23:08','2026-01-31 09:23:08'),(54,NULL,'Service In Ad','service-in-ad-46',NULL,NULL,NULL,'Doloremque et molestiae aut similique ab autem aut.',NULL,NULL,0,'active','2026-01-31 09:23:08','2026-01-31 09:23:08'),(55,NULL,'Service Eum Et','service-eum-et-47',NULL,NULL,NULL,'Culpa architecto qui quam quam non debitis.',NULL,NULL,0,'active','2026-01-31 09:23:08','2026-01-31 09:23:08'),(56,NULL,'Service Occaecati Laudantium','service-occaecati-laudantium-48',NULL,NULL,NULL,'Consequuntur adipisci facere omnis ab.',NULL,NULL,0,'active','2026-01-31 09:23:08','2026-01-31 09:23:08'),(57,NULL,'Service Possimus Architecto','service-possimus-architecto-49',NULL,NULL,NULL,'Architecto et et voluptatibus repellat.',NULL,NULL,0,'active','2026-01-31 09:23:08','2026-01-31 09:23:08'),(58,NULL,'Service Repudiandae Laudantium','service-repudiandae-laudantium-50',NULL,NULL,NULL,'Est neque architecto ut voluptatibus perferendis id.',NULL,NULL,0,'active','2026-01-31 09:23:08','2026-01-31 09:23:08'),(59,NULL,'Service Nisi Enim','service-nisi-enim-1',NULL,NULL,NULL,'Perspiciatis illum quibusdam sed dolorem eaque molestias nesciunt.',NULL,NULL,0,'active','2026-01-31 09:42:20','2026-01-31 09:42:20'),(60,NULL,'Service Quo Non','service-quo-non-2',NULL,NULL,NULL,'Sunt optio autem consequatur tempora.',NULL,NULL,0,'active','2026-01-31 09:42:20','2026-01-31 09:42:20'),(61,NULL,'Service Facere Omnis','service-facere-omnis-3',NULL,NULL,NULL,'Libero vel nostrum nihil aut non voluptas.',NULL,NULL,0,'active','2026-01-31 09:42:20','2026-01-31 09:42:20'),(62,NULL,'Service Quos Rerum','service-quos-rerum-4',NULL,NULL,NULL,'Eum magni provident tenetur suscipit atque in.',NULL,NULL,0,'active','2026-01-31 09:42:20','2026-01-31 09:42:20'),(63,NULL,'Service Sed Ea','service-sed-ea-5',NULL,NULL,NULL,'Incidunt velit esse voluptate accusamus enim dignissimos.',NULL,NULL,0,'active','2026-01-31 09:42:20','2026-01-31 09:42:20'),(64,NULL,'Service Et Reiciendis','service-et-reiciendis-6',NULL,NULL,NULL,'Consequatur voluptatem vero quia ipsa officia.',NULL,NULL,0,'active','2026-01-31 09:42:20','2026-01-31 09:42:20'),(65,NULL,'Service Molestias Nisi','service-molestias-nisi-7',NULL,NULL,NULL,'Et labore repellat non.',NULL,NULL,0,'active','2026-01-31 09:42:20','2026-01-31 09:42:20'),(66,NULL,'Service Mollitia Iste','service-mollitia-iste-8',NULL,NULL,NULL,'Quis eveniet sunt ipsum maxime sed unde numquam.',NULL,NULL,0,'active','2026-01-31 09:42:20','2026-01-31 09:42:20'),(67,NULL,'Service Beatae Perferendis','service-beatae-perferendis-9',NULL,NULL,NULL,'Est harum ullam dolor doloribus doloremque aut.',NULL,NULL,0,'active','2026-01-31 09:42:20','2026-01-31 09:42:20'),(68,NULL,'Service Sequi Corrupti','service-sequi-corrupti-10',NULL,NULL,NULL,'Officia consequatur alias aliquid tempora.',NULL,NULL,0,'active','2026-01-31 09:42:20','2026-01-31 09:42:20'),(69,NULL,'Service Harum Veritatis','service-harum-veritatis-11',NULL,NULL,NULL,'Accusamus consequatur sit omnis tenetur quidem fuga.',NULL,NULL,0,'active','2026-01-31 09:42:20','2026-01-31 09:42:20'),(70,NULL,'Service Consequatur Repudiandae','service-consequatur-repudiandae-12',NULL,NULL,NULL,'Ipsam ut possimus voluptate aut repellat.',NULL,NULL,0,'active','2026-01-31 09:42:20','2026-01-31 09:42:20'),(71,NULL,'Service Perspiciatis Exercitationem','service-perspiciatis-exercitationem-13',NULL,NULL,NULL,'Voluptatem unde vero explicabo quasi amet.',NULL,NULL,0,'active','2026-01-31 09:42:20','2026-01-31 09:42:20'),(72,NULL,'Service Tempore Sequi','service-tempore-sequi-14',NULL,NULL,NULL,'Maxime in et quasi est.',NULL,NULL,0,'active','2026-01-31 09:42:20','2026-01-31 09:42:20'),(73,NULL,'Service Voluptatum Laborum','service-voluptatum-laborum-15',NULL,NULL,NULL,'Nihil quia autem explicabo quasi itaque.',NULL,NULL,0,'active','2026-01-31 09:42:20','2026-01-31 09:42:20'),(74,NULL,'Service Sit Perspiciatis','service-sit-perspiciatis-16',NULL,NULL,NULL,'Velit asperiores deleniti non impedit rerum libero iusto.',NULL,NULL,0,'active','2026-01-31 09:42:20','2026-01-31 09:42:20'),(75,NULL,'Service Est Distinctio','service-est-distinctio-17',NULL,NULL,NULL,'Aut ducimus recusandae fuga.',NULL,NULL,0,'active','2026-01-31 09:42:20','2026-01-31 09:42:20'),(76,NULL,'Service Omnis Enim','service-omnis-enim-18',NULL,NULL,NULL,'Minus facere officia dolor reprehenderit ipsa et.',NULL,NULL,0,'active','2026-01-31 09:42:20','2026-01-31 09:42:20'),(77,NULL,'Service Facilis Non','service-facilis-non-19',NULL,NULL,NULL,'In est ut quas impedit totam ad.',NULL,NULL,0,'active','2026-01-31 09:42:20','2026-01-31 09:42:20'),(78,NULL,'Service Aliquid Voluptatum','service-aliquid-voluptatum-20',NULL,NULL,NULL,'Id est porro ut.',NULL,NULL,0,'active','2026-01-31 09:42:20','2026-01-31 09:42:20'),(79,NULL,'Service Sed Corrupti','service-sed-corrupti-21',NULL,NULL,NULL,'Nisi consectetur facilis sed iste omnis earum.',NULL,NULL,0,'active','2026-01-31 09:42:20','2026-01-31 09:42:20'),(80,NULL,'Service Quo Ipsa','service-quo-ipsa-22',NULL,NULL,NULL,'Officia aut quasi laudantium voluptas aut quaerat enim.',NULL,NULL,0,'active','2026-01-31 09:42:20','2026-01-31 09:42:20'),(81,NULL,'Service Ducimus Quasi','service-ducimus-quasi-23',NULL,NULL,NULL,'Eligendi voluptate porro recusandae aut dicta.',NULL,NULL,0,'active','2026-01-31 09:42:20','2026-01-31 09:42:20'),(82,NULL,'Service Officia Quod','service-officia-quod-24',NULL,NULL,NULL,'Nihil aut et consequuntur ut.',NULL,NULL,0,'active','2026-01-31 09:42:20','2026-01-31 09:42:20'),(83,NULL,'Service Provident Mollitia','service-provident-mollitia-25',NULL,NULL,NULL,'Neque exercitationem doloremque odit sint unde ut quas.',NULL,NULL,0,'active','2026-01-31 09:42:20','2026-01-31 09:42:20'),(84,NULL,'Service Assumenda Perspiciatis','service-assumenda-perspiciatis-26',NULL,NULL,NULL,'Omnis placeat tempore qui ducimus repellendus iste.',NULL,NULL,0,'active','2026-01-31 09:42:20','2026-01-31 09:42:20'),(85,NULL,'Service Iste Aut','service-iste-aut-27',NULL,NULL,NULL,'Aliquam in atque vel nostrum et natus ut.',NULL,NULL,0,'active','2026-01-31 09:42:20','2026-01-31 09:42:20'),(86,NULL,'Service Dolore Quo','service-dolore-quo-28',NULL,NULL,NULL,'Voluptas illum aut enim ipsum.',NULL,NULL,0,'active','2026-01-31 09:42:20','2026-01-31 09:42:20'),(87,NULL,'Service Eos Earum','service-eos-earum-29',NULL,NULL,NULL,'Cupiditate voluptatum atque commodi.',NULL,NULL,0,'active','2026-01-31 09:42:20','2026-01-31 09:42:20'),(88,NULL,'Service Sunt Libero','service-sunt-libero-30',NULL,NULL,NULL,'Pariatur autem eum fuga dolorem.',NULL,NULL,0,'active','2026-01-31 09:42:20','2026-01-31 09:42:20'),(89,NULL,'Service Nesciunt Perspiciatis','service-nesciunt-perspiciatis-31',NULL,NULL,NULL,'Sint aspernatur non voluptates asperiores natus deleniti aut quia.',NULL,NULL,0,'active','2026-01-31 09:42:20','2026-01-31 09:42:20'),(90,NULL,'Service Et Totam','service-et-totam-32',NULL,NULL,NULL,'Iusto ut sed consequatur porro.',NULL,NULL,0,'active','2026-01-31 09:42:20','2026-01-31 09:42:20'),(91,NULL,'Service Quod Quo','service-quod-quo-33',NULL,NULL,NULL,'Est a perspiciatis corporis ut id ad.',NULL,NULL,0,'active','2026-01-31 09:42:20','2026-01-31 09:42:20'),(92,NULL,'Service Est Perspiciatis','service-est-perspiciatis-34',NULL,NULL,NULL,'Consectetur molestiae doloribus repellat cumque sequi est ea veritatis.',NULL,NULL,0,'active','2026-01-31 09:42:20','2026-01-31 09:42:20'),(93,NULL,'Service Ut Ut','service-ut-ut-35',NULL,NULL,NULL,'Repudiandae et eos sunt temporibus ut a debitis perferendis.',NULL,NULL,0,'active','2026-01-31 09:42:20','2026-01-31 09:42:20'),(94,NULL,'Service Et Aliquam','service-et-aliquam-36',NULL,NULL,NULL,'Culpa fugit ratione et non ipsam adipisci et.',NULL,NULL,0,'active','2026-01-31 09:42:20','2026-01-31 09:42:20'),(95,NULL,'Service Fuga Velit','service-fuga-velit-37',NULL,NULL,NULL,'Explicabo veniam in cupiditate.',NULL,NULL,0,'active','2026-01-31 09:42:20','2026-01-31 09:42:20'),(96,NULL,'Service Magnam Repellat','service-magnam-repellat-38',NULL,NULL,NULL,'Voluptatibus sequi architecto aut ea et corporis qui eius.',NULL,NULL,0,'active','2026-01-31 09:42:20','2026-01-31 09:42:20'),(97,NULL,'Service Voluptatem Aut','service-voluptatem-aut-39',NULL,NULL,NULL,'Dolor ut temporibus architecto blanditiis sint.',NULL,NULL,0,'active','2026-01-31 09:42:20','2026-01-31 09:42:20'),(98,NULL,'Service Tempora Amet','service-tempora-amet-40',NULL,NULL,NULL,'Rem alias est quis autem ea ea ut.',NULL,NULL,0,'active','2026-01-31 09:42:20','2026-01-31 09:42:20'),(99,NULL,'Service Voluptas At','service-voluptas-at-41',NULL,NULL,NULL,'Occaecati natus libero aut quis.',NULL,NULL,0,'active','2026-01-31 09:42:20','2026-01-31 09:42:20'),(100,NULL,'Service Maiores Aut','service-maiores-aut-42',NULL,NULL,NULL,'Ipsam rerum deserunt id aut.',NULL,NULL,0,'active','2026-01-31 09:42:20','2026-01-31 09:42:20'),(101,NULL,'Service Est Illum','service-est-illum-43',NULL,NULL,NULL,'Ea illo dolor quia magnam.',NULL,NULL,0,'active','2026-01-31 09:42:20','2026-01-31 09:42:20'),(102,NULL,'Service Sit Dolores','service-sit-dolores-44',NULL,NULL,NULL,'Earum eius occaecati possimus molestiae perspiciatis.',NULL,NULL,0,'active','2026-01-31 09:42:20','2026-01-31 09:42:20'),(103,NULL,'Service Nobis Dolores','service-nobis-dolores-45',NULL,NULL,NULL,'Quis molestias perferendis omnis tenetur.',NULL,NULL,0,'active','2026-01-31 09:42:20','2026-01-31 09:42:20'),(104,NULL,'Service Eius Labore','service-eius-labore-46',NULL,NULL,NULL,'Hic et corporis vero reprehenderit nemo magni quaerat.',NULL,NULL,0,'active','2026-01-31 09:42:20','2026-01-31 09:42:20'),(105,NULL,'Service Voluptas Distinctio','service-voluptas-distinctio-47',NULL,NULL,NULL,'Ut quis molestias aut voluptas explicabo voluptates.',NULL,NULL,0,'active','2026-01-31 09:42:20','2026-01-31 09:42:20'),(106,NULL,'Service Totam Ut','service-totam-ut-48',NULL,NULL,NULL,'Magnam in odio voluptate doloribus.',NULL,NULL,0,'active','2026-01-31 09:42:20','2026-01-31 09:42:20'),(107,NULL,'Service Vel Porro','service-vel-porro-49',NULL,NULL,NULL,'Consequatur voluptate laudantium placeat.',NULL,NULL,0,'active','2026-01-31 09:42:20','2026-01-31 09:42:20'),(108,NULL,'Service Aut Sit','service-aut-sit-50',NULL,NULL,NULL,'Itaque maxime deleniti consequatur rerum voluptatem.',NULL,NULL,0,'active','2026-01-31 09:42:20','2026-01-31 09:42:20');

--
-- Table structure for table `scategory_user`
--

CREATE TABLE `scategory_user` (
  `id` bigint unsigned NOT NULL AUTO_INCREMENT,
  `user_id` bigint unsigned NOT NULL,
  `scategory_id` bigint unsigned NOT NULL,
  `created_at` timestamp NULL DEFAULT NULL,
  `updated_at` timestamp NULL DEFAULT NULL,
  PRIMARY KEY (`id`),
  KEY `scategory_user_user_id_foreign` (`user_id`),
  KEY `scategory_user_scategory_id_foreign` (`scategory_id`),
  CONSTRAINT `scategory_user_scategory_id_foreign` FOREIGN KEY (`scategory_id`) REFERENCES `scategories` (`id`) ON DELETE CASCADE,
  CONSTRAINT `scategory_user_user_id_foreign` FOREIGN KEY (`user_id`) REFERENCES `users` (`id`) ON DELETE CASCADE
) ENGINE=InnoDB AUTO_INCREMENT=1999 DEFAULT CHARSET=utf8mb4 COLLATE=utf8mb4_unicode_ci;

--
-- Dumping data for table `scategory_user`
--

INSERT INTO `scategory_user` VALUES (1,2,8,NULL,NULL),(2,2,7,NULL,NULL),(3,26,6,NULL,NULL),(4,26,16,NULL,NULL),(5,26,24,NULL,NULL),(6,27,11,NULL,NULL),(7,27,46,NULL,NULL),(8,27,54,NULL,NULL),(9,28,3,NULL,NULL),(10,28,40,NULL,NULL),(11,28,55,NULL,NULL),(12,29,26,NULL,NULL),(13,29,28,NULL,NULL),(14,29,50,NULL,NULL),(15,30,5,NULL,NULL),(16,31,14,NULL,NULL),(17,31,18,NULL,NULL),(18,32,5,NULL,NULL),(19,32,49,NULL,NULL),(20,33,3,NULL,NULL),(21,33,15,NULL,NULL),(22,34,2,NULL,NULL),(23,34,50,NULL,NULL),(24,34,57,NULL,NULL),(25,35,4,NULL,NULL),(26,35,20,NULL,NULL),(27,35,57,NULL,NULL),(28,36,19,NULL,NULL),(29,36,23,NULL,NULL),(30,37,2,NULL,NULL),(31,37,36,NULL,NULL),(32,37,43,NULL,NULL),(33,38,35,NULL,NULL),(34,38,52,NULL,NULL),(35,39,37,NULL,NULL),(36,39,42,NULL,NULL),(37,40,2,NULL,NULL),(38,40,54,NULL,NULL),(39,41,30,NULL,NULL),(40,41,49,NULL,NULL),(41,41,56,NULL,NULL),(42,42,6,NULL,NULL),(43,42,18,NULL,NULL),(44,42,51,NULL,NULL),(45,43,26,NULL,NULL),(46,43,49,NULL,NULL),(47,43,57,NULL,NULL),(48,44,5,NULL,NULL),(49,44,31,NULL,NULL),(50,45,41,NULL,NULL),(51,45,54,NULL,NULL),(52,46,5,NULL,NULL),(53,46,9,NULL,NULL),(54,46,14,NULL,NULL),(55,47,13,NULL,NULL),(56,47,21,NULL,NULL),(57,47,54,NULL,NULL),(58,48,2,NULL,NULL),(59,48,20,NULL,NULL),(60,49,11,NULL,NULL),(61,49,22,NULL,NULL),(62,49,53,NULL,NULL),(63,50,26,NULL,NULL),(64,50,44,NULL,NULL),(65,50,53,NULL,NULL),(66,51,13,NULL,NULL),(67,51,20,NULL,NULL),(68,51,55,NULL,NULL),(69,52,32,NULL,NULL),(70,52,53,NULL,NULL),(71,53,15,NULL,NULL),(72,53,20,NULL,NULL),(73,53,35,NULL,NULL),(74,54,44,NULL,NULL),(75,55,6,NULL,NULL),(76,55,34,NULL,NULL),(77,56,9,NULL,NULL),(78,56,27,NULL,NULL),(79,57,6,NULL,NULL),(80,58,48,NULL,NULL),(81,59,10,NULL,NULL),(82,59,50,NULL,NULL),(83,60,5,NULL,NULL),(84,61,28,NULL,NULL),(85,61,35,NULL,NULL),(86,62,15,NULL,NULL),(87,62,35,NULL,NULL),(88,62,56,NULL,NULL),(89,63,1,NULL,NULL),(90,63,27,NULL,NULL),(91,63,38,NULL,NULL),(92,64,25,NULL,NULL),(93,65,3,NULL,NULL),(94,65,45,NULL,NULL),(95,66,45,NULL,NULL),(96,66,55,NULL,NULL),(97,67,2,NULL,NULL),(98,67,54,NULL,NULL),(99,68,2,NULL,NULL),(100,68,24,NULL,NULL),(101,68,30,NULL,NULL),(102,69,49,NULL,NULL),(103,70,17,NULL,NULL),(104,71,3,NULL,NULL),(105,71,36,NULL,NULL),(106,71,44,NULL,NULL),(107,72,24,NULL,NULL),(108,72,26,NULL,NULL),(109,72,53,NULL,NULL),(110,73,2,NULL,NULL),(111,73,6,NULL,NULL),(112,73,37,NULL,NULL),(113,74,18,NULL,NULL),(114,74,44,NULL,NULL),(115,75,45,NULL,NULL),(116,75,54,NULL,NULL),(117,76,51,NULL,NULL),(118,77,25,NULL,NULL),(119,77,26,NULL,NULL),(120,77,40,NULL,NULL),(121,78,30,NULL,NULL),(122,78,46,NULL,NULL),(123,78,52,NULL,NULL),(124,79,16,NULL,NULL),(125,79,39,NULL,NULL),(126,79,47,NULL,NULL),(127,80,19,NULL,NULL),(128,80,44,NULL,NULL),(129,81,26,NULL,NULL),(130,82,22,NULL,NULL),(131,82,24,NULL,NULL),(132,82,36,NULL,NULL),(133,83,39,NULL,NULL),(134,84,13,NULL,NULL),(135,84,17,NULL,NULL),(136,85,1,NULL,NULL),(137,85,16,NULL,NULL),(138,86,7,NULL,NULL),(139,86,51,NULL,NULL),(140,86,54,NULL,NULL),(141,87,12,NULL,NULL),(142,87,48,NULL,NULL),(143,87,54,NULL,NULL),(144,88,29,NULL,NULL),(145,88,38,NULL,NULL),(146,89,30,NULL,NULL),(147,89,31,NULL,NULL),(148,90,23,NULL,NULL),(149,90,50,NULL,NULL),(150,90,57,NULL,NULL),(151,91,12,NULL,NULL),(152,92,21,NULL,NULL),(153,92,35,NULL,NULL),(154,92,52,NULL,NULL),(155,93,4,NULL,NULL),(156,94,24,NULL,NULL),(157,94,37,NULL,NULL),(158,95,6,NULL,NULL),(159,96,36,NULL,NULL),(160,97,13,NULL,NULL),(161,97,19,NULL,NULL),(162,97,31,NULL,NULL),(163,98,49,NULL,NULL),(164,99,24,NULL,NULL),(165,99,40,NULL,NULL),(166,99,44,NULL,NULL),(167,100,5,NULL,NULL),(168,100,22,NULL,NULL),(169,100,27,NULL,NULL),(170,101,4,NULL,NULL),(171,102,1,NULL,NULL),(172,102,44,NULL,NULL),(173,102,51,NULL,NULL),(174,103,1,NULL,NULL),(175,103,11,NULL,NULL),(176,103,18,NULL,NULL),(177,104,45,NULL,NULL),(178,104,55,NULL,NULL),(179,104,58,NULL,NULL),(180,105,3,NULL,NULL),(181,106,22,NULL,NULL),(182,106,51,NULL,NULL),(183,107,6,NULL,NULL),(184,107,42,NULL,NULL),(185,107,47,NULL,NULL),(186,108,25,NULL,NULL),(187,109,19,NULL,NULL),(188,109,30,NULL,NULL),(189,109,52,NULL,NULL),(190,110,48,NULL,NULL),(191,111,55,NULL,NULL),(192,112,54,NULL,NULL),(193,113,35,NULL,NULL),(194,113,47,NULL,NULL),(195,113,53,NULL,NULL),(196,114,7,NULL,NULL),(197,114,45,NULL,NULL),(198,115,17,NULL,NULL),(199,115,36,NULL,NULL),(200,115,54,NULL,NULL),(201,116,35,NULL,NULL),(202,117,45,NULL,NULL),(203,117,50,NULL,NULL),(204,117,54,NULL,NULL),(205,118,22,NULL,NULL),(206,118,32,NULL,NULL),(207,119,10,NULL,NULL),(208,119,48,NULL,NULL),(209,120,26,NULL,NULL),(210,120,35,NULL,NULL),(211,121,43,NULL,NULL),(212,122,9,NULL,NULL),(213,122,21,NULL,NULL),(214,122,35,NULL,NULL),(215,123,26,NULL,NULL),(216,124,13,NULL,NULL),(217,125,57,NULL,NULL),(218,126,12,NULL,NULL),(219,126,37,NULL,NULL),(220,126,49,NULL,NULL),(221,127,49,NULL,NULL),(222,128,24,NULL,NULL),(223,129,41,NULL,NULL),(224,130,9,NULL,NULL),(225,130,48,NULL,NULL),(226,131,21,NULL,NULL),(227,131,26,NULL,NULL),(228,132,37,NULL,NULL),(229,133,32,NULL,NULL),(230,134,49,NULL,NULL),(231,134,52,NULL,NULL),(232,135,55,NULL,NULL),(233,136,2,NULL,NULL),(234,136,14,NULL,NULL),(235,136,23,NULL,NULL),(236,137,53,NULL,NULL),(237,138,18,NULL,NULL),(238,139,32,NULL,NULL),(239,140,29,NULL,NULL),(240,140,39,NULL,NULL),(241,141,25,NULL,NULL),(242,141,31,NULL,NULL),(243,141,36,NULL,NULL),(244,142,20,NULL,NULL),(245,143,8,NULL,NULL),(246,143,16,NULL,NULL),(247,143,38,NULL,NULL),(248,144,7,NULL,NULL),(249,144,20,NULL,NULL),(250,145,3,NULL,NULL),(251,145,50,NULL,NULL),(252,146,36,NULL,NULL),(253,146,52,NULL,NULL),(254,147,13,NULL,NULL),(255,147,23,NULL,NULL),(256,148,11,NULL,NULL),(257,148,24,NULL,NULL),(258,149,12,NULL,NULL),(259,149,35,NULL,NULL),(260,149,41,NULL,NULL),(261,150,6,NULL,NULL),(262,151,6,NULL,NULL),(263,151,14,NULL,NULL),(264,151,32,NULL,NULL),(265,152,57,NULL,NULL),(266,153,14,NULL,NULL),(267,153,36,NULL,NULL),(268,154,9,NULL,NULL),(269,154,40,NULL,NULL),(270,155,30,NULL,NULL),(271,155,39,NULL,NULL),(272,155,53,NULL,NULL),(273,156,44,NULL,NULL),(274,157,10,NULL,NULL),(275,157,52,NULL,NULL),(276,157,55,NULL,NULL),(277,158,2,NULL,NULL),(278,158,32,NULL,NULL),(279,158,37,NULL,NULL),(280,159,49,NULL,NULL),(281,159,52,NULL,NULL),(282,160,12,NULL,NULL),(283,160,16,NULL,NULL),(284,160,19,NULL,NULL),(285,161,45,NULL,NULL),(286,162,25,NULL,NULL),(287,162,43,NULL,NULL),(288,163,27,NULL,NULL),(289,164,9,NULL,NULL),(290,164,28,NULL,NULL),(291,164,56,NULL,NULL),(292,165,15,NULL,NULL),(293,165,30,NULL,NULL),(294,166,32,NULL,NULL),(295,166,33,NULL,NULL),(296,166,39,NULL,NULL),(297,167,8,NULL,NULL),(298,167,33,NULL,NULL),(299,167,37,NULL,NULL),(300,168,3,NULL,NULL),(301,168,35,NULL,NULL),(302,168,44,NULL,NULL),(303,169,9,NULL,NULL),(304,169,13,NULL,NULL),(305,170,32,NULL,NULL),(306,170,42,NULL,NULL),(307,170,50,NULL,NULL),(308,171,24,NULL,NULL),(309,172,27,NULL,NULL),(310,172,37,NULL,NULL),(311,172,58,NULL,NULL),(312,173,32,NULL,NULL),(313,174,19,NULL,NULL),(314,174,42,NULL,NULL),(315,174,45,NULL,NULL),(316,175,4,NULL,NULL),(317,175,37,NULL,NULL),(318,176,41,NULL,NULL),(319,177,17,NULL,NULL),(320,177,29,NULL,NULL),(321,177,38,NULL,NULL),(322,178,11,NULL,NULL),(323,178,17,NULL,NULL),(324,178,29,NULL,NULL),(325,179,8,NULL,NULL),(326,179,16,NULL,NULL),(327,179,48,NULL,NULL),(328,180,34,NULL,NULL),(329,180,42,NULL,NULL),(330,180,44,NULL,NULL),(331,181,37,NULL,NULL),(332,181,50,NULL,NULL),(333,182,45,NULL,NULL),(334,182,58,NULL,NULL),(335,183,8,NULL,NULL),(336,184,10,NULL,NULL),(337,184,29,NULL,NULL),(338,184,49,NULL,NULL),(339,185,4,NULL,NULL),(340,185,54,NULL,NULL),(341,185,58,NULL,NULL),(342,186,22,NULL,NULL),(343,187,23,NULL,NULL),(344,187,28,NULL,NULL),(345,188,30,NULL,NULL),(346,189,36,NULL,NULL),(347,189,50,NULL,NULL),(348,189,54,NULL,NULL),(349,190,6,NULL,NULL),(350,190,17,NULL,NULL),(351,190,24,NULL,NULL),(352,191,50,NULL,NULL),(353,192,16,NULL,NULL),(354,192,29,NULL,NULL),(355,192,39,NULL,NULL),(356,193,4,NULL,NULL),(357,193,33,NULL,NULL),(358,194,8,NULL,NULL),(359,194,27,NULL,NULL),(360,194,48,NULL,NULL),(361,195,24,NULL,NULL),(362,195,54,NULL,NULL),(363,196,30,NULL,NULL),(364,196,32,NULL,NULL),(365,197,2,NULL,NULL),(366,197,19,NULL,NULL),(367,197,20,NULL,NULL),(368,198,19,NULL,NULL),(369,198,47,NULL,NULL),(370,198,50,NULL,NULL),(371,199,17,NULL,NULL),(372,200,25,NULL,NULL),(373,200,53,NULL,NULL),(374,201,4,NULL,NULL),(375,201,46,NULL,NULL),(376,202,56,NULL,NULL),(377,202,58,NULL,NULL),(378,203,3,NULL,NULL),(379,203,13,NULL,NULL),(380,203,56,NULL,NULL),(381,204,14,NULL,NULL),(382,204,40,NULL,NULL),(383,204,50,NULL,NULL),(384,205,17,NULL,NULL),(385,205,39,NULL,NULL),(386,206,16,NULL,NULL),(387,206,20,NULL,NULL),(388,206,54,NULL,NULL),(389,207,18,NULL,NULL),(390,208,1,NULL,NULL),(391,208,10,NULL,NULL),(392,208,27,NULL,NULL),(393,209,14,NULL,NULL),(394,209,22,NULL,NULL),(395,209,36,NULL,NULL),(396,210,25,NULL,NULL),(397,211,2,NULL,NULL),(398,211,55,NULL,NULL),(399,212,11,NULL,NULL),(400,212,36,NULL,NULL),(401,212,40,NULL,NULL),(402,213,27,NULL,NULL),(403,214,21,NULL,NULL),(404,214,40,NULL,NULL),(405,215,25,NULL,NULL),(406,215,32,NULL,NULL),(407,216,25,NULL,NULL),(408,216,52,NULL,NULL),(409,216,58,NULL,NULL),(410,217,5,NULL,NULL),(411,217,17,NULL,NULL),(412,217,25,NULL,NULL),(413,218,45,NULL,NULL),(414,219,20,NULL,NULL),(415,219,23,NULL,NULL),(416,219,27,NULL,NULL),(417,220,27,NULL,NULL),(418,220,30,NULL,NULL),(419,220,46,NULL,NULL),(420,221,22,NULL,NULL),(421,221,47,NULL,NULL),(422,222,36,NULL,NULL),(423,222,49,NULL,NULL),(424,223,24,NULL,NULL),(425,223,28,NULL,NULL),(426,223,36,NULL,NULL),(427,224,49,NULL,NULL),(428,224,51,NULL,NULL),(429,225,8,NULL,NULL),(430,226,25,NULL,NULL),(431,226,52,NULL,NULL),(432,227,23,NULL,NULL),(433,228,58,NULL,NULL),(434,229,3,NULL,NULL),(435,229,19,NULL,NULL),(436,229,53,NULL,NULL),(437,230,5,NULL,NULL),(438,230,52,NULL,NULL),(439,231,4,NULL,NULL),(440,232,7,NULL,NULL),(441,232,33,NULL,NULL),(442,232,55,NULL,NULL),(443,233,10,NULL,NULL),(444,234,5,NULL,NULL),(445,234,42,NULL,NULL),(446,235,29,NULL,NULL),(447,235,30,NULL,NULL),(448,235,33,NULL,NULL),(449,236,32,NULL,NULL),(450,237,16,NULL,NULL),(451,237,25,NULL,NULL),(452,238,26,NULL,NULL),(453,238,32,NULL,NULL),(454,238,49,NULL,NULL),(455,239,18,NULL,NULL),(456,239,20,NULL,NULL),(457,239,27,NULL,NULL),(458,240,50,NULL,NULL),(459,241,31,NULL,NULL),(460,241,47,NULL,NULL),(461,241,54,NULL,NULL),(462,242,9,NULL,NULL),(463,243,19,NULL,NULL),(464,243,20,NULL,NULL),(465,243,23,NULL,NULL),(466,244,37,NULL,NULL),(467,244,42,NULL,NULL),(468,244,48,NULL,NULL),(469,245,2,NULL,NULL),(470,245,5,NULL,NULL),(471,245,6,NULL,NULL),(472,246,5,NULL,NULL),(473,246,56,NULL,NULL),(474,247,48,NULL,NULL),(475,248,46,NULL,NULL),(476,249,45,NULL,NULL),(477,250,6,NULL,NULL),(478,250,30,NULL,NULL),(479,250,40,NULL,NULL),(480,251,15,NULL,NULL),(481,251,21,NULL,NULL),(482,251,53,NULL,NULL),(483,252,47,NULL,NULL),(484,253,25,NULL,NULL),(485,253,36,NULL,NULL),(486,254,11,NULL,NULL),(487,254,47,NULL,NULL),(488,254,52,NULL,NULL),(489,255,33,NULL,NULL),(490,256,15,NULL,NULL),(491,256,30,NULL,NULL),(492,256,48,NULL,NULL),(493,257,21,NULL,NULL),(494,257,34,NULL,NULL),(495,257,41,NULL,NULL),(496,258,30,NULL,NULL),(497,258,43,NULL,NULL),(498,259,13,NULL,NULL),(499,259,31,NULL,NULL),(500,260,11,NULL,NULL),(501,260,42,NULL,NULL),(502,261,17,NULL,NULL),(503,261,34,NULL,NULL),(504,261,51,NULL,NULL),(505,262,38,NULL,NULL),(506,262,50,NULL,NULL),(507,263,30,NULL,NULL),(508,264,24,NULL,NULL),(509,264,51,NULL,NULL),(510,264,58,NULL,NULL),(511,265,4,NULL,NULL),(512,266,22,NULL,NULL),(513,267,7,NULL,NULL),(514,268,19,NULL,NULL),(515,269,10,NULL,NULL),(516,269,41,NULL,NULL),(517,269,50,NULL,NULL),(518,270,19,NULL,NULL),(519,270,30,NULL,NULL),(520,270,49,NULL,NULL),(521,271,41,NULL,NULL),(522,272,51,NULL,NULL),(523,273,19,NULL,NULL),(524,273,29,NULL,NULL),(525,274,13,NULL,NULL),(526,274,47,NULL,NULL),(527,274,58,NULL,NULL),(528,275,28,NULL,NULL),(529,275,49,NULL,NULL),(530,276,10,NULL,NULL),(531,276,45,NULL,NULL),(532,277,8,NULL,NULL),(533,277,56,NULL,NULL),(534,278,46,NULL,NULL),(535,279,14,NULL,NULL),(536,279,26,NULL,NULL),(537,279,58,NULL,NULL),(538,280,1,NULL,NULL),(539,280,26,NULL,NULL),(540,280,28,NULL,NULL),(541,281,2,NULL,NULL),(542,281,16,NULL,NULL),(543,281,47,NULL,NULL),(544,282,36,NULL,NULL),(545,282,52,NULL,NULL),(546,283,21,NULL,NULL),(547,284,6,NULL,NULL),(548,284,17,NULL,NULL),(549,284,43,NULL,NULL),(550,285,4,NULL,NULL),(551,285,13,NULL,NULL),(552,286,24,NULL,NULL),(553,287,16,NULL,NULL),(554,287,29,NULL,NULL),(555,288,32,NULL,NULL),(556,289,11,NULL,NULL),(557,289,30,NULL,NULL),(558,290,30,NULL,NULL),(559,290,31,NULL,NULL),(560,290,35,NULL,NULL),(561,291,33,NULL,NULL),(562,292,11,NULL,NULL),(563,292,12,NULL,NULL),(564,293,27,NULL,NULL),(565,294,20,NULL,NULL),(566,295,16,NULL,NULL),(567,295,51,NULL,NULL),(568,296,26,NULL,NULL),(569,296,42,NULL,NULL),(570,297,6,NULL,NULL),(571,297,19,NULL,NULL),(572,297,56,NULL,NULL),(573,298,41,NULL,NULL),(574,298,48,NULL,NULL),(575,299,6,NULL,NULL),(576,299,37,NULL,NULL),(577,299,51,NULL,NULL),(578,300,35,NULL,NULL),(579,300,48,NULL,NULL),(580,301,1,NULL,NULL),(581,301,22,NULL,NULL),(582,302,20,NULL,NULL),(583,302,21,NULL,NULL),(584,303,25,NULL,NULL),(585,304,49,NULL,NULL),(586,304,50,NULL,NULL),(587,305,11,NULL,NULL),(588,305,21,NULL,NULL),(589,306,24,NULL,NULL),(590,307,11,NULL,NULL),(591,308,10,NULL,NULL),(592,308,31,NULL,NULL),(593,308,49,NULL,NULL),(594,309,12,NULL,NULL),(595,309,51,NULL,NULL),(596,309,56,NULL,NULL),(597,310,5,NULL,NULL),(598,310,32,NULL,NULL),(599,311,2,NULL,NULL),(600,311,47,NULL,NULL),(601,312,6,NULL,NULL),(602,312,7,NULL,NULL),(603,312,8,NULL,NULL),(604,313,12,NULL,NULL),(605,313,18,NULL,NULL),(606,313,33,NULL,NULL),(607,314,7,NULL,NULL),(608,314,51,NULL,NULL),(609,315,43,NULL,NULL),(610,316,18,NULL,NULL),(611,316,31,NULL,NULL),(612,317,1,NULL,NULL),(613,318,11,NULL,NULL),(614,318,44,NULL,NULL),(615,318,50,NULL,NULL),(616,319,25,NULL,NULL),(617,320,4,NULL,NULL),(618,320,25,NULL,NULL),(619,320,52,NULL,NULL),(620,321,22,NULL,NULL),(621,322,15,NULL,NULL),(622,322,51,NULL,NULL),(623,323,43,NULL,NULL),(624,323,46,NULL,NULL),(625,324,27,NULL,NULL),(626,325,34,NULL,NULL),(627,325,35,NULL,NULL),(628,325,51,NULL,NULL),(629,326,5,NULL,NULL),(630,326,22,NULL,NULL),(631,327,1,NULL,NULL),(632,328,6,NULL,NULL),(633,328,15,NULL,NULL),(634,328,47,NULL,NULL),(635,329,36,NULL,NULL),(636,329,50,NULL,NULL),(637,329,52,NULL,NULL),(638,330,1,NULL,NULL),(639,331,18,NULL,NULL),(640,331,27,NULL,NULL),(641,331,31,NULL,NULL),(642,332,8,NULL,NULL),(643,332,10,NULL,NULL),(644,332,41,NULL,NULL),(645,333,15,NULL,NULL),(646,333,46,NULL,NULL),(647,334,45,NULL,NULL),(648,335,2,NULL,NULL),(649,335,3,NULL,NULL),(650,336,22,NULL,NULL),(651,336,40,NULL,NULL),(652,336,41,NULL,NULL),(653,337,14,NULL,NULL),(654,337,43,NULL,NULL),(655,337,44,NULL,NULL),(656,338,15,NULL,NULL),(657,338,43,NULL,NULL),(658,339,2,NULL,NULL),(659,339,39,NULL,NULL),(660,339,52,NULL,NULL),(661,340,37,NULL,NULL),(662,341,37,NULL,NULL),(663,341,43,NULL,NULL),(664,342,8,NULL,NULL),(665,342,31,NULL,NULL),(666,342,50,NULL,NULL),(667,343,3,NULL,NULL),(668,343,8,NULL,NULL),(669,344,44,NULL,NULL),(670,345,32,NULL,NULL),(671,345,47,NULL,NULL),(672,346,47,NULL,NULL),(673,347,47,NULL,NULL),(674,348,21,NULL,NULL),(675,348,47,NULL,NULL),(676,348,51,NULL,NULL),(677,349,19,NULL,NULL),(678,349,51,NULL,NULL),(679,350,20,NULL,NULL),(680,350,37,NULL,NULL),(681,350,45,NULL,NULL),(682,351,12,NULL,NULL),(683,351,16,NULL,NULL),(684,351,49,NULL,NULL),(685,352,15,NULL,NULL),(686,352,54,NULL,NULL),(687,352,56,NULL,NULL),(688,353,35,NULL,NULL),(689,354,38,NULL,NULL),(690,354,46,NULL,NULL),(691,355,25,NULL,NULL),(692,355,37,NULL,NULL),(693,355,42,NULL,NULL),(694,356,42,NULL,NULL),(695,357,53,NULL,NULL),(696,357,58,NULL,NULL),(697,358,4,NULL,NULL),(698,359,51,NULL,NULL),(699,360,14,NULL,NULL),(700,361,37,NULL,NULL),(701,361,52,NULL,NULL),(702,361,54,NULL,NULL),(703,362,6,NULL,NULL),(704,362,18,NULL,NULL),(705,363,32,NULL,NULL),(706,364,42,NULL,NULL),(707,365,17,NULL,NULL),(708,365,47,NULL,NULL),(709,366,16,NULL,NULL),(710,366,25,NULL,NULL),(711,367,5,NULL,NULL),(712,367,13,NULL,NULL),(713,367,25,NULL,NULL),(714,368,40,NULL,NULL),(715,369,2,NULL,NULL),(716,369,14,NULL,NULL),(717,369,43,NULL,NULL),(718,370,45,NULL,NULL),(719,371,8,NULL,NULL),(720,372,15,NULL,NULL),(721,372,30,NULL,NULL),(722,372,52,NULL,NULL),(723,373,50,NULL,NULL),(724,374,30,NULL,NULL),(725,375,31,NULL,NULL),(726,376,27,NULL,NULL),(727,377,10,NULL,NULL),(728,378,17,NULL,NULL),(729,378,49,NULL,NULL),(730,379,14,NULL,NULL),(731,380,5,NULL,NULL),(732,380,38,NULL,NULL),(733,381,5,NULL,NULL),(734,382,30,NULL,NULL),(735,382,38,NULL,NULL),(736,382,50,NULL,NULL),(737,383,47,NULL,NULL),(738,383,51,NULL,NULL),(739,384,42,NULL,NULL),(740,385,31,NULL,NULL),(741,386,38,NULL,NULL),(742,387,8,NULL,NULL),(743,387,23,NULL,NULL),(744,387,42,NULL,NULL),(745,388,34,NULL,NULL),(746,389,54,NULL,NULL),(747,390,50,NULL,NULL),(748,391,16,NULL,NULL),(749,391,41,NULL,NULL),(750,392,28,NULL,NULL),(751,392,40,NULL,NULL),(752,393,58,NULL,NULL),(753,394,7,NULL,NULL),(754,394,22,NULL,NULL),(755,394,35,NULL,NULL),(756,395,9,NULL,NULL),(757,396,7,NULL,NULL),(758,396,23,NULL,NULL),(759,396,50,NULL,NULL),(760,397,6,NULL,NULL),(761,397,13,NULL,NULL),(762,397,44,NULL,NULL),(763,398,38,NULL,NULL),(764,399,32,NULL,NULL),(765,399,48,NULL,NULL),(766,400,34,NULL,NULL),(767,401,26,NULL,NULL),(768,402,42,NULL,NULL),(769,403,5,NULL,NULL),(770,403,36,NULL,NULL),(771,404,21,NULL,NULL),(772,405,16,NULL,NULL),(773,406,2,NULL,NULL),(774,406,28,NULL,NULL),(775,406,44,NULL,NULL),(776,407,35,NULL,NULL),(777,408,7,NULL,NULL),(778,408,49,NULL,NULL),(779,409,50,NULL,NULL),(780,410,8,NULL,NULL),(781,410,15,NULL,NULL),(782,410,36,NULL,NULL),(783,411,55,NULL,NULL),(784,412,12,NULL,NULL),(785,412,42,NULL,NULL),(786,412,57,NULL,NULL),(787,413,14,NULL,NULL),(788,413,20,NULL,NULL),(789,413,40,NULL,NULL),(790,414,8,NULL,NULL),(791,414,55,NULL,NULL),(792,415,10,NULL,NULL),(793,415,23,NULL,NULL),(794,415,45,NULL,NULL),(795,416,2,NULL,NULL),(796,417,3,NULL,NULL),(797,417,25,NULL,NULL),(798,417,55,NULL,NULL),(799,418,1,NULL,NULL),(800,418,52,NULL,NULL),(801,419,21,NULL,NULL),(802,419,24,NULL,NULL),(803,420,12,NULL,NULL),(804,420,16,NULL,NULL),(805,420,35,NULL,NULL),(806,421,14,NULL,NULL),(807,422,47,NULL,NULL),(808,423,58,NULL,NULL),(809,424,13,NULL,NULL),(810,424,17,NULL,NULL),(811,425,2,NULL,NULL),(812,425,11,NULL,NULL),(813,425,13,NULL,NULL),(814,426,16,NULL,NULL),(815,426,36,NULL,NULL),(816,427,9,NULL,NULL),(817,427,31,NULL,NULL),(818,428,14,NULL,NULL),(819,429,51,NULL,NULL),(820,429,57,NULL,NULL),(821,430,3,NULL,NULL),(822,430,15,NULL,NULL),(823,430,55,NULL,NULL),(824,431,58,NULL,NULL),(825,432,32,NULL,NULL),(826,432,43,NULL,NULL),(827,433,2,NULL,NULL),(828,433,15,NULL,NULL),(829,434,23,NULL,NULL),(830,435,19,NULL,NULL),(831,435,52,NULL,NULL),(832,436,51,NULL,NULL),(833,436,53,NULL,NULL),(834,437,29,NULL,NULL),(835,438,3,NULL,NULL),(836,438,32,NULL,NULL),(837,439,16,NULL,NULL),(838,439,40,NULL,NULL),(839,439,48,NULL,NULL),(840,440,4,NULL,NULL),(841,440,34,NULL,NULL),(842,440,39,NULL,NULL),(843,441,14,NULL,NULL),(844,441,29,NULL,NULL),(845,441,45,NULL,NULL),(846,442,4,NULL,NULL),(847,443,12,NULL,NULL),(848,443,23,NULL,NULL),(849,444,3,NULL,NULL),(850,444,54,NULL,NULL),(851,445,6,NULL,NULL),(852,445,19,NULL,NULL),(853,446,19,NULL,NULL),(854,446,42,NULL,NULL),(855,446,56,NULL,NULL),(856,447,12,NULL,NULL),(857,448,29,NULL,NULL),(858,448,37,NULL,NULL),(859,449,27,NULL,NULL),(860,449,46,NULL,NULL),(861,449,47,NULL,NULL),(862,450,23,NULL,NULL),(863,450,55,NULL,NULL),(864,450,58,NULL,NULL),(865,451,14,NULL,NULL),(866,451,16,NULL,NULL),(867,451,55,NULL,NULL),(868,452,4,NULL,NULL),(869,452,16,NULL,NULL),(870,453,56,NULL,NULL),(871,454,11,NULL,NULL),(872,454,49,NULL,NULL),(873,454,54,NULL,NULL),(874,455,19,NULL,NULL),(875,455,22,NULL,NULL),(876,455,46,NULL,NULL),(877,456,43,NULL,NULL),(878,457,45,NULL,NULL),(879,457,48,NULL,NULL),(880,458,1,NULL,NULL),(881,458,7,NULL,NULL),(882,458,36,NULL,NULL),(883,459,17,NULL,NULL),(884,459,24,NULL,NULL),(885,459,27,NULL,NULL),(886,460,15,NULL,NULL),(887,461,1,NULL,NULL),(888,461,56,NULL,NULL),(889,462,2,NULL,NULL),(890,462,21,NULL,NULL),(891,462,29,NULL,NULL),(892,463,29,NULL,NULL),(893,463,36,NULL,NULL),(894,463,53,NULL,NULL),(895,464,54,NULL,NULL),(896,465,3,NULL,NULL),(897,465,37,NULL,NULL),(898,466,15,NULL,NULL),(899,466,29,NULL,NULL),(900,466,44,NULL,NULL),(901,467,31,NULL,NULL),(902,467,53,NULL,NULL),(903,468,19,NULL,NULL),(904,469,8,NULL,NULL),(905,469,14,NULL,NULL),(906,469,26,NULL,NULL),(907,470,10,NULL,NULL),(908,471,9,NULL,NULL),(909,471,32,NULL,NULL),(910,471,56,NULL,NULL),(911,472,9,NULL,NULL),(912,472,33,NULL,NULL),(913,473,50,NULL,NULL),(914,474,55,NULL,NULL),(915,475,10,NULL,NULL),(916,475,11,NULL,NULL),(917,475,40,NULL,NULL),(918,476,5,NULL,NULL),(919,476,6,NULL,NULL),(920,476,57,NULL,NULL),(921,477,16,NULL,NULL),(922,477,18,NULL,NULL),(923,477,32,NULL,NULL),(924,478,17,NULL,NULL),(925,479,5,NULL,NULL),(926,479,48,NULL,NULL),(927,480,23,NULL,NULL),(928,481,8,NULL,NULL),(929,481,53,NULL,NULL),(930,482,55,NULL,NULL),(931,483,1,NULL,NULL),(932,483,41,NULL,NULL),(933,483,46,NULL,NULL),(934,484,37,NULL,NULL),(935,484,39,NULL,NULL),(936,485,24,NULL,NULL),(937,486,14,NULL,NULL),(938,486,25,NULL,NULL),(939,487,4,NULL,NULL),(940,487,6,NULL,NULL),(941,488,6,NULL,NULL),(942,488,22,NULL,NULL),(943,489,37,NULL,NULL),(944,490,35,NULL,NULL),(945,491,27,NULL,NULL),(946,491,40,NULL,NULL),(947,491,41,NULL,NULL),(948,492,34,NULL,NULL),(949,492,42,NULL,NULL),(950,492,55,NULL,NULL),(951,493,18,NULL,NULL),(952,494,24,NULL,NULL),(953,494,31,NULL,NULL),(954,494,33,NULL,NULL),(955,495,47,NULL,NULL),(956,496,44,NULL,NULL),(957,496,46,NULL,NULL),(958,497,30,NULL,NULL),(959,497,57,NULL,NULL),(960,498,38,NULL,NULL),(961,499,14,NULL,NULL),(962,499,28,NULL,NULL),(963,499,44,NULL,NULL),(964,500,23,NULL,NULL),(965,500,41,NULL,NULL),(966,501,1,NULL,NULL),(967,502,22,NULL,NULL),(968,502,40,NULL,NULL),(969,502,44,NULL,NULL),(970,503,6,NULL,NULL),(971,503,35,NULL,NULL),(972,504,27,NULL,NULL),(973,504,37,NULL,NULL),(974,505,1,NULL,NULL),(975,505,39,NULL,NULL),(976,506,19,NULL,NULL),(977,507,14,NULL,NULL),(978,507,49,NULL,NULL),(979,508,1,NULL,NULL),(980,508,55,NULL,NULL),(981,509,39,NULL,NULL),(982,510,5,NULL,NULL),(983,510,11,NULL,NULL),(984,510,36,NULL,NULL),(985,511,17,NULL,NULL),(986,512,30,NULL,NULL),(987,513,13,NULL,NULL),(988,513,43,NULL,NULL),(989,513,45,NULL,NULL),(990,514,39,NULL,NULL),(991,515,7,NULL,NULL),(992,515,14,NULL,NULL),(993,515,41,NULL,NULL),(994,516,9,NULL,NULL),(995,516,13,NULL,NULL),(996,517,33,NULL,NULL),(997,517,49,NULL,NULL),(998,518,1,NULL,NULL),(999,518,38,NULL,NULL),(1000,519,46,NULL,NULL),(1001,519,48,NULL,NULL),(1002,520,21,NULL,NULL),(1003,520,24,NULL,NULL),(1004,520,29,NULL,NULL),(1005,521,39,NULL,NULL),(1006,522,32,NULL,NULL),(1007,523,6,NULL,NULL),(1008,524,1,NULL,NULL),(1009,525,5,NULL,NULL),(1010,525,14,NULL,NULL),(1011,525,25,NULL,NULL),(1012,526,4,NULL,NULL),(1013,526,15,NULL,NULL),(1014,527,3,NULL,NULL),(1015,528,7,NULL,NULL),(1016,529,4,NULL,NULL),(1017,530,66,NULL,NULL),(1018,530,70,NULL,NULL),(1019,530,88,NULL,NULL),(1020,531,51,NULL,NULL),(1021,531,59,NULL,NULL),(1022,531,86,NULL,NULL),(1023,532,40,NULL,NULL),(1024,532,62,NULL,NULL),(1025,533,35,NULL,NULL),(1026,534,13,NULL,NULL),(1027,534,93,NULL,NULL),(1028,534,106,NULL,NULL),(1029,535,53,NULL,NULL),(1030,535,74,NULL,NULL),(1031,535,101,NULL,NULL),(1032,536,63,NULL,NULL),(1033,537,56,NULL,NULL),(1034,537,89,NULL,NULL),(1035,538,101,NULL,NULL),(1036,539,3,NULL,NULL),(1037,539,65,NULL,NULL),(1038,539,82,NULL,NULL),(1039,540,30,NULL,NULL),(1040,540,31,NULL,NULL),(1041,540,48,NULL,NULL),(1042,541,68,NULL,NULL),(1043,542,19,NULL,NULL),(1044,542,41,NULL,NULL),(1045,543,32,NULL,NULL),(1046,544,3,NULL,NULL),(1047,545,62,NULL,NULL),(1048,546,10,NULL,NULL),(1049,547,56,NULL,NULL),(1050,548,96,NULL,NULL),(1051,549,60,NULL,NULL),(1052,550,3,NULL,NULL),(1053,551,78,NULL,NULL),(1054,552,5,NULL,NULL),(1055,552,71,NULL,NULL),(1056,552,85,NULL,NULL),(1057,553,104,NULL,NULL),(1058,554,52,NULL,NULL),(1059,555,35,NULL,NULL),(1060,556,41,NULL,NULL),(1061,556,61,NULL,NULL),(1062,556,98,NULL,NULL),(1063,557,5,NULL,NULL),(1064,557,26,NULL,NULL),(1065,558,6,NULL,NULL),(1066,558,11,NULL,NULL),(1067,559,26,NULL,NULL),(1068,559,66,NULL,NULL),(1069,560,14,NULL,NULL),(1070,561,100,NULL,NULL),(1071,562,53,NULL,NULL),(1072,562,107,NULL,NULL),(1073,563,18,NULL,NULL),(1074,564,8,NULL,NULL),(1075,564,24,NULL,NULL),(1076,565,21,NULL,NULL),(1077,566,19,NULL,NULL),(1078,566,54,NULL,NULL),(1079,566,85,NULL,NULL),(1080,567,32,NULL,NULL),(1081,567,57,NULL,NULL),(1082,567,64,NULL,NULL),(1083,568,8,NULL,NULL),(1084,569,16,NULL,NULL),(1085,569,51,NULL,NULL),(1086,569,80,NULL,NULL),(1087,570,64,NULL,NULL),(1088,570,96,NULL,NULL),(1089,570,100,NULL,NULL),(1090,571,21,NULL,NULL),(1091,571,86,NULL,NULL),(1092,572,40,NULL,NULL),(1093,573,57,NULL,NULL),(1094,573,62,NULL,NULL),(1095,573,68,NULL,NULL),(1096,574,69,NULL,NULL),(1097,574,76,NULL,NULL),(1098,574,106,NULL,NULL),(1099,575,59,NULL,NULL),(1100,576,57,NULL,NULL),(1101,576,66,NULL,NULL),(1102,576,102,NULL,NULL),(1103,577,4,NULL,NULL),(1104,577,67,NULL,NULL),(1105,577,88,NULL,NULL),(1106,578,33,NULL,NULL),(1107,578,36,NULL,NULL),(1108,578,59,NULL,NULL),(1109,579,53,NULL,NULL),(1110,579,82,NULL,NULL),(1111,579,88,NULL,NULL),(1112,580,79,NULL,NULL),(1113,581,25,NULL,NULL),(1114,581,54,NULL,NULL),(1115,582,8,NULL,NULL),(1116,582,13,NULL,NULL),(1117,583,75,NULL,NULL),(1118,584,18,NULL,NULL),(1119,585,31,NULL,NULL),(1120,585,74,NULL,NULL),(1121,586,47,NULL,NULL),(1122,587,10,NULL,NULL),(1123,587,36,NULL,NULL),(1124,587,84,NULL,NULL),(1125,588,38,NULL,NULL),(1126,589,52,NULL,NULL),(1127,590,65,NULL,NULL),(1128,590,84,NULL,NULL),(1129,591,53,NULL,NULL),(1130,591,55,NULL,NULL),(1131,591,71,NULL,NULL),(1132,592,13,NULL,NULL),(1133,592,33,NULL,NULL),(1134,592,68,NULL,NULL),(1135,593,61,NULL,NULL),(1136,593,103,NULL,NULL),(1137,594,22,NULL,NULL),(1138,594,94,NULL,NULL),(1139,594,102,NULL,NULL),(1140,595,19,NULL,NULL),(1141,596,3,NULL,NULL),(1142,596,94,NULL,NULL),(1143,597,27,NULL,NULL),(1144,597,90,NULL,NULL),(1145,598,5,NULL,NULL),(1146,599,4,NULL,NULL),(1147,600,27,NULL,NULL),(1148,601,26,NULL,NULL),(1149,601,81,NULL,NULL),(1150,602,90,NULL,NULL),(1151,603,90,NULL,NULL),(1152,603,92,NULL,NULL),(1153,604,41,NULL,NULL),(1154,605,28,NULL,NULL),(1155,605,49,NULL,NULL),(1156,605,88,NULL,NULL),(1157,606,11,NULL,NULL),(1158,606,18,NULL,NULL),(1159,607,51,NULL,NULL),(1160,607,70,NULL,NULL),(1161,608,51,NULL,NULL),(1162,608,82,NULL,NULL),(1163,609,15,NULL,NULL),(1164,609,45,NULL,NULL),(1165,609,75,NULL,NULL),(1166,610,73,NULL,NULL),(1167,611,30,NULL,NULL),(1168,611,69,NULL,NULL),(1169,611,77,NULL,NULL),(1170,612,14,NULL,NULL),(1171,613,7,NULL,NULL),(1172,613,63,NULL,NULL),(1173,613,106,NULL,NULL),(1174,614,33,NULL,NULL),(1175,614,41,NULL,NULL),(1176,614,84,NULL,NULL),(1177,615,4,NULL,NULL),(1178,616,7,NULL,NULL),(1179,617,15,NULL,NULL),(1180,617,17,NULL,NULL),(1181,617,87,NULL,NULL),(1182,618,70,NULL,NULL),(1183,618,75,NULL,NULL),(1184,619,6,NULL,NULL),(1185,620,29,NULL,NULL),(1186,621,25,NULL,NULL),(1187,622,10,NULL,NULL),(1188,623,93,NULL,NULL),(1189,624,32,NULL,NULL),(1190,624,61,NULL,NULL),(1191,624,103,NULL,NULL),(1192,625,39,NULL,NULL),(1193,625,64,NULL,NULL),(1194,625,99,NULL,NULL),(1195,626,17,NULL,NULL),(1196,626,51,NULL,NULL),(1197,626,67,NULL,NULL),(1198,627,33,NULL,NULL),(1199,627,42,NULL,NULL),(1200,627,51,NULL,NULL),(1201,628,22,NULL,NULL),(1202,628,77,NULL,NULL),(1203,629,91,NULL,NULL),(1204,630,30,NULL,NULL),(1205,630,53,NULL,NULL),(1206,630,97,NULL,NULL),(1207,631,18,NULL,NULL),(1208,632,57,NULL,NULL),(1209,632,61,NULL,NULL),(1210,632,85,NULL,NULL),(1211,633,40,NULL,NULL),(1212,634,33,NULL,NULL),(1213,634,37,NULL,NULL),(1214,634,66,NULL,NULL),(1215,635,70,NULL,NULL),(1216,636,23,NULL,NULL),(1217,636,82,NULL,NULL),(1218,637,72,NULL,NULL),(1219,637,99,NULL,NULL),(1220,638,26,NULL,NULL),(1221,639,46,NULL,NULL),(1222,640,2,NULL,NULL),(1223,640,57,NULL,NULL),(1224,641,3,NULL,NULL),(1225,641,40,NULL,NULL),(1226,641,45,NULL,NULL),(1227,642,105,NULL,NULL),(1228,643,95,NULL,NULL),(1229,644,6,NULL,NULL),(1230,644,17,NULL,NULL),(1231,644,105,NULL,NULL),(1232,645,20,NULL,NULL),(1233,645,108,NULL,NULL),(1234,646,22,NULL,NULL),(1235,646,58,NULL,NULL),(1236,647,48,NULL,NULL),(1237,647,57,NULL,NULL),(1238,648,27,NULL,NULL),(1239,648,50,NULL,NULL),(1240,649,14,NULL,NULL),(1241,649,57,NULL,NULL),(1242,650,23,NULL,NULL),(1243,650,53,NULL,NULL),(1244,650,60,NULL,NULL),(1245,651,23,NULL,NULL),(1246,651,54,NULL,NULL),(1247,651,74,NULL,NULL),(1248,652,102,NULL,NULL),(1249,653,18,NULL,NULL),(1250,653,19,NULL,NULL),(1251,653,106,NULL,NULL),(1252,654,58,NULL,NULL),(1253,655,4,NULL,NULL),(1254,655,14,NULL,NULL),(1255,655,85,NULL,NULL),(1256,656,57,NULL,NULL),(1257,656,80,NULL,NULL),(1258,656,99,NULL,NULL),(1259,657,38,NULL,NULL),(1260,658,35,NULL,NULL),(1261,658,72,NULL,NULL),(1262,658,91,NULL,NULL),(1263,659,36,NULL,NULL),(1264,659,42,NULL,NULL),(1265,659,101,NULL,NULL),(1266,660,50,NULL,NULL),(1267,661,14,NULL,NULL),(1268,662,52,NULL,NULL),(1269,663,54,NULL,NULL),(1270,664,7,NULL,NULL),(1271,664,16,NULL,NULL),(1272,664,73,NULL,NULL),(1273,665,30,NULL,NULL),(1274,665,36,NULL,NULL),(1275,665,43,NULL,NULL),(1276,666,6,NULL,NULL),(1277,666,54,NULL,NULL),(1278,666,101,NULL,NULL),(1279,667,50,NULL,NULL),(1280,668,48,NULL,NULL),(1281,669,38,NULL,NULL),(1282,669,76,NULL,NULL),(1283,669,79,NULL,NULL),(1284,670,68,NULL,NULL),(1285,671,27,NULL,NULL),(1286,671,57,NULL,NULL),(1287,672,56,NULL,NULL),(1288,672,64,NULL,NULL),(1289,673,1,NULL,NULL),(1290,674,41,NULL,NULL),(1291,674,81,NULL,NULL),(1292,674,106,NULL,NULL),(1293,675,35,NULL,NULL),(1294,676,6,NULL,NULL),(1295,676,53,NULL,NULL),(1296,676,108,NULL,NULL),(1297,677,3,NULL,NULL),(1298,678,43,NULL,NULL),(1299,679,26,NULL,NULL),(1300,680,15,NULL,NULL),(1301,680,57,NULL,NULL),(1302,681,9,NULL,NULL),(1303,681,37,NULL,NULL),(1304,681,38,NULL,NULL),(1305,682,23,NULL,NULL),(1306,682,38,NULL,NULL),(1307,683,42,NULL,NULL),(1308,683,85,NULL,NULL),(1309,684,40,NULL,NULL),(1310,684,94,NULL,NULL),(1311,684,104,NULL,NULL),(1312,685,46,NULL,NULL),(1313,685,53,NULL,NULL),(1314,686,47,NULL,NULL),(1315,686,61,NULL,NULL),(1316,687,22,NULL,NULL),(1317,687,68,NULL,NULL),(1318,687,103,NULL,NULL),(1319,688,3,NULL,NULL),(1320,688,57,NULL,NULL),(1321,689,105,NULL,NULL),(1322,690,14,NULL,NULL),(1323,690,51,NULL,NULL),(1324,691,104,NULL,NULL),(1325,692,88,NULL,NULL),(1326,693,44,NULL,NULL),(1327,693,85,NULL,NULL),(1328,694,26,NULL,NULL),(1329,694,27,NULL,NULL),(1330,695,83,NULL,NULL),(1331,696,13,NULL,NULL),(1332,697,14,NULL,NULL),(1333,698,105,NULL,NULL),(1334,699,68,NULL,NULL),(1335,699,80,NULL,NULL),(1336,700,36,NULL,NULL),(1337,700,92,NULL,NULL),(1338,701,7,NULL,NULL),(1339,701,41,NULL,NULL),(1340,702,49,NULL,NULL),(1341,702,59,NULL,NULL),(1342,703,36,NULL,NULL),(1343,703,102,NULL,NULL),(1344,704,68,NULL,NULL),(1345,704,96,NULL,NULL),(1346,705,6,NULL,NULL),(1347,705,57,NULL,NULL),(1348,705,95,NULL,NULL),(1349,706,36,NULL,NULL),(1350,706,70,NULL,NULL),(1351,706,107,NULL,NULL),(1352,707,8,NULL,NULL),(1353,707,99,NULL,NULL),(1354,707,105,NULL,NULL),(1355,708,45,NULL,NULL),(1356,708,105,NULL,NULL),(1357,709,29,NULL,NULL),(1358,710,49,NULL,NULL),(1359,710,79,NULL,NULL),(1360,711,57,NULL,NULL),(1361,711,93,NULL,NULL),(1362,712,76,NULL,NULL),(1363,713,17,NULL,NULL),(1364,713,54,NULL,NULL),(1365,714,58,NULL,NULL),(1366,715,9,NULL,NULL),(1367,715,68,NULL,NULL),(1368,716,57,NULL,NULL),(1369,716,104,NULL,NULL),(1370,717,36,NULL,NULL),(1371,717,37,NULL,NULL),(1372,717,96,NULL,NULL),(1373,718,57,NULL,NULL),(1374,719,9,NULL,NULL),(1375,719,63,NULL,NULL),(1376,719,76,NULL,NULL),(1377,720,3,NULL,NULL),(1378,720,48,NULL,NULL),(1379,721,7,NULL,NULL),(1380,721,53,NULL,NULL),(1381,721,74,NULL,NULL),(1382,722,47,NULL,NULL),(1383,722,102,NULL,NULL),(1384,723,18,NULL,NULL),(1385,723,56,NULL,NULL),(1386,724,67,NULL,NULL),(1387,725,2,NULL,NULL),(1388,725,9,NULL,NULL),(1389,725,31,NULL,NULL),(1390,726,83,NULL,NULL),(1391,727,3,NULL,NULL),(1392,727,79,NULL,NULL),(1393,728,25,NULL,NULL),(1394,728,59,NULL,NULL),(1395,728,72,NULL,NULL),(1396,729,7,NULL,NULL),(1397,729,36,NULL,NULL),(1398,730,11,NULL,NULL),(1399,730,34,NULL,NULL),(1400,731,18,NULL,NULL),(1401,731,71,NULL,NULL),(1402,732,21,NULL,NULL),(1403,732,76,NULL,NULL),(1404,732,85,NULL,NULL),(1405,733,69,NULL,NULL),(1406,733,88,NULL,NULL),(1407,734,31,NULL,NULL),(1408,734,50,NULL,NULL),(1409,734,93,NULL,NULL),(1410,735,66,NULL,NULL),(1411,735,91,NULL,NULL),(1412,736,87,NULL,NULL),(1413,737,25,NULL,NULL),(1414,737,33,NULL,NULL),(1415,738,94,NULL,NULL),(1416,739,26,NULL,NULL),(1417,739,100,NULL,NULL),(1418,740,37,NULL,NULL),(1419,740,46,NULL,NULL),(1420,740,106,NULL,NULL),(1421,741,20,NULL,NULL),(1422,741,74,NULL,NULL),(1423,741,84,NULL,NULL),(1424,742,93,NULL,NULL),(1425,743,41,NULL,NULL),(1426,743,83,NULL,NULL),(1427,743,105,NULL,NULL),(1428,744,50,NULL,NULL),(1429,744,91,NULL,NULL),(1430,745,28,NULL,NULL),(1431,745,67,NULL,NULL),(1432,745,73,NULL,NULL),(1433,746,19,NULL,NULL),(1434,746,69,NULL,NULL),(1435,746,70,NULL,NULL),(1436,747,86,NULL,NULL),(1437,747,90,NULL,NULL),(1438,748,66,NULL,NULL),(1439,749,3,NULL,NULL),(1440,749,8,NULL,NULL),(1441,749,79,NULL,NULL),(1442,750,58,NULL,NULL),(1443,750,60,NULL,NULL),(1444,750,104,NULL,NULL),(1445,751,69,NULL,NULL),(1446,751,108,NULL,NULL),(1447,752,31,NULL,NULL),(1448,752,92,NULL,NULL),(1449,752,103,NULL,NULL),(1450,753,31,NULL,NULL),(1451,753,50,NULL,NULL),(1452,754,10,NULL,NULL),(1453,754,39,NULL,NULL),(1454,754,42,NULL,NULL),(1455,755,102,NULL,NULL),(1456,756,6,NULL,NULL),(1457,756,55,NULL,NULL),(1458,756,61,NULL,NULL),(1459,757,25,NULL,NULL),(1460,757,43,NULL,NULL),(1461,757,92,NULL,NULL),(1462,758,10,NULL,NULL),(1463,759,1,NULL,NULL),(1464,759,29,NULL,NULL),(1465,760,13,NULL,NULL),(1466,760,60,NULL,NULL),(1467,760,64,NULL,NULL),(1468,761,17,NULL,NULL),(1469,761,57,NULL,NULL),(1470,762,56,NULL,NULL),(1471,762,58,NULL,NULL),(1472,763,23,NULL,NULL),(1473,764,45,NULL,NULL),(1474,764,54,NULL,NULL),(1475,765,65,NULL,NULL),(1476,766,26,NULL,NULL),(1477,766,49,NULL,NULL),(1478,766,64,NULL,NULL),(1479,767,58,NULL,NULL),(1480,767,100,NULL,NULL),(1481,767,104,NULL,NULL),(1482,768,1,NULL,NULL),(1483,768,75,NULL,NULL),(1484,768,78,NULL,NULL),(1485,769,15,NULL,NULL),(1486,769,70,NULL,NULL),(1487,770,20,NULL,NULL),(1488,770,33,NULL,NULL),(1489,770,53,NULL,NULL),(1490,771,50,NULL,NULL),(1491,771,77,NULL,NULL),(1492,771,104,NULL,NULL),(1493,772,30,NULL,NULL),(1494,772,47,NULL,NULL),(1495,772,86,NULL,NULL),(1496,773,10,NULL,NULL),(1497,773,31,NULL,NULL),(1498,773,52,NULL,NULL),(1499,774,10,NULL,NULL),(1500,774,54,NULL,NULL),(1501,774,66,NULL,NULL),(1502,775,42,NULL,NULL),(1503,775,47,NULL,NULL),(1504,775,71,NULL,NULL),(1505,776,25,NULL,NULL),(1506,776,70,NULL,NULL),(1507,777,71,NULL,NULL),(1508,778,64,NULL,NULL),(1509,779,62,NULL,NULL),(1510,780,23,NULL,NULL),(1511,780,46,NULL,NULL),(1512,781,10,NULL,NULL),(1513,781,77,NULL,NULL),(1514,781,84,NULL,NULL),(1515,782,2,NULL,NULL),(1516,783,102,NULL,NULL),(1517,784,27,NULL,NULL),(1518,785,100,NULL,NULL),(1519,785,104,NULL,NULL),(1520,786,49,NULL,NULL),(1521,786,61,NULL,NULL),(1522,787,19,NULL,NULL),(1523,787,21,NULL,NULL),(1524,787,56,NULL,NULL),(1525,788,24,NULL,NULL),(1526,788,54,NULL,NULL),(1527,789,29,NULL,NULL),(1528,790,15,NULL,NULL),(1529,790,30,NULL,NULL),(1530,791,14,NULL,NULL),(1531,791,104,NULL,NULL),(1532,792,27,NULL,NULL),(1533,792,37,NULL,NULL),(1534,793,55,NULL,NULL),(1535,794,72,NULL,NULL),(1536,794,85,NULL,NULL),(1537,794,103,NULL,NULL),(1538,795,45,NULL,NULL),(1539,795,76,NULL,NULL),(1540,796,22,NULL,NULL),(1541,796,37,NULL,NULL),(1542,796,62,NULL,NULL),(1543,797,8,NULL,NULL),(1544,797,53,NULL,NULL),(1545,798,73,NULL,NULL),(1546,799,57,NULL,NULL),(1547,799,90,NULL,NULL),(1548,800,65,NULL,NULL),(1549,801,80,NULL,NULL),(1550,802,69,NULL,NULL),(1551,802,76,NULL,NULL),(1552,802,92,NULL,NULL),(1553,803,85,NULL,NULL),(1554,804,6,NULL,NULL),(1555,804,45,NULL,NULL),(1556,804,53,NULL,NULL),(1557,805,11,NULL,NULL),(1558,805,61,NULL,NULL),(1559,806,78,NULL,NULL),(1560,807,41,NULL,NULL),(1561,808,89,NULL,NULL),(1562,809,25,NULL,NULL),(1563,810,10,NULL,NULL),(1564,810,30,NULL,NULL),(1565,810,80,NULL,NULL),(1566,811,56,NULL,NULL),(1567,811,59,NULL,NULL),(1568,812,80,NULL,NULL),(1569,813,5,NULL,NULL),(1570,813,6,NULL,NULL),(1571,813,14,NULL,NULL),(1572,814,29,NULL,NULL),(1573,814,56,NULL,NULL),(1574,815,37,NULL,NULL),(1575,815,106,NULL,NULL),(1576,816,62,NULL,NULL),(1577,816,77,NULL,NULL),(1578,817,21,NULL,NULL),(1579,817,55,NULL,NULL),(1580,817,99,NULL,NULL),(1581,818,7,NULL,NULL),(1582,818,48,NULL,NULL),(1583,819,5,NULL,NULL),(1584,819,46,NULL,NULL),(1585,820,47,NULL,NULL),(1586,820,50,NULL,NULL),(1587,821,7,NULL,NULL),(1588,821,15,NULL,NULL),(1589,821,38,NULL,NULL),(1590,822,14,NULL,NULL),(1591,822,39,NULL,NULL),(1592,823,34,NULL,NULL),(1593,824,3,NULL,NULL),(1594,824,99,NULL,NULL),(1595,825,6,NULL,NULL),(1596,825,29,NULL,NULL),(1597,825,35,NULL,NULL),(1598,826,30,NULL,NULL),(1599,826,33,NULL,NULL),(1600,826,103,NULL,NULL),(1601,827,55,NULL,NULL),(1602,827,81,NULL,NULL),(1603,828,2,NULL,NULL),(1604,828,4,NULL,NULL),(1605,828,95,NULL,NULL),(1606,829,7,NULL,NULL),(1607,829,25,NULL,NULL),(1608,830,16,NULL,NULL),(1609,830,31,NULL,NULL),(1610,830,42,NULL,NULL),(1611,831,29,NULL,NULL),(1612,831,41,NULL,NULL),(1613,831,42,NULL,NULL),(1614,832,57,NULL,NULL),(1615,833,38,NULL,NULL),(1616,834,57,NULL,NULL),(1617,834,82,NULL,NULL),(1618,835,89,NULL,NULL),(1619,836,68,NULL,NULL),(1620,837,25,NULL,NULL),(1621,837,31,NULL,NULL),(1622,838,104,NULL,NULL),(1623,838,106,NULL,NULL),(1624,839,71,NULL,NULL),(1625,840,50,NULL,NULL),(1626,840,75,NULL,NULL),(1627,840,97,NULL,NULL),(1628,841,2,NULL,NULL),(1629,842,54,NULL,NULL),(1630,842,57,NULL,NULL),(1631,842,108,NULL,NULL),(1632,843,10,NULL,NULL),(1633,843,42,NULL,NULL),(1634,843,103,NULL,NULL),(1635,844,50,NULL,NULL),(1636,844,71,NULL,NULL),(1637,844,108,NULL,NULL),(1638,845,51,NULL,NULL),(1639,845,52,NULL,NULL),(1640,845,66,NULL,NULL),(1641,846,34,NULL,NULL),(1642,846,56,NULL,NULL),(1643,846,75,NULL,NULL),(1644,847,8,NULL,NULL),(1645,847,88,NULL,NULL),(1646,847,107,NULL,NULL),(1647,848,11,NULL,NULL),(1648,849,50,NULL,NULL),(1649,850,19,NULL,NULL),(1650,851,83,NULL,NULL),(1651,851,86,NULL,NULL),(1652,852,101,NULL,NULL),(1653,853,3,NULL,NULL),(1654,853,55,NULL,NULL),(1655,854,7,NULL,NULL),(1656,855,1,NULL,NULL),(1657,856,9,NULL,NULL),(1658,856,46,NULL,NULL),(1659,857,10,NULL,NULL),(1660,857,58,NULL,NULL),(1661,857,80,NULL,NULL),(1662,858,38,NULL,NULL),(1663,859,9,NULL,NULL),(1664,859,60,NULL,NULL),(1665,860,51,NULL,NULL),(1666,860,75,NULL,NULL),(1667,860,89,NULL,NULL),(1668,861,52,NULL,NULL),(1669,862,2,NULL,NULL),(1670,862,86,NULL,NULL),(1671,863,66,NULL,NULL),(1672,864,90,NULL,NULL),(1673,864,100,NULL,NULL),(1674,865,38,NULL,NULL),(1675,866,28,NULL,NULL),(1676,867,46,NULL,NULL),(1677,868,27,NULL,NULL),(1678,869,50,NULL,NULL),(1679,869,57,NULL,NULL),(1680,870,25,NULL,NULL),(1681,871,1,NULL,NULL),(1682,871,4,NULL,NULL),(1683,871,79,NULL,NULL),(1684,872,28,NULL,NULL),(1685,872,43,NULL,NULL),(1686,873,26,NULL,NULL),(1687,873,58,NULL,NULL),(1688,873,67,NULL,NULL),(1689,874,2,NULL,NULL),(1690,874,26,NULL,NULL),(1691,874,63,NULL,NULL),(1692,875,16,NULL,NULL),(1693,875,59,NULL,NULL),(1694,876,90,NULL,NULL),(1695,876,92,NULL,NULL),(1696,877,66,NULL,NULL),(1697,878,2,NULL,NULL),(1698,878,50,NULL,NULL),(1699,878,85,NULL,NULL),(1700,879,20,NULL,NULL),(1701,879,58,NULL,NULL),(1702,879,73,NULL,NULL),(1703,880,85,NULL,NULL),(1704,880,96,NULL,NULL),(1705,880,99,NULL,NULL),(1706,881,11,NULL,NULL),(1707,881,50,NULL,NULL),(1708,881,65,NULL,NULL),(1709,882,15,NULL,NULL),(1710,882,67,NULL,NULL),(1711,883,67,NULL,NULL),(1712,883,68,NULL,NULL),(1713,884,2,NULL,NULL),(1714,884,51,NULL,NULL),(1715,884,98,NULL,NULL),(1716,885,78,NULL,NULL),(1717,885,80,NULL,NULL),(1718,885,95,NULL,NULL),(1719,886,44,NULL,NULL),(1720,886,95,NULL,NULL),(1721,887,61,NULL,NULL),(1722,888,52,NULL,NULL),(1723,889,103,NULL,NULL),(1724,890,30,NULL,NULL),(1725,891,51,NULL,NULL),(1726,892,30,NULL,NULL),(1727,892,78,NULL,NULL),(1728,893,59,NULL,NULL),(1729,893,98,NULL,NULL),(1730,894,11,NULL,NULL),(1731,894,76,NULL,NULL),(1732,895,48,NULL,NULL),(1733,895,88,NULL,NULL),(1734,895,107,NULL,NULL),(1735,896,48,NULL,NULL),(1736,896,77,NULL,NULL),(1737,897,43,NULL,NULL),(1738,898,48,NULL,NULL),(1739,898,96,NULL,NULL),(1740,899,8,NULL,NULL),(1741,899,39,NULL,NULL),(1742,899,89,NULL,NULL),(1743,900,5,NULL,NULL),(1744,900,17,NULL,NULL),(1745,900,94,NULL,NULL),(1746,901,41,NULL,NULL),(1747,901,53,NULL,NULL),(1748,901,105,NULL,NULL),(1749,902,33,NULL,NULL),(1750,903,86,NULL,NULL),(1751,903,101,NULL,NULL),(1752,904,28,NULL,NULL),(1753,904,82,NULL,NULL),(1754,905,58,NULL,NULL),(1755,905,108,NULL,NULL),(1756,906,45,NULL,NULL),(1757,906,88,NULL,NULL),(1758,907,49,NULL,NULL),(1759,908,22,NULL,NULL),(1760,908,68,NULL,NULL),(1761,908,72,NULL,NULL),(1762,909,96,NULL,NULL),(1763,910,20,NULL,NULL),(1764,911,21,NULL,NULL),(1765,911,69,NULL,NULL),(1766,911,83,NULL,NULL),(1767,912,10,NULL,NULL),(1768,912,22,NULL,NULL),(1769,913,87,NULL,NULL),(1770,914,11,NULL,NULL),(1771,915,53,NULL,NULL),(1772,915,77,NULL,NULL),(1773,915,95,NULL,NULL),(1774,916,73,NULL,NULL),(1775,916,79,NULL,NULL),(1776,917,3,NULL,NULL),(1777,917,77,NULL,NULL),(1778,917,101,NULL,NULL),(1779,918,40,NULL,NULL),(1780,918,44,NULL,NULL),(1781,918,86,NULL,NULL),(1782,919,22,NULL,NULL),(1783,920,24,NULL,NULL),(1784,920,30,NULL,NULL),(1785,920,103,NULL,NULL),(1786,921,25,NULL,NULL),(1787,922,107,NULL,NULL),(1788,923,72,NULL,NULL),(1789,924,96,NULL,NULL),(1790,925,14,NULL,NULL),(1791,925,23,NULL,NULL),(1792,925,33,NULL,NULL),(1793,926,66,NULL,NULL),(1794,927,6,NULL,NULL),(1795,927,40,NULL,NULL),(1796,927,107,NULL,NULL),(1797,928,103,NULL,NULL),(1798,929,84,NULL,NULL),(1799,929,86,NULL,NULL),(1800,930,26,NULL,NULL),(1801,931,9,NULL,NULL),(1802,932,19,NULL,NULL),(1803,932,25,NULL,NULL),(1804,933,60,NULL,NULL),(1805,933,87,NULL,NULL),(1806,934,38,NULL,NULL),(1807,935,20,NULL,NULL),(1808,935,61,NULL,NULL),(1809,935,76,NULL,NULL),(1810,936,71,NULL,NULL),(1811,936,78,NULL,NULL),(1812,936,94,NULL,NULL),(1813,937,8,NULL,NULL),(1814,937,13,NULL,NULL),(1815,938,108,NULL,NULL),(1816,939,32,NULL,NULL),(1817,939,74,NULL,NULL),(1818,940,20,NULL,NULL),(1819,940,25,NULL,NULL),(1820,940,39,NULL,NULL),(1821,941,44,NULL,NULL),(1822,941,67,NULL,NULL),(1823,941,73,NULL,NULL),(1824,942,4,NULL,NULL),(1825,942,53,NULL,NULL),(1826,943,29,NULL,NULL),(1827,943,56,NULL,NULL),(1828,943,80,NULL,NULL),(1829,944,72,NULL,NULL),(1830,944,86,NULL,NULL),(1831,945,47,NULL,NULL),(1832,945,85,NULL,NULL),(1833,946,22,NULL,NULL),(1834,946,23,NULL,NULL),(1835,947,3,NULL,NULL),(1836,948,28,NULL,NULL),(1837,948,55,NULL,NULL),(1838,948,101,NULL,NULL),(1839,949,3,NULL,NULL),(1840,949,75,NULL,NULL),(1841,950,71,NULL,NULL),(1842,950,100,NULL,NULL),(1843,950,106,NULL,NULL),(1844,951,39,NULL,NULL),(1845,951,66,NULL,NULL),(1846,952,74,NULL,NULL),(1847,952,102,NULL,NULL),(1848,952,106,NULL,NULL),(1849,953,70,NULL,NULL),(1850,953,99,NULL,NULL),(1851,954,68,NULL,NULL),(1852,954,96,NULL,NULL),(1853,955,13,NULL,NULL),(1854,955,38,NULL,NULL),(1855,956,8,NULL,NULL),(1856,956,36,NULL,NULL),(1857,957,46,NULL,NULL),(1858,957,67,NULL,NULL),(1859,958,9,NULL,NULL),(1860,958,71,NULL,NULL),(1861,959,48,NULL,NULL),(1862,960,29,NULL,NULL),(1863,960,78,NULL,NULL),(1864,960,103,NULL,NULL),(1865,961,76,NULL,NULL),(1866,961,101,NULL,NULL),(1867,962,4,NULL,NULL),(1868,962,78,NULL,NULL),(1869,963,16,NULL,NULL),(1870,964,65,NULL,NULL),(1871,964,89,NULL,NULL),(1872,964,104,NULL,NULL),(1873,965,11,NULL,NULL),(1874,965,38,NULL,NULL),(1875,966,42,NULL,NULL),(1876,966,105,NULL,NULL),(1877,967,45,NULL,NULL),(1878,967,86,NULL,NULL),(1879,967,90,NULL,NULL),(1880,968,68,NULL,NULL),(1881,968,87,NULL,NULL),(1882,969,3,NULL,NULL),(1883,970,83,NULL,NULL),(1884,970,85,NULL,NULL),(1885,970,105,NULL,NULL),(1886,971,68,NULL,NULL),(1887,971,102,NULL,NULL),(1888,971,108,NULL,NULL),(1889,972,22,NULL,NULL),(1890,972,78,NULL,NULL),(1891,973,37,NULL,NULL),(1892,973,58,NULL,NULL),(1893,973,98,NULL,NULL),(1894,974,8,NULL,NULL),(1895,974,49,NULL,NULL),(1896,975,46,NULL,NULL),(1897,975,59,NULL,NULL),(1898,975,105,NULL,NULL),(1899,976,87,NULL,NULL),(1900,976,89,NULL,NULL),(1901,976,90,NULL,NULL),(1902,977,14,NULL,NULL),(1903,977,21,NULL,NULL),(1904,977,56,NULL,NULL),(1905,978,18,NULL,NULL),(1906,979,3,NULL,NULL),(1907,979,15,NULL,NULL),(1908,979,25,NULL,NULL),(1909,980,47,NULL,NULL),(1910,981,55,NULL,NULL),(1911,981,64,NULL,NULL),(1912,982,23,NULL,NULL),(1913,982,97,NULL,NULL),(1914,983,32,NULL,NULL),(1915,983,66,NULL,NULL),(1916,984,31,NULL,NULL),(1917,984,48,NULL,NULL),(1918,984,64,NULL,NULL),(1919,985,12,NULL,NULL),(1920,985,71,NULL,NULL),(1921,986,37,NULL,NULL),(1922,987,10,NULL,NULL),(1923,987,108,NULL,NULL),(1924,988,77,NULL,NULL),(1925,988,102,NULL,NULL),(1926,989,42,NULL,NULL),(1927,989,47,NULL,NULL),(1928,989,69,NULL,NULL),(1929,990,62,NULL,NULL),(1930,991,6,NULL,NULL),(1931,991,62,NULL,NULL),(1932,991,101,NULL,NULL),(1933,992,63,NULL,NULL),(1934,992,74,NULL,NULL),(1935,992,76,NULL,NULL),(1936,993,46,NULL,NULL),(1937,994,7,NULL,NULL),(1938,994,79,NULL,NULL),(1939,994,105,NULL,NULL),(1940,995,38,NULL,NULL),(1941,996,26,NULL,NULL),(1942,996,37,NULL,NULL),(1943,996,81,NULL,NULL),(1944,997,102,NULL,NULL),(1945,998,36,NULL,NULL),(1946,998,52,NULL,NULL),(1947,998,101,NULL,NULL),(1948,999,30,NULL,NULL),(1949,999,87,NULL,NULL),(1950,1000,2,NULL,NULL),(1951,1001,86,NULL,NULL),(1952,1002,93,NULL,NULL),(1953,1002,97,NULL,NULL),(1954,1003,74,NULL,NULL),(1955,1004,7,NULL,NULL),(1956,1004,89,NULL,NULL),(1957,1005,31,NULL,NULL),(1958,1006,34,NULL,NULL),(1959,1006,89,NULL,NULL),(1960,1007,78,NULL,NULL),(1961,1008,22,NULL,NULL),(1962,1008,98,NULL,NULL),(1963,1009,49,NULL,NULL),(1964,1009,59,NULL,NULL),(1965,1009,108,NULL,NULL),(1966,1010,48,NULL,NULL),(1967,1010,105,NULL,NULL),(1968,1011,75,NULL,NULL),(1969,1012,11,NULL,NULL),(1970,1012,18,NULL,NULL),(1971,1013,18,NULL,NULL),(1972,1013,71,NULL,NULL),(1973,1013,80,NULL,NULL),(1974,1014,2,NULL,NULL),(1975,1014,31,NULL,NULL),(1976,1014,90,NULL,NULL),(1977,1015,2,NULL,NULL),(1978,1015,61,NULL,NULL),(1979,1015,107,NULL,NULL),(1980,1016,15,NULL,NULL),(1981,1017,63,NULL,NULL),(1982,1017,94,NULL,NULL),(1983,1018,48,NULL,NULL),(1984,1018,97,NULL,NULL),(1985,1019,52,NULL,NULL),(1986,1020,22,NULL,NULL),(1987,1021,28,NULL,NULL),(1988,1021,52,NULL,NULL),(1989,1022,20,NULL,NULL),(1990,1022,23,NULL,NULL),(1991,1023,32,NULL,NULL),(1992,1023,46,NULL,NULL),(1993,1024,22,NULL,NULL),(1994,1024,71,NULL,NULL),(1995,1025,5,NULL,NULL),(1996,1025,83,NULL,NULL),(1997,1026,4,NULL,NULL),(1998,1027,1,NULL,NULL);

--
-- Table structure for table `search_histories`
--

CREATE TABLE `search_histories` (
  `id` bigint unsigned NOT NULL AUTO_INCREMENT,
  `user_id` bigint unsigned NOT NULL,
  `query` varchar(255) CHARACTER SET utf8mb4 COLLATE utf8mb4_unicode_ci NOT NULL,
  `created_at` timestamp NULL DEFAULT NULL,
  `updated_at` timestamp NULL DEFAULT NULL,
  PRIMARY KEY (`id`),
  KEY `search_histories_user_id_foreign` (`user_id`),
  CONSTRAINT `search_histories_user_id_foreign` FOREIGN KEY (`user_id`) REFERENCES `users` (`id`) ON DELETE CASCADE
) ENGINE=InnoDB DEFAULT CHARSET=utf8mb4 COLLATE=utf8mb4_unicode_ci;

--
-- Dumping data for table `search_histories`
--


--
-- Table structure for table `seo_settings`
--

CREATE TABLE `seo_settings` (
  `id` bigint unsigned NOT NULL AUTO_INCREMENT,
  `page_name` varchar(255) COLLATE utf8mb4_unicode_ci NOT NULL,
  `schema_markup` longtext COLLATE utf8mb4_unicode_ci,
  PRIMARY KEY (`id`),
  UNIQUE KEY `seo_settings_page_name_unique` (`page_name`)
) ENGINE=InnoDB DEFAULT CHARSET=utf8mb4 COLLATE=utf8mb4_unicode_ci;

--
-- Dumping data for table `seo_settings`
--


--
-- Table structure for table `sessions`
--

CREATE TABLE `sessions` (
  `id` varchar(255) COLLATE utf8mb4_unicode_ci NOT NULL,
  `user_id` bigint unsigned DEFAULT NULL,
  `ip_address` varchar(45) COLLATE utf8mb4_unicode_ci DEFAULT NULL,
  `user_agent` text COLLATE utf8mb4_unicode_ci,
  `payload` longtext COLLATE utf8mb4_unicode_ci NOT NULL,
  `last_activity` int NOT NULL,
  PRIMARY KEY (`id`),
  KEY `sessions_user_id_index` (`user_id`),
  KEY `sessions_last_activity_index` (`last_activity`)
) ENGINE=InnoDB DEFAULT CHARSET=utf8mb4 COLLATE=utf8mb4_unicode_ci;

--
-- Dumping data for table `sessions`
--

INSERT INTO `sessions` VALUES ('g1tBwomhjof9moQ8vUzsWvwzO8TOvUmCo8Xk7rUr',NULL,'127.0.0.1','Mozilla/5.0 (Windows NT 10.0; Win64; x64) AppleWebKit/537.36 (KHTML, like Gecko) Chrome/144.0.0.0 Safari/537.36','YTo0OntzOjY6Il90b2tlbiI7czo0MDoiYmUwS1ZuSUZJM2c0Wm84dXpoSTBjYTA4aE0xZUF4eFdtMGN2OGxqRSI7czozOiJ1cmwiO2E6MTp7czo4OiJpbnRlbmRlZCI7czozMzoiaHR0cDovL2xvY2FsaG9zdDo4MDAwL2FkbWluL3VzZXJzIjt9czo5OiJfcHJldmlvdXMiO2E6Mjp7czozOiJ1cmwiO3M6Mjc6Imh0dHA6Ly9sb2NhbGhvc3Q6ODAwMC9sb2dpbiI7czo1OiJyb3V0ZSI7czo1OiJsb2dpbiI7fXM6NjoiX2ZsYXNoIjthOjI6e3M6Mzoib2xkIjthOjA6e31zOjM6Im5ldyI7YTowOnt9fX0=',1770193110),('KG0aFN3Cef5CSk19vFlU7SYGaC8IHY1lWeK9UMWS',2,'127.0.0.1','Mozilla/5.0 (Windows NT 10.0; Win64; x64) AppleWebKit/537.36 (KHTML, like Gecko) Chrome/144.0.0.0 Safari/537.36','YTo0OntzOjY6Il90b2tlbiI7czo0MDoiMVNocUtPaUZwdDQ5eXhaVGZjVFd1Z3VEZW10ZkRZWEhEZnd2QWRjYiI7czo2OiJfZmxhc2giO2E6Mjp7czozOiJvbGQiO2E6MDp7fXM6MzoibmV3IjthOjA6e319czo5OiJfcHJldmlvdXMiO2E6Mjp7czozOiJ1cmwiO3M6NDA6Imh0dHA6Ly9sb2NhbGhvc3Q6ODAwMC9hc3Ryb2xvZ2VyL2NoYXQvMTciO3M6NToicm91dGUiO3M6MjA6ImFzdHJvbG9nZXIuY2hhdC5yb29tIjt9czo1MDoibG9naW5fd2ViXzU5YmEzNmFkZGMyYjJmOTQwMTU4MGYwMTRjN2Y1OGVhNGUzMDk4OWQiO2k6Mjt9',1770198940),('uRGMbQy3Ri7uXOMpNy3zwZaEUCPjGcveHUguls11',NULL,'127.0.0.1','Mozilla/5.0 (Windows NT 10.0; Win64; x64) AppleWebKit/537.36 (KHTML, like Gecko) Chrome/144.0.0.0 Safari/537.36','YTozOntzOjY6Il90b2tlbiI7czo0MDoiS25WMEZ4aVdsUUJUdk01MjFhQkJJU2tyNklrWEJiOXlVODBsQWZ6RSI7czo2OiJfZmxhc2giO2E6Mjp7czozOiJvbGQiO2E6MDp7fXM6MzoibmV3IjthOjA6e319czo5OiJfcHJldmlvdXMiO2E6Mjp7czozOiJ1cmwiO3M6NzA6Imh0dHA6Ly9sb2NhbGhvc3Q6ODAwMC9zaG9wL3Byb2R1Y3QvcHJvZHVjdC1kZXNlcnVudC1hbWV0LXByb3ZpZGVudC0xOTciO3M6NToicm91dGUiO3M6MTI6InNob3AucHJvZHVjdCI7fX0=',1770199070),('yAJTCtkx99JEvgOBdxALLbky62vTLkT6l78gfZoH',NULL,'127.0.0.1','Mozilla/5.0 (Windows NT 10.0; Win64; x64) AppleWebKit/537.36 (KHTML, like Gecko) Chrome/144.0.0.0 Safari/537.36','YTozOntzOjY6Il90b2tlbiI7czo0MDoiRVZiOEE2QkN3NzJsQ3pENW41NlhYSURxM3FGVDJMMzM4ZWpXM1RyNCI7czo5OiJfcHJldmlvdXMiO2E6Mjp7czozOiJ1cmwiO3M6MjE6Imh0dHA6Ly9sb2NhbGhvc3Q6ODAwMCI7czo1OiJyb3V0ZSI7czo0OiJob21lIjt9czo2OiJfZmxhc2giO2E6Mjp7czozOiJvbGQiO2E6MDp7fXM6MzoibmV3IjthOjA6e319fQ==',1770566216),('YclYSv3emjmR0XdNlvqqv2jTKr60e0D8YcwoF0KZ',NULL,'127.0.0.1','Mozilla/5.0 (Windows NT 10.0; Win64; x64) AppleWebKit/537.36 (KHTML, like Gecko) Chrome/144.0.0.0 Safari/537.36','YTozOntzOjY6Il90b2tlbiI7czo0MDoidU9FQVRzUHIyZXMzcEMxcVZ4eUsxTUJxNXJZTHBjWkZUbG1lajR3cyI7czo5OiJfcHJldmlvdXMiO2E6Mjp7czozOiJ1cmwiO3M6NjU6Imh0dHA6Ly9sb2NhbGhvc3Q6ODAwMC9wb29qYS1zZXJ2aWNlcy9rYWFsLXNhcnAtZG9zaC1uaXZhcmFuLXBvb2phIjtzOjU6InJvdXRlIjtzOjE5OiJwb29qYS1zZXJ2aWNlcy5zaG93Ijt9czo2OiJfZmxhc2giO2E6Mjp7czozOiJvbGQiO2E6MDp7fXM6MzoibmV3IjthOjA6e319fQ==',1770571099);

--
-- Table structure for table `settings`
--

CREATE TABLE `settings` (
  `id` bigint unsigned NOT NULL AUTO_INCREMENT,
  `key` varchar(255) COLLATE utf8mb4_unicode_ci NOT NULL,
  `value` text COLLATE utf8mb4_unicode_ci,
  `created_at` timestamp NULL DEFAULT NULL,
  `updated_at` timestamp NULL DEFAULT NULL,
  PRIMARY KEY (`id`),
  UNIQUE KEY `settings_key_unique` (`key`)
) ENGINE=InnoDB AUTO_INCREMENT=18 DEFAULT CHARSET=utf8mb4 COLLATE=utf8mb4_unicode_ci;

--
-- Dumping data for table `settings`
--

INSERT INTO `settings` VALUES (1,'admin_commission','10','2026-01-28 01:16:11','2026-01-28 01:21:52'),(2,'marketplace_commission','2','2026-01-28 01:16:11','2026-01-28 06:45:48'),(3,'tds_deduction','5','2026-01-28 01:16:11','2026-01-28 06:45:48'),(4,'razorpay_key','rzp_test_1DP5mmOlF5G5ag','2026-01-28 01:16:11','2026-01-28 01:37:05'),(5,'razorpay_secret','6gS9A6y2222JpXfA','2026-01-28 01:16:11','2026-01-28 01:21:32'),(6,'razorpay_status','1','2026-01-28 01:16:11','2026-01-28 01:16:11'),(7,'paypal_client_id',NULL,'2026-01-28 01:16:11','2026-01-28 01:16:11'),(8,'paypal_secret',NULL,'2026-01-28 01:16:11','2026-01-28 01:16:11'),(9,'paypal_mode','sandbox','2026-01-28 01:16:11','2026-01-28 01:16:11'),(10,'paypal_status','0','2026-01-28 01:16:11','2026-01-28 01:16:11'),(11,'stripe_key',NULL,'2026-01-28 01:16:11','2026-01-28 01:16:11'),(12,'stripe_secret',NULL,'2026-01-28 01:16:11','2026-01-28 01:16:11'),(13,'stripe_status','0','2026-01-28 01:16:11','2026-01-28 01:16:11'),(14,'active_payment_gateway','paypal','2026-01-28 01:16:11','2026-02-03 17:58:49'),(15,'settlement_7_days_commission','8','2026-01-28 06:40:59','2026-01-28 06:40:59'),(16,'settlement_14_days_commission','5','2026-01-28 06:40:59','2026-01-28 06:40:59'),(17,'settlement_21_days_commission','3','2026-01-28 06:40:59','2026-01-28 06:40:59');

--
-- Table structure for table `skill_user`
--

CREATE TABLE `skill_user` (
  `id` bigint unsigned NOT NULL AUTO_INCREMENT,
  `skill_id` bigint unsigned NOT NULL,
  `user_id` bigint unsigned NOT NULL,
  `created_at` timestamp NULL DEFAULT NULL,
  `updated_at` timestamp NULL DEFAULT NULL,
  PRIMARY KEY (`id`),
  KEY `skill_user_skill_id_foreign` (`skill_id`),
  KEY `skill_user_user_id_foreign` (`user_id`),
  CONSTRAINT `skill_user_skill_id_foreign` FOREIGN KEY (`skill_id`) REFERENCES `skills` (`id`) ON DELETE CASCADE,
  CONSTRAINT `skill_user_user_id_foreign` FOREIGN KEY (`user_id`) REFERENCES `users` (`id`) ON DELETE CASCADE
) ENGINE=InnoDB AUTO_INCREMENT=3090 DEFAULT CHARSET=utf8mb4 COLLATE=utf8mb4_unicode_ci;

--
-- Dumping data for table `skill_user`
--

INSERT INTO `skill_user` VALUES (3,3,5,NULL,NULL),(4,1,5,NULL,NULL),(5,3,6,NULL,NULL),(6,1,6,NULL,NULL),(8,1,7,NULL,NULL),(9,3,8,NULL,NULL),(10,1,8,NULL,NULL),(11,2,9,NULL,NULL),(12,3,9,NULL,NULL),(13,3,10,NULL,NULL),(15,2,11,NULL,NULL),(16,3,11,NULL,NULL),(18,1,12,NULL,NULL),(19,2,13,NULL,NULL),(20,3,13,NULL,NULL),(22,1,14,NULL,NULL),(23,3,15,NULL,NULL),(26,3,16,NULL,NULL),(28,1,17,NULL,NULL),(29,2,18,NULL,NULL),(31,3,19,NULL,NULL),(32,1,19,NULL,NULL),(33,2,20,NULL,NULL),(36,1,21,NULL,NULL),(38,1,22,NULL,NULL),(39,3,23,NULL,NULL),(40,1,23,NULL,NULL),(42,1,24,NULL,NULL),(43,2,7,NULL,NULL),(44,2,10,NULL,NULL),(45,3,12,NULL,NULL),(46,2,14,NULL,NULL),(47,2,15,NULL,NULL),(48,1,16,NULL,NULL),(49,3,17,NULL,NULL),(50,3,18,NULL,NULL),(51,1,20,NULL,NULL),(52,3,21,NULL,NULL),(53,2,22,NULL,NULL),(54,2,24,NULL,NULL),(55,4,2,NULL,NULL),(56,12,26,NULL,NULL),(57,7,26,NULL,NULL),(58,10,26,NULL,NULL),(59,3,27,NULL,NULL),(60,17,27,NULL,NULL),(61,9,28,NULL,NULL),(62,14,28,NULL,NULL),(63,4,28,NULL,NULL),(64,19,29,NULL,NULL),(65,7,29,NULL,NULL),(66,5,29,NULL,NULL),(67,8,30,NULL,NULL),(68,16,30,NULL,NULL),(69,3,30,NULL,NULL),(70,1,30,NULL,NULL),(71,15,31,NULL,NULL),(72,11,31,NULL,NULL),(73,3,31,NULL,NULL),(74,7,31,NULL,NULL),(75,8,32,NULL,NULL),(76,3,32,NULL,NULL),(77,9,32,NULL,NULL),(78,14,32,NULL,NULL),(79,15,33,NULL,NULL),(80,13,33,NULL,NULL),(81,3,33,NULL,NULL),(82,1,33,NULL,NULL),(83,19,34,NULL,NULL),(84,3,34,NULL,NULL),(85,14,34,NULL,NULL),(86,15,35,NULL,NULL),(87,7,35,NULL,NULL),(88,8,36,NULL,NULL),(89,13,36,NULL,NULL),(90,2,36,NULL,NULL),(91,8,37,NULL,NULL),(92,19,37,NULL,NULL),(93,2,37,NULL,NULL),(94,8,38,NULL,NULL),(95,16,38,NULL,NULL),(96,13,38,NULL,NULL),(97,14,38,NULL,NULL),(98,12,39,NULL,NULL),(99,17,39,NULL,NULL),(100,2,40,NULL,NULL),(101,14,40,NULL,NULL),(102,4,41,NULL,NULL),(103,1,41,NULL,NULL),(104,14,42,NULL,NULL),(105,5,42,NULL,NULL),(106,8,43,NULL,NULL),(107,16,43,NULL,NULL),(108,18,43,NULL,NULL),(109,5,43,NULL,NULL),(110,16,44,NULL,NULL),(111,2,44,NULL,NULL),(112,5,44,NULL,NULL),(113,11,45,NULL,NULL),(114,9,45,NULL,NULL),(115,7,45,NULL,NULL),(116,10,45,NULL,NULL),(117,2,46,NULL,NULL),(118,4,46,NULL,NULL),(119,18,47,NULL,NULL),(120,17,47,NULL,NULL),(121,15,48,NULL,NULL),(122,19,48,NULL,NULL),(123,7,48,NULL,NULL),(124,4,48,NULL,NULL),(125,6,49,NULL,NULL),(126,19,49,NULL,NULL),(127,7,49,NULL,NULL),(128,19,50,NULL,NULL),(129,14,50,NULL,NULL),(130,2,51,NULL,NULL),(131,14,51,NULL,NULL),(132,6,52,NULL,NULL),(133,19,52,NULL,NULL),(134,14,52,NULL,NULL),(135,5,52,NULL,NULL),(136,16,53,NULL,NULL),(137,18,53,NULL,NULL),(138,5,53,NULL,NULL),(139,8,54,NULL,NULL),(140,18,54,NULL,NULL),(141,16,55,NULL,NULL),(142,11,55,NULL,NULL),(143,13,55,NULL,NULL),(144,5,56,NULL,NULL),(145,1,56,NULL,NULL),(146,11,57,NULL,NULL),(147,7,57,NULL,NULL),(148,5,57,NULL,NULL),(149,8,58,NULL,NULL),(150,14,58,NULL,NULL),(151,16,59,NULL,NULL),(152,13,59,NULL,NULL),(153,1,59,NULL,NULL),(154,9,60,NULL,NULL),(155,7,60,NULL,NULL),(156,19,61,NULL,NULL),(157,17,61,NULL,NULL),(158,1,61,NULL,NULL),(159,12,62,NULL,NULL),(160,6,62,NULL,NULL),(161,18,62,NULL,NULL),(162,10,62,NULL,NULL),(163,18,63,NULL,NULL),(164,9,63,NULL,NULL),(165,14,63,NULL,NULL),(166,8,64,NULL,NULL),(167,2,64,NULL,NULL),(168,3,64,NULL,NULL),(169,11,65,NULL,NULL),(170,12,65,NULL,NULL),(171,18,65,NULL,NULL),(172,14,65,NULL,NULL),(173,13,66,NULL,NULL),(174,2,66,NULL,NULL),(175,14,66,NULL,NULL),(176,12,67,NULL,NULL),(177,17,67,NULL,NULL),(178,18,68,NULL,NULL),(179,19,68,NULL,NULL),(180,2,69,NULL,NULL),(181,9,69,NULL,NULL),(182,7,69,NULL,NULL),(183,10,69,NULL,NULL),(184,8,70,NULL,NULL),(185,18,70,NULL,NULL),(186,2,70,NULL,NULL),(187,6,71,NULL,NULL),(188,4,71,NULL,NULL),(189,12,72,NULL,NULL),(190,19,72,NULL,NULL),(191,9,72,NULL,NULL),(192,12,73,NULL,NULL),(193,14,73,NULL,NULL),(194,6,74,NULL,NULL),(195,10,74,NULL,NULL),(196,5,74,NULL,NULL),(197,5,75,NULL,NULL),(198,4,75,NULL,NULL),(199,13,76,NULL,NULL),(200,2,76,NULL,NULL),(201,15,77,NULL,NULL),(202,6,77,NULL,NULL),(203,10,77,NULL,NULL),(204,16,78,NULL,NULL),(205,18,78,NULL,NULL),(206,9,78,NULL,NULL),(207,10,78,NULL,NULL),(208,8,79,NULL,NULL),(209,11,79,NULL,NULL),(210,4,79,NULL,NULL),(211,13,80,NULL,NULL),(212,9,80,NULL,NULL),(213,4,80,NULL,NULL),(214,15,81,NULL,NULL),(215,11,81,NULL,NULL),(216,12,81,NULL,NULL),(217,19,81,NULL,NULL),(218,3,82,NULL,NULL),(219,5,82,NULL,NULL),(220,4,82,NULL,NULL),(221,13,83,NULL,NULL),(222,3,83,NULL,NULL),(223,7,83,NULL,NULL),(224,6,84,NULL,NULL),(225,2,84,NULL,NULL),(226,14,84,NULL,NULL),(227,4,84,NULL,NULL),(228,11,85,NULL,NULL),(229,19,85,NULL,NULL),(230,3,85,NULL,NULL),(231,10,85,NULL,NULL),(232,16,86,NULL,NULL),(233,2,86,NULL,NULL),(234,16,87,NULL,NULL),(235,5,87,NULL,NULL),(236,15,88,NULL,NULL),(237,12,88,NULL,NULL),(238,2,88,NULL,NULL),(239,1,88,NULL,NULL),(240,8,89,NULL,NULL),(241,19,89,NULL,NULL),(242,14,89,NULL,NULL),(243,6,90,NULL,NULL),(244,13,90,NULL,NULL),(245,3,90,NULL,NULL),(246,6,91,NULL,NULL),(247,9,91,NULL,NULL),(248,7,91,NULL,NULL),(249,11,92,NULL,NULL),(250,9,92,NULL,NULL),(251,7,92,NULL,NULL),(252,12,93,NULL,NULL),(253,18,93,NULL,NULL),(254,19,93,NULL,NULL),(255,16,94,NULL,NULL),(256,15,94,NULL,NULL),(257,3,94,NULL,NULL),(258,15,95,NULL,NULL),(259,18,95,NULL,NULL),(260,3,95,NULL,NULL),(261,9,95,NULL,NULL),(262,11,96,NULL,NULL),(263,12,96,NULL,NULL),(264,13,96,NULL,NULL),(265,15,97,NULL,NULL),(266,2,97,NULL,NULL),(267,3,97,NULL,NULL),(268,1,97,NULL,NULL),(269,15,98,NULL,NULL),(270,19,98,NULL,NULL),(271,4,98,NULL,NULL),(272,1,98,NULL,NULL),(273,16,99,NULL,NULL),(274,7,99,NULL,NULL),(275,8,100,NULL,NULL),(276,4,100,NULL,NULL),(277,6,101,NULL,NULL),(278,14,101,NULL,NULL),(279,6,102,NULL,NULL),(280,9,102,NULL,NULL),(281,7,102,NULL,NULL),(282,16,103,NULL,NULL),(283,14,103,NULL,NULL),(284,11,104,NULL,NULL),(285,13,104,NULL,NULL),(286,1,104,NULL,NULL),(287,8,105,NULL,NULL),(288,3,105,NULL,NULL),(289,5,105,NULL,NULL),(290,1,105,NULL,NULL),(291,13,106,NULL,NULL),(292,3,106,NULL,NULL),(293,9,106,NULL,NULL),(294,10,106,NULL,NULL),(295,8,107,NULL,NULL),(296,4,107,NULL,NULL),(297,1,107,NULL,NULL),(298,3,108,NULL,NULL),(299,10,108,NULL,NULL),(300,17,108,NULL,NULL),(301,4,108,NULL,NULL),(302,6,109,NULL,NULL),(303,14,109,NULL,NULL),(304,8,110,NULL,NULL),(305,13,110,NULL,NULL),(306,19,110,NULL,NULL),(307,1,110,NULL,NULL),(308,14,111,NULL,NULL),(309,5,111,NULL,NULL),(310,4,111,NULL,NULL),(311,9,112,NULL,NULL),(312,7,112,NULL,NULL),(313,4,112,NULL,NULL),(314,16,113,NULL,NULL),(315,13,113,NULL,NULL),(316,12,114,NULL,NULL),(317,19,114,NULL,NULL),(318,7,114,NULL,NULL),(319,16,115,NULL,NULL),(320,6,115,NULL,NULL),(321,18,115,NULL,NULL),(322,2,115,NULL,NULL),(323,8,116,NULL,NULL),(324,16,116,NULL,NULL),(325,10,116,NULL,NULL),(326,1,116,NULL,NULL),(327,11,117,NULL,NULL),(328,5,117,NULL,NULL),(329,8,118,NULL,NULL),(330,2,118,NULL,NULL),(331,14,118,NULL,NULL),(332,4,118,NULL,NULL),(333,16,119,NULL,NULL),(334,6,119,NULL,NULL),(335,19,119,NULL,NULL),(336,1,119,NULL,NULL),(337,13,120,NULL,NULL),(338,19,120,NULL,NULL),(339,7,120,NULL,NULL),(340,13,121,NULL,NULL),(341,14,121,NULL,NULL),(342,17,121,NULL,NULL),(343,8,122,NULL,NULL),(344,12,122,NULL,NULL),(345,9,122,NULL,NULL),(346,5,122,NULL,NULL),(347,11,123,NULL,NULL),(348,12,123,NULL,NULL),(349,18,123,NULL,NULL),(350,6,124,NULL,NULL),(351,9,124,NULL,NULL),(352,19,125,NULL,NULL),(353,9,125,NULL,NULL),(354,4,125,NULL,NULL),(355,18,126,NULL,NULL),(356,3,126,NULL,NULL),(357,6,127,NULL,NULL),(358,5,127,NULL,NULL),(359,9,128,NULL,NULL),(360,7,128,NULL,NULL),(361,7,129,NULL,NULL),(362,17,129,NULL,NULL),(363,1,129,NULL,NULL),(364,2,130,NULL,NULL),(365,1,130,NULL,NULL),(366,15,131,NULL,NULL),(367,18,131,NULL,NULL),(368,8,132,NULL,NULL),(369,18,132,NULL,NULL),(370,2,132,NULL,NULL),(371,7,132,NULL,NULL),(372,10,133,NULL,NULL),(373,14,133,NULL,NULL),(374,15,134,NULL,NULL),(375,11,134,NULL,NULL),(376,18,134,NULL,NULL),(377,10,134,NULL,NULL),(378,13,135,NULL,NULL),(379,5,135,NULL,NULL),(380,4,135,NULL,NULL),(381,2,136,NULL,NULL),(382,9,136,NULL,NULL),(383,7,136,NULL,NULL),(384,19,137,NULL,NULL),(385,4,137,NULL,NULL),(386,8,138,NULL,NULL),(387,13,138,NULL,NULL),(388,2,138,NULL,NULL),(389,9,138,NULL,NULL),(390,11,139,NULL,NULL),(391,14,139,NULL,NULL),(392,1,139,NULL,NULL),(393,11,140,NULL,NULL),(394,13,140,NULL,NULL),(395,14,140,NULL,NULL),(396,17,140,NULL,NULL),(397,8,141,NULL,NULL),(398,16,141,NULL,NULL),(399,12,141,NULL,NULL),(400,3,141,NULL,NULL),(401,7,142,NULL,NULL),(402,10,142,NULL,NULL),(403,5,142,NULL,NULL),(404,16,143,NULL,NULL),(405,18,143,NULL,NULL),(406,7,143,NULL,NULL),(407,5,143,NULL,NULL),(408,8,144,NULL,NULL),(409,16,144,NULL,NULL),(410,3,144,NULL,NULL),(411,17,144,NULL,NULL),(412,15,145,NULL,NULL),(413,5,145,NULL,NULL),(414,1,145,NULL,NULL),(415,10,146,NULL,NULL),(416,14,146,NULL,NULL),(417,15,147,NULL,NULL),(418,19,147,NULL,NULL),(419,1,147,NULL,NULL),(420,8,148,NULL,NULL),(421,10,148,NULL,NULL),(422,13,149,NULL,NULL),(423,2,149,NULL,NULL),(424,17,149,NULL,NULL),(425,15,150,NULL,NULL),(426,2,150,NULL,NULL),(427,4,150,NULL,NULL),(428,6,151,NULL,NULL),(429,17,151,NULL,NULL),(430,12,152,NULL,NULL),(431,19,152,NULL,NULL),(432,16,153,NULL,NULL),(433,6,153,NULL,NULL),(434,16,154,NULL,NULL),(435,2,154,NULL,NULL),(436,1,154,NULL,NULL),(437,16,155,NULL,NULL),(438,12,155,NULL,NULL),(439,3,155,NULL,NULL),(440,4,155,NULL,NULL),(441,12,156,NULL,NULL),(442,3,156,NULL,NULL),(443,2,157,NULL,NULL),(444,10,157,NULL,NULL),(445,17,157,NULL,NULL),(446,11,158,NULL,NULL),(447,13,158,NULL,NULL),(448,17,158,NULL,NULL),(449,8,159,NULL,NULL),(450,18,159,NULL,NULL),(451,17,159,NULL,NULL),(452,6,160,NULL,NULL),(453,10,160,NULL,NULL),(454,5,160,NULL,NULL),(455,16,161,NULL,NULL),(456,17,161,NULL,NULL),(457,6,162,NULL,NULL),(458,13,162,NULL,NULL),(459,15,163,NULL,NULL),(460,6,163,NULL,NULL),(461,2,163,NULL,NULL),(462,1,163,NULL,NULL),(463,16,164,NULL,NULL),(464,3,164,NULL,NULL),(465,12,165,NULL,NULL),(466,9,165,NULL,NULL),(467,16,166,NULL,NULL),(468,12,166,NULL,NULL),(469,13,166,NULL,NULL),(470,19,166,NULL,NULL),(471,15,167,NULL,NULL),(472,13,167,NULL,NULL),(473,19,167,NULL,NULL),(474,3,167,NULL,NULL),(475,9,168,NULL,NULL),(476,17,168,NULL,NULL),(477,6,169,NULL,NULL),(478,17,169,NULL,NULL),(479,5,169,NULL,NULL),(480,1,169,NULL,NULL),(481,16,170,NULL,NULL),(482,11,170,NULL,NULL),(483,6,171,NULL,NULL),(484,9,171,NULL,NULL),(485,7,171,NULL,NULL),(486,8,172,NULL,NULL),(487,14,172,NULL,NULL),(488,2,173,NULL,NULL),(489,10,173,NULL,NULL),(490,1,173,NULL,NULL),(491,15,174,NULL,NULL),(492,5,174,NULL,NULL),(493,16,175,NULL,NULL),(494,18,175,NULL,NULL),(495,3,175,NULL,NULL),(496,1,175,NULL,NULL),(497,11,176,NULL,NULL),(498,2,176,NULL,NULL),(499,8,177,NULL,NULL),(500,13,177,NULL,NULL),(501,2,177,NULL,NULL),(502,14,177,NULL,NULL),(503,9,178,NULL,NULL),(504,17,178,NULL,NULL),(505,3,179,NULL,NULL),(506,7,179,NULL,NULL),(507,14,180,NULL,NULL),(508,5,180,NULL,NULL),(509,15,181,NULL,NULL),(510,6,181,NULL,NULL),(511,13,181,NULL,NULL),(512,5,181,NULL,NULL),(513,18,182,NULL,NULL),(514,7,182,NULL,NULL),(515,12,183,NULL,NULL),(516,17,183,NULL,NULL),(517,16,184,NULL,NULL),(518,18,184,NULL,NULL),(519,15,185,NULL,NULL),(520,3,185,NULL,NULL),(521,10,185,NULL,NULL),(522,8,186,NULL,NULL),(523,16,186,NULL,NULL),(524,18,186,NULL,NULL),(525,14,186,NULL,NULL),(526,11,187,NULL,NULL),(527,2,187,NULL,NULL),(528,4,187,NULL,NULL),(529,8,188,NULL,NULL),(530,12,188,NULL,NULL),(531,18,188,NULL,NULL),(532,7,188,NULL,NULL),(533,13,189,NULL,NULL),(534,7,189,NULL,NULL),(535,15,190,NULL,NULL),(536,6,190,NULL,NULL),(537,8,191,NULL,NULL),(538,11,191,NULL,NULL),(539,14,191,NULL,NULL),(540,17,191,NULL,NULL),(541,11,192,NULL,NULL),(542,9,192,NULL,NULL),(543,5,192,NULL,NULL),(544,4,192,NULL,NULL),(545,15,193,NULL,NULL),(546,18,193,NULL,NULL),(547,3,193,NULL,NULL),(548,14,193,NULL,NULL),(549,19,194,NULL,NULL),(550,3,194,NULL,NULL),(551,4,194,NULL,NULL),(552,11,195,NULL,NULL),(553,10,195,NULL,NULL),(554,11,196,NULL,NULL),(555,19,196,NULL,NULL),(556,2,196,NULL,NULL),(557,7,196,NULL,NULL),(558,18,197,NULL,NULL),(559,5,197,NULL,NULL),(560,15,198,NULL,NULL),(561,12,198,NULL,NULL),(562,13,198,NULL,NULL),(563,10,198,NULL,NULL),(564,8,199,NULL,NULL),(565,11,199,NULL,NULL),(566,19,199,NULL,NULL),(567,13,200,NULL,NULL),(568,9,200,NULL,NULL),(569,6,201,NULL,NULL),(570,19,201,NULL,NULL),(571,7,201,NULL,NULL),(572,1,201,NULL,NULL),(573,11,202,NULL,NULL),(574,19,202,NULL,NULL),(575,17,202,NULL,NULL),(576,1,202,NULL,NULL),(577,8,203,NULL,NULL),(578,3,203,NULL,NULL),(579,4,203,NULL,NULL),(580,13,204,NULL,NULL),(581,1,204,NULL,NULL),(582,12,205,NULL,NULL),(583,13,205,NULL,NULL),(584,18,205,NULL,NULL),(585,4,205,NULL,NULL),(586,6,206,NULL,NULL),(587,18,206,NULL,NULL),(588,4,206,NULL,NULL),(589,1,206,NULL,NULL),(590,6,207,NULL,NULL),(591,18,207,NULL,NULL),(592,3,207,NULL,NULL),(593,7,207,NULL,NULL),(594,16,208,NULL,NULL),(595,15,208,NULL,NULL),(596,19,208,NULL,NULL),(597,14,208,NULL,NULL),(598,19,209,NULL,NULL),(599,2,209,NULL,NULL),(600,3,209,NULL,NULL),(601,4,209,NULL,NULL),(602,8,210,NULL,NULL),(603,18,210,NULL,NULL),(604,12,211,NULL,NULL),(605,2,211,NULL,NULL),(606,7,211,NULL,NULL),(607,4,211,NULL,NULL),(608,18,212,NULL,NULL),(609,7,212,NULL,NULL),(610,8,213,NULL,NULL),(611,11,213,NULL,NULL),(612,12,213,NULL,NULL),(613,6,214,NULL,NULL),(614,2,214,NULL,NULL),(615,5,214,NULL,NULL),(616,2,215,NULL,NULL),(617,7,215,NULL,NULL),(618,14,215,NULL,NULL),(619,18,216,NULL,NULL),(620,2,216,NULL,NULL),(621,5,216,NULL,NULL),(622,8,217,NULL,NULL),(623,3,217,NULL,NULL),(624,15,218,NULL,NULL),(625,18,218,NULL,NULL),(626,19,218,NULL,NULL),(627,16,219,NULL,NULL),(628,12,219,NULL,NULL),(629,3,219,NULL,NULL),(630,1,219,NULL,NULL),(631,16,220,NULL,NULL),(632,11,220,NULL,NULL),(633,14,220,NULL,NULL),(634,9,221,NULL,NULL),(635,4,221,NULL,NULL),(636,1,221,NULL,NULL),(637,16,222,NULL,NULL),(638,6,222,NULL,NULL),(639,5,222,NULL,NULL),(640,1,222,NULL,NULL),(641,12,223,NULL,NULL),(642,18,223,NULL,NULL),(643,7,223,NULL,NULL),(644,13,224,NULL,NULL),(645,18,224,NULL,NULL),(646,14,224,NULL,NULL),(647,6,225,NULL,NULL),(648,14,225,NULL,NULL),(649,16,226,NULL,NULL),(650,18,226,NULL,NULL),(651,3,226,NULL,NULL),(652,7,226,NULL,NULL),(653,11,227,NULL,NULL),(654,12,227,NULL,NULL),(655,7,227,NULL,NULL),(656,1,227,NULL,NULL),(657,14,228,NULL,NULL),(658,17,228,NULL,NULL),(659,15,229,NULL,NULL),(660,3,229,NULL,NULL),(661,14,229,NULL,NULL),(662,17,229,NULL,NULL),(663,15,230,NULL,NULL),(664,9,230,NULL,NULL),(665,10,230,NULL,NULL),(666,14,230,NULL,NULL),(667,12,231,NULL,NULL),(668,19,231,NULL,NULL),(669,3,231,NULL,NULL),(670,14,231,NULL,NULL),(671,8,232,NULL,NULL),(672,13,232,NULL,NULL),(673,4,232,NULL,NULL),(674,11,233,NULL,NULL),(675,5,233,NULL,NULL),(676,4,233,NULL,NULL),(677,11,234,NULL,NULL),(678,13,234,NULL,NULL),(679,16,235,NULL,NULL),(680,6,235,NULL,NULL),(681,3,235,NULL,NULL),(682,8,236,NULL,NULL),(683,17,236,NULL,NULL),(684,16,237,NULL,NULL),(685,19,237,NULL,NULL),(686,9,237,NULL,NULL),(687,7,237,NULL,NULL),(688,15,238,NULL,NULL),(689,13,238,NULL,NULL),(690,19,238,NULL,NULL),(691,10,238,NULL,NULL),(692,18,239,NULL,NULL),(693,3,239,NULL,NULL),(694,9,239,NULL,NULL),(695,17,239,NULL,NULL),(696,15,240,NULL,NULL),(697,2,240,NULL,NULL),(698,6,241,NULL,NULL),(699,2,241,NULL,NULL),(700,14,241,NULL,NULL),(701,17,241,NULL,NULL),(702,12,242,NULL,NULL),(703,5,242,NULL,NULL),(704,13,243,NULL,NULL),(705,14,243,NULL,NULL),(706,2,244,NULL,NULL),(707,9,244,NULL,NULL),(708,4,244,NULL,NULL),(709,11,245,NULL,NULL),(710,19,245,NULL,NULL),(711,5,245,NULL,NULL),(712,4,245,NULL,NULL),(713,16,246,NULL,NULL),(714,15,246,NULL,NULL),(715,18,246,NULL,NULL),(716,10,246,NULL,NULL),(717,11,247,NULL,NULL),(718,4,247,NULL,NULL),(719,8,248,NULL,NULL),(720,16,248,NULL,NULL),(721,18,248,NULL,NULL),(722,18,249,NULL,NULL),(723,5,249,NULL,NULL),(724,12,250,NULL,NULL),(725,6,250,NULL,NULL),(726,15,251,NULL,NULL),(727,9,251,NULL,NULL),(728,14,251,NULL,NULL),(729,4,251,NULL,NULL),(730,8,252,NULL,NULL),(731,11,252,NULL,NULL),(732,6,252,NULL,NULL),(733,18,252,NULL,NULL),(734,6,253,NULL,NULL),(735,2,253,NULL,NULL),(736,5,253,NULL,NULL),(737,2,254,NULL,NULL),(738,3,254,NULL,NULL),(739,7,254,NULL,NULL),(740,15,255,NULL,NULL),(741,2,255,NULL,NULL),(742,10,255,NULL,NULL),(743,4,255,NULL,NULL),(744,2,256,NULL,NULL),(745,10,256,NULL,NULL),(746,14,256,NULL,NULL),(747,7,257,NULL,NULL),(748,10,257,NULL,NULL),(749,5,257,NULL,NULL),(750,2,258,NULL,NULL),(751,7,258,NULL,NULL),(752,4,258,NULL,NULL),(753,19,259,NULL,NULL),(754,2,259,NULL,NULL),(755,1,259,NULL,NULL),(756,9,260,NULL,NULL),(757,10,260,NULL,NULL),(758,12,261,NULL,NULL),(759,9,261,NULL,NULL),(760,5,261,NULL,NULL),(761,8,262,NULL,NULL),(762,12,262,NULL,NULL),(763,19,262,NULL,NULL),(764,1,262,NULL,NULL),(765,6,263,NULL,NULL),(766,4,263,NULL,NULL),(767,6,264,NULL,NULL),(768,13,264,NULL,NULL),(769,19,264,NULL,NULL),(770,9,264,NULL,NULL),(771,15,265,NULL,NULL),(772,18,265,NULL,NULL),(773,7,265,NULL,NULL),(774,2,266,NULL,NULL),(775,9,266,NULL,NULL),(776,7,266,NULL,NULL),(777,14,266,NULL,NULL),(778,14,267,NULL,NULL),(779,17,267,NULL,NULL),(780,1,267,NULL,NULL),(781,15,268,NULL,NULL),(782,11,268,NULL,NULL),(783,18,269,NULL,NULL),(784,2,269,NULL,NULL),(785,3,269,NULL,NULL),(786,16,270,NULL,NULL),(787,4,270,NULL,NULL),(788,16,271,NULL,NULL),(789,12,271,NULL,NULL),(790,10,271,NULL,NULL),(791,17,271,NULL,NULL),(792,6,272,NULL,NULL),(793,18,272,NULL,NULL),(794,9,272,NULL,NULL),(795,17,272,NULL,NULL),(796,16,273,NULL,NULL),(797,14,273,NULL,NULL),(798,4,273,NULL,NULL),(799,14,274,NULL,NULL),(800,5,274,NULL,NULL),(801,16,275,NULL,NULL),(802,6,275,NULL,NULL),(803,3,275,NULL,NULL),(804,10,276,NULL,NULL),(805,4,276,NULL,NULL),(806,6,277,NULL,NULL),(807,14,277,NULL,NULL),(808,1,277,NULL,NULL),(809,18,278,NULL,NULL),(810,4,278,NULL,NULL),(811,15,279,NULL,NULL),(812,6,279,NULL,NULL),(813,9,279,NULL,NULL),(814,4,279,NULL,NULL),(815,8,280,NULL,NULL),(816,16,280,NULL,NULL),(817,2,280,NULL,NULL),(818,7,280,NULL,NULL),(819,19,281,NULL,NULL),(820,5,281,NULL,NULL),(821,11,282,NULL,NULL),(822,18,282,NULL,NULL),(823,3,282,NULL,NULL),(824,14,282,NULL,NULL),(825,6,283,NULL,NULL),(826,7,283,NULL,NULL),(827,15,284,NULL,NULL),(828,2,284,NULL,NULL),(829,14,284,NULL,NULL),(830,5,284,NULL,NULL),(831,12,285,NULL,NULL),(832,19,285,NULL,NULL),(833,3,285,NULL,NULL),(834,17,285,NULL,NULL),(835,15,286,NULL,NULL),(836,14,286,NULL,NULL),(837,9,287,NULL,NULL),(838,7,287,NULL,NULL),(839,4,287,NULL,NULL),(840,1,287,NULL,NULL),(841,16,288,NULL,NULL),(842,10,288,NULL,NULL),(843,7,289,NULL,NULL),(844,10,289,NULL,NULL),(845,14,289,NULL,NULL),(846,6,290,NULL,NULL),(847,19,290,NULL,NULL),(848,15,291,NULL,NULL),(849,11,291,NULL,NULL),(850,9,291,NULL,NULL),(851,12,292,NULL,NULL),(852,2,292,NULL,NULL),(853,9,292,NULL,NULL),(854,10,292,NULL,NULL),(855,16,293,NULL,NULL),(856,3,293,NULL,NULL),(857,4,293,NULL,NULL),(858,1,293,NULL,NULL),(859,8,294,NULL,NULL),(860,16,294,NULL,NULL),(861,12,294,NULL,NULL),(862,3,294,NULL,NULL),(863,6,295,NULL,NULL),(864,13,295,NULL,NULL),(865,4,295,NULL,NULL),(866,1,295,NULL,NULL),(867,12,296,NULL,NULL),(868,13,296,NULL,NULL),(869,15,297,NULL,NULL),(870,11,297,NULL,NULL),(871,9,297,NULL,NULL),(872,5,297,NULL,NULL),(873,3,298,NULL,NULL),(874,7,298,NULL,NULL),(875,10,298,NULL,NULL),(876,4,298,NULL,NULL),(877,16,299,NULL,NULL),(878,6,299,NULL,NULL),(879,18,299,NULL,NULL),(880,10,299,NULL,NULL),(881,13,300,NULL,NULL),(882,18,300,NULL,NULL),(883,1,300,NULL,NULL),(884,11,301,NULL,NULL),(885,3,301,NULL,NULL),(886,1,301,NULL,NULL),(887,11,302,NULL,NULL),(888,13,302,NULL,NULL),(889,7,302,NULL,NULL),(890,14,302,NULL,NULL),(891,9,303,NULL,NULL),(892,10,303,NULL,NULL),(893,4,303,NULL,NULL),(894,16,304,NULL,NULL),(895,6,304,NULL,NULL),(896,3,304,NULL,NULL),(897,10,304,NULL,NULL),(898,15,305,NULL,NULL),(899,12,305,NULL,NULL),(900,9,305,NULL,NULL),(901,7,305,NULL,NULL),(902,11,306,NULL,NULL),(903,7,306,NULL,NULL),(904,10,306,NULL,NULL),(905,18,307,NULL,NULL),(906,19,307,NULL,NULL),(907,1,307,NULL,NULL),(908,15,308,NULL,NULL),(909,6,308,NULL,NULL),(910,13,308,NULL,NULL),(911,17,308,NULL,NULL),(912,13,309,NULL,NULL),(913,18,309,NULL,NULL),(914,4,309,NULL,NULL),(915,13,310,NULL,NULL),(916,3,310,NULL,NULL),(917,15,311,NULL,NULL),(918,13,311,NULL,NULL),(919,5,311,NULL,NULL),(920,6,312,NULL,NULL),(921,13,312,NULL,NULL),(922,1,312,NULL,NULL),(923,10,313,NULL,NULL),(924,14,313,NULL,NULL),(925,6,314,NULL,NULL),(926,19,314,NULL,NULL),(927,7,314,NULL,NULL),(928,17,314,NULL,NULL),(929,2,315,NULL,NULL),(930,17,315,NULL,NULL),(931,15,316,NULL,NULL),(932,9,316,NULL,NULL),(933,8,317,NULL,NULL),(934,17,317,NULL,NULL),(935,16,318,NULL,NULL),(936,11,318,NULL,NULL),(937,6,318,NULL,NULL),(938,3,318,NULL,NULL),(939,19,319,NULL,NULL),(940,3,319,NULL,NULL),(941,12,320,NULL,NULL),(942,18,320,NULL,NULL),(943,8,321,NULL,NULL),(944,18,321,NULL,NULL),(945,9,321,NULL,NULL),(946,1,321,NULL,NULL),(947,6,322,NULL,NULL),(948,2,322,NULL,NULL),(949,5,322,NULL,NULL),(950,8,323,NULL,NULL),(951,12,323,NULL,NULL),(952,3,323,NULL,NULL),(953,7,323,NULL,NULL),(954,19,324,NULL,NULL),(955,14,324,NULL,NULL),(956,4,324,NULL,NULL),(957,12,325,NULL,NULL),(958,9,325,NULL,NULL),(959,8,326,NULL,NULL),(960,18,326,NULL,NULL),(961,3,326,NULL,NULL),(962,7,326,NULL,NULL),(963,6,327,NULL,NULL),(964,2,327,NULL,NULL),(965,10,327,NULL,NULL),(966,14,327,NULL,NULL),(967,3,328,NULL,NULL),(968,10,328,NULL,NULL),(969,2,329,NULL,NULL),(970,1,329,NULL,NULL),(971,15,330,NULL,NULL),(972,12,330,NULL,NULL),(973,14,330,NULL,NULL),(974,4,330,NULL,NULL),(975,8,331,NULL,NULL),(976,16,331,NULL,NULL),(977,2,331,NULL,NULL),(978,1,331,NULL,NULL),(979,11,332,NULL,NULL),(980,9,332,NULL,NULL),(981,14,332,NULL,NULL),(982,6,333,NULL,NULL),(983,2,333,NULL,NULL),(984,4,334,NULL,NULL),(985,1,334,NULL,NULL),(986,18,335,NULL,NULL),(987,19,335,NULL,NULL),(988,10,335,NULL,NULL),(989,12,336,NULL,NULL),(990,6,336,NULL,NULL),(991,5,336,NULL,NULL),(992,16,337,NULL,NULL),(993,11,337,NULL,NULL),(994,12,337,NULL,NULL),(995,12,338,NULL,NULL),(996,19,338,NULL,NULL),(997,3,338,NULL,NULL),(998,4,338,NULL,NULL),(999,12,339,NULL,NULL),(1000,13,339,NULL,NULL),(1001,5,339,NULL,NULL),(1002,1,339,NULL,NULL),(1003,6,340,NULL,NULL),(1004,19,340,NULL,NULL),(1005,5,340,NULL,NULL),(1006,8,341,NULL,NULL),(1007,19,341,NULL,NULL),(1008,2,341,NULL,NULL),(1009,5,341,NULL,NULL),(1010,2,342,NULL,NULL),(1011,10,342,NULL,NULL),(1012,14,342,NULL,NULL),(1013,5,342,NULL,NULL),(1014,18,343,NULL,NULL),(1015,3,343,NULL,NULL),(1016,9,343,NULL,NULL),(1017,5,343,NULL,NULL),(1018,11,344,NULL,NULL),(1019,19,344,NULL,NULL),(1020,7,344,NULL,NULL),(1021,1,344,NULL,NULL),(1022,11,345,NULL,NULL),(1023,19,345,NULL,NULL),(1024,16,346,NULL,NULL),(1025,11,346,NULL,NULL),(1026,7,346,NULL,NULL),(1027,17,346,NULL,NULL),(1028,10,347,NULL,NULL),(1029,17,347,NULL,NULL),(1030,16,348,NULL,NULL),(1031,18,348,NULL,NULL),(1032,19,348,NULL,NULL),(1033,4,348,NULL,NULL),(1034,16,349,NULL,NULL),(1035,3,349,NULL,NULL),(1036,9,349,NULL,NULL),(1037,4,349,NULL,NULL),(1038,12,350,NULL,NULL),(1039,13,350,NULL,NULL),(1040,10,350,NULL,NULL),(1041,1,350,NULL,NULL),(1042,18,351,NULL,NULL),(1043,2,351,NULL,NULL),(1044,4,351,NULL,NULL),(1045,16,352,NULL,NULL),(1046,12,352,NULL,NULL),(1047,6,352,NULL,NULL),(1048,3,352,NULL,NULL),(1049,13,353,NULL,NULL),(1050,3,353,NULL,NULL),(1051,7,353,NULL,NULL),(1052,10,353,NULL,NULL),(1053,16,354,NULL,NULL),(1054,6,354,NULL,NULL),(1055,10,354,NULL,NULL),(1056,17,354,NULL,NULL),(1057,8,355,NULL,NULL),(1058,15,355,NULL,NULL),(1059,10,355,NULL,NULL),(1060,1,355,NULL,NULL),(1061,8,356,NULL,NULL),(1062,16,356,NULL,NULL),(1063,16,357,NULL,NULL),(1064,2,357,NULL,NULL),(1065,16,358,NULL,NULL),(1066,6,358,NULL,NULL),(1067,17,358,NULL,NULL),(1068,4,358,NULL,NULL),(1069,8,359,NULL,NULL),(1070,14,359,NULL,NULL),(1071,6,360,NULL,NULL),(1072,2,360,NULL,NULL),(1073,11,361,NULL,NULL),(1074,9,361,NULL,NULL),(1075,17,361,NULL,NULL),(1076,11,362,NULL,NULL),(1077,13,362,NULL,NULL),(1078,3,362,NULL,NULL),(1079,19,363,NULL,NULL),(1080,7,363,NULL,NULL),(1081,16,364,NULL,NULL),(1082,9,364,NULL,NULL),(1083,14,364,NULL,NULL),(1084,8,365,NULL,NULL),(1085,11,365,NULL,NULL),(1086,2,365,NULL,NULL),(1087,2,366,NULL,NULL),(1088,4,366,NULL,NULL),(1089,1,366,NULL,NULL),(1090,3,367,NULL,NULL),(1091,1,367,NULL,NULL),(1092,3,368,NULL,NULL),(1093,14,368,NULL,NULL),(1094,4,368,NULL,NULL),(1095,1,368,NULL,NULL),(1096,18,369,NULL,NULL),(1097,19,369,NULL,NULL),(1098,10,369,NULL,NULL),(1099,4,369,NULL,NULL),(1100,16,370,NULL,NULL),(1101,11,370,NULL,NULL),(1102,2,370,NULL,NULL),(1103,3,370,NULL,NULL),(1104,8,371,NULL,NULL),(1105,15,371,NULL,NULL),(1106,11,371,NULL,NULL),(1107,1,371,NULL,NULL),(1108,8,372,NULL,NULL),(1109,11,372,NULL,NULL),(1110,6,372,NULL,NULL),(1111,8,373,NULL,NULL),(1112,5,373,NULL,NULL),(1113,4,373,NULL,NULL),(1114,19,374,NULL,NULL),(1115,4,374,NULL,NULL),(1116,2,375,NULL,NULL),(1117,3,375,NULL,NULL),(1118,7,375,NULL,NULL),(1119,17,375,NULL,NULL),(1120,13,376,NULL,NULL),(1121,19,376,NULL,NULL),(1122,10,376,NULL,NULL),(1123,15,377,NULL,NULL),(1124,1,377,NULL,NULL),(1125,12,378,NULL,NULL),(1126,6,378,NULL,NULL),(1127,13,378,NULL,NULL),(1128,4,378,NULL,NULL),(1129,16,379,NULL,NULL),(1130,12,379,NULL,NULL),(1131,13,380,NULL,NULL),(1132,18,380,NULL,NULL),(1133,19,380,NULL,NULL),(1134,10,380,NULL,NULL),(1135,8,381,NULL,NULL),(1136,11,381,NULL,NULL),(1137,10,381,NULL,NULL),(1138,17,381,NULL,NULL),(1139,18,382,NULL,NULL),(1140,17,382,NULL,NULL),(1141,3,383,NULL,NULL),(1142,14,383,NULL,NULL),(1143,6,384,NULL,NULL),(1144,17,384,NULL,NULL),(1145,1,384,NULL,NULL),(1146,12,385,NULL,NULL),(1147,6,385,NULL,NULL),(1148,14,385,NULL,NULL),(1149,17,385,NULL,NULL),(1150,16,386,NULL,NULL),(1151,9,386,NULL,NULL),(1152,17,386,NULL,NULL),(1153,15,387,NULL,NULL),(1154,3,387,NULL,NULL),(1155,1,387,NULL,NULL),(1156,16,388,NULL,NULL),(1157,17,388,NULL,NULL),(1158,5,388,NULL,NULL),(1159,16,389,NULL,NULL),(1160,11,389,NULL,NULL),(1161,3,389,NULL,NULL),(1162,1,389,NULL,NULL),(1163,13,390,NULL,NULL),(1164,3,390,NULL,NULL),(1165,10,390,NULL,NULL),(1166,11,391,NULL,NULL),(1167,13,391,NULL,NULL),(1168,10,391,NULL,NULL),(1169,14,391,NULL,NULL),(1170,16,392,NULL,NULL),(1171,11,392,NULL,NULL),(1172,13,392,NULL,NULL),(1173,7,392,NULL,NULL),(1174,8,393,NULL,NULL),(1175,18,393,NULL,NULL),(1176,7,393,NULL,NULL),(1177,10,393,NULL,NULL),(1178,15,394,NULL,NULL),(1179,17,394,NULL,NULL),(1180,6,395,NULL,NULL),(1181,3,395,NULL,NULL),(1182,14,395,NULL,NULL),(1183,5,395,NULL,NULL),(1184,8,396,NULL,NULL),(1185,18,396,NULL,NULL),(1186,19,396,NULL,NULL),(1187,3,396,NULL,NULL),(1188,8,397,NULL,NULL),(1189,2,397,NULL,NULL),(1190,3,397,NULL,NULL),(1191,14,397,NULL,NULL),(1192,2,398,NULL,NULL),(1193,17,398,NULL,NULL),(1194,5,398,NULL,NULL),(1195,11,399,NULL,NULL),(1196,19,399,NULL,NULL),(1197,7,399,NULL,NULL),(1198,1,399,NULL,NULL),(1199,14,400,NULL,NULL),(1200,1,400,NULL,NULL),(1201,6,401,NULL,NULL),(1202,13,401,NULL,NULL),(1203,1,401,NULL,NULL),(1204,12,402,NULL,NULL),(1205,13,402,NULL,NULL),(1206,7,402,NULL,NULL),(1207,13,403,NULL,NULL),(1208,4,403,NULL,NULL),(1209,12,404,NULL,NULL),(1210,2,404,NULL,NULL),(1211,19,405,NULL,NULL),(1212,7,405,NULL,NULL),(1213,17,405,NULL,NULL),(1214,4,405,NULL,NULL),(1215,15,406,NULL,NULL),(1216,18,406,NULL,NULL),(1217,4,406,NULL,NULL),(1218,6,407,NULL,NULL),(1219,9,407,NULL,NULL),(1220,4,407,NULL,NULL),(1221,12,408,NULL,NULL),(1222,18,408,NULL,NULL),(1223,18,409,NULL,NULL),(1224,19,409,NULL,NULL),(1225,10,410,NULL,NULL),(1226,17,410,NULL,NULL),(1227,1,410,NULL,NULL),(1228,11,411,NULL,NULL),(1229,13,411,NULL,NULL),(1230,3,411,NULL,NULL),(1231,4,411,NULL,NULL),(1232,8,412,NULL,NULL),(1233,11,412,NULL,NULL),(1234,6,412,NULL,NULL),(1235,14,412,NULL,NULL),(1236,11,413,NULL,NULL),(1237,14,413,NULL,NULL),(1238,17,413,NULL,NULL),(1239,8,414,NULL,NULL),(1240,15,414,NULL,NULL),(1241,17,414,NULL,NULL),(1242,14,415,NULL,NULL),(1243,4,415,NULL,NULL),(1244,19,416,NULL,NULL),(1245,7,416,NULL,NULL),(1246,10,416,NULL,NULL),(1247,11,417,NULL,NULL),(1248,18,417,NULL,NULL),(1249,19,417,NULL,NULL),(1250,5,417,NULL,NULL),(1251,8,418,NULL,NULL),(1252,16,418,NULL,NULL),(1253,4,418,NULL,NULL),(1254,12,419,NULL,NULL),(1255,13,419,NULL,NULL),(1256,4,419,NULL,NULL),(1257,15,420,NULL,NULL),(1258,6,420,NULL,NULL),(1259,1,420,NULL,NULL),(1260,11,421,NULL,NULL),(1261,12,421,NULL,NULL),(1262,6,421,NULL,NULL),(1263,16,422,NULL,NULL),(1264,19,422,NULL,NULL),(1265,2,422,NULL,NULL),(1266,5,422,NULL,NULL),(1267,12,423,NULL,NULL),(1268,3,423,NULL,NULL),(1269,14,424,NULL,NULL),(1270,17,424,NULL,NULL),(1271,5,424,NULL,NULL),(1272,12,425,NULL,NULL),(1273,6,425,NULL,NULL),(1274,18,425,NULL,NULL),(1275,4,425,NULL,NULL),(1276,12,426,NULL,NULL),(1277,18,426,NULL,NULL),(1278,3,426,NULL,NULL),(1279,9,426,NULL,NULL),(1280,8,427,NULL,NULL),(1281,13,427,NULL,NULL),(1282,4,427,NULL,NULL),(1283,16,428,NULL,NULL),(1284,15,428,NULL,NULL),(1285,18,428,NULL,NULL),(1286,14,428,NULL,NULL),(1287,8,429,NULL,NULL),(1288,1,429,NULL,NULL),(1289,16,430,NULL,NULL),(1290,9,430,NULL,NULL),(1291,14,430,NULL,NULL),(1292,11,431,NULL,NULL),(1293,2,431,NULL,NULL),(1294,2,432,NULL,NULL),(1295,3,432,NULL,NULL),(1296,7,432,NULL,NULL),(1297,16,433,NULL,NULL),(1298,19,433,NULL,NULL),(1299,2,433,NULL,NULL),(1300,8,434,NULL,NULL),(1301,10,434,NULL,NULL),(1302,5,434,NULL,NULL),(1303,1,434,NULL,NULL),(1304,16,435,NULL,NULL),(1305,18,435,NULL,NULL),(1306,14,435,NULL,NULL),(1307,1,435,NULL,NULL),(1308,12,436,NULL,NULL),(1309,9,436,NULL,NULL),(1310,5,436,NULL,NULL),(1311,1,436,NULL,NULL),(1312,13,437,NULL,NULL),(1313,4,437,NULL,NULL),(1314,1,437,NULL,NULL),(1315,15,438,NULL,NULL),(1316,13,438,NULL,NULL),(1317,1,438,NULL,NULL),(1318,12,439,NULL,NULL),(1319,2,439,NULL,NULL),(1320,3,439,NULL,NULL),(1321,1,439,NULL,NULL),(1322,11,440,NULL,NULL),(1323,13,440,NULL,NULL),(1324,2,440,NULL,NULL),(1325,7,440,NULL,NULL),(1326,8,441,NULL,NULL),(1327,15,441,NULL,NULL),(1328,7,441,NULL,NULL),(1329,6,442,NULL,NULL),(1330,14,442,NULL,NULL),(1331,4,442,NULL,NULL),(1332,18,443,NULL,NULL),(1333,2,443,NULL,NULL),(1334,3,443,NULL,NULL),(1335,7,443,NULL,NULL),(1336,4,444,NULL,NULL),(1337,1,444,NULL,NULL),(1338,16,445,NULL,NULL),(1339,14,445,NULL,NULL),(1340,15,446,NULL,NULL),(1341,12,446,NULL,NULL),(1342,3,446,NULL,NULL),(1343,13,447,NULL,NULL),(1344,10,447,NULL,NULL),(1345,4,447,NULL,NULL),(1346,1,447,NULL,NULL),(1347,16,448,NULL,NULL),(1348,12,448,NULL,NULL),(1349,6,448,NULL,NULL),(1350,18,448,NULL,NULL),(1351,13,449,NULL,NULL),(1352,5,449,NULL,NULL),(1353,8,450,NULL,NULL),(1354,15,450,NULL,NULL),(1355,3,450,NULL,NULL),(1356,7,450,NULL,NULL),(1357,15,451,NULL,NULL),(1358,2,451,NULL,NULL),(1359,3,451,NULL,NULL),(1360,10,451,NULL,NULL),(1361,8,452,NULL,NULL),(1362,3,452,NULL,NULL),(1363,10,452,NULL,NULL),(1364,4,452,NULL,NULL),(1365,8,453,NULL,NULL),(1366,12,453,NULL,NULL),(1367,6,453,NULL,NULL),(1368,17,453,NULL,NULL),(1369,15,454,NULL,NULL),(1370,12,454,NULL,NULL),(1371,13,454,NULL,NULL),(1372,5,454,NULL,NULL),(1373,13,455,NULL,NULL),(1374,17,455,NULL,NULL),(1375,12,456,NULL,NULL),(1376,13,456,NULL,NULL),(1377,19,456,NULL,NULL),(1378,14,456,NULL,NULL),(1379,12,457,NULL,NULL),(1380,18,457,NULL,NULL),(1381,7,457,NULL,NULL),(1382,19,458,NULL,NULL),(1383,5,458,NULL,NULL),(1384,13,459,NULL,NULL),(1385,7,459,NULL,NULL),(1386,10,459,NULL,NULL),(1387,10,460,NULL,NULL),(1388,14,460,NULL,NULL),(1389,11,461,NULL,NULL),(1390,18,461,NULL,NULL),(1391,10,461,NULL,NULL),(1392,5,461,NULL,NULL),(1393,15,462,NULL,NULL),(1394,2,462,NULL,NULL),(1395,17,462,NULL,NULL),(1396,13,463,NULL,NULL),(1397,18,463,NULL,NULL),(1398,3,464,NULL,NULL),(1399,7,464,NULL,NULL),(1400,4,464,NULL,NULL),(1401,10,465,NULL,NULL),(1402,4,465,NULL,NULL),(1403,16,466,NULL,NULL),(1404,12,466,NULL,NULL),(1405,6,466,NULL,NULL),(1406,4,466,NULL,NULL),(1407,10,467,NULL,NULL),(1408,1,467,NULL,NULL),(1409,15,468,NULL,NULL),(1410,6,468,NULL,NULL),(1411,11,469,NULL,NULL),(1412,9,469,NULL,NULL),(1413,14,469,NULL,NULL),(1414,16,470,NULL,NULL),(1415,3,470,NULL,NULL),(1416,5,470,NULL,NULL),(1417,1,470,NULL,NULL),(1418,14,471,NULL,NULL),(1419,4,471,NULL,NULL),(1420,6,472,NULL,NULL),(1421,10,472,NULL,NULL),(1422,17,472,NULL,NULL),(1423,12,473,NULL,NULL),(1424,17,473,NULL,NULL),(1425,8,474,NULL,NULL),(1426,4,474,NULL,NULL),(1427,3,475,NULL,NULL),(1428,10,475,NULL,NULL),(1429,17,475,NULL,NULL),(1430,3,476,NULL,NULL),(1431,14,476,NULL,NULL),(1432,1,476,NULL,NULL),(1433,15,477,NULL,NULL),(1434,12,477,NULL,NULL),(1435,7,477,NULL,NULL),(1436,17,477,NULL,NULL),(1437,2,478,NULL,NULL),(1438,9,478,NULL,NULL),(1439,7,478,NULL,NULL),(1440,14,478,NULL,NULL),(1441,16,479,NULL,NULL),(1442,12,479,NULL,NULL),(1443,4,479,NULL,NULL),(1444,8,480,NULL,NULL),(1445,16,480,NULL,NULL),(1446,19,480,NULL,NULL),(1447,2,480,NULL,NULL),(1448,3,481,NULL,NULL),(1449,7,481,NULL,NULL),(1450,17,481,NULL,NULL),(1451,12,482,NULL,NULL),(1452,18,482,NULL,NULL),(1453,3,482,NULL,NULL),(1454,6,483,NULL,NULL),(1455,19,483,NULL,NULL),(1456,4,483,NULL,NULL),(1457,10,484,NULL,NULL),(1458,5,484,NULL,NULL),(1459,6,485,NULL,NULL),(1460,10,485,NULL,NULL),(1461,1,485,NULL,NULL),(1462,19,486,NULL,NULL),(1463,17,486,NULL,NULL),(1464,8,487,NULL,NULL),(1465,12,487,NULL,NULL),(1466,6,487,NULL,NULL),(1467,6,488,NULL,NULL),(1468,18,488,NULL,NULL),(1469,7,488,NULL,NULL),(1470,17,488,NULL,NULL),(1471,16,489,NULL,NULL),(1472,13,489,NULL,NULL),(1473,5,489,NULL,NULL),(1474,12,490,NULL,NULL),(1475,18,490,NULL,NULL),(1476,2,490,NULL,NULL),(1477,15,491,NULL,NULL),(1478,18,491,NULL,NULL),(1479,17,491,NULL,NULL),(1480,8,492,NULL,NULL),(1481,6,492,NULL,NULL),(1482,10,492,NULL,NULL),(1483,18,493,NULL,NULL),(1484,3,493,NULL,NULL),(1485,10,493,NULL,NULL),(1486,5,493,NULL,NULL),(1487,12,494,NULL,NULL),(1488,13,494,NULL,NULL),(1489,7,494,NULL,NULL),(1490,11,495,NULL,NULL),(1491,7,495,NULL,NULL),(1492,10,495,NULL,NULL),(1493,16,496,NULL,NULL),(1494,11,496,NULL,NULL),(1495,12,497,NULL,NULL),(1496,3,497,NULL,NULL),(1497,17,497,NULL,NULL),(1498,4,497,NULL,NULL),(1499,15,498,NULL,NULL),(1500,4,498,NULL,NULL),(1501,7,499,NULL,NULL),(1502,14,499,NULL,NULL),(1503,5,499,NULL,NULL),(1504,4,499,NULL,NULL),(1505,11,500,NULL,NULL),(1506,2,500,NULL,NULL),(1507,4,500,NULL,NULL),(1508,8,501,NULL,NULL),(1509,2,501,NULL,NULL),(1510,7,501,NULL,NULL),(1511,15,502,NULL,NULL),(1512,11,502,NULL,NULL),(1513,13,503,NULL,NULL),(1514,2,503,NULL,NULL),(1515,9,503,NULL,NULL),(1516,15,504,NULL,NULL),(1517,11,504,NULL,NULL),(1518,9,504,NULL,NULL),(1519,17,505,NULL,NULL),(1520,5,505,NULL,NULL),(1521,9,506,NULL,NULL),(1522,10,506,NULL,NULL),(1523,13,507,NULL,NULL),(1524,7,507,NULL,NULL),(1525,10,507,NULL,NULL),(1526,14,507,NULL,NULL),(1527,8,508,NULL,NULL),(1528,17,508,NULL,NULL),(1529,1,508,NULL,NULL),(1530,16,509,NULL,NULL),(1531,6,509,NULL,NULL),(1532,8,510,NULL,NULL),(1533,12,510,NULL,NULL),(1534,6,511,NULL,NULL),(1535,9,511,NULL,NULL),(1536,7,512,NULL,NULL),(1537,4,512,NULL,NULL),(1538,15,513,NULL,NULL),(1539,18,513,NULL,NULL),(1540,17,513,NULL,NULL),(1541,12,514,NULL,NULL),(1542,13,514,NULL,NULL),(1543,4,514,NULL,NULL),(1544,13,515,NULL,NULL),(1545,18,515,NULL,NULL),(1546,3,515,NULL,NULL),(1547,15,516,NULL,NULL),(1548,12,516,NULL,NULL),(1549,7,516,NULL,NULL),(1550,1,516,NULL,NULL),(1551,2,517,NULL,NULL),(1552,3,517,NULL,NULL),(1553,8,518,NULL,NULL),(1554,16,518,NULL,NULL),(1555,18,518,NULL,NULL),(1556,19,518,NULL,NULL),(1557,16,519,NULL,NULL),(1558,15,519,NULL,NULL),(1559,12,519,NULL,NULL),(1560,8,520,NULL,NULL),(1561,5,520,NULL,NULL),(1562,11,521,NULL,NULL),(1563,6,521,NULL,NULL),(1564,9,521,NULL,NULL),(1565,1,521,NULL,NULL),(1566,6,522,NULL,NULL),(1567,2,522,NULL,NULL),(1568,9,522,NULL,NULL),(1569,16,523,NULL,NULL),(1570,15,523,NULL,NULL),(1571,19,523,NULL,NULL),(1572,10,523,NULL,NULL),(1573,12,524,NULL,NULL),(1574,7,524,NULL,NULL),(1575,12,525,NULL,NULL),(1576,3,525,NULL,NULL),(1577,5,525,NULL,NULL),(1578,11,526,NULL,NULL),(1579,13,526,NULL,NULL),(1580,5,526,NULL,NULL),(1581,16,527,NULL,NULL),(1582,6,527,NULL,NULL),(1583,14,527,NULL,NULL),(1584,7,528,NULL,NULL),(1585,5,528,NULL,NULL),(1586,1,528,NULL,NULL),(1587,15,529,NULL,NULL),(1588,4,529,NULL,NULL),(1589,19,530,NULL,NULL),(1590,17,530,NULL,NULL),(1591,11,531,NULL,NULL),(1592,1,531,NULL,NULL),(1593,15,532,NULL,NULL),(1594,6,532,NULL,NULL),(1595,18,533,NULL,NULL),(1596,5,533,NULL,NULL),(1597,4,533,NULL,NULL),(1598,9,534,NULL,NULL),(1599,7,534,NULL,NULL),(1600,10,534,NULL,NULL),(1601,8,535,NULL,NULL),(1602,13,535,NULL,NULL),(1603,15,536,NULL,NULL),(1604,12,536,NULL,NULL),(1605,19,536,NULL,NULL),(1606,3,536,NULL,NULL),(1607,12,537,NULL,NULL),(1608,10,537,NULL,NULL),(1609,14,537,NULL,NULL),(1610,5,537,NULL,NULL),(1611,11,538,NULL,NULL),(1612,19,538,NULL,NULL),(1613,17,538,NULL,NULL),(1614,11,539,NULL,NULL),(1615,9,539,NULL,NULL),(1616,8,540,NULL,NULL),(1617,11,540,NULL,NULL),(1618,10,540,NULL,NULL),(1619,9,541,NULL,NULL),(1620,5,541,NULL,NULL),(1621,4,541,NULL,NULL),(1622,11,542,NULL,NULL),(1623,7,542,NULL,NULL),(1624,5,542,NULL,NULL),(1625,11,543,NULL,NULL),(1626,13,543,NULL,NULL),(1627,7,543,NULL,NULL),(1628,15,544,NULL,NULL),(1629,11,544,NULL,NULL),(1630,12,544,NULL,NULL),(1631,13,545,NULL,NULL),(1632,17,545,NULL,NULL),(1633,3,546,NULL,NULL),(1634,10,546,NULL,NULL),(1635,18,547,NULL,NULL),(1636,14,547,NULL,NULL),(1637,15,548,NULL,NULL),(1638,18,548,NULL,NULL),(1639,19,548,NULL,NULL),(1640,14,548,NULL,NULL),(1641,6,549,NULL,NULL),(1642,2,549,NULL,NULL),(1643,9,549,NULL,NULL),(1644,4,549,NULL,NULL),(1645,15,550,NULL,NULL),(1646,18,550,NULL,NULL),(1647,5,550,NULL,NULL),(1648,8,551,NULL,NULL),(1649,15,551,NULL,NULL),(1650,16,552,NULL,NULL),(1651,12,552,NULL,NULL),(1652,3,552,NULL,NULL),(1653,8,553,NULL,NULL),(1654,17,553,NULL,NULL),(1655,1,553,NULL,NULL),(1656,8,554,NULL,NULL),(1657,11,554,NULL,NULL),(1658,4,554,NULL,NULL),(1659,7,555,NULL,NULL),(1660,4,555,NULL,NULL),(1661,9,556,NULL,NULL),(1662,1,556,NULL,NULL),(1663,12,557,NULL,NULL),(1664,9,557,NULL,NULL),(1665,17,557,NULL,NULL),(1666,4,557,NULL,NULL),(1667,4,558,NULL,NULL),(1668,1,558,NULL,NULL),(1669,6,559,NULL,NULL),(1670,14,559,NULL,NULL),(1671,5,559,NULL,NULL),(1672,13,560,NULL,NULL),(1673,18,560,NULL,NULL),(1674,10,560,NULL,NULL),(1675,4,560,NULL,NULL),(1676,12,561,NULL,NULL),(1677,2,561,NULL,NULL),(1678,4,561,NULL,NULL),(1679,12,562,NULL,NULL),(1680,3,562,NULL,NULL),(1681,4,562,NULL,NULL),(1682,13,563,NULL,NULL),(1683,19,563,NULL,NULL),(1684,11,564,NULL,NULL),(1685,12,564,NULL,NULL),(1686,10,564,NULL,NULL),(1687,15,565,NULL,NULL),(1688,11,565,NULL,NULL),(1689,12,565,NULL,NULL),(1690,5,565,NULL,NULL),(1691,8,566,NULL,NULL),(1692,12,566,NULL,NULL),(1693,7,566,NULL,NULL),(1694,13,567,NULL,NULL),(1695,10,567,NULL,NULL),(1696,14,567,NULL,NULL),(1697,1,567,NULL,NULL),(1698,19,568,NULL,NULL),(1699,3,568,NULL,NULL),(1700,7,568,NULL,NULL),(1701,1,568,NULL,NULL),(1702,3,569,NULL,NULL),(1703,9,569,NULL,NULL),(1704,7,569,NULL,NULL),(1705,17,569,NULL,NULL),(1706,7,570,NULL,NULL),(1707,10,570,NULL,NULL),(1708,11,571,NULL,NULL),(1709,12,571,NULL,NULL),(1710,17,571,NULL,NULL),(1711,5,571,NULL,NULL),(1712,6,572,NULL,NULL),(1713,2,572,NULL,NULL),(1714,3,572,NULL,NULL),(1715,4,572,NULL,NULL),(1716,8,573,NULL,NULL),(1717,2,573,NULL,NULL),(1718,17,573,NULL,NULL),(1719,16,574,NULL,NULL),(1720,10,574,NULL,NULL),(1721,12,575,NULL,NULL),(1722,6,575,NULL,NULL),(1723,18,575,NULL,NULL),(1724,8,576,NULL,NULL),(1725,13,576,NULL,NULL),(1726,8,577,NULL,NULL),(1727,6,577,NULL,NULL),(1728,19,577,NULL,NULL),(1729,6,578,NULL,NULL),(1730,7,578,NULL,NULL),(1731,4,578,NULL,NULL),(1732,12,579,NULL,NULL),(1733,19,579,NULL,NULL),(1734,3,579,NULL,NULL),(1735,10,579,NULL,NULL),(1736,18,580,NULL,NULL),(1737,9,580,NULL,NULL),(1738,8,581,NULL,NULL),(1739,16,581,NULL,NULL),(1740,4,581,NULL,NULL),(1741,18,582,NULL,NULL),(1742,3,582,NULL,NULL),(1743,4,582,NULL,NULL),(1744,15,583,NULL,NULL),(1745,11,583,NULL,NULL),(1746,14,583,NULL,NULL),(1747,5,583,NULL,NULL),(1748,8,584,NULL,NULL),(1749,15,584,NULL,NULL),(1750,5,584,NULL,NULL),(1751,4,584,NULL,NULL),(1752,11,585,NULL,NULL),(1753,12,585,NULL,NULL),(1754,19,585,NULL,NULL),(1755,10,586,NULL,NULL),(1756,14,586,NULL,NULL),(1757,16,587,NULL,NULL),(1758,15,587,NULL,NULL),(1759,13,587,NULL,NULL),(1760,18,587,NULL,NULL),(1761,16,588,NULL,NULL),(1762,9,588,NULL,NULL),(1763,14,588,NULL,NULL),(1764,12,589,NULL,NULL),(1765,19,589,NULL,NULL),(1766,2,590,NULL,NULL),(1767,9,590,NULL,NULL),(1768,11,591,NULL,NULL),(1769,18,591,NULL,NULL),(1770,3,591,NULL,NULL),(1771,6,592,NULL,NULL),(1772,3,592,NULL,NULL),(1773,7,592,NULL,NULL),(1774,4,592,NULL,NULL),(1775,13,593,NULL,NULL),(1776,18,593,NULL,NULL),(1777,14,593,NULL,NULL),(1778,5,593,NULL,NULL),(1779,8,594,NULL,NULL),(1780,15,594,NULL,NULL),(1781,18,594,NULL,NULL),(1782,7,594,NULL,NULL),(1783,14,595,NULL,NULL),(1784,17,595,NULL,NULL),(1785,4,595,NULL,NULL),(1786,15,596,NULL,NULL),(1787,4,596,NULL,NULL),(1788,15,597,NULL,NULL),(1789,2,597,NULL,NULL),(1790,17,597,NULL,NULL),(1791,4,597,NULL,NULL),(1792,15,598,NULL,NULL),(1793,11,598,NULL,NULL),(1794,3,598,NULL,NULL),(1795,14,598,NULL,NULL),(1796,18,599,NULL,NULL),(1797,17,599,NULL,NULL),(1798,5,599,NULL,NULL),(1799,11,600,NULL,NULL),(1800,7,600,NULL,NULL),(1801,14,600,NULL,NULL),(1802,1,600,NULL,NULL),(1803,15,601,NULL,NULL),(1804,7,601,NULL,NULL),(1805,3,602,NULL,NULL),(1806,7,602,NULL,NULL),(1807,14,602,NULL,NULL),(1808,5,602,NULL,NULL),(1809,11,603,NULL,NULL),(1810,18,603,NULL,NULL),(1811,11,604,NULL,NULL),(1812,14,604,NULL,NULL),(1813,17,604,NULL,NULL),(1814,5,604,NULL,NULL),(1815,6,605,NULL,NULL),(1816,13,605,NULL,NULL),(1817,5,605,NULL,NULL),(1818,3,606,NULL,NULL),(1819,1,606,NULL,NULL),(1820,15,607,NULL,NULL),(1821,7,607,NULL,NULL),(1822,6,608,NULL,NULL),(1823,7,608,NULL,NULL),(1824,1,608,NULL,NULL),(1825,15,609,NULL,NULL),(1826,3,609,NULL,NULL),(1827,15,610,NULL,NULL),(1828,13,610,NULL,NULL),(1829,2,610,NULL,NULL),(1830,19,611,NULL,NULL),(1831,2,611,NULL,NULL),(1832,10,611,NULL,NULL),(1833,4,611,NULL,NULL),(1834,6,612,NULL,NULL),(1835,18,612,NULL,NULL),(1836,10,612,NULL,NULL),(1837,1,612,NULL,NULL),(1838,19,613,NULL,NULL),(1839,4,613,NULL,NULL),(1840,10,614,NULL,NULL),(1841,17,614,NULL,NULL),(1842,8,615,NULL,NULL),(1843,18,615,NULL,NULL),(1844,2,615,NULL,NULL),(1845,9,615,NULL,NULL),(1846,6,616,NULL,NULL),(1847,19,616,NULL,NULL),(1848,9,616,NULL,NULL),(1849,11,617,NULL,NULL),(1850,1,617,NULL,NULL),(1851,16,618,NULL,NULL),(1852,3,618,NULL,NULL),(1853,17,618,NULL,NULL),(1854,9,619,NULL,NULL),(1855,17,619,NULL,NULL),(1856,15,620,NULL,NULL),(1857,6,620,NULL,NULL),(1858,17,620,NULL,NULL),(1859,13,621,NULL,NULL),(1860,10,621,NULL,NULL),(1861,11,622,NULL,NULL),(1862,2,622,NULL,NULL),(1863,9,622,NULL,NULL),(1864,10,623,NULL,NULL),(1865,17,623,NULL,NULL),(1866,19,624,NULL,NULL),(1867,2,624,NULL,NULL),(1868,5,624,NULL,NULL),(1869,1,624,NULL,NULL),(1870,19,625,NULL,NULL),(1871,9,625,NULL,NULL),(1872,9,626,NULL,NULL),(1873,4,626,NULL,NULL),(1874,1,626,NULL,NULL),(1875,11,627,NULL,NULL),(1876,18,627,NULL,NULL),(1877,14,627,NULL,NULL),(1878,5,627,NULL,NULL),(1879,16,628,NULL,NULL),(1880,11,628,NULL,NULL),(1881,6,628,NULL,NULL),(1882,10,628,NULL,NULL),(1883,11,629,NULL,NULL),(1884,18,629,NULL,NULL),(1885,1,629,NULL,NULL),(1886,13,630,NULL,NULL),(1887,19,630,NULL,NULL),(1888,17,630,NULL,NULL),(1889,8,631,NULL,NULL),(1890,11,631,NULL,NULL),(1891,12,631,NULL,NULL),(1892,4,631,NULL,NULL),(1893,11,632,NULL,NULL),(1894,13,632,NULL,NULL),(1895,12,633,NULL,NULL),(1896,3,633,NULL,NULL),(1897,17,633,NULL,NULL),(1898,6,634,NULL,NULL),(1899,2,634,NULL,NULL),(1900,7,634,NULL,NULL),(1901,5,634,NULL,NULL),(1902,16,635,NULL,NULL),(1903,11,635,NULL,NULL),(1904,5,635,NULL,NULL),(1905,4,635,NULL,NULL),(1906,16,636,NULL,NULL),(1907,18,636,NULL,NULL),(1908,7,636,NULL,NULL),(1909,17,636,NULL,NULL),(1910,3,637,NULL,NULL),(1911,17,637,NULL,NULL),(1912,15,638,NULL,NULL),(1913,19,638,NULL,NULL),(1914,7,638,NULL,NULL),(1915,6,639,NULL,NULL),(1916,13,639,NULL,NULL),(1917,3,639,NULL,NULL),(1918,15,640,NULL,NULL),(1919,1,640,NULL,NULL),(1920,13,641,NULL,NULL),(1921,19,641,NULL,NULL),(1922,14,641,NULL,NULL),(1923,5,641,NULL,NULL),(1924,10,642,NULL,NULL),(1925,17,642,NULL,NULL),(1926,14,643,NULL,NULL),(1927,5,643,NULL,NULL),(1928,7,644,NULL,NULL),(1929,17,644,NULL,NULL),(1930,4,644,NULL,NULL),(1931,1,644,NULL,NULL),(1932,15,645,NULL,NULL),(1933,5,645,NULL,NULL),(1934,16,646,NULL,NULL),(1935,12,646,NULL,NULL),(1936,18,646,NULL,NULL),(1937,3,647,NULL,NULL),(1938,7,647,NULL,NULL),(1939,16,648,NULL,NULL),(1940,6,648,NULL,NULL),(1941,13,648,NULL,NULL),(1942,10,648,NULL,NULL),(1943,13,649,NULL,NULL),(1944,18,649,NULL,NULL),(1945,14,649,NULL,NULL),(1946,16,650,NULL,NULL),(1947,12,650,NULL,NULL),(1948,6,650,NULL,NULL),(1949,15,651,NULL,NULL),(1950,6,651,NULL,NULL),(1951,3,651,NULL,NULL),(1952,9,651,NULL,NULL),(1953,15,652,NULL,NULL),(1954,6,652,NULL,NULL),(1955,18,652,NULL,NULL),(1956,9,652,NULL,NULL),(1957,11,653,NULL,NULL),(1958,13,653,NULL,NULL),(1959,9,653,NULL,NULL),(1960,7,653,NULL,NULL),(1961,8,654,NULL,NULL),(1962,13,654,NULL,NULL),(1963,9,654,NULL,NULL),(1964,1,654,NULL,NULL),(1965,19,655,NULL,NULL),(1966,3,655,NULL,NULL),(1967,17,655,NULL,NULL),(1968,11,656,NULL,NULL),(1969,19,656,NULL,NULL),(1970,4,656,NULL,NULL),(1971,15,657,NULL,NULL),(1972,2,657,NULL,NULL),(1973,3,657,NULL,NULL),(1974,16,658,NULL,NULL),(1975,6,658,NULL,NULL),(1976,18,658,NULL,NULL),(1977,15,659,NULL,NULL),(1978,13,659,NULL,NULL),(1979,19,659,NULL,NULL),(1980,8,660,NULL,NULL),(1981,18,660,NULL,NULL),(1982,7,660,NULL,NULL),(1983,14,660,NULL,NULL),(1984,18,661,NULL,NULL),(1985,5,661,NULL,NULL),(1986,15,662,NULL,NULL),(1987,2,662,NULL,NULL),(1988,1,662,NULL,NULL),(1989,12,663,NULL,NULL),(1990,4,663,NULL,NULL),(1991,16,664,NULL,NULL),(1992,11,664,NULL,NULL),(1993,12,665,NULL,NULL),(1994,5,665,NULL,NULL),(1995,1,665,NULL,NULL),(1996,18,666,NULL,NULL),(1997,7,666,NULL,NULL),(1998,14,666,NULL,NULL),(1999,12,667,NULL,NULL),(2000,17,667,NULL,NULL),(2001,5,667,NULL,NULL),(2002,19,668,NULL,NULL),(2003,1,668,NULL,NULL),(2004,18,669,NULL,NULL),(2005,10,669,NULL,NULL),(2006,15,670,NULL,NULL),(2007,11,670,NULL,NULL),(2008,12,670,NULL,NULL),(2009,3,670,NULL,NULL),(2010,11,671,NULL,NULL),(2011,13,671,NULL,NULL),(2012,12,672,NULL,NULL),(2013,5,672,NULL,NULL),(2014,1,672,NULL,NULL),(2015,13,673,NULL,NULL),(2016,18,673,NULL,NULL),(2017,7,673,NULL,NULL),(2018,14,673,NULL,NULL),(2019,8,674,NULL,NULL),(2020,15,674,NULL,NULL),(2021,6,674,NULL,NULL),(2022,13,674,NULL,NULL),(2023,6,675,NULL,NULL),(2024,13,675,NULL,NULL),(2025,18,675,NULL,NULL),(2026,11,676,NULL,NULL),(2027,13,676,NULL,NULL),(2028,19,676,NULL,NULL),(2029,17,676,NULL,NULL),(2030,13,677,NULL,NULL),(2031,3,677,NULL,NULL),(2032,10,677,NULL,NULL),(2033,14,678,NULL,NULL),(2034,17,678,NULL,NULL),(2035,13,679,NULL,NULL),(2036,3,679,NULL,NULL),(2037,7,679,NULL,NULL),(2038,17,679,NULL,NULL),(2039,19,680,NULL,NULL),(2040,9,680,NULL,NULL),(2041,14,680,NULL,NULL),(2042,15,681,NULL,NULL),(2043,13,681,NULL,NULL),(2044,14,681,NULL,NULL),(2045,8,682,NULL,NULL),(2046,19,682,NULL,NULL),(2047,9,682,NULL,NULL),(2048,14,683,NULL,NULL),(2049,4,683,NULL,NULL),(2050,7,684,NULL,NULL),(2051,1,684,NULL,NULL),(2052,16,685,NULL,NULL),(2053,2,685,NULL,NULL),(2054,3,685,NULL,NULL),(2055,2,686,NULL,NULL),(2056,14,686,NULL,NULL),(2057,2,687,NULL,NULL),(2058,7,687,NULL,NULL),(2059,5,687,NULL,NULL),(2060,8,688,NULL,NULL),(2061,6,688,NULL,NULL),(2062,8,689,NULL,NULL),(2063,16,689,NULL,NULL),(2064,2,689,NULL,NULL),(2065,15,690,NULL,NULL),(2066,13,690,NULL,NULL),(2067,5,690,NULL,NULL),(2068,8,691,NULL,NULL),(2069,12,691,NULL,NULL),(2070,9,691,NULL,NULL),(2071,5,691,NULL,NULL),(2072,13,692,NULL,NULL),(2073,2,692,NULL,NULL),(2074,10,692,NULL,NULL),(2075,13,693,NULL,NULL),(2076,4,693,NULL,NULL),(2077,11,694,NULL,NULL),(2078,18,694,NULL,NULL),(2079,14,694,NULL,NULL),(2080,14,695,NULL,NULL),(2081,5,695,NULL,NULL),(2082,16,696,NULL,NULL),(2083,18,696,NULL,NULL),(2084,4,696,NULL,NULL),(2085,8,697,NULL,NULL),(2086,6,697,NULL,NULL),(2087,7,697,NULL,NULL),(2088,8,698,NULL,NULL),(2089,16,698,NULL,NULL),(2090,3,698,NULL,NULL),(2091,9,698,NULL,NULL),(2092,8,699,NULL,NULL),(2093,18,699,NULL,NULL),(2094,9,699,NULL,NULL),(2095,7,699,NULL,NULL),(2096,7,700,NULL,NULL),(2097,5,700,NULL,NULL),(2098,15,701,NULL,NULL),(2099,19,701,NULL,NULL),(2100,4,701,NULL,NULL),(2101,19,702,NULL,NULL),(2102,2,702,NULL,NULL),(2103,7,702,NULL,NULL),(2104,2,703,NULL,NULL),(2105,9,703,NULL,NULL),(2106,7,703,NULL,NULL),(2107,10,703,NULL,NULL),(2108,13,704,NULL,NULL),(2109,19,704,NULL,NULL),(2110,17,704,NULL,NULL),(2111,15,705,NULL,NULL),(2112,6,705,NULL,NULL),(2113,18,705,NULL,NULL),(2114,19,705,NULL,NULL),(2115,8,706,NULL,NULL),(2116,7,706,NULL,NULL),(2117,5,706,NULL,NULL),(2118,4,706,NULL,NULL),(2119,8,707,NULL,NULL),(2120,6,707,NULL,NULL),(2121,9,707,NULL,NULL),(2122,5,707,NULL,NULL),(2123,11,708,NULL,NULL),(2124,10,708,NULL,NULL),(2125,17,708,NULL,NULL),(2126,16,709,NULL,NULL),(2127,3,709,NULL,NULL),(2128,5,709,NULL,NULL),(2129,19,710,NULL,NULL),(2130,3,710,NULL,NULL),(2131,14,710,NULL,NULL),(2132,4,710,NULL,NULL),(2133,6,711,NULL,NULL),(2134,19,711,NULL,NULL),(2135,2,711,NULL,NULL),(2136,5,711,NULL,NULL),(2137,2,712,NULL,NULL),(2138,10,712,NULL,NULL),(2139,17,712,NULL,NULL),(2140,11,713,NULL,NULL),(2141,12,713,NULL,NULL),(2142,6,713,NULL,NULL),(2143,12,714,NULL,NULL),(2144,18,714,NULL,NULL),(2145,2,714,NULL,NULL),(2146,13,715,NULL,NULL),(2147,14,715,NULL,NULL),(2148,4,715,NULL,NULL),(2149,11,716,NULL,NULL),(2150,12,716,NULL,NULL),(2151,4,716,NULL,NULL),(2152,6,717,NULL,NULL),(2153,7,717,NULL,NULL),(2154,1,717,NULL,NULL),(2155,16,718,NULL,NULL),(2156,11,718,NULL,NULL),(2157,14,718,NULL,NULL),(2158,8,719,NULL,NULL),(2159,2,719,NULL,NULL),(2160,9,719,NULL,NULL),(2161,14,719,NULL,NULL),(2162,16,720,NULL,NULL),(2163,12,720,NULL,NULL),(2164,18,720,NULL,NULL),(2165,10,720,NULL,NULL),(2166,10,721,NULL,NULL),(2167,5,721,NULL,NULL),(2168,16,722,NULL,NULL),(2169,12,722,NULL,NULL),(2170,18,723,NULL,NULL),(2171,7,723,NULL,NULL),(2172,14,723,NULL,NULL),(2173,5,723,NULL,NULL),(2174,16,724,NULL,NULL),(2175,6,724,NULL,NULL),(2176,18,725,NULL,NULL),(2177,19,725,NULL,NULL),(2178,10,725,NULL,NULL),(2179,16,726,NULL,NULL),(2180,15,726,NULL,NULL),(2181,13,726,NULL,NULL),(2182,18,726,NULL,NULL),(2183,13,727,NULL,NULL),(2184,3,727,NULL,NULL),(2185,10,727,NULL,NULL),(2186,6,728,NULL,NULL),(2187,7,728,NULL,NULL),(2188,4,728,NULL,NULL),(2189,1,728,NULL,NULL),(2190,15,729,NULL,NULL),(2191,18,729,NULL,NULL),(2192,1,729,NULL,NULL),(2193,11,730,NULL,NULL),(2194,13,730,NULL,NULL),(2195,2,730,NULL,NULL),(2196,9,730,NULL,NULL),(2197,11,731,NULL,NULL),(2198,12,731,NULL,NULL),(2199,6,731,NULL,NULL),(2200,8,732,NULL,NULL),(2201,2,732,NULL,NULL),(2202,3,732,NULL,NULL),(2203,17,732,NULL,NULL),(2204,16,733,NULL,NULL),(2205,17,733,NULL,NULL),(2206,4,733,NULL,NULL),(2207,12,734,NULL,NULL),(2208,6,734,NULL,NULL),(2209,13,734,NULL,NULL),(2210,9,734,NULL,NULL),(2211,15,735,NULL,NULL),(2212,2,735,NULL,NULL),(2213,7,735,NULL,NULL),(2214,4,736,NULL,NULL),(2215,1,736,NULL,NULL),(2216,11,737,NULL,NULL),(2217,19,737,NULL,NULL),(2218,9,737,NULL,NULL),(2219,18,738,NULL,NULL),(2220,7,738,NULL,NULL),(2221,17,738,NULL,NULL),(2222,8,739,NULL,NULL),(2223,12,739,NULL,NULL),(2224,6,739,NULL,NULL),(2225,10,739,NULL,NULL),(2226,13,740,NULL,NULL),(2227,7,740,NULL,NULL),(2228,8,741,NULL,NULL),(2229,3,741,NULL,NULL),(2230,4,741,NULL,NULL),(2231,13,742,NULL,NULL),(2232,7,742,NULL,NULL),(2233,1,742,NULL,NULL),(2234,7,743,NULL,NULL),(2235,5,743,NULL,NULL),(2236,8,744,NULL,NULL),(2237,13,744,NULL,NULL),(2238,19,744,NULL,NULL),(2239,10,744,NULL,NULL),(2240,18,745,NULL,NULL),(2241,10,745,NULL,NULL),(2242,11,746,NULL,NULL),(2243,10,746,NULL,NULL),(2244,14,746,NULL,NULL),(2245,5,746,NULL,NULL),(2246,16,747,NULL,NULL),(2247,13,747,NULL,NULL),(2248,7,747,NULL,NULL),(2249,1,747,NULL,NULL),(2250,15,748,NULL,NULL),(2251,10,748,NULL,NULL),(2252,13,749,NULL,NULL),(2253,18,749,NULL,NULL),(2254,9,749,NULL,NULL),(2255,12,750,NULL,NULL),(2256,2,750,NULL,NULL),(2257,11,751,NULL,NULL),(2258,5,751,NULL,NULL),(2259,1,751,NULL,NULL),(2260,16,752,NULL,NULL),(2261,7,752,NULL,NULL),(2262,8,753,NULL,NULL),(2263,14,753,NULL,NULL),(2264,11,754,NULL,NULL),(2265,6,754,NULL,NULL),(2266,2,754,NULL,NULL),(2267,7,754,NULL,NULL),(2268,19,755,NULL,NULL),(2269,3,755,NULL,NULL),(2270,18,756,NULL,NULL),(2271,19,756,NULL,NULL),(2272,7,757,NULL,NULL),(2273,10,757,NULL,NULL),(2274,14,757,NULL,NULL),(2275,1,757,NULL,NULL),(2276,16,758,NULL,NULL),(2277,13,758,NULL,NULL),(2278,6,759,NULL,NULL),(2279,13,759,NULL,NULL),(2280,2,759,NULL,NULL),(2281,5,759,NULL,NULL),(2282,8,760,NULL,NULL),(2283,13,760,NULL,NULL),(2284,14,760,NULL,NULL),(2285,8,761,NULL,NULL),(2286,16,761,NULL,NULL),(2287,7,761,NULL,NULL),(2288,1,761,NULL,NULL),(2289,19,762,NULL,NULL),(2290,7,762,NULL,NULL),(2291,5,762,NULL,NULL),(2292,2,763,NULL,NULL),(2293,3,763,NULL,NULL),(2294,18,764,NULL,NULL),(2295,5,764,NULL,NULL),(2296,16,765,NULL,NULL),(2297,11,765,NULL,NULL),(2298,13,765,NULL,NULL),(2299,3,765,NULL,NULL),(2300,15,766,NULL,NULL),(2301,13,766,NULL,NULL),(2302,9,766,NULL,NULL),(2303,16,767,NULL,NULL),(2304,18,767,NULL,NULL),(2305,3,767,NULL,NULL),(2306,15,768,NULL,NULL),(2307,18,768,NULL,NULL),(2308,3,768,NULL,NULL),(2309,16,769,NULL,NULL),(2310,18,769,NULL,NULL),(2311,11,770,NULL,NULL),(2312,2,770,NULL,NULL),(2313,3,770,NULL,NULL),(2314,9,770,NULL,NULL),(2315,6,771,NULL,NULL),(2316,2,771,NULL,NULL),(2317,14,771,NULL,NULL),(2318,8,772,NULL,NULL),(2319,12,772,NULL,NULL),(2320,6,772,NULL,NULL),(2321,5,772,NULL,NULL),(2322,15,773,NULL,NULL),(2323,13,773,NULL,NULL),(2324,3,773,NULL,NULL),(2325,10,773,NULL,NULL),(2326,12,774,NULL,NULL),(2327,9,774,NULL,NULL),(2328,10,774,NULL,NULL),(2329,1,774,NULL,NULL),(2330,11,775,NULL,NULL),(2331,18,775,NULL,NULL),(2332,3,775,NULL,NULL),(2333,11,776,NULL,NULL),(2334,2,776,NULL,NULL),(2335,3,776,NULL,NULL),(2336,9,776,NULL,NULL),(2337,18,777,NULL,NULL),(2338,3,777,NULL,NULL),(2339,3,778,NULL,NULL),(2340,7,778,NULL,NULL),(2341,4,778,NULL,NULL),(2342,1,778,NULL,NULL),(2343,16,779,NULL,NULL),(2344,2,779,NULL,NULL),(2345,14,779,NULL,NULL),(2346,1,779,NULL,NULL),(2347,15,780,NULL,NULL),(2348,10,780,NULL,NULL),(2349,11,781,NULL,NULL),(2350,10,781,NULL,NULL),(2351,19,782,NULL,NULL),(2352,14,782,NULL,NULL),(2353,16,783,NULL,NULL),(2354,15,783,NULL,NULL),(2355,9,783,NULL,NULL),(2356,14,784,NULL,NULL),(2357,4,784,NULL,NULL),(2358,16,785,NULL,NULL),(2359,12,785,NULL,NULL),(2360,3,785,NULL,NULL),(2361,5,785,NULL,NULL),(2362,18,786,NULL,NULL),(2363,19,786,NULL,NULL),(2364,9,786,NULL,NULL),(2365,13,787,NULL,NULL),(2366,19,787,NULL,NULL),(2367,14,787,NULL,NULL),(2368,6,788,NULL,NULL),(2369,1,788,NULL,NULL),(2370,8,789,NULL,NULL),(2371,11,789,NULL,NULL),(2372,8,790,NULL,NULL),(2373,19,790,NULL,NULL),(2374,8,791,NULL,NULL),(2375,16,791,NULL,NULL),(2376,14,791,NULL,NULL),(2377,8,792,NULL,NULL),(2378,18,792,NULL,NULL),(2379,17,792,NULL,NULL),(2380,1,792,NULL,NULL),(2381,6,793,NULL,NULL),(2382,17,793,NULL,NULL),(2383,6,794,NULL,NULL),(2384,3,794,NULL,NULL),(2385,18,795,NULL,NULL),(2386,3,795,NULL,NULL),(2387,8,796,NULL,NULL),(2388,3,796,NULL,NULL),(2389,10,796,NULL,NULL),(2390,4,796,NULL,NULL),(2391,19,797,NULL,NULL),(2392,9,797,NULL,NULL),(2393,5,797,NULL,NULL),(2394,13,798,NULL,NULL),(2395,19,798,NULL,NULL),(2396,2,798,NULL,NULL),(2397,2,799,NULL,NULL),(2398,17,799,NULL,NULL),(2399,16,800,NULL,NULL),(2400,11,800,NULL,NULL),(2401,14,800,NULL,NULL),(2402,17,800,NULL,NULL),(2403,9,801,NULL,NULL),(2404,17,801,NULL,NULL),(2405,5,801,NULL,NULL),(2406,2,802,NULL,NULL),(2407,17,802,NULL,NULL),(2408,19,803,NULL,NULL),(2409,1,803,NULL,NULL),(2410,15,804,NULL,NULL),(2411,17,804,NULL,NULL),(2412,19,805,NULL,NULL),(2413,9,805,NULL,NULL),(2414,7,805,NULL,NULL),(2415,1,805,NULL,NULL),(2416,8,806,NULL,NULL),(2417,17,806,NULL,NULL),(2418,13,807,NULL,NULL),(2419,18,807,NULL,NULL),(2420,9,807,NULL,NULL),(2421,1,807,NULL,NULL),(2422,11,808,NULL,NULL),(2423,19,808,NULL,NULL),(2424,17,808,NULL,NULL),(2425,8,809,NULL,NULL),(2426,16,809,NULL,NULL),(2427,5,809,NULL,NULL),(2428,8,810,NULL,NULL),(2429,3,810,NULL,NULL),(2430,10,810,NULL,NULL),(2431,1,810,NULL,NULL),(2432,3,811,NULL,NULL),(2433,10,811,NULL,NULL),(2434,8,812,NULL,NULL),(2435,16,812,NULL,NULL),(2436,19,812,NULL,NULL),(2437,12,813,NULL,NULL),(2438,18,813,NULL,NULL),(2439,14,813,NULL,NULL),(2440,13,814,NULL,NULL),(2441,7,814,NULL,NULL),(2442,10,814,NULL,NULL),(2443,13,815,NULL,NULL),(2444,19,815,NULL,NULL),(2445,5,815,NULL,NULL),(2446,12,816,NULL,NULL),(2447,7,816,NULL,NULL),(2448,2,817,NULL,NULL),(2449,3,817,NULL,NULL),(2450,7,817,NULL,NULL),(2451,10,817,NULL,NULL),(2452,12,818,NULL,NULL),(2453,6,818,NULL,NULL),(2454,9,818,NULL,NULL),(2455,1,818,NULL,NULL),(2456,11,819,NULL,NULL),(2457,19,819,NULL,NULL),(2458,9,820,NULL,NULL),(2459,7,820,NULL,NULL),(2460,10,820,NULL,NULL),(2461,14,820,NULL,NULL),(2462,8,821,NULL,NULL),(2463,19,821,NULL,NULL),(2464,10,821,NULL,NULL),(2465,4,821,NULL,NULL),(2466,11,822,NULL,NULL),(2467,18,822,NULL,NULL),(2468,19,822,NULL,NULL),(2469,2,822,NULL,NULL),(2470,11,823,NULL,NULL),(2471,9,823,NULL,NULL),(2472,7,824,NULL,NULL),(2473,14,824,NULL,NULL),(2474,17,824,NULL,NULL),(2475,5,824,NULL,NULL),(2476,8,825,NULL,NULL),(2477,14,825,NULL,NULL),(2478,5,825,NULL,NULL),(2479,11,826,NULL,NULL),(2480,1,826,NULL,NULL),(2481,15,827,NULL,NULL),(2482,6,827,NULL,NULL),(2483,1,827,NULL,NULL),(2484,2,828,NULL,NULL),(2485,10,828,NULL,NULL),(2486,1,828,NULL,NULL),(2487,3,829,NULL,NULL),(2488,10,829,NULL,NULL),(2489,4,829,NULL,NULL),(2490,19,830,NULL,NULL),(2491,3,830,NULL,NULL),(2492,7,830,NULL,NULL),(2493,19,831,NULL,NULL),(2494,3,831,NULL,NULL),(2495,10,831,NULL,NULL),(2496,4,831,NULL,NULL),(2497,13,832,NULL,NULL),(2498,18,832,NULL,NULL),(2499,19,832,NULL,NULL),(2500,7,832,NULL,NULL),(2501,8,833,NULL,NULL),(2502,19,833,NULL,NULL),(2503,5,833,NULL,NULL),(2504,16,834,NULL,NULL),(2505,17,834,NULL,NULL),(2506,1,834,NULL,NULL),(2507,16,835,NULL,NULL),(2508,11,835,NULL,NULL),(2509,12,835,NULL,NULL),(2510,17,835,NULL,NULL),(2511,9,836,NULL,NULL),(2512,14,836,NULL,NULL),(2513,15,837,NULL,NULL),(2514,14,837,NULL,NULL),(2515,4,837,NULL,NULL),(2516,1,837,NULL,NULL),(2517,11,838,NULL,NULL),(2518,13,838,NULL,NULL),(2519,7,838,NULL,NULL),(2520,4,838,NULL,NULL),(2521,6,839,NULL,NULL),(2522,19,839,NULL,NULL),(2523,9,839,NULL,NULL),(2524,1,839,NULL,NULL),(2525,13,840,NULL,NULL),(2526,2,840,NULL,NULL),(2527,12,841,NULL,NULL),(2528,19,841,NULL,NULL),(2529,15,842,NULL,NULL),(2530,3,842,NULL,NULL),(2531,10,842,NULL,NULL),(2532,5,842,NULL,NULL),(2533,16,843,NULL,NULL),(2534,12,843,NULL,NULL),(2535,9,843,NULL,NULL),(2536,5,843,NULL,NULL),(2537,14,844,NULL,NULL),(2538,5,844,NULL,NULL),(2539,13,845,NULL,NULL),(2540,9,845,NULL,NULL),(2541,1,845,NULL,NULL),(2542,14,846,NULL,NULL),(2543,17,846,NULL,NULL),(2544,16,847,NULL,NULL),(2545,19,847,NULL,NULL),(2546,19,848,NULL,NULL),(2547,5,848,NULL,NULL),(2548,3,849,NULL,NULL),(2549,5,849,NULL,NULL),(2550,19,850,NULL,NULL),(2551,3,850,NULL,NULL),(2552,11,851,NULL,NULL),(2553,7,851,NULL,NULL),(2554,14,851,NULL,NULL),(2555,13,852,NULL,NULL),(2556,19,852,NULL,NULL),(2557,3,852,NULL,NULL),(2558,1,852,NULL,NULL),(2559,2,853,NULL,NULL),(2560,3,853,NULL,NULL),(2561,10,853,NULL,NULL),(2562,16,854,NULL,NULL),(2563,7,854,NULL,NULL),(2564,14,854,NULL,NULL),(2565,11,855,NULL,NULL),(2566,13,855,NULL,NULL),(2567,9,855,NULL,NULL),(2568,17,855,NULL,NULL),(2569,2,856,NULL,NULL),(2570,3,856,NULL,NULL),(2571,17,856,NULL,NULL),(2572,5,856,NULL,NULL),(2573,12,857,NULL,NULL),(2574,1,857,NULL,NULL),(2575,16,858,NULL,NULL),(2576,10,858,NULL,NULL),(2577,4,858,NULL,NULL),(2578,12,859,NULL,NULL),(2579,4,859,NULL,NULL),(2580,8,860,NULL,NULL),(2581,16,860,NULL,NULL),(2582,10,860,NULL,NULL),(2583,15,861,NULL,NULL),(2584,2,861,NULL,NULL),(2585,10,861,NULL,NULL),(2586,8,862,NULL,NULL),(2587,12,862,NULL,NULL),(2588,3,862,NULL,NULL),(2589,4,862,NULL,NULL),(2590,18,863,NULL,NULL),(2591,5,863,NULL,NULL),(2592,11,864,NULL,NULL),(2593,3,864,NULL,NULL),(2594,5,864,NULL,NULL),(2595,14,865,NULL,NULL),(2596,17,865,NULL,NULL),(2597,1,865,NULL,NULL),(2598,12,866,NULL,NULL),(2599,6,866,NULL,NULL),(2600,18,866,NULL,NULL),(2601,7,866,NULL,NULL),(2602,15,867,NULL,NULL),(2603,18,867,NULL,NULL),(2604,10,867,NULL,NULL),(2605,4,867,NULL,NULL),(2606,11,868,NULL,NULL),(2607,18,868,NULL,NULL),(2608,19,868,NULL,NULL),(2609,2,868,NULL,NULL),(2610,7,869,NULL,NULL),(2611,17,869,NULL,NULL),(2612,16,870,NULL,NULL),(2613,14,870,NULL,NULL),(2614,18,871,NULL,NULL),(2615,5,871,NULL,NULL),(2616,16,872,NULL,NULL),(2617,6,872,NULL,NULL),(2618,3,872,NULL,NULL),(2619,7,872,NULL,NULL),(2620,8,873,NULL,NULL),(2621,11,873,NULL,NULL),(2622,17,873,NULL,NULL),(2623,15,874,NULL,NULL),(2624,13,874,NULL,NULL),(2625,16,875,NULL,NULL),(2626,14,875,NULL,NULL),(2627,1,875,NULL,NULL),(2628,16,876,NULL,NULL),(2629,11,876,NULL,NULL),(2630,19,876,NULL,NULL),(2631,9,876,NULL,NULL),(2632,11,877,NULL,NULL),(2633,3,877,NULL,NULL),(2634,15,878,NULL,NULL),(2635,13,878,NULL,NULL),(2636,7,878,NULL,NULL),(2637,8,879,NULL,NULL),(2638,11,879,NULL,NULL),(2639,7,879,NULL,NULL),(2640,16,880,NULL,NULL),(2641,19,880,NULL,NULL),(2642,10,880,NULL,NULL),(2643,16,881,NULL,NULL),(2644,10,881,NULL,NULL),(2645,14,881,NULL,NULL),(2646,17,881,NULL,NULL),(2647,19,882,NULL,NULL),(2648,10,882,NULL,NULL),(2649,5,882,NULL,NULL),(2650,18,883,NULL,NULL),(2651,2,883,NULL,NULL),(2652,3,883,NULL,NULL),(2653,8,884,NULL,NULL),(2654,10,884,NULL,NULL),(2655,8,885,NULL,NULL),(2656,9,885,NULL,NULL),(2657,14,885,NULL,NULL),(2658,15,886,NULL,NULL),(2659,17,886,NULL,NULL),(2660,7,887,NULL,NULL),(2661,10,887,NULL,NULL),(2662,2,888,NULL,NULL),(2663,4,888,NULL,NULL),(2664,6,889,NULL,NULL),(2665,9,889,NULL,NULL),(2666,7,889,NULL,NULL),(2667,11,890,NULL,NULL),(2668,6,890,NULL,NULL),(2669,17,890,NULL,NULL),(2670,5,890,NULL,NULL),(2671,8,891,NULL,NULL),(2672,16,891,NULL,NULL),(2673,19,891,NULL,NULL),(2674,14,891,NULL,NULL),(2675,9,892,NULL,NULL),(2676,7,892,NULL,NULL),(2677,1,892,NULL,NULL),(2678,16,893,NULL,NULL),(2679,12,893,NULL,NULL),(2680,6,893,NULL,NULL),(2681,19,893,NULL,NULL),(2682,18,894,NULL,NULL),(2683,2,894,NULL,NULL),(2684,7,894,NULL,NULL),(2685,18,895,NULL,NULL),(2686,3,895,NULL,NULL),(2687,17,895,NULL,NULL),(2688,5,895,NULL,NULL),(2689,11,896,NULL,NULL),(2690,18,896,NULL,NULL),(2691,7,897,NULL,NULL),(2692,17,897,NULL,NULL),(2693,5,897,NULL,NULL),(2694,4,897,NULL,NULL),(2695,8,898,NULL,NULL),(2696,1,898,NULL,NULL),(2697,17,899,NULL,NULL),(2698,5,899,NULL,NULL),(2699,4,899,NULL,NULL),(2700,11,900,NULL,NULL),(2701,13,900,NULL,NULL),(2702,7,900,NULL,NULL),(2703,14,900,NULL,NULL),(2704,18,901,NULL,NULL),(2705,3,901,NULL,NULL),(2706,10,901,NULL,NULL),(2707,16,902,NULL,NULL),(2708,19,902,NULL,NULL),(2709,2,902,NULL,NULL),(2710,10,902,NULL,NULL),(2711,15,903,NULL,NULL),(2712,13,903,NULL,NULL),(2713,14,903,NULL,NULL),(2714,8,904,NULL,NULL),(2715,12,904,NULL,NULL),(2716,6,904,NULL,NULL),(2717,19,905,NULL,NULL),(2718,2,905,NULL,NULL),(2719,4,905,NULL,NULL),(2720,16,906,NULL,NULL),(2721,10,906,NULL,NULL),(2722,5,906,NULL,NULL),(2723,1,906,NULL,NULL),(2724,11,907,NULL,NULL),(2725,18,907,NULL,NULL),(2726,1,907,NULL,NULL),(2727,10,908,NULL,NULL),(2728,4,908,NULL,NULL),(2729,12,909,NULL,NULL),(2730,9,909,NULL,NULL),(2731,16,910,NULL,NULL),(2732,18,910,NULL,NULL),(2733,14,910,NULL,NULL),(2734,15,911,NULL,NULL),(2735,11,911,NULL,NULL),(2736,3,911,NULL,NULL),(2737,8,912,NULL,NULL),(2738,17,912,NULL,NULL),(2739,16,913,NULL,NULL),(2740,18,913,NULL,NULL),(2741,14,913,NULL,NULL),(2742,4,913,NULL,NULL),(2743,15,914,NULL,NULL),(2744,3,914,NULL,NULL),(2745,17,914,NULL,NULL),(2746,13,915,NULL,NULL),(2747,5,915,NULL,NULL),(2748,8,916,NULL,NULL),(2749,18,916,NULL,NULL),(2750,7,917,NULL,NULL),(2751,10,917,NULL,NULL),(2752,5,917,NULL,NULL),(2753,8,918,NULL,NULL),(2754,11,918,NULL,NULL),(2755,2,919,NULL,NULL),(2756,3,919,NULL,NULL),(2757,16,920,NULL,NULL),(2758,10,920,NULL,NULL),(2759,17,920,NULL,NULL),(2760,6,921,NULL,NULL),(2761,9,921,NULL,NULL),(2762,5,921,NULL,NULL),(2763,5,922,NULL,NULL),(2764,4,922,NULL,NULL),(2765,13,923,NULL,NULL),(2766,3,923,NULL,NULL),(2767,7,923,NULL,NULL),(2768,14,923,NULL,NULL),(2769,3,924,NULL,NULL),(2770,4,924,NULL,NULL),(2771,3,925,NULL,NULL),(2772,7,925,NULL,NULL),(2773,10,925,NULL,NULL),(2774,14,925,NULL,NULL),(2775,12,926,NULL,NULL),(2776,3,926,NULL,NULL),(2777,10,926,NULL,NULL),(2778,5,926,NULL,NULL),(2779,15,927,NULL,NULL),(2780,12,927,NULL,NULL),(2781,18,927,NULL,NULL),(2782,5,927,NULL,NULL),(2783,11,928,NULL,NULL),(2784,12,928,NULL,NULL),(2785,14,928,NULL,NULL),(2786,5,928,NULL,NULL),(2787,8,929,NULL,NULL),(2788,6,929,NULL,NULL),(2789,2,929,NULL,NULL),(2790,17,929,NULL,NULL),(2791,12,930,NULL,NULL),(2792,19,930,NULL,NULL),(2793,16,931,NULL,NULL),(2794,13,931,NULL,NULL),(2795,18,931,NULL,NULL),(2796,9,931,NULL,NULL),(2797,12,932,NULL,NULL),(2798,2,932,NULL,NULL),(2799,7,932,NULL,NULL),(2800,12,933,NULL,NULL),(2801,13,933,NULL,NULL),(2802,18,934,NULL,NULL),(2803,17,934,NULL,NULL),(2804,2,935,NULL,NULL),(2805,9,935,NULL,NULL),(2806,5,935,NULL,NULL),(2807,6,936,NULL,NULL),(2808,19,936,NULL,NULL),(2809,15,937,NULL,NULL),(2810,6,937,NULL,NULL),(2811,13,937,NULL,NULL),(2812,10,937,NULL,NULL),(2813,10,938,NULL,NULL),(2814,14,938,NULL,NULL),(2815,17,938,NULL,NULL),(2816,12,939,NULL,NULL),(2817,18,939,NULL,NULL),(2818,9,939,NULL,NULL),(2819,15,940,NULL,NULL),(2820,12,940,NULL,NULL),(2821,19,940,NULL,NULL),(2822,15,941,NULL,NULL),(2823,6,941,NULL,NULL),(2824,9,941,NULL,NULL),(2825,7,941,NULL,NULL),(2826,13,942,NULL,NULL),(2827,14,942,NULL,NULL),(2828,1,942,NULL,NULL),(2829,12,943,NULL,NULL),(2830,19,943,NULL,NULL),(2831,4,943,NULL,NULL),(2832,16,944,NULL,NULL),(2833,15,944,NULL,NULL),(2834,2,944,NULL,NULL),(2835,6,945,NULL,NULL),(2836,7,945,NULL,NULL),(2837,14,945,NULL,NULL),(2838,4,945,NULL,NULL),(2839,16,946,NULL,NULL),(2840,9,946,NULL,NULL),(2841,4,946,NULL,NULL),(2842,11,947,NULL,NULL),(2843,2,947,NULL,NULL),(2844,17,947,NULL,NULL),(2845,9,948,NULL,NULL),(2846,14,948,NULL,NULL),(2847,1,948,NULL,NULL),(2848,16,949,NULL,NULL),(2849,12,949,NULL,NULL),(2850,4,949,NULL,NULL),(2851,11,950,NULL,NULL),(2852,6,950,NULL,NULL),(2853,7,950,NULL,NULL),(2854,4,950,NULL,NULL),(2855,3,951,NULL,NULL),(2856,7,951,NULL,NULL),(2857,12,952,NULL,NULL),(2858,19,952,NULL,NULL),(2859,3,952,NULL,NULL),(2860,9,952,NULL,NULL),(2861,15,953,NULL,NULL),(2862,6,953,NULL,NULL),(2863,10,953,NULL,NULL),(2864,1,953,NULL,NULL),(2865,15,954,NULL,NULL),(2866,6,954,NULL,NULL),(2867,13,954,NULL,NULL),(2868,9,954,NULL,NULL),(2869,8,955,NULL,NULL),(2870,11,955,NULL,NULL),(2871,19,955,NULL,NULL),(2872,14,955,NULL,NULL),(2873,13,956,NULL,NULL),(2874,1,956,NULL,NULL),(2875,6,957,NULL,NULL),(2876,3,957,NULL,NULL),(2877,6,958,NULL,NULL),(2878,19,958,NULL,NULL),(2879,3,958,NULL,NULL),(2880,17,958,NULL,NULL),(2881,8,959,NULL,NULL),(2882,15,959,NULL,NULL),(2883,3,959,NULL,NULL),(2884,17,959,NULL,NULL),(2885,8,960,NULL,NULL),(2886,11,960,NULL,NULL),(2887,3,960,NULL,NULL),(2888,14,960,NULL,NULL),(2889,11,961,NULL,NULL),(2890,13,961,NULL,NULL),(2891,9,961,NULL,NULL),(2892,8,962,NULL,NULL),(2893,2,962,NULL,NULL),(2894,5,962,NULL,NULL),(2895,12,963,NULL,NULL),(2896,13,963,NULL,NULL),(2897,7,964,NULL,NULL),(2898,17,964,NULL,NULL),(2899,5,964,NULL,NULL),(2900,15,965,NULL,NULL),(2901,12,965,NULL,NULL),(2902,13,965,NULL,NULL),(2903,10,965,NULL,NULL),(2904,6,966,NULL,NULL),(2905,18,966,NULL,NULL),(2906,2,966,NULL,NULL),(2907,17,966,NULL,NULL),(2908,6,967,NULL,NULL),(2909,3,967,NULL,NULL),(2910,7,967,NULL,NULL),(2911,5,967,NULL,NULL),(2912,15,968,NULL,NULL),(2913,6,968,NULL,NULL),(2914,14,968,NULL,NULL),(2915,1,968,NULL,NULL),(2916,2,969,NULL,NULL),(2917,17,969,NULL,NULL),(2918,12,970,NULL,NULL),(2919,19,970,NULL,NULL),(2920,14,970,NULL,NULL),(2921,10,971,NULL,NULL),(2922,14,971,NULL,NULL),(2923,13,972,NULL,NULL),(2924,14,972,NULL,NULL),(2925,11,973,NULL,NULL),(2926,14,973,NULL,NULL),(2927,5,973,NULL,NULL),(2928,4,973,NULL,NULL),(2929,16,974,NULL,NULL),(2930,11,974,NULL,NULL),(2931,13,974,NULL,NULL),(2932,7,974,NULL,NULL),(2933,16,975,NULL,NULL),(2934,9,975,NULL,NULL),(2935,6,976,NULL,NULL),(2936,19,976,NULL,NULL),(2937,8,977,NULL,NULL),(2938,3,977,NULL,NULL),(2939,14,977,NULL,NULL),(2940,5,977,NULL,NULL),(2941,8,978,NULL,NULL),(2942,3,978,NULL,NULL),(2943,7,978,NULL,NULL),(2944,8,979,NULL,NULL),(2945,12,979,NULL,NULL),(2946,9,979,NULL,NULL),(2947,17,979,NULL,NULL),(2948,8,980,NULL,NULL),(2949,14,980,NULL,NULL),(2950,1,980,NULL,NULL),(2951,6,981,NULL,NULL),(2952,13,981,NULL,NULL),(2953,2,981,NULL,NULL),(2954,10,981,NULL,NULL),(2955,11,982,NULL,NULL),(2956,19,982,NULL,NULL),(2957,2,982,NULL,NULL),(2958,12,983,NULL,NULL),(2959,18,983,NULL,NULL),(2960,16,984,NULL,NULL),(2961,12,984,NULL,NULL),(2962,3,985,NULL,NULL),(2963,9,985,NULL,NULL),(2964,14,985,NULL,NULL),(2965,5,985,NULL,NULL),(2966,17,986,NULL,NULL),(2967,5,986,NULL,NULL),(2968,8,987,NULL,NULL),(2969,16,987,NULL,NULL),(2970,5,987,NULL,NULL),(2971,15,988,NULL,NULL),(2972,12,988,NULL,NULL),(2973,6,988,NULL,NULL),(2974,10,988,NULL,NULL),(2975,8,989,NULL,NULL),(2976,11,989,NULL,NULL),(2977,13,989,NULL,NULL),(2978,19,989,NULL,NULL),(2979,16,990,NULL,NULL),(2980,6,990,NULL,NULL),(2981,7,990,NULL,NULL),(2982,17,990,NULL,NULL),(2983,8,991,NULL,NULL),(2984,1,991,NULL,NULL),(2985,13,992,NULL,NULL),(2986,3,992,NULL,NULL),(2987,9,992,NULL,NULL),(2988,4,992,NULL,NULL),(2989,12,993,NULL,NULL),(2990,19,993,NULL,NULL),(2991,1,993,NULL,NULL),(2992,6,994,NULL,NULL),(2993,18,994,NULL,NULL),(2994,10,994,NULL,NULL),(2995,1,994,NULL,NULL),(2996,8,995,NULL,NULL),(2997,2,995,NULL,NULL),(2998,9,995,NULL,NULL),(2999,4,995,NULL,NULL),(3000,16,996,NULL,NULL),(3001,11,996,NULL,NULL),(3002,19,996,NULL,NULL),(3003,18,997,NULL,NULL),(3004,19,997,NULL,NULL),(3005,17,997,NULL,NULL),(3006,12,998,NULL,NULL),(3007,3,998,NULL,NULL),(3008,11,999,NULL,NULL),(3009,13,999,NULL,NULL),(3010,3,999,NULL,NULL),(3011,3,1000,NULL,NULL),(3012,9,1000,NULL,NULL),(3013,5,1000,NULL,NULL),(3014,14,1001,NULL,NULL),(3015,5,1001,NULL,NULL),(3016,6,1002,NULL,NULL),(3017,3,1002,NULL,NULL),(3018,8,1003,NULL,NULL),(3019,18,1003,NULL,NULL),(3020,1,1003,NULL,NULL),(3021,12,1004,NULL,NULL),(3022,10,1004,NULL,NULL),(3023,16,1005,NULL,NULL),(3024,9,1005,NULL,NULL),(3025,14,1005,NULL,NULL),(3026,19,1006,NULL,NULL),(3027,9,1006,NULL,NULL),(3028,4,1006,NULL,NULL),(3029,18,1007,NULL,NULL),(3030,2,1007,NULL,NULL),(3031,17,1007,NULL,NULL),(3032,8,1008,NULL,NULL),(3033,19,1008,NULL,NULL),(3034,14,1008,NULL,NULL),(3035,11,1009,NULL,NULL),(3036,6,1009,NULL,NULL),(3037,13,1009,NULL,NULL),(3038,1,1009,NULL,NULL),(3039,8,1010,NULL,NULL),(3040,15,1010,NULL,NULL),(3041,2,1010,NULL,NULL),(3042,17,1010,NULL,NULL),(3043,11,1011,NULL,NULL),(3044,12,1011,NULL,NULL),(3045,18,1011,NULL,NULL),(3046,9,1011,NULL,NULL),(3047,18,1012,NULL,NULL),(3048,9,1012,NULL,NULL),(3049,17,1012,NULL,NULL),(3050,8,1013,NULL,NULL),(3051,18,1013,NULL,NULL),(3052,9,1013,NULL,NULL),(3053,10,1013,NULL,NULL),(3054,8,1014,NULL,NULL),(3055,15,1014,NULL,NULL),(3056,15,1015,NULL,NULL),(3057,7,1015,NULL,NULL),(3058,10,1015,NULL,NULL),(3059,4,1015,NULL,NULL),(3060,16,1016,NULL,NULL),(3061,19,1016,NULL,NULL),(3062,4,1016,NULL,NULL),(3063,1,1016,NULL,NULL),(3064,2,1017,NULL,NULL),(3065,7,1017,NULL,NULL),(3066,4,1017,NULL,NULL),(3067,8,1018,NULL,NULL),(3068,16,1018,NULL,NULL),(3069,6,1018,NULL,NULL),(3070,7,1018,NULL,NULL),(3071,8,1019,NULL,NULL),(3072,15,1019,NULL,NULL),(3073,10,1019,NULL,NULL),(3074,1,1019,NULL,NULL),(3075,3,1020,NULL,NULL),(3076,7,1020,NULL,NULL),(3077,6,1021,NULL,NULL),(3078,14,1021,NULL,NULL),(3079,9,1022,NULL,NULL),(3080,1,1022,NULL,NULL),(3081,15,1023,NULL,NULL),(3082,9,1023,NULL,NULL),(3083,12,1024,NULL,NULL),(3084,7,1024,NULL,NULL),(3085,15,1025,NULL,NULL),(3086,3,1025,NULL,NULL),(3087,3,1026,NULL,NULL),(3088,6,1026,NULL,NULL),(3089,2,1027,NULL,NULL);

--
-- Table structure for table `skills`
--

CREATE TABLE `skills` (
  `id` bigint unsigned NOT NULL AUTO_INCREMENT,
  `name` varchar(255) COLLATE utf8mb4_unicode_ci NOT NULL,
  `slug` varchar(255) COLLATE utf8mb4_unicode_ci NOT NULL,
  `status` tinyint(1) NOT NULL DEFAULT '1',
  `created_at` timestamp NULL DEFAULT NULL,
  `updated_at` timestamp NULL DEFAULT NULL,
  PRIMARY KEY (`id`),
  UNIQUE KEY `skills_name_unique` (`name`),
  UNIQUE KEY `skills_slug_unique` (`slug`)
) ENGINE=InnoDB AUTO_INCREMENT=20 DEFAULT CHARSET=utf8mb4 COLLATE=utf8mb4_unicode_ci;

--
-- Dumping data for table `skills`
--

INSERT INTO `skills` VALUES (1,'Vedic','vedic',1,'2026-01-27 03:28:10','2026-01-27 03:28:10'),(2,'Numerology','numerology',1,'2026-01-27 03:28:17','2026-01-27 03:28:17'),(3,'Palmistry','palmistry',1,'2026-01-27 03:29:32','2026-01-27 03:29:32'),(4,'tarro card','tarro-card',1,'2026-01-30 22:21:40','2026-01-30 22:21:40'),(5,'Tarot Reading','tarot-reading',1,'2026-01-31 09:23:06','2026-01-31 09:23:06'),(6,'Face Reading','face-reading',1,'2026-01-31 09:23:06','2026-01-31 09:23:06'),(7,'Psychic Reading','psychic-reading',1,'2026-01-31 09:23:06','2026-01-31 09:23:06'),(8,'Aura Reading','aura-reading',1,'2026-01-31 09:23:07','2026-01-31 09:23:07'),(9,'Pranic Healing','pranic-healing',1,'2026-01-31 09:23:07','2026-01-31 09:23:07'),(10,'Reiki','reiki',1,'2026-01-31 09:23:07','2026-01-31 09:23:07'),(11,'Crystal Healing','crystal-healing',1,'2026-01-31 09:23:07','2026-01-31 09:23:07'),(12,'Dream Analysis','dream-analysis',1,'2026-01-31 09:23:07','2026-01-31 09:23:07'),(13,'Graphology','graphology',1,'2026-01-31 09:23:07','2026-01-31 09:23:07'),(14,'Signature Analysis','signature-analysis',1,'2026-01-31 09:23:07','2026-01-31 09:23:07'),(15,'Corporate Astrology','corporate-astrology',1,'2026-01-31 09:23:07','2026-01-31 09:23:07'),(16,'Business Astrology','business-astrology',1,'2026-01-31 09:23:07','2026-01-31 09:23:07'),(17,'Stock Market Astrology','stock-market-astrology',1,'2026-01-31 09:23:07','2026-01-31 09:23:07'),(18,'Medical Astrology','medical-astrology',1,'2026-01-31 09:23:07','2026-01-31 09:23:07'),(19,'Mundane Astrology','mundane-astrology',1,'2026-01-31 09:23:07','2026-01-31 09:23:07');

--
-- Table structure for table `sliders`
--

CREATE TABLE `sliders` (
  `id` bigint unsigned NOT NULL AUTO_INCREMENT,
  `image_path` varchar(255) COLLATE utf8mb4_unicode_ci NOT NULL,
  `alt_text` varchar(255) COLLATE utf8mb4_unicode_ci DEFAULT NULL,
  `link` varchar(255) COLLATE utf8mb4_unicode_ci DEFAULT NULL,
  `status` tinyint(1) NOT NULL DEFAULT '1',
  `sort_order` int NOT NULL DEFAULT '0',
  `created_at` timestamp NULL DEFAULT NULL,
  `updated_at` timestamp NULL DEFAULT NULL,
  PRIMARY KEY (`id`)
) ENGINE=InnoDB DEFAULT CHARSET=utf8mb4 COLLATE=utf8mb4_unicode_ci;

--
-- Dumping data for table `sliders`
--


--
-- Table structure for table `states`
--

CREATE TABLE `states` (
  `id` bigint unsigned NOT NULL AUTO_INCREMENT,
  `country_id` bigint unsigned NOT NULL,
  `name` varchar(255) COLLATE utf8mb4_unicode_ci NOT NULL,
  `created_at` timestamp NULL DEFAULT NULL,
  `updated_at` timestamp NULL DEFAULT NULL,
  PRIMARY KEY (`id`),
  KEY `states_country_id_foreign` (`country_id`),
  CONSTRAINT `states_country_id_foreign` FOREIGN KEY (`country_id`) REFERENCES `countries` (`id`) ON DELETE CASCADE
) ENGINE=InnoDB AUTO_INCREMENT=112 DEFAULT CHARSET=utf8mb4 COLLATE=utf8mb4_unicode_ci;

--
-- Dumping data for table `states`
--

INSERT INTO `states` VALUES (1,1,'Andhra Pradesh','2026-01-27 06:52:22','2026-01-27 06:52:22'),(2,1,'Arunachal Pradesh','2026-01-27 06:52:22','2026-01-27 06:52:22'),(3,1,'Assam','2026-01-27 06:52:22','2026-01-27 06:52:22'),(4,1,'Bihar','2026-01-27 06:52:22','2026-01-27 06:52:22'),(5,1,'Chhattisgarh','2026-01-27 06:52:22','2026-01-27 06:52:22'),(6,1,'Goa','2026-01-27 06:52:22','2026-01-27 06:52:22'),(7,1,'Gujarat','2026-01-27 06:52:22','2026-01-27 06:52:22'),(8,1,'Haryana','2026-01-27 06:52:22','2026-01-27 06:52:22'),(9,1,'Himachal Pradesh','2026-01-27 06:52:22','2026-01-27 06:52:22'),(10,1,'Jharkhand','2026-01-27 06:52:22','2026-01-27 06:52:22'),(11,1,'Karnataka','2026-01-27 06:52:22','2026-01-27 06:52:22'),(12,1,'Kerala','2026-01-27 06:52:22','2026-01-27 06:52:22'),(13,1,'Madhya Pradesh','2026-01-27 06:52:22','2026-01-27 06:52:22'),(14,1,'Maharashtra','2026-01-27 06:52:22','2026-01-27 06:52:22'),(15,1,'Manipur','2026-01-27 06:52:22','2026-01-27 06:52:22'),(16,1,'Meghalaya','2026-01-27 06:52:22','2026-01-27 06:52:22'),(17,1,'Mizoram','2026-01-27 06:52:22','2026-01-27 06:52:22'),(18,1,'Nagaland','2026-01-27 06:52:22','2026-01-27 06:52:22'),(19,1,'Odisha','2026-01-27 06:52:22','2026-01-27 06:52:22'),(20,1,'Punjab','2026-01-27 06:52:22','2026-01-27 06:52:22'),(21,1,'Rajasthan','2026-01-27 06:52:22','2026-01-27 06:52:22'),(22,1,'Sikkim','2026-01-27 06:52:22','2026-01-27 06:52:22'),(23,1,'Tamil Nadu','2026-01-27 06:52:22','2026-01-27 06:52:22'),(24,1,'Telangana','2026-01-27 06:52:22','2026-01-27 06:52:22'),(25,1,'Tripura','2026-01-27 06:52:22','2026-01-27 06:52:22'),(26,1,'Uttar Pradesh','2026-01-27 06:52:22','2026-01-27 06:52:22'),(27,1,'Uttarakhand','2026-01-27 06:52:22','2026-01-27 06:52:22'),(28,1,'West Bengal','2026-01-27 06:52:22','2026-01-27 06:52:22'),(29,1,'Andaman and Nicobar Islands','2026-01-27 06:52:22','2026-01-27 06:52:22'),(30,1,'Chandigarh','2026-01-27 06:52:22','2026-01-27 06:52:22'),(31,1,'Dadra and Nagar Haveli and Daman and Diu','2026-01-27 06:52:22','2026-01-27 06:52:22'),(32,1,'Delhi','2026-01-27 06:52:22','2026-01-27 06:52:22'),(33,1,'Jammu and Kashmir','2026-01-27 06:52:22','2026-01-27 06:52:22'),(34,1,'Ladakh','2026-01-27 06:52:22','2026-01-27 06:52:22'),(35,1,'Lakshadweep','2026-01-27 06:52:22','2026-01-27 06:52:22'),(36,1,'Puducherry','2026-01-27 06:52:22','2026-01-27 06:52:22'),(37,2,'Alabama','2026-01-27 06:52:22','2026-01-27 06:52:22'),(38,2,'Alaska','2026-01-27 06:52:22','2026-01-27 06:52:22'),(39,2,'Arizona','2026-01-27 06:52:22','2026-01-27 06:52:22'),(40,2,'Arkansas','2026-01-27 06:52:22','2026-01-27 06:52:22'),(41,2,'California','2026-01-27 06:52:22','2026-01-27 06:52:22'),(42,2,'Colorado','2026-01-27 06:52:22','2026-01-27 06:52:22'),(43,2,'Connecticut','2026-01-27 06:52:22','2026-01-27 06:52:22'),(44,2,'Delaware','2026-01-27 06:52:22','2026-01-27 06:52:22'),(45,2,'Florida','2026-01-27 06:52:22','2026-01-27 06:52:22'),(46,2,'Georgia','2026-01-27 06:52:22','2026-01-27 06:52:22'),(47,2,'Hawaii','2026-01-27 06:52:22','2026-01-27 06:52:22'),(48,2,'Idaho','2026-01-27 06:52:22','2026-01-27 06:52:22'),(49,2,'Illinois','2026-01-27 06:52:22','2026-01-27 06:52:22'),(50,2,'Indiana','2026-01-27 06:52:22','2026-01-27 06:52:22'),(51,2,'Iowa','2026-01-27 06:52:22','2026-01-27 06:52:22'),(52,2,'Kansas','2026-01-27 06:52:22','2026-01-27 06:52:22'),(53,2,'Kentucky','2026-01-27 06:52:22','2026-01-27 06:52:22'),(54,2,'Louisiana','2026-01-27 06:52:22','2026-01-27 06:52:22'),(55,2,'Maine','2026-01-27 06:52:22','2026-01-27 06:52:22'),(56,2,'Maryland','2026-01-27 06:52:22','2026-01-27 06:52:22'),(57,2,'Massachusetts','2026-01-27 06:52:22','2026-01-27 06:52:22'),(58,2,'Michigan','2026-01-27 06:52:22','2026-01-27 06:52:22'),(59,2,'Minnesota','2026-01-27 06:52:22','2026-01-27 06:52:22'),(60,2,'Mississippi','2026-01-27 06:52:22','2026-01-27 06:52:22'),(61,2,'Missouri','2026-01-27 06:52:22','2026-01-27 06:52:22'),(62,2,'Montana','2026-01-27 06:52:22','2026-01-27 06:52:22'),(63,2,'Nebraska','2026-01-27 06:52:22','2026-01-27 06:52:22'),(64,2,'Nevada','2026-01-27 06:52:22','2026-01-27 06:52:22'),(65,2,'New Hampshire','2026-01-27 06:52:22','2026-01-27 06:52:22'),(66,2,'New Jersey','2026-01-27 06:52:22','2026-01-27 06:52:22'),(67,2,'New Mexico','2026-01-27 06:52:22','2026-01-27 06:52:22'),(68,2,'New York','2026-01-27 06:52:22','2026-01-27 06:52:22'),(69,2,'North Carolina','2026-01-27 06:52:22','2026-01-27 06:52:22'),(70,2,'North Dakota','2026-01-27 06:52:22','2026-01-27 06:52:22'),(71,2,'Ohio','2026-01-27 06:52:22','2026-01-27 06:52:22'),(72,2,'Oklahoma','2026-01-27 06:52:22','2026-01-27 06:52:22'),(73,2,'Oregon','2026-01-27 06:52:22','2026-01-27 06:52:22'),(74,2,'Pennsylvania','2026-01-27 06:52:22','2026-01-27 06:52:22'),(75,2,'Rhode Island','2026-01-27 06:52:22','2026-01-27 06:52:22'),(76,2,'South Carolina','2026-01-27 06:52:22','2026-01-27 06:52:22'),(77,2,'South Dakota','2026-01-27 06:52:22','2026-01-27 06:52:22'),(78,2,'Tennessee','2026-01-27 06:52:22','2026-01-27 06:52:22'),(79,2,'Texas','2026-01-27 06:52:22','2026-01-27 06:52:22'),(80,2,'Utah','2026-01-27 06:52:22','2026-01-27 06:52:22'),(81,2,'Vermont','2026-01-27 06:52:22','2026-01-27 06:52:22'),(82,2,'Virginia','2026-01-27 06:52:22','2026-01-27 06:52:22'),(83,2,'Washington','2026-01-27 06:52:22','2026-01-27 06:52:22'),(84,2,'West Virginia','2026-01-27 06:52:22','2026-01-27 06:52:22'),(85,2,'Wisconsin','2026-01-27 06:52:22','2026-01-27 06:52:22'),(86,2,'Wyoming','2026-01-27 06:52:22','2026-01-27 06:52:22'),(87,3,'England','2026-01-27 06:52:22','2026-01-27 06:52:22'),(88,3,'Scotland','2026-01-27 06:52:22','2026-01-27 06:52:22'),(89,3,'Wales','2026-01-27 06:52:22','2026-01-27 06:52:22'),(90,3,'Northern Ireland','2026-01-27 06:52:22','2026-01-27 06:52:22'),(91,4,'Alberta','2026-01-27 06:52:22','2026-01-27 06:52:22'),(92,4,'British Columbia','2026-01-27 06:52:22','2026-01-27 06:52:22'),(93,4,'Manitoba','2026-01-27 06:52:22','2026-01-27 06:52:22'),(94,4,'New Brunswick','2026-01-27 06:52:22','2026-01-27 06:52:22'),(95,4,'Newfoundland and Labrador','2026-01-27 06:52:22','2026-01-27 06:52:22'),(96,4,'Northwest Territories','2026-01-27 06:52:22','2026-01-27 06:52:22'),(97,4,'Nova Scotia','2026-01-27 06:52:22','2026-01-27 06:52:22'),(98,4,'Nunavut','2026-01-27 06:52:22','2026-01-27 06:52:22'),(99,4,'Ontario','2026-01-27 06:52:22','2026-01-27 06:52:22'),(100,4,'Prince Edward Island','2026-01-27 06:52:22','2026-01-27 06:52:22'),(101,4,'Quebec','2026-01-27 06:52:22','2026-01-27 06:52:22'),(102,4,'Saskatchewan','2026-01-27 06:52:22','2026-01-27 06:52:22'),(103,4,'Yukon','2026-01-27 06:52:22','2026-01-27 06:52:22'),(104,5,'New South Wales','2026-01-27 06:52:22','2026-01-27 06:52:22'),(105,5,'Queensland','2026-01-27 06:52:22','2026-01-27 06:52:22'),(106,5,'South Australia','2026-01-27 06:52:22','2026-01-27 06:52:22'),(107,5,'Tasmania','2026-01-27 06:52:22','2026-01-27 06:52:22'),(108,5,'Victoria','2026-01-27 06:52:22','2026-01-27 06:52:22'),(109,5,'Western Australia','2026-01-27 06:52:22','2026-01-27 06:52:22'),(110,5,'Australian Capital Territory','2026-01-27 06:52:22','2026-01-27 06:52:22'),(111,5,'Northern Territory','2026-01-27 06:52:22','2026-01-27 06:52:22');

--
-- Table structure for table `stores`
--

CREATE TABLE `stores` (
  `id` bigint unsigned NOT NULL AUTO_INCREMENT,
  `name` varchar(255) CHARACTER SET utf8mb4 COLLATE utf8mb4_unicode_ci NOT NULL,
  `address_line1` varchar(255) CHARACTER SET utf8mb4 COLLATE utf8mb4_unicode_ci NOT NULL,
  `address_line2` varchar(255) CHARACTER SET utf8mb4 COLLATE utf8mb4_unicode_ci DEFAULT NULL,
  `city` varchar(255) CHARACTER SET utf8mb4 COLLATE utf8mb4_unicode_ci NOT NULL,
  `state` varchar(255) CHARACTER SET utf8mb4 COLLATE utf8mb4_unicode_ci NOT NULL,
  `postal_code` varchar(255) CHARACTER SET utf8mb4 COLLATE utf8mb4_unicode_ci NOT NULL,
  `country` varchar(255) CHARACTER SET utf8mb4 COLLATE utf8mb4_unicode_ci NOT NULL DEFAULT 'India',
  `phone` varchar(255) CHARACTER SET utf8mb4 COLLATE utf8mb4_unicode_ci DEFAULT NULL,
  `email` varchar(255) CHARACTER SET utf8mb4 COLLATE utf8mb4_unicode_ci DEFAULT NULL,
  `map_iframe` text CHARACTER SET utf8mb4 COLLATE utf8mb4_unicode_ci,
  `is_active` tinyint(1) NOT NULL DEFAULT '1',
  `created_at` timestamp NULL DEFAULT NULL,
  `updated_at` timestamp NULL DEFAULT NULL,
  PRIMARY KEY (`id`)
) ENGINE=InnoDB AUTO_INCREMENT=3 DEFAULT CHARSET=utf8mb4 COLLATE=utf8mb4_unicode_ci;

--
-- Dumping data for table `stores`
--

INSERT INTO `stores` VALUES (1,'Hair Niche By Shelly','25-Third Floor, Nehru Shopping Complex, Lawrence Road',NULL,'Amritsar','punjab','143001','India','9781134384','hairnicheindia@gmail.com',NULL,1,'2025-12-19 11:53:35','2026-01-08 13:22:30');

--
-- Table structure for table `subscribers`
--

CREATE TABLE `subscribers` (
  `id` bigint unsigned NOT NULL AUTO_INCREMENT,
  `email` varchar(255) COLLATE utf8mb4_unicode_ci NOT NULL,
  `is_active` tinyint(1) NOT NULL DEFAULT '1',
  `created_at` timestamp NULL DEFAULT NULL,
  `updated_at` timestamp NULL DEFAULT NULL,
  PRIMARY KEY (`id`),
  UNIQUE KEY `subscribers_email_unique` (`email`)
) ENGINE=InnoDB DEFAULT CHARSET=utf8mb4 COLLATE=utf8mb4_unicode_ci;

--
-- Dumping data for table `subscribers`
--


--
-- Table structure for table `taxes`
--

CREATE TABLE `taxes` (
  `id` bigint unsigned NOT NULL AUTO_INCREMENT,
  `name` varchar(255) COLLATE utf8mb4_unicode_ci NOT NULL,
  `rate` decimal(8,2) NOT NULL,
  `status` tinyint(1) NOT NULL DEFAULT '1',
  `created_at` timestamp NULL DEFAULT NULL,
  `updated_at` timestamp NULL DEFAULT NULL,
  PRIMARY KEY (`id`),
  UNIQUE KEY `taxes_name_unique` (`name`)
) ENGINE=InnoDB AUTO_INCREMENT=3 DEFAULT CHARSET=utf8mb4 COLLATE=utf8mb4_unicode_ci;

--
-- Dumping data for table `taxes`
--

INSERT INTO `taxes` VALUES (1,'gst5',5.00,1,'2026-01-27 03:16:08','2026-01-27 03:16:08'),(2,'gst12',12.00,1,'2026-01-27 03:16:17','2026-01-27 03:16:17');

--
-- Table structure for table `ticket_messages`
--

CREATE TABLE `ticket_messages` (
  `id` bigint unsigned NOT NULL AUTO_INCREMENT,
  `ticket_id` bigint unsigned NOT NULL,
  `user_id` bigint unsigned NOT NULL,
  `message` text CHARACTER SET utf8mb4 COLLATE utf8mb4_unicode_ci NOT NULL,
  `attachment_path` varchar(255) CHARACTER SET utf8mb4 COLLATE utf8mb4_unicode_ci DEFAULT NULL,
  `created_at` timestamp NULL DEFAULT NULL,
  `updated_at` timestamp NULL DEFAULT NULL,
  PRIMARY KEY (`id`),
  KEY `ticket_messages_ticket_id_foreign` (`ticket_id`),
  KEY `ticket_messages_user_id_foreign` (`user_id`),
  CONSTRAINT `ticket_messages_ticket_id_foreign` FOREIGN KEY (`ticket_id`) REFERENCES `tickets` (`id`) ON DELETE CASCADE,
  CONSTRAINT `ticket_messages_user_id_foreign` FOREIGN KEY (`user_id`) REFERENCES `users` (`id`) ON DELETE CASCADE
) ENGINE=InnoDB AUTO_INCREMENT=15 DEFAULT CHARSET=utf8mb4 COLLATE=utf8mb4_unicode_ci;

--
-- Dumping data for table `ticket_messages`
--

INSERT INTO `ticket_messages` VALUES (1,1,3,'lmkm',NULL,'2026-01-30 12:43:50','2026-01-30 12:43:50'),(2,2,3,'hi admin',NULL,'2026-01-31 01:18:07','2026-01-31 01:18:07'),(3,3,3,'hi admin',NULL,'2026-01-31 01:19:02','2026-01-31 01:19:02'),(4,4,3,'hi admin',NULL,'2026-01-31 01:41:07','2026-01-31 01:41:07'),(5,5,3,'hi admin',NULL,'2026-01-31 01:41:20','2026-01-31 01:41:20'),(6,6,3,'hi admin',NULL,'2026-01-31 01:41:55','2026-01-31 01:41:55'),(7,7,3,'test ticke',NULL,'2026-01-31 01:53:08','2026-01-31 01:53:08'),(8,8,3,'test ticke',NULL,'2026-01-31 01:54:03','2026-01-31 01:54:03'),(9,9,3,'test ticke',NULL,'2026-01-31 01:54:32','2026-01-31 01:54:32'),(10,10,3,'test ticke',NULL,'2026-01-31 01:55:08','2026-01-31 01:55:08'),(11,11,3,'test ticke',NULL,'2026-01-31 01:56:13','2026-01-31 01:56:13'),(12,12,3,'test ticke',NULL,'2026-01-31 02:52:51','2026-01-31 02:52:51'),(13,12,3,'hi can you reply',NULL,'2026-01-31 02:53:05','2026-01-31 02:53:05'),(14,12,1,'hi thanks',NULL,'2026-01-31 02:53:47','2026-01-31 02:53:47');

--
-- Table structure for table `tickets`
--

CREATE TABLE `tickets` (
  `id` bigint unsigned NOT NULL AUTO_INCREMENT,
  `user_id` bigint unsigned NOT NULL,
  `order_id` bigint unsigned NOT NULL,
  `ticket_number` varchar(255) CHARACTER SET utf8mb4 COLLATE utf8mb4_unicode_ci NOT NULL,
  `subject` varchar(255) CHARACTER SET utf8mb4 COLLATE utf8mb4_unicode_ci NOT NULL,
  `status` enum('open','closed') CHARACTER SET utf8mb4 COLLATE utf8mb4_unicode_ci NOT NULL DEFAULT 'open',
  `created_at` timestamp NULL DEFAULT NULL,
  `updated_at` timestamp NULL DEFAULT NULL,
  PRIMARY KEY (`id`),
  UNIQUE KEY `tickets_ticket_number_unique` (`ticket_number`),
  KEY `tickets_user_id_foreign` (`user_id`),
  KEY `tickets_order_id_foreign` (`order_id`),
  CONSTRAINT `tickets_order_id_foreign` FOREIGN KEY (`order_id`) REFERENCES `orders` (`id`) ON DELETE CASCADE,
  CONSTRAINT `tickets_user_id_foreign` FOREIGN KEY (`user_id`) REFERENCES `users` (`id`) ON DELETE CASCADE
) ENGINE=InnoDB AUTO_INCREMENT=13 DEFAULT CHARSET=utf8mb4 COLLATE=utf8mb4_unicode_ci;

--
-- Dumping data for table `tickets`
--

INSERT INTO `tickets` VALUES (1,3,7,'TKT-FGA3TSNP','gfhgfhgfhgfhgfhggfhgfhgkmimkjm','open','2026-01-30 12:43:50','2026-01-30 12:43:50'),(2,3,12,'TKT-BFFHMHXR','test support','open','2026-01-31 01:18:07','2026-01-31 01:18:07'),(3,3,12,'TKT-ZB283NTY','test support','open','2026-01-31 01:19:01','2026-01-31 01:19:01'),(4,3,12,'TKT-KLM5JRQB','test support','open','2026-01-31 01:41:07','2026-01-31 01:41:07'),(5,3,12,'TKT-U6VQAMQN','test support','open','2026-01-31 01:41:20','2026-01-31 01:41:20'),(6,3,12,'TKT-QU0YJWHT','test support','open','2026-01-31 01:41:55','2026-01-31 01:41:55'),(7,3,12,'TKT-ACLN6OCQ','ho test','open','2026-01-31 01:53:08','2026-01-31 01:53:08'),(8,3,12,'TKT-OPJ5IWAN','ho test','open','2026-01-31 01:54:03','2026-01-31 01:54:03'),(9,3,12,'TKT-QFWYHM34','ho test','open','2026-01-31 01:54:32','2026-01-31 01:54:32'),(10,3,12,'TKT-INSVSXKF','ho test','open','2026-01-31 01:55:08','2026-01-31 01:55:08'),(11,3,12,'TKT-PQW1QU26','ho test','closed','2026-01-31 01:56:13','2026-01-31 03:16:40'),(12,3,12,'TKT-LUPPGMTL','ho test','closed','2026-01-31 02:52:51','2026-01-31 02:53:55');

--
-- Table structure for table `transactions`
--

CREATE TABLE `transactions` (
  `id` bigint unsigned NOT NULL AUTO_INCREMENT,
  `user_id` bigint unsigned NOT NULL,
  `amount` decimal(10,2) NOT NULL,
  `payment_id` varchar(255) COLLATE utf8mb4_unicode_ci NOT NULL,
  `gateway` varchar(255) COLLATE utf8mb4_unicode_ci NOT NULL,
  `description` varchar(255) COLLATE utf8mb4_unicode_ci DEFAULT NULL,
  `status` varchar(255) COLLATE utf8mb4_unicode_ci NOT NULL DEFAULT 'pending',
  `type` varchar(255) COLLATE utf8mb4_unicode_ci NOT NULL,
  `meta_data` json DEFAULT NULL,
  `created_at` timestamp NULL DEFAULT NULL,
  `updated_at` timestamp NULL DEFAULT NULL,
  PRIMARY KEY (`id`),
  UNIQUE KEY `transactions_payment_id_unique` (`payment_id`),
  KEY `transactions_user_id_foreign` (`user_id`),
  CONSTRAINT `transactions_user_id_foreign` FOREIGN KEY (`user_id`) REFERENCES `users` (`id`) ON DELETE CASCADE
) ENGINE=InnoDB AUTO_INCREMENT=14 DEFAULT CHARSET=utf8mb4 COLLATE=utf8mb4_unicode_ci;

--
-- Dumping data for table `transactions`
--

INSERT INTO `transactions` VALUES (1,3,2000.00,'pay_S9D6tvQOSGNc5Y','razorpay','Wallet Recharge - ₹2000.00','success','credit','{\"cashback\": \"0.00\", \"talktime\": 120, \"package_id\": 2, \"tax_amount\": 360, \"total_paid\": 2360}','2026-01-28 01:37:53','2026-01-28 01:37:53'),(2,3,1000.00,'pay_S9DIK3Z3DUCBHS','razorpay','Wallet Recharge - ₹1000.00','success','credit','{\"cashback\": \"100.00\", \"talktime\": 59, \"package_id\": 1, \"tax_amount\": 180, \"total_paid\": 1180}','2026-01-28 01:48:43','2026-01-28 01:48:43'),(3,3,10.00,'CHAT-1','wallet','Chat with sahil (1 mins)','success','debit','{\"rate\": \"10.00\", \"duration\": 1, \"session_id\": 1}','2026-01-28 02:46:08','2026-01-28 02:46:08'),(5,3,110.00,'CHAT-2','wallet','Chat with sahil (11 mins)','success','debit','{\"rate\": \"10.00\", \"duration\": 11, \"session_id\": 2}','2026-01-28 03:18:17','2026-01-28 03:18:17'),(6,3,50.00,'CHAT-3','wallet','Chat with sahil (5 mins)','success','debit','{\"rate\": \"10.00\", \"duration\": 5, \"session_id\": 3}','2026-01-28 04:55:10','2026-01-28 04:55:10'),(7,3,490.00,'CHAT-4','wallet','Chat with sahil (49 mins)','success','debit','{\"rate\": \"10.00\", \"duration\": 49, \"session_id\": 4}','2026-01-28 05:48:13','2026-01-28 05:48:13'),(8,3,10.00,'CHAT-5','wallet','Chat with sahil (1 mins)','success','debit','{\"rate\": \"10.00\", \"duration\": 1, \"session_id\": 5}','2026-01-28 06:04:14','2026-01-28 06:04:14'),(9,3,210.00,'CHAT-6','wallet','Chat with sahil (21 mins)','success','debit','{\"rate\": \"10.00\", \"duration\": 21, \"session_id\": 6}','2026-01-28 06:27:33','2026-01-28 06:27:33'),(10,3,160.00,'CHAT-7','wallet','Chat with sahil (16 mins)','success','debit','{\"rate\": \"10.00\", \"duration\": 16, \"session_id\": 7}','2026-01-28 06:47:50','2026-01-28 06:47:50'),(11,3,1000.00,'pay_SANohwPrYMDrYE','razorpay','Wallet Recharge - ₹1000.00','success','credit','{\"cashback\": \"100.00\", \"talktime\": 59, \"package_id\": 1, \"tax_amount\": 180, \"total_paid\": 1180}','2026-01-31 00:45:21','2026-01-31 00:45:21'),(12,3,2000.00,'pay_SAQtn9fglRwKZt','razorpay','Wallet Recharge - ₹2000.00','success','credit','{\"cashback\": \"0.00\", \"talktime\": 120, \"package_id\": 2, \"tax_amount\": 360, \"total_paid\": 2360}','2026-01-31 03:46:10','2026-01-31 03:46:10'),(13,1027,1000.00,'pay_SC11rSalnplg3H','razorpay','Astrologer Enrollment Fee','success','enrollment_fee','{\"ip\": \"127.0.0.1\", \"user_agent\": \"Mozilla/5.0 (Windows NT 10.0; Win64; x64) AppleWebKit/537.36 (KHTML, like Gecko) Chrome/144.0.0.0 Safari/537.36\"}','2026-02-04 03:45:56','2026-02-04 03:45:56');

--
-- Table structure for table `user_details`
--

CREATE TABLE `user_details` (
  `id` bigint unsigned NOT NULL AUTO_INCREMENT,
  `user_id` bigint unsigned NOT NULL,
  `gender` varchar(255) COLLATE utf8mb4_unicode_ci DEFAULT NULL,
  `marital_status` varchar(255) COLLATE utf8mb4_unicode_ci DEFAULT NULL,
  `spouse_name` varchar(255) COLLATE utf8mb4_unicode_ci DEFAULT NULL,
  `spouse_dob` date DEFAULT NULL,
  `occupation` varchar(255) COLLATE utf8mb4_unicode_ci DEFAULT NULL,
  `dob` date DEFAULT NULL,
  `tob` time DEFAULT NULL,
  `pob` varchar(255) COLLATE utf8mb4_unicode_ci DEFAULT NULL,
  `current_address` text COLLATE utf8mb4_unicode_ci,
  `about_me` text COLLATE utf8mb4_unicode_ci,
  `country_id` bigint unsigned DEFAULT NULL,
  `state_id` bigint unsigned DEFAULT NULL,
  `city` varchar(255) COLLATE utf8mb4_unicode_ci DEFAULT NULL,
  `pincode` varchar(255) COLLATE utf8mb4_unicode_ci DEFAULT NULL,
  `parental_father_name` varchar(255) COLLATE utf8mb4_unicode_ci DEFAULT NULL,
  `parental_mother_name` varchar(255) COLLATE utf8mb4_unicode_ci DEFAULT NULL,
  `maternal_father_name` varchar(255) COLLATE utf8mb4_unicode_ci DEFAULT NULL,
  `maternal_mother_name` varchar(255) COLLATE utf8mb4_unicode_ci DEFAULT NULL,
  `created_at` timestamp NULL DEFAULT NULL,
  `updated_at` timestamp NULL DEFAULT NULL,
  PRIMARY KEY (`id`),
  KEY `user_details_user_id_foreign` (`user_id`),
  KEY `user_details_country_id_foreign` (`country_id`),
  KEY `user_details_state_id_foreign` (`state_id`),
  CONSTRAINT `user_details_country_id_foreign` FOREIGN KEY (`country_id`) REFERENCES `countries` (`id`),
  CONSTRAINT `user_details_state_id_foreign` FOREIGN KEY (`state_id`) REFERENCES `states` (`id`),
  CONSTRAINT `user_details_user_id_foreign` FOREIGN KEY (`user_id`) REFERENCES `users` (`id`) ON DELETE CASCADE
) ENGINE=InnoDB AUTO_INCREMENT=2 DEFAULT CHARSET=utf8mb4 COLLATE=utf8mb4_unicode_ci;

--
-- Dumping data for table `user_details`
--

INSERT INTO `user_details` VALUES (1,3,'Male','Married','abc','2000-01-01','Civil Servant','1986-01-04','15:30:00','amritsar','25-Third Foor , Nehru Shopping Complex, Lawrence R','about me',1,20,'Amritsar','143001','ravi','neelam','pardeep','manju','2026-01-27 07:03:45','2026-01-29 06:33:33');

--
-- Table structure for table `user_payment_methods`
--

CREATE TABLE `user_payment_methods` (
  `id` bigint unsigned NOT NULL AUTO_INCREMENT,
  `user_id` bigint unsigned NOT NULL,
  `type` varchar(255) CHARACTER SET utf8mb4 COLLATE utf8mb4_unicode_ci NOT NULL,
  `account_number` varchar(255) CHARACTER SET utf8mb4 COLLATE utf8mb4_unicode_ci DEFAULT NULL,
  `ifsc_code` varchar(255) CHARACTER SET utf8mb4 COLLATE utf8mb4_unicode_ci DEFAULT NULL,
  `bank_name` varchar(255) CHARACTER SET utf8mb4 COLLATE utf8mb4_unicode_ci DEFAULT NULL,
  `branch` varchar(255) CHARACTER SET utf8mb4 COLLATE utf8mb4_unicode_ci DEFAULT NULL,
  `upi_id` varchar(255) CHARACTER SET utf8mb4 COLLATE utf8mb4_unicode_ci DEFAULT NULL,
  `is_default` tinyint(1) NOT NULL DEFAULT '0',
  `created_at` timestamp NULL DEFAULT NULL,
  `updated_at` timestamp NULL DEFAULT NULL,
  PRIMARY KEY (`id`),
  KEY `user_payment_methods_user_id_foreign` (`user_id`),
  CONSTRAINT `user_payment_methods_user_id_foreign` FOREIGN KEY (`user_id`) REFERENCES `users` (`id`) ON DELETE CASCADE
) ENGINE=InnoDB AUTO_INCREMENT=4 DEFAULT CHARSET=utf8mb4 COLLATE=utf8mb4_unicode_ci;

--
-- Dumping data for table `user_payment_methods`
--

INSERT INTO `user_payment_methods` VALUES (1,23,'bank_transfer','581515151','hdfc002051','hdfc bank','mall road',NULL,0,'2026-01-18 04:50:54','2026-01-19 01:24:02'),(2,23,'upi',NULL,NULL,NULL,NULL,'abc@hdfcbank.com',1,'2026-01-18 04:51:07','2026-01-19 01:24:02');

--
-- Table structure for table `users`
--

CREATE TABLE `users` (
  `id` bigint unsigned NOT NULL AUTO_INCREMENT,
  `name` varchar(255) COLLATE utf8mb4_unicode_ci NOT NULL,
  `slug` varchar(255) COLLATE utf8mb4_unicode_ci DEFAULT NULL,
  `email` varchar(255) COLLATE utf8mb4_unicode_ci NOT NULL,
  `mobile` varchar(255) COLLATE utf8mb4_unicode_ci DEFAULT NULL,
  `avatar` varchar(255) COLLATE utf8mb4_unicode_ci DEFAULT NULL,
  `email_verified_at` timestamp NULL DEFAULT NULL,
  `password` varchar(255) COLLATE utf8mb4_unicode_ci NOT NULL,
  `google_id` varchar(255) COLLATE utf8mb4_unicode_ci DEFAULT NULL,
  `role` varchar(255) COLLATE utf8mb4_unicode_ci NOT NULL DEFAULT 'user',
  `is_active` tinyint(1) NOT NULL DEFAULT '1',
  `wallet_balance` decimal(10,2) NOT NULL DEFAULT '0.00',
  `shopping_wallet_balance` decimal(10,2) NOT NULL DEFAULT '0.00',
  `force_password_change` tinyint(1) NOT NULL DEFAULT '0',
  `remember_token` varchar(100) COLLATE utf8mb4_unicode_ci DEFAULT NULL,
  `created_at` timestamp NULL DEFAULT NULL,
  `updated_at` timestamp NULL DEFAULT NULL,
  `last_login_at` timestamp NULL DEFAULT NULL,
  `login_count` int NOT NULL DEFAULT '0',
  PRIMARY KEY (`id`),
  UNIQUE KEY `users_email_unique` (`email`),
  UNIQUE KEY `users_slug_unique` (`slug`)
) ENGINE=InnoDB AUTO_INCREMENT=1028 DEFAULT CHARSET=utf8mb4 COLLATE=utf8mb4_unicode_ci;

--
-- Dumping data for table `users`
--

INSERT INTO `users` VALUES (1,'Admin','admin','admin@gmail.com',NULL,NULL,NULL,'$2y$12$8luYSamLe0yEeW1jWuY0sOL5blr4nWSbgQby8xSduRaCfXjgswpeK',NULL,'admin',1,0.00,0.00,0,NULL,'2026-01-26 06:35:41','2026-01-28 00:55:13',NULL,0),(2,'sahil','sahil','falconfss56@gmail.com',NULL,NULL,NULL,'$2y$12$e6ilRR36T3FNleP5bGvTnOET2g0h4aAbN9n7A8Uf6wlD4ctiF5VTu',NULL,'astrologer',1,105.00,0.00,0,NULL,'2026-01-27 03:51:01','2026-02-04 04:15:00','2026-02-04 04:15:00',38),(3,'Amar Dhoot','amar-dhoot','amar@gmail.com','9855995699','avatars/E3BUF5jaNrgTiDTMJuWZHnLUWj2CcvDXVCR4BTK2.png',NULL,'$2y$12$Rq93g9HS337d82O9G3NL7eDiNGAAouNvOYNW.0nVq/MwMBmpybgsm',NULL,'user',1,3473.64,99.00,0,NULL,'2026-01-27 04:03:48','2026-02-04 04:25:46',NULL,0),(4,'mohit','mohit','mohit@gmail.com',NULL,NULL,NULL,'$2y$12$EcizqGyQXLfxtw4AlvYCQO13wgXJtB2a.01BJw5LlBAwdHbS8BKZG',NULL,'user',1,0.00,0.00,0,NULL,'2026-01-27 06:31:47','2026-01-28 00:55:13',NULL,0),(5,'Arjun Sharma','arjun-sharma','arjun-sharma@example.com',NULL,NULL,NULL,'$2y$12$0.JfxNmJmmfkFjgmjNPD0.c6lNHnW2c812621CI54NSkM41Bv1N.e',NULL,'astrologer',1,0.00,0.00,0,NULL,'2026-01-28 01:00:06','2026-01-28 01:18:57',NULL,0),(6,'Priya Patel','priya-patel','priya-patel@example.com',NULL,NULL,NULL,'$2y$12$SD.dYx5jwNQ/yoiv0AxRSOFOWlLlbnLP9txmreUdCju38sLFy3ufC',NULL,'astrologer',1,0.00,0.00,0,NULL,'2026-01-28 01:00:07','2026-01-28 01:18:57',NULL,0),(7,'Vikram Singh','vikram-singh','vikram-singh@example.com',NULL,NULL,NULL,'$2y$12$lHIUL2ZG07DBoRCGdhBGGuFi39zJSx.0qtSY0fLhl6D5MFcdqZF3W',NULL,'astrologer',1,0.00,0.00,0,NULL,'2026-01-28 01:00:07','2026-01-28 01:18:57',NULL,0),(8,'Ananya Iyer','ananya-iyer','ananya-iyer@example.com',NULL,NULL,NULL,'$2y$12$4URkYYFV9l7lkILY3z03B.Alc3a6uqIXcUyKxkzxKz/Bjli4iN.bm',NULL,'astrologer',1,0.00,0.00,0,NULL,'2026-01-28 01:00:08','2026-01-28 01:18:58',NULL,0),(9,'Siddharth Rao','siddharth-rao','siddharth-rao@example.com',NULL,NULL,NULL,'$2y$12$xUpJtjvEg67u46S0pZPr.OdwRDdax1sJAwdhWx2N7Umd8kgk7KgwC',NULL,'astrologer',1,0.00,0.00,0,NULL,'2026-01-28 01:00:08','2026-01-28 01:18:58',NULL,0),(10,'Neha Gupta','neha-gupta','neha-gupta@example.com',NULL,NULL,NULL,'$2y$12$I986ezuyiScAlSA84N6sfeD6Mm.9EQwZ9R.9mhUvT/vw7fz3mZXHS',NULL,'astrologer',1,0.00,0.00,0,NULL,'2026-01-28 01:00:08','2026-01-28 01:18:59',NULL,0),(11,'Rahul Verma','rahul-verma','rahul-verma@example.com',NULL,NULL,NULL,'$2y$12$EDIJ3gkR95UvnBIzh2CwFOhqX7Tl8wh0CMDQvdkF8yv/eQXRsmulu',NULL,'astrologer',1,0.00,0.00,0,NULL,'2026-01-28 01:00:09','2026-01-28 01:18:59',NULL,0),(12,'Kavita Reddy','kavita-reddy','kavita-reddy@example.com',NULL,NULL,NULL,'$2y$12$XukJKcl9lOuOyAg1Z9pjl.RGLN2nHbtFFVS4TetBoNnCLUfeDThPu',NULL,'astrologer',1,0.00,0.00,0,NULL,'2026-01-28 01:00:09','2026-01-28 01:18:59',NULL,0),(13,'Amit Mishra','amit-mishra','amit-mishra@example.com',NULL,NULL,NULL,'$2y$12$J3L1/njSMIgBeXd69YGHxOFxNAxjZveWcXT0zIvF0JxlE0NblUTD2',NULL,'astrologer',1,0.00,0.00,0,NULL,'2026-01-28 01:00:09','2026-01-28 01:18:59',NULL,0),(14,'Sanya Malhotra','sanya-malhotra','sanya-malhotra@example.com',NULL,NULL,NULL,'$2y$12$IF9diFBgjGkFG.Q1LE8/nOi6skRbkfniKOLkaec/ALHt93Ig/9w7C',NULL,'astrologer',1,0.00,0.00,0,NULL,'2026-01-28 01:00:10','2026-01-28 01:19:00',NULL,0),(15,'Rohan Deshmukh','rohan-deshmukh','rohan-deshmukh@example.com',NULL,NULL,NULL,'$2y$12$Zo1LLWMQpLadQH2NdafbeupWEjFjO6yqcpCl2PpxG/GH4wlFDNpii',NULL,'astrologer',1,0.00,0.00,0,NULL,'2026-01-28 01:00:10','2026-01-28 01:19:00',NULL,0),(16,'Meera Nair','meera-nair','meera-nair@example.com',NULL,NULL,NULL,'$2y$12$crhEiac6hMM26q.y1rvUKeuuwd.aE5SHh47KR7aY.K83h09rkIpCq',NULL,'astrologer',1,0.00,0.00,0,NULL,'2026-01-28 01:00:10','2026-01-28 01:19:00',NULL,0),(17,'Aditya Joshi','aditya-joshi','aditya-joshi@example.com',NULL,NULL,NULL,'$2y$12$Xfcktci5EaYakCH4gtZAReO70s78fphl1EeIKvPMOW5wpYes46zD6',NULL,'astrologer',1,0.00,0.00,0,NULL,'2026-01-28 01:00:11','2026-01-28 01:19:01',NULL,0),(18,'Ishani Bose','ishani-bose','ishani-bose@example.com',NULL,NULL,NULL,'$2y$12$h88.Qnwwdm/UtO4O2RtefOIvf3el9rS9oxzWKY/VPdIZTEHIBCSQK',NULL,'astrologer',1,0.00,0.00,0,NULL,'2026-01-28 01:00:11','2026-01-28 01:19:01',NULL,0),(19,'Karan Mehra','karan-mehra','karan-mehra@example.com',NULL,NULL,NULL,'$2y$12$9qfj5dO3I1wbI79oN.4eE.Q2rLkXufklPgEPDcadoVGHoqK6QfEOK',NULL,'astrologer',1,0.00,0.00,0,NULL,'2026-01-28 01:00:12','2026-01-28 01:19:01',NULL,0),(20,'Tanvi Shah','tanvi-shah','tanvi-shah@example.com',NULL,NULL,NULL,'$2y$12$53GFgGPP/UB7cDXGxcgjmOXb.vtV8gJ1tC9cQHQxmOtAkVh/WmdGO',NULL,'astrologer',1,0.00,0.00,0,NULL,'2026-01-28 01:00:12','2026-01-28 01:19:02',NULL,0),(21,'Varun Kapoor','varun-kapoor','varun-kapoor@example.com',NULL,NULL,NULL,'$2y$12$duX17zglvncW.xG2UMsbWOI8bPshkG3vKB94MyJcuKe86jbY0EqGu',NULL,'astrologer',1,0.00,0.00,0,NULL,'2026-01-28 01:00:12','2026-01-28 01:19:02',NULL,0),(22,'Pooja Choudhary','pooja-choudhary','pooja-choudhary@example.com',NULL,NULL,NULL,'$2y$12$ydW71IjPw6O4T7JkY.KSZOvgiX/sWq0kd02QN01xTQhiK82hBe2bK',NULL,'astrologer',1,0.00,0.00,0,NULL,'2026-01-28 01:00:13','2026-01-28 01:19:03',NULL,0),(23,'Sahil Khan','sahil-khan','sahil-khan@example.com',NULL,NULL,NULL,'$2y$12$AsRsLFiEXsEYv4Zy7Avjtud1PU48gyNLbkfSx.i1MXvFOGatQ7Tpy',NULL,'astrologer',1,0.00,0.00,0,NULL,'2026-01-28 01:00:13','2026-01-28 01:19:03',NULL,0),(24,'Aavya Dixit','aavya-dixit','aavya-dixit@example.com',NULL,NULL,NULL,'$2y$12$9ej/5HFgLVlObY5A0PRn.exTMGAfZlncOuSe6b9thj3H3/yX7Pfw6',NULL,'astrologer',1,0.00,0.00,0,NULL,'2026-01-28 01:00:13','2026-01-28 01:19:03',NULL,0),(26,'Himanshu Raj Kannan','himanshu-raj-kannan-1','astro_1_CKWRt@example.com','+91 043 1387167',NULL,NULL,'$2y$12$FX2b3fOataaLAJeqnihFJ.osd/Jel0q0SN6/4/0Qx2Wrnrw0ncqaK',NULL,'astrologer',1,0.00,0.00,0,NULL,'2026-01-31 09:23:08','2026-01-31 09:23:08',NULL,0),(27,'Prasoon Rao Devi','prasoon-rao-devi-2','astro_2_AwqQc@example.com','+91 71 08480309',NULL,NULL,'$2y$12$LuoHJ9qDC7INdqTPoN7NPOvLSyvjEUT3l87Ln1Ce2dtMKRijXNOY2',NULL,'astrologer',1,0.00,0.00,0,NULL,'2026-01-31 09:23:09','2026-01-31 09:23:09',NULL,0),(28,'Nawab Prasad Sundaram','nawab-prasad-sundaram-3','astro_3_ddPsJ@example.com','077 05124832',NULL,NULL,'$2y$12$X1xVmjMFxtS7vDaH3QK1AeoFirPkqOG4aJGWjWVMhBJGLJmnjeFPK',NULL,'astrologer',1,0.00,0.00,0,NULL,'2026-01-31 09:23:09','2026-01-31 09:23:09',NULL,0),(29,'Aadil Karpe','aadil-karpe-4','astro_4_acAKJ@example.com','+91 972 3875524',NULL,NULL,'$2y$12$6cmUR52P1tiojHF8SHLOK.ATgiHsdTeiARdweuG3VEHSuy2eGPgjW',NULL,'astrologer',1,0.00,0.00,0,NULL,'2026-01-31 09:23:10','2026-01-31 09:23:10',NULL,0),(30,'Sai Johal','sai-johal-5','astro_5_KfNDb@example.com','+91 614 1925125',NULL,NULL,'$2y$12$7bHBLYpLZLYOALQ9GYfGe.9qGIWlAGnK1GWHtfJWTb4f9dSxwxMUe',NULL,'astrologer',1,0.00,0.00,0,NULL,'2026-01-31 09:23:10','2026-01-31 09:23:10',NULL,0),(31,'Nandini Solanki','nandini-solanki-6','astro_6_BODgS@example.com','+91 70 87136020',NULL,NULL,'$2y$12$ela.LRuzkPyYD35C4jqLqeCd3nLr/uqqO2as.yrGukBtK6gOgm.XC',NULL,'astrologer',1,0.00,0.00,0,NULL,'2026-01-31 09:23:11','2026-01-31 09:23:11',NULL,0),(32,'Lalit Reddy','lalit-reddy-7','astro_7_y8oKQ@example.com','0385 4020731',NULL,NULL,'$2y$12$t8KFwCPNxOb19cho1h3loOf0zn.rlQI4np64MXS.v1etpQ21Egi0S',NULL,'astrologer',1,0.00,0.00,0,NULL,'2026-01-31 09:23:11','2026-01-31 09:23:11',NULL,0),(33,'Raj Rao Gade','raj-rao-gade-8','astro_8_t8j8g@example.com','+91 71 79629873',NULL,NULL,'$2y$12$ZTnexOU7d4pzXnMdx8rhZeVLXNf.HEpMtYt3UGrWxe5iyET.wjYfu',NULL,'astrologer',1,0.00,0.00,0,NULL,'2026-01-31 09:23:12','2026-01-31 09:23:12',NULL,0),(34,'Jamshed Subramanian','jamshed-subramanian-9','astro_9_SXE5p@example.com','+91 63 68088755',NULL,NULL,'$2y$12$VFYiKTLjKHmvGPIYUutztuzJUYHa6aN3p5uotbSS5hKN8YM2bmrZ6',NULL,'astrologer',1,0.00,0.00,0,NULL,'2026-01-31 09:23:12','2026-01-31 09:23:12',NULL,0),(35,'Tejaswani Prabhat Rattan','tejaswani-prabhat-rattan-10','astro_10_eGwKB@example.com','+91 59 34661384',NULL,NULL,'$2y$12$OKN99/aS4N10sxwxmZYVgejDvpzabUSgs2S8P5/dNt8e2gfDt2BYO',NULL,'astrologer',1,0.00,0.00,0,NULL,'2026-01-31 09:23:13','2026-01-31 09:23:13',NULL,0),(36,'Anil Lal Devi','anil-lal-devi-11','astro_11_RZU5n@example.com','+91 07 67892718',NULL,NULL,'$2y$12$4/I/lN.cJ/6.7q1ukVMWeu9Ejku.3Yo3uwYljCHVYLwLkJWeOxYta',NULL,'astrologer',1,0.00,0.00,0,NULL,'2026-01-31 09:23:13','2026-01-31 09:23:13',NULL,0),(37,'Lakshmi Jayaraman','lakshmi-jayaraman-12','astro_12_9ohS7@example.com','062 51748335',NULL,NULL,'$2y$12$0NqbaJ2yElXufJYecrSz9Ov5qj57VJ3ZtNaIt1gyizItN9MZT.R1q',NULL,'astrologer',1,0.00,0.00,0,NULL,'2026-01-31 09:23:14','2026-01-31 09:23:14',NULL,0),(38,'Charlie Chandra Trivedi','charlie-chandra-trivedi-13','astro_13_jNjV5@example.com','0619 4230207',NULL,NULL,'$2y$12$EW9X1p5SQs/CkUHi1iUjBOx71hIgG0w44AfQ.VFkQS.5UsLIj.ea2',NULL,'astrologer',1,0.00,0.00,0,NULL,'2026-01-31 09:23:14','2026-01-31 09:23:14',NULL,0),(39,'Zaad Konda','zaad-konda-14','astro_14_ifPcH@example.com','071 49737709',NULL,NULL,'$2y$12$.xn7n/WVcwb0nb0pexQ9k.gqKTgBHqI84H/wj8qkjyFbcksyjw3iy',NULL,'astrologer',1,0.00,0.00,0,NULL,'2026-01-31 09:23:15','2026-01-31 09:23:15',NULL,0),(40,'Gayatri Bahadur Tara','gayatri-bahadur-tara-15','astro_15_DIwlX@example.com','+91 32 06752297',NULL,NULL,'$2y$12$ituj7ckx6zIexN91SloIgOxhWnV/7UBRjlPJO/1cTTAEKiRwKLfOW',NULL,'astrologer',1,0.00,0.00,0,NULL,'2026-01-31 09:23:15','2026-01-31 09:23:15',NULL,0),(41,'Sara Sandhu','sara-sandhu-16','astro_16_YaCuw@example.com','0906 6953830',NULL,NULL,'$2y$12$2Otq9C0EEhPbniJSHIyD0OfO8/bt0LQ.J2SmvPnUBt9XPyia9U2d.',NULL,'astrologer',1,0.00,0.00,0,NULL,'2026-01-31 09:23:16','2026-01-31 09:23:16',NULL,0),(42,'Zeenat Tank','zeenat-tank-17','astro_17_txXRM@example.com','0357 5833281',NULL,NULL,'$2y$12$iGRoxak3b7T2GLLMWObd5OzxSOPPH6cTnyOO9Pa.2tQuhwxydChBm',NULL,'astrologer',1,0.00,0.00,0,NULL,'2026-01-31 09:23:16','2026-01-31 09:23:16',NULL,0),(43,'Dinesh Bhai Gade','dinesh-bhai-gade-18','astro_18_cuMlO@example.com','+91 869 6605581',NULL,NULL,'$2y$12$Lxw2rxCfOF0UIRCI/VEbi.De8yBfvL/gxyHdy7DzhTrO6X0jx54k.',NULL,'astrologer',1,0.00,0.00,0,NULL,'2026-01-31 09:23:16','2026-01-31 09:23:16',NULL,0),(44,'Zeeshan Monin Samuel','zeeshan-monin-samuel-19','astro_19_GN9Kh@example.com','050 34604814',NULL,NULL,'$2y$12$wdctP5x.pX4mz.VLanYLm.HZAs64faY780CXXAZ5UHhzidsANZYkG',NULL,'astrologer',1,0.00,0.00,0,NULL,'2026-01-31 09:23:17','2026-01-31 09:23:17',NULL,0),(45,'Faraz Raj Gopal','faraz-raj-gopal-20','astro_20_3gzuU@example.com','079 84950988',NULL,NULL,'$2y$12$QhIHeyBskaeHhqZknLiudOhB7b43rAKtaUIeFdSAP1sGnQZ4y8IYy',NULL,'astrologer',1,0.00,0.00,0,NULL,'2026-01-31 09:23:17','2026-01-31 09:23:17',NULL,0),(46,'Kim Ramesh','kim-ramesh-21','astro_21_VfW4Q@example.com','+91 15 82251593',NULL,NULL,'$2y$12$zNuCgdkDuMzWY9V7uFiGqOOr.YeHNz6yld8tYyOgF8ba1AlbZacMW',NULL,'astrologer',1,0.00,0.00,0,NULL,'2026-01-31 09:23:18','2026-01-31 09:23:18',NULL,0),(47,'Damini Vikrant Tak','damini-vikrant-tak-22','astro_22_c3QiW@example.com','+91 893 5382043',NULL,NULL,'$2y$12$VZPfFApaSuCsmSCZPsABQ.5zlte6NvoBycAs5Al.uooC1BbEYz7Ye',NULL,'astrologer',1,0.00,0.00,0,NULL,'2026-01-31 09:23:18','2026-01-31 09:23:18',NULL,0),(48,'Kailash Rao Dugal','kailash-rao-dugal-23','astro_23_Sltp6@example.com','+91 526 3089305',NULL,NULL,'$2y$12$yKzviX47ipK8/5o4hzS5GuTN1Nt9RRmV10jXJmKT2mj0gDh6.Pxha',NULL,'astrologer',1,0.00,0.00,0,NULL,'2026-01-31 09:23:18','2026-01-31 09:23:18',NULL,0),(49,'Munni Dinesh Bal','munni-dinesh-bal-24','astro_24_C66NI@example.com','0749 8940609',NULL,NULL,'$2y$12$lgrXU0AOaGT2XNjQfNmplOxc52E7bqhruBphVNTF0/EaYj7A5pmPy',NULL,'astrologer',1,0.00,0.00,0,NULL,'2026-01-31 09:23:19','2026-01-31 09:23:19',NULL,0),(50,'Abhinav Prasad Contractor','abhinav-prasad-contractor-25','astro_25_Bd1Gq@example.com','+91 26 48175800',NULL,NULL,'$2y$12$AG0hNrGd1.e9b6GrZFhl2OimNsG/pI9muyjOni/VwlYRcz.Am8lBi',NULL,'astrologer',1,0.00,0.00,0,NULL,'2026-01-31 09:23:19','2026-01-31 09:23:19',NULL,0),(51,'Zahir Nawab Padmanabhan','zahir-nawab-padmanabhan-26','astro_26_I9Jzn@example.com','+91 645 6215929',NULL,NULL,'$2y$12$7nayH8sHeibpC1rJTSxxJOacwAAx0uRA/x4u.tgS63EFo7DvXZzve',NULL,'astrologer',1,0.00,0.00,0,NULL,'2026-01-31 09:23:20','2026-01-31 09:23:20',NULL,0),(52,'Rajendra Khatri','rajendra-khatri-27','astro_27_zFlYv@example.com','+91 51 04939631',NULL,NULL,'$2y$12$4cFSMHs/O/Y9HC4SEJ2tIOu64J9yzlzgFrNchZxXIxRupvTJEyhje',NULL,'astrologer',1,0.00,0.00,0,NULL,'2026-01-31 09:23:20','2026-01-31 09:23:20',NULL,0),(53,'Daanish Dev Parekh','daanish-dev-parekh-28','astro_28_oL9yn@example.com','+91 93 10674935',NULL,NULL,'$2y$12$gDKefNUII6BgRMMI840UiuD9jEsAqunKi6Z5d3XbSwYJvHdBhZpnK',NULL,'astrologer',1,0.00,0.00,0,NULL,'2026-01-31 09:23:21','2026-01-31 09:23:21',NULL,0),(54,'Kushal Arjun Mitter','kushal-arjun-mitter-29','astro_29_43E3U@example.com','+91 81 26165799',NULL,NULL,'$2y$12$lkEleZMu4YEimJNMhCorRuqnWokHOGdJ8djKc2vr.SHRiIFLM3G9m',NULL,'astrologer',1,0.00,0.00,0,NULL,'2026-01-31 09:23:21','2026-01-31 09:23:21',NULL,0),(55,'Nishita Rajan','nishita-rajan-30','astro_30_L6kW9@example.com','+91 00 95456725',NULL,NULL,'$2y$12$2ogUbGWpzT5FY3wv5OYBWucws/FlBee2ifPHU1WMYjl9p1W8qFsCS',NULL,'astrologer',1,0.00,0.00,0,NULL,'2026-01-31 09:23:22','2026-01-31 09:23:22',NULL,0),(56,'Kasturi Vijayent Kanda','kasturi-vijayent-kanda-31','astro_31_35dzz@example.com','+91 54 93452285',NULL,NULL,'$2y$12$SNnsE17ZwieyFhdzxhUwe.Rsoo42ajJsGqZcl7NZ5t9GXXe/i0RZu',NULL,'astrologer',1,0.00,0.00,0,NULL,'2026-01-31 09:23:23','2026-01-31 09:23:23',NULL,0),(57,'Ratan Daanish Rout','ratan-daanish-rout-32','astro_32_uQDwk@example.com','004 16208227',NULL,NULL,'$2y$12$7oEoJonnCE0TJLvykSzu9uxr.776XttFi9T906HJBY7j2HiOcWfDa',NULL,'astrologer',1,0.00,0.00,0,NULL,'2026-01-31 09:23:23','2026-01-31 09:23:23',NULL,0),(58,'Pranay Singh Ramson','pranay-singh-ramson-33','astro_33_sbZaj@example.com','065 39249410',NULL,NULL,'$2y$12$kMOrCcCybOvYORc3HZ3SLetKs6.tj9BwD2sAEmRTxOHzE0s4bHO9W',NULL,'astrologer',1,0.00,0.00,0,NULL,'2026-01-31 09:23:24','2026-01-31 09:23:24',NULL,0),(59,'Nandini Bhatnagar','nandini-bhatnagar-34','astro_34_wJTXF@example.com','+91 552 1504223',NULL,NULL,'$2y$12$06fBwkZbVtRHlU60zWC.x.uKeejVn/mGoY/cMOFnkvQgOxdq9BVZG',NULL,'astrologer',1,0.00,0.00,0,NULL,'2026-01-31 09:23:24','2026-01-31 09:23:24',NULL,0),(60,'Zeeshan Ranganathan','zeeshan-ranganathan-35','astro_35_hmHgN@example.com','0473 1909526',NULL,NULL,'$2y$12$drMDX2Uei72wWdd9oXrgs.ey783AFy6MM.WGGM8ltgpYR.QzQR54K',NULL,'astrologer',1,0.00,0.00,0,NULL,'2026-01-31 09:23:25','2026-01-31 09:23:25',NULL,0),(61,'Sameera Azhar Munshi','sameera-azhar-munshi-36','astro_36_5otNs@example.com','077 80026284',NULL,NULL,'$2y$12$csDMORZeeVehTHP9Hp1wbuaRrCWaMOwRE2xOlcpzTFO2D8pJSC56i',NULL,'astrologer',1,0.00,0.00,0,NULL,'2026-01-31 09:23:25','2026-01-31 09:23:25',NULL,0),(62,'Jawahar Mathew','jawahar-mathew-37','astro_37_LlGxs@example.com','+91 98 01611593',NULL,NULL,'$2y$12$NZYiAtGhzhzXgbdfmpnmre7mD4SZ3OHaCKY9zmjPKcdKCU45Umsoq',NULL,'astrologer',1,0.00,0.00,0,NULL,'2026-01-31 09:23:26','2026-01-31 09:23:26',NULL,0),(63,'Tushar Sarraf','tushar-sarraf-38','astro_38_yxD9L@example.com','+91 460 0693842',NULL,NULL,'$2y$12$U8RMwPBbhzTneUmf0SkJBOOPYMGI3yOb4jd5ZKYYC/9m4aPdq1xm6',NULL,'astrologer',1,0.00,0.00,0,NULL,'2026-01-31 09:23:26','2026-01-31 09:23:26',NULL,0),(64,'Tulsi Persaud','tulsi-persaud-39','astro_39_PUgO7@example.com','+91 699 2847467',NULL,NULL,'$2y$12$q69AlFttPENOIcXN1zpqau/ZIRFIv2pCVQNpeN3z1RmrErhyHNMH6',NULL,'astrologer',1,0.00,0.00,0,NULL,'2026-01-31 09:23:27','2026-01-31 09:23:27',NULL,0),(65,'Harbhajan Pratap Inani','harbhajan-pratap-inani-40','astro_40_0gSDD@example.com','0170 8577368',NULL,NULL,'$2y$12$1iJ1D/I/UXMyPzi1hBPUCOceo2BcEwcekiB/hAdVDC7xg6YngTIU2',NULL,'astrologer',1,0.00,0.00,0,NULL,'2026-01-31 09:23:27','2026-01-31 09:23:27',NULL,0),(66,'Bagwati Balan','bagwati-balan-41','astro_41_00KF8@example.com','+91 06 10370079',NULL,NULL,'$2y$12$WEI19zhlZzyp9LpJCVZXV.8Z3VVgldit9gqcoSmBmvWx.XRkXfodC',NULL,'astrologer',1,0.00,0.00,0,NULL,'2026-01-31 09:23:27','2026-01-31 09:23:27',NULL,0),(67,'Krishna Ganesh','krishna-ganesh-42','astro_42_YfZWI@example.com','0620 1954355',NULL,NULL,'$2y$12$cd6xJDHrd5us8tk/E.EuB.CLhlHAUZvyEzv6NrU1PwzOawLrcJByq',NULL,'astrologer',1,0.00,0.00,0,NULL,'2026-01-31 09:23:28','2026-01-31 09:23:28',NULL,0),(68,'Anshula Pranab Kuruvilla','anshula-pranab-kuruvilla-43','astro_43_fH1bZ@example.com','038 65560645',NULL,NULL,'$2y$12$kVrq0azkJ.DY2OZWSMZOJ.h4POgJd.LkMcY.WgkUkcfEKJNuLI17e',NULL,'astrologer',1,0.00,0.00,0,NULL,'2026-01-31 09:23:28','2026-01-31 09:23:28',NULL,0),(69,'Govind Ram Chaudhary','govind-ram-chaudhary-44','astro_44_HdRSQ@example.com','+91 41 90744034',NULL,NULL,'$2y$12$CcA6gaT0TtEYCKMpKJ2LbusA0fTUOGLeSDnKrej1tKsF4jv7YMZki',NULL,'astrologer',1,0.00,0.00,0,NULL,'2026-01-31 09:23:29','2026-01-31 09:23:29',NULL,0),(70,'Ritika Bera','ritika-bera-45','astro_45_zFVE8@example.com','+91 77 12784617',NULL,NULL,'$2y$12$V6kFjQTPJ2lgX2njNlUPFunzP2bmnwRMfKem7TJnUf8wpMYd0PZ2G',NULL,'astrologer',1,0.00,0.00,0,NULL,'2026-01-31 09:23:29','2026-01-31 09:23:29',NULL,0),(71,'Daanish Kaur','daanish-kaur-46','astro_46_vnVtn@example.com','0694 0449355',NULL,NULL,'$2y$12$YrkRDctotOXRZbJAfb3rBe1eMAWEPbU3VWzKPGNNV1yb8ss14LSGa',NULL,'astrologer',1,0.00,0.00,0,NULL,'2026-01-31 09:23:29','2026-01-31 09:23:29',NULL,0),(72,'Nakul Edwin','nakul-edwin-47','astro_47_3McqJ@example.com','070 10055813',NULL,NULL,'$2y$12$GXRd1Auy9KWBKBMip1onmOGS2hJiB087Ts3ugL6yZVNeirWFEeJCy',NULL,'astrologer',1,0.00,0.00,0,NULL,'2026-01-31 09:23:30','2026-01-31 09:23:30',NULL,0),(73,'Kartik Radhakrishnan','kartik-radhakrishnan-48','astro_48_TbChq@example.com','0422 3777925',NULL,NULL,'$2y$12$Ck1IO51abuxjxKMWOJzV6.6DFoDiox1PPzEVc0LA/0bWlD5raqgQm',NULL,'astrologer',1,0.00,0.00,0,NULL,'2026-01-31 09:23:30','2026-01-31 09:23:30',NULL,0),(74,'Nazir Singh D’Alia','nazir-singh-dalia-49','astro_49_uNVvl@example.com','088 34685101',NULL,NULL,'$2y$12$0u82ZLBrGzBhyLIv5fdDmOlL8V4z9QgiVjY19XFn6BBGZP6AvfC7O',NULL,'astrologer',1,0.00,0.00,0,NULL,'2026-01-31 09:23:31','2026-01-31 09:23:31',NULL,0),(75,'Gayatri Mathai','gayatri-mathai-50','astro_50_iJ029@example.com','+91 222 9156645',NULL,NULL,'$2y$12$qdOvrWsrrHmo8Kse5dVs0ONV9F/KMkh4T/3kUZjgxGSJAYlxLTB0y',NULL,'astrologer',1,0.00,0.00,0,NULL,'2026-01-31 09:23:31','2026-01-31 09:23:31',NULL,0),(76,'Naseer Brock Misra','naseer-brock-misra-51','astro_51_J5czm@example.com','+91 54 70616593',NULL,NULL,'$2y$12$rSG7F1ITb/Bneg4mjc4Beeu1LzR3peYs52SkZg7jzZ50qNKSE82Sq',NULL,'astrologer',1,0.00,0.00,0,NULL,'2026-01-31 09:23:32','2026-01-31 09:23:32',NULL,0),(77,'Maya Guha','maya-guha-52','astro_52_ltzev@example.com','+91 122 1680212',NULL,NULL,'$2y$12$73I6b3iuhndEgh8WnNFNnOyFmvcrrU1A5xsIgJbfZdiN8YTWFCq4W',NULL,'astrologer',1,0.00,0.00,0,NULL,'2026-01-31 09:23:32','2026-01-31 09:23:32',NULL,0),(78,'Obaid Sant','obaid-sant-53','astro_53_Pjm1Q@example.com','+91 604 2718282',NULL,NULL,'$2y$12$BkWHJsR2xIID5.xd/4fa/ezDhA8v2lZZlO2cJdfNTnfrZT8MSC5qu',NULL,'astrologer',1,0.00,0.00,0,NULL,'2026-01-31 09:23:33','2026-01-31 09:23:33',NULL,0),(79,'Mukti Nair','mukti-nair-54','astro_54_ng04o@example.com','+91 41 29770497',NULL,NULL,'$2y$12$1WINVcJowT/N2N1ORjEbWuzGYDwl.AnjCgn/ZMyIytyQ2IJBhf/py',NULL,'astrologer',1,0.00,0.00,0,NULL,'2026-01-31 09:23:33','2026-01-31 09:23:33',NULL,0),(80,'Kalyani Taahid Sankaran','kalyani-taahid-sankaran-55','astro_55_QxmcK@example.com','+91 51 42505283',NULL,NULL,'$2y$12$loUcB73W28P0j2gWlLxWFeER6a7zJ9eqdxbYWwGLq/l.wGpm51hWC',NULL,'astrologer',1,0.00,0.00,0,NULL,'2026-01-31 09:23:34','2026-01-31 09:23:34',NULL,0),(81,'Himani Gupta','himani-gupta-56','astro_56_vhsZ1@example.com','006 76069099',NULL,NULL,'$2y$12$DXg4JHsxg908fGxv3ZkjYOc2FjO/Jh4i.8Y8LXfGDnZCOrYpfrL0q',NULL,'astrologer',1,0.00,0.00,0,NULL,'2026-01-31 09:23:34','2026-01-31 09:23:34',NULL,0),(82,'Monica Azhar Mall','monica-azhar-mall-57','astro_57_4BANY@example.com','+91 50 13948904',NULL,NULL,'$2y$12$6ZDsh6sLQ4Z0J/XsaNoXbO1I0o/bLHV5z/pKcTkUhtsD2J0BSfeVG',NULL,'astrologer',1,0.00,0.00,0,NULL,'2026-01-31 09:23:34','2026-01-31 09:23:34',NULL,0),(83,'Saurabh Sanghvi','saurabh-sanghvi-58','astro_58_FA5Ex@example.com','0313 6960366',NULL,NULL,'$2y$12$grcXr1jOnFEo3/i3oa/nOOndLfLQaDWdRjH60o1DBIIgEd9RB5tky',NULL,'astrologer',1,0.00,0.00,0,NULL,'2026-01-31 09:23:35','2026-01-31 09:23:35',NULL,0),(84,'Faisal Dutt','faisal-dutt-59','astro_59_x5mKK@example.com','+91 92 69322429',NULL,NULL,'$2y$12$QuOLmpTJCmgFNGJZx0uO5.miJq9bnFvkekYCzxZskPbenkgGhDvXW',NULL,'astrologer',1,0.00,0.00,0,NULL,'2026-01-31 09:23:36','2026-01-31 09:23:36',NULL,0),(85,'Lalita Bassi','lalita-bassi-60','astro_60_kaZKx@example.com','+91 39 05608756',NULL,NULL,'$2y$12$.YwnFSeOetRaOJeXYbm7AuuPWwJ8wj3wv6i.dSK3hQu2ag.m8CK6K',NULL,'astrologer',1,0.00,0.00,0,NULL,'2026-01-31 09:23:36','2026-01-31 09:23:36',NULL,0),(86,'Riya Sawhney','riya-sawhney-61','astro_61_FSRfg@example.com','+91 145 4003040',NULL,NULL,'$2y$12$EtLrtvFC0RgC1gPdXxnyHOO5eofLF90c5rY7qtUDSsDl.Oxl1rYNi',NULL,'astrologer',1,0.00,0.00,0,NULL,'2026-01-31 09:23:37','2026-01-31 09:23:37',NULL,0),(87,'Ritika Sushant Dani','ritika-sushant-dani-62','astro_62_zZdrM@example.com','+91 112 7287236',NULL,NULL,'$2y$12$.nz36jy4VKPvh4D1e4ZEBuUXPbS8nkYb5.1yjb1OxtYNpDpdHyoxW',NULL,'astrologer',1,0.00,0.00,0,NULL,'2026-01-31 09:23:37','2026-01-31 09:23:37',NULL,0),(88,'Gajendra Dev Mital','gajendra-dev-mital-63','astro_63_3XYZl@example.com','0358 8315195',NULL,NULL,'$2y$12$tfJIpHcq5EkdIFLrA2FSq.bXIWF0154gHsdIUiXDnchsWpU32vKGm',NULL,'astrologer',1,0.00,0.00,0,NULL,'2026-01-31 09:23:38','2026-01-31 09:23:38',NULL,0),(89,'Tabeed Ganesh','tabeed-ganesh-64','astro_64_QdZ4q@example.com','+91 81 13653935',NULL,NULL,'$2y$12$vN.rs9KlOPXQJMLroAN0uOBflQvbPJhCmNgstsR8vqRHo/v63eALq',NULL,'astrologer',1,0.00,0.00,0,NULL,'2026-01-31 09:23:38','2026-01-31 09:23:38',NULL,0),(90,'Nandini Umesh Naik','nandini-umesh-naik-65','astro_65_E21BQ@example.com','+91 36 77696674',NULL,NULL,'$2y$12$MsuJzkOK7YdJoD4DTrdUhet/XWweOqt40v632lVS/oPs0tWFMl8IW',NULL,'astrologer',1,0.00,0.00,0,NULL,'2026-01-31 09:23:39','2026-01-31 09:23:39',NULL,0),(91,'Aatif Kothari','aatif-kothari-66','astro_66_95aaZ@example.com','0166 5631667',NULL,NULL,'$2y$12$r2X46uU2A8Pkrxe4rGp1.ukvFkR0USKdldrN8oXLhDf5llzavQLki',NULL,'astrologer',1,0.00,0.00,0,NULL,'2026-01-31 09:23:39','2026-01-31 09:23:39',NULL,0),(92,'Mohan Chahal','mohan-chahal-67','astro_67_asHbQ@example.com','+91 670 9147471',NULL,NULL,'$2y$12$540W5NcT4LNRXTjrK.bvsePxtQMOEjTL72UmZ60qx02PzpNkSaruG',NULL,'astrologer',1,0.00,0.00,0,NULL,'2026-01-31 09:23:40','2026-01-31 09:23:40',NULL,0),(93,'Balaji Prasad Thakkar','balaji-prasad-thakkar-68','astro_68_okEzP@example.com','033 94400181',NULL,NULL,'$2y$12$zKDjaRPgqKaCWeTiktXKh.dZQBW1NHuJ6GQEX8n9FagrUEQxTKo/q',NULL,'astrologer',1,0.00,0.00,0,NULL,'2026-01-31 09:23:40','2026-01-31 09:23:40',NULL,0),(94,'Gowri Yadu Wali','gowri-yadu-wali-69','astro_69_kpphq@example.com','0792 1474712',NULL,NULL,'$2y$12$8wpkbUe.EGmZr0yGLKCgy.WW5/CiQU/vgDNBZmUXxig6yNpGKbfv.',NULL,'astrologer',1,0.00,0.00,0,NULL,'2026-01-31 09:23:41','2026-01-31 09:23:41',NULL,0),(95,'Alka Krishna Meka','alka-krishna-meka-70','astro_70_CKyCm@example.com','+91 23 49709690',NULL,NULL,'$2y$12$ifVKYilTrz2ZqnE4UK8cPuRclSWV0vuYGtuVWLXOgU4rJcb5QaN2m',NULL,'astrologer',1,0.00,0.00,0,NULL,'2026-01-31 09:23:41','2026-01-31 09:23:41',NULL,0),(96,'Neerendra Goel','neerendra-goel-71','astro_71_1S04q@example.com','001 83996699',NULL,NULL,'$2y$12$/tsv0CHJjcOToXbTfWvQVuDZp/J5YXQIB5v6GSTXshFWNnQREEZ1e',NULL,'astrologer',1,0.00,0.00,0,NULL,'2026-01-31 09:23:41','2026-01-31 09:23:41',NULL,0),(97,'Amolika Pal','amolika-pal-72','astro_72_HCBB0@example.com','+91 86 56959795',NULL,NULL,'$2y$12$txX5xU/iK25ZAUZ7VdRwYeYv5c.I2p7mjWN6.eFkk513est/lHY72',NULL,'astrologer',1,0.00,0.00,0,NULL,'2026-01-31 09:23:42','2026-01-31 09:23:42',NULL,0),(98,'Habib Joshi','habib-joshi-73','astro_73_4Nqwg@example.com','+91 037 9487992',NULL,NULL,'$2y$12$TEZTsCH9/2H71n7BGPtWFOSD384OzWTXrg7uhoQC9f06tDmMA5zvC',NULL,'astrologer',1,0.00,0.00,0,NULL,'2026-01-31 09:23:42','2026-01-31 09:23:42',NULL,0),(99,'Rajesh Anil Mammen','rajesh-anil-mammen-74','astro_74_6JCW5@example.com','0668 8089922',NULL,NULL,'$2y$12$3kq.7qTt0iVk8FFOrziSI.PenZg7L3HCNYhyBqx6DK9jnPx48a6vW',NULL,'astrologer',1,0.00,0.00,0,NULL,'2026-01-31 09:23:43','2026-01-31 09:23:43',NULL,0),(100,'Venkat Singh Inani','venkat-singh-inani-75','astro_75_uquY4@example.com','080 80611790',NULL,NULL,'$2y$12$PNS.IaliKmiDkN4A1EFnt.OYrvGLkznC8dJJ9Oje2QYfEvrJsI242',NULL,'astrologer',1,0.00,0.00,0,NULL,'2026-01-31 09:23:43','2026-01-31 09:23:43',NULL,0),(101,'Shashank Sur','shashank-sur-76','astro_76_IQn28@example.com','052 23038911',NULL,NULL,'$2y$12$YfhbnIkxgWw97kInEd8pq.8lu6dy2s8rI5oVJsaKuDFU3WtBuUbBq',NULL,'astrologer',1,0.00,0.00,0,NULL,'2026-01-31 09:23:43','2026-01-31 09:23:43',NULL,0),(102,'Karim Tabeed Bains','karim-tabeed-bains-77','astro_77_jO3VR@example.com','+91 503 0923062',NULL,NULL,'$2y$12$tHK94p3dXbYu2MKiVDzHMuGSFySMM9NQ6j4pYTZ4IY3ORH2uQS31.',NULL,'astrologer',1,0.00,0.00,0,NULL,'2026-01-31 09:23:44','2026-01-31 09:23:44',NULL,0),(103,'Aditi Saha','aditi-saha-78','astro_78_N3brU@example.com','+91 824 9520426',NULL,NULL,'$2y$12$JGG/L8sBsT5j8bBd9W3Xw.AMDdh2NilrMaI6kUA9.DirepSJ.RlIC',NULL,'astrologer',1,0.00,0.00,0,NULL,'2026-01-31 09:23:44','2026-01-31 09:23:44',NULL,0),(104,'Aadil Lal Ramson','aadil-lal-ramson-79','astro_79_7eoLN@example.com','+91 252 5795732',NULL,NULL,'$2y$12$tU8oLrCRkQMpceNT7B9ic.X9bKA52ef/C.pK6PFz/t.haUJuUehyC',NULL,'astrologer',1,0.00,0.00,0,NULL,'2026-01-31 09:23:45','2026-01-31 09:23:45',NULL,0),(105,'Ibrahim Sai Choudhury','ibrahim-sai-choudhury-80','astro_80_xYVzn@example.com','0948 1089928',NULL,NULL,'$2y$12$UnMrApVn9lSS2TTer9ncP.6SBQDAQqbEQIT7DobWXq5iH/7Kp5E06',NULL,'astrologer',1,0.00,0.00,0,NULL,'2026-01-31 09:23:45','2026-01-31 09:23:45',NULL,0),(106,'Eddie Ajay Mehra','eddie-ajay-mehra-81','astro_81_FH2sJ@example.com','+91 53 66295207',NULL,NULL,'$2y$12$tg8uNX5DNvC.peFrih6vauIXn1JK5qXrSBflQfJchw6yfEskiTKpi',NULL,'astrologer',1,0.00,0.00,0,NULL,'2026-01-31 09:23:46','2026-01-31 09:23:46',NULL,0),(107,'Farah Vig','farah-vig-82','astro_82_qIN72@example.com','091 50883265',NULL,NULL,'$2y$12$DfYKAvVtRCvDIszYTbk5Iuudz/CP2OVFRAi2dLsho9/zis5fmstia',NULL,'astrologer',1,0.00,0.00,0,NULL,'2026-01-31 09:23:46','2026-01-31 09:23:46',NULL,0),(108,'Vicky Garg','vicky-garg-83','astro_83_oF1fO@example.com','0448 4305064',NULL,NULL,'$2y$12$QAag9KF9BPOPQ6Wva0hjp.7YPZX136Z8jpGivKyKMGCe0Qg/vpIb2',NULL,'astrologer',1,0.00,0.00,0,NULL,'2026-01-31 09:23:47','2026-01-31 09:23:47',NULL,0),(109,'Riddhi Devan','riddhi-devan-84','astro_84_5ViUr@example.com','044 71721219',NULL,NULL,'$2y$12$BxgTQEpxZHKAjNiZ2TV7HOjczorGmBgH6yegSL43nH11uyWQQlfxq',NULL,'astrologer',1,0.00,0.00,0,NULL,'2026-01-31 09:23:47','2026-01-31 09:23:47',NULL,0),(110,'Madhu Mall','madhu-mall-85','astro_85_nVP4z@example.com','+91 812 6875610',NULL,NULL,'$2y$12$fatSdRwkfrmlHX0/fuJOG.PK2JXQTF9.oRZcG3l5WmCrlwyOJR8PS',NULL,'astrologer',1,0.00,0.00,0,NULL,'2026-01-31 09:23:48','2026-01-31 09:23:48',NULL,0),(111,'Rajendra Pingle','rajendra-pingle-86','astro_86_ljJYY@example.com','+91 33 84601593',NULL,NULL,'$2y$12$gnbjHhgcGl5w4jmsmrANyePC/hphEb5oAbNYzAChEKfSLD7uyetH6',NULL,'astrologer',1,0.00,0.00,0,NULL,'2026-01-31 09:23:48','2026-01-31 09:23:48',NULL,0),(112,'Deepesh Mahajan','deepesh-mahajan-87','astro_87_5cEki@example.com','0700 8782404',NULL,NULL,'$2y$12$tRYOEMDzCT5Lbpw8gIQBB.aYB.DgqwRsHHACZIzJ/S9.bQirAXbWm',NULL,'astrologer',1,0.00,0.00,0,NULL,'2026-01-31 09:23:49','2026-01-31 09:23:49',NULL,0),(113,'Tushar Ram Sen','tushar-ram-sen-88','astro_88_fcJYY@example.com','+91 075 9456673',NULL,NULL,'$2y$12$s11FCibyh5t2//7QzIu5POEaE7KXnJhlVK78X4EEgDdz4rnELRcvK',NULL,'astrologer',1,0.00,0.00,0,NULL,'2026-01-31 09:23:49','2026-01-31 09:23:49',NULL,0),(114,'Rehman Khurana','rehman-khurana-89','astro_89_1Tjo1@example.com','061 16243288',NULL,NULL,'$2y$12$kvTbB5z.QnhD45r5t8xx7uieFo1ZZbEISI8fckJb8iql8Z2QTHDje',NULL,'astrologer',1,0.00,0.00,0,NULL,'2026-01-31 09:23:50','2026-01-31 09:23:50',NULL,0),(115,'Satish Lal Ghose','satish-lal-ghose-90','astro_90_GyAIf@example.com','+91 32 52570719',NULL,NULL,'$2y$12$fOBVns2bTda7EMr3xmWh8.z14lte7pd3qbPSd7ATz24IqTc37qDFy',NULL,'astrologer',1,0.00,0.00,0,NULL,'2026-01-31 09:23:50','2026-01-31 09:23:50',NULL,0),(116,'Binod Chitranjan Dyal','binod-chitranjan-dyal-91','astro_91_xBx8J@example.com','027 51222640',NULL,NULL,'$2y$12$IXXnptcaKgfWAj.StOnc5.7IVsjoqsQOVil0NZ1kQkypiiecbs9ti',NULL,'astrologer',1,0.00,0.00,0,NULL,'2026-01-31 09:23:51','2026-01-31 09:23:51',NULL,0),(117,'Jasmin Tushar Sood','jasmin-tushar-sood-92','astro_92_COurw@example.com','064 99509124',NULL,NULL,'$2y$12$h.CvtBcNH8fe9PI9CPfYI.WAlzeSgm7ggXYy6o4GrbQ.1PXoUqBOq',NULL,'astrologer',1,0.00,0.00,0,NULL,'2026-01-31 09:23:51','2026-01-31 09:23:51',NULL,0),(118,'Bhaagyasree Jayaraman','bhaagyasree-jayaraman-93','astro_93_IBJm0@example.com','+91 844 2204888',NULL,NULL,'$2y$12$iMiB4Taf3Xiro2nTBy8/juYgzYbh3Yz8qMI6HxTb70Ky7JiLf/xcW',NULL,'astrologer',1,0.00,0.00,0,NULL,'2026-01-31 09:23:52','2026-01-31 09:23:52',NULL,0),(119,'Kalyani Sachdeva','kalyani-sachdeva-94','astro_94_c4DxQ@example.com','+91 96 35642619',NULL,NULL,'$2y$12$69NPiYgYlvpcDveiFgSu7eAWFpA1qK6a7oOZqAcmPR5fhY6XOLWly',NULL,'astrologer',1,0.00,0.00,0,NULL,'2026-01-31 09:23:52','2026-01-31 09:23:52',NULL,0),(120,'Brock Suresh Narain','brock-suresh-narain-95','astro_95_XE1hf@example.com','+91 081 2479414',NULL,NULL,'$2y$12$u113H4hJA7gEvSPeD83vi.e0P6Mlp3kiddAvAECA3P1NmRvWbWfCm',NULL,'astrologer',1,0.00,0.00,0,NULL,'2026-01-31 09:23:53','2026-01-31 09:23:53',NULL,0),(121,'Gulzar Buch','gulzar-buch-96','astro_96_xr3fE@example.com','+91 856 8250074',NULL,NULL,'$2y$12$DLS4UztaQmWSzC2Uz9iKFOJ14fz37./wdJRpizpt.dx3EgzeteA1a',NULL,'astrologer',1,0.00,0.00,0,NULL,'2026-01-31 09:23:53','2026-01-31 09:23:53',NULL,0),(122,'Abhishek Pillai','abhishek-pillai-97','astro_97_GStDw@example.com','021 52846531',NULL,NULL,'$2y$12$qrXe7QH6QIoSuvWrTn4ho.7/ts/0EkyWBt5iM.AzBvbggMXtidyPS',NULL,'astrologer',1,0.00,0.00,0,NULL,'2026-01-31 09:23:54','2026-01-31 09:23:54',NULL,0),(123,'Mohanlal Mathew','mohanlal-mathew-98','astro_98_QaHVx@example.com','0204 0858573',NULL,NULL,'$2y$12$BOALdzujvG/hMtpux7jFiOcym9pgpalr0oJ5xGzcull2x5eKHEq2u',NULL,'astrologer',1,0.00,0.00,0,NULL,'2026-01-31 09:23:54','2026-01-31 09:23:54',NULL,0),(124,'Bijoy Atwal','bijoy-atwal-99','astro_99_MnPQv@example.com','0124 1104634',NULL,NULL,'$2y$12$5mlgXEpAzcOMpziysAfkluJQjlfZmXTO61KJ/UvNygO0gDu6DLXbC',NULL,'astrologer',1,0.00,0.00,0,NULL,'2026-01-31 09:23:55','2026-01-31 09:23:55',NULL,0),(125,'Urmila Palla','urmila-palla-100','astro_100_maGYR@example.com','+91 58 87166153',NULL,NULL,'$2y$12$nsOkLqZ44ZHv.ArUk3OcruVXmlJI5jvwPMSjQTRLZ3fD8s55.Y43q',NULL,'astrologer',1,0.00,0.00,0,NULL,'2026-01-31 09:23:55','2026-01-31 09:23:55',NULL,0),(126,'Mayawati Pillai','mayawati-pillai-101','astro_101_yTNtc@example.com','0024 9455721',NULL,NULL,'$2y$12$Iw1ww/5.Eb50ysJtUOafienoe69UzP42aY6uuE87raDg4g.jLlDmO',NULL,'astrologer',1,0.00,0.00,0,NULL,'2026-01-31 09:23:56','2026-01-31 09:23:56',NULL,0),(127,'Nalini Qabool Mangal','nalini-qabool-mangal-102','astro_102_ZZAfz@example.com','0278 2006091',NULL,NULL,'$2y$12$71UiKa9ULCSsMA7z.pNn1.lBWlUHIz/njiD75Z/C1hWnx0d29Q4N2',NULL,'astrologer',1,0.00,0.00,0,NULL,'2026-01-31 09:23:56','2026-01-31 09:23:56',NULL,0),(128,'Bhola Sheth','bhola-sheth-103','astro_103_MwRiD@example.com','+91 530 2922923',NULL,NULL,'$2y$12$jxaQovAZCVr7C5.H.Fs/r.t3mTTMec8JC.2l4tyMiPKhHbKJOdZOi',NULL,'astrologer',1,0.00,0.00,0,NULL,'2026-01-31 09:23:57','2026-01-31 09:23:57',NULL,0),(129,'Nitin Bose','nitin-bose-104','astro_104_wNDL0@example.com','079 76547850',NULL,NULL,'$2y$12$.uEIBbt6MJXc068/QOt5XO7Wz7fkOZHdpWhOfJvZvi3o5i7zHAeRu',NULL,'astrologer',1,0.00,0.00,0,NULL,'2026-01-31 09:23:57','2026-01-31 09:23:57',NULL,0),(130,'Ghanshyam Dodiya','ghanshyam-dodiya-105','astro_105_QMSek@example.com','071 69827942',NULL,NULL,'$2y$12$430b7O6KygWtFiTbH1SHsOpwET07vpfRpr7JgcgHRz/gxP9h8hlry',NULL,'astrologer',1,0.00,0.00,0,NULL,'2026-01-31 09:23:57','2026-01-31 09:23:57',NULL,0),(131,'Vineeta Pal','vineeta-pal-106','astro_106_81grX@example.com','036 29608366',NULL,NULL,'$2y$12$G.7XYtSNag3GH6yFEpddYOlS6uXMYYUhxGbdUVRTTyOuWj8eIR.BK',NULL,'astrologer',1,0.00,0.00,0,NULL,'2026-01-31 09:23:58','2026-01-31 09:23:58',NULL,0),(132,'Chand Mandal','chand-mandal-107','astro_107_PWIVX@example.com','+91 77 14630973',NULL,NULL,'$2y$12$xsJokiM/nEf/bjG6p2lmiOw8/L8LSxGJmuDkcTP0r5eZh0lHITxMW',NULL,'astrologer',1,0.00,0.00,0,NULL,'2026-01-31 09:23:58','2026-01-31 09:23:58',NULL,0),(133,'Nilima Rashid Narula','nilima-rashid-narula-108','astro_108_8br6K@example.com','0013 7603388',NULL,NULL,'$2y$12$9jKxwoHli3a6llTDvS1KQ.CsV3GiLf7ew0RMXk41IRP0spoPhJKfu',NULL,'astrologer',1,0.00,0.00,0,NULL,'2026-01-31 09:23:59','2026-01-31 09:23:59',NULL,0),(134,'Hemendra Chandra Parsa','hemendra-chandra-parsa-109','astro_109_7sUe0@example.com','076 95106728',NULL,NULL,'$2y$12$1I.TyB4eMEySIg6rRZI9JeJr57CFikQ0tNrvWYOHmgYKpT4zpVTlm',NULL,'astrologer',1,0.00,0.00,0,NULL,'2026-01-31 09:23:59','2026-01-31 09:23:59',NULL,0),(135,'Brock Sani','brock-sani-110','astro_110_PSYNy@example.com','026 14101646',NULL,NULL,'$2y$12$W66Au1ibKlCt4L71yLXb7eOe86QRFsdNt3/DjATQWCABfMs2eGXgW',NULL,'astrologer',1,0.00,0.00,0,NULL,'2026-01-31 09:23:59','2026-01-31 09:23:59',NULL,0),(136,'Amolika Sule','amolika-sule-111','astro_111_0FXC0@example.com','+91 947 0206929',NULL,NULL,'$2y$12$lulORgDq2XHCzLsgmvCAmeYocbt12fqlvu7DtV7.312KRi0Mfa3Ea',NULL,'astrologer',1,0.00,0.00,0,NULL,'2026-01-31 09:24:00','2026-01-31 09:24:00',NULL,0),(137,'Aruna Varma','aruna-varma-112','astro_112_CW1DN@example.com','+91 40 61696595',NULL,NULL,'$2y$12$Xx2CU.uV0OKPEIn/umphUOE27q.j6l.p1nv/dN7vPbt0R196XKrTS',NULL,'astrologer',1,0.00,0.00,0,NULL,'2026-01-31 09:24:00','2026-01-31 09:24:00',NULL,0),(138,'Binita Kibe','binita-kibe-113','astro_113_Vyo9D@example.com','027 13294419',NULL,NULL,'$2y$12$qcLp3ncVFknauErXJRugWu.BZUHbKuRmJa16AG6/blIISuBHQvcNW',NULL,'astrologer',1,0.00,0.00,0,NULL,'2026-01-31 09:24:01','2026-01-31 09:24:01',NULL,0),(139,'Sushant Mane','sushant-mane-114','astro_114_H7DVj@example.com','0445 9964553',NULL,NULL,'$2y$12$NxICOsGwiSagYimaNARkuOy9lRPPfKrtdgZD2Wuor4nRRrs.gg5nC',NULL,'astrologer',1,0.00,0.00,0,NULL,'2026-01-31 09:24:01','2026-01-31 09:24:01',NULL,0),(140,'Rahim Raj Srinivasan','rahim-raj-srinivasan-115','astro_115_bznNp@example.com','+91 43 12539271',NULL,NULL,'$2y$12$eMaHkoyis2wXHtFm7fIVf.M5w3tzNJRXpzfzxvQtMa5m2U4z3SmTq',NULL,'astrologer',1,0.00,0.00,0,NULL,'2026-01-31 09:24:01','2026-01-31 09:24:01',NULL,0),(141,'Chhavi Sathe','chhavi-sathe-116','astro_116_z6BoC@example.com','026 04909683',NULL,NULL,'$2y$12$4wEG2XhSrWZus3u1oLocGOt2rXMXsKFdXM8gyux0svozXaEQrs0Oy',NULL,'astrologer',1,0.00,0.00,0,NULL,'2026-01-31 09:24:02','2026-01-31 09:24:02',NULL,0),(142,'Hrishikesh Sem','hrishikesh-sem-117','astro_117_tbDWP@example.com','0023 2934361',NULL,NULL,'$2y$12$UppUnTf7Bqu6EYQB620RjOZs4aHYz3tlg8DHPH9zd/RybZXaFIkna',NULL,'astrologer',1,0.00,0.00,0,NULL,'2026-01-31 09:24:02','2026-01-31 09:24:02',NULL,0),(143,'Madhavi Gour','madhavi-gour-118','astro_118_2ZrQU@example.com','042 90222953',NULL,NULL,'$2y$12$0xorVfzNm8n5m6ETOXy1u.CoKEsTLhqoKv9s2pcP4cKgAV7Wx7USm',NULL,'astrologer',1,0.00,0.00,0,NULL,'2026-01-31 09:24:03','2026-01-31 09:24:03',NULL,0),(144,'Fardeen Karan','fardeen-karan-119','astro_119_4Gxs0@example.com','+91 72 63613713',NULL,NULL,'$2y$12$Fs/EfKGCvcJklmT/bK38Pu/6GHdE9hNlELFpkkxIqmhRnLi1Z3Whe',NULL,'astrologer',1,0.00,0.00,0,NULL,'2026-01-31 09:24:03','2026-01-31 09:24:03',NULL,0),(145,'Dinesh Bishnu Maheshwari','dinesh-bishnu-maheshwari-120','astro_120_bLcy1@example.com','0822 4901849',NULL,NULL,'$2y$12$buJMQuDsqX2rhz3PJ2SVMeXRuh7cbs7kKuQJHeuOmqXoiCHEv7q9a',NULL,'astrologer',1,0.00,0.00,0,NULL,'2026-01-31 09:24:03','2026-01-31 09:24:03',NULL,0),(146,'Bharat Chandra Srinivasan','bharat-chandra-srinivasan-121','astro_121_y7gpY@example.com','+91 92 36631856',NULL,NULL,'$2y$12$sFdkSvoH9IGBNYk/RPOzf.m.ieiR.SXoTOp0TuKWf.l0/Pg.P5NiK',NULL,'astrologer',1,0.00,0.00,0,NULL,'2026-01-31 09:24:04','2026-01-31 09:24:04',NULL,0),(147,'Nancy Manish Shan','nancy-manish-shan-122','astro_122_ulRUt@example.com','0570 3395443',NULL,NULL,'$2y$12$HMaFotg9q6yhRwaoIt8FtOX5xufS3T/oAspIVsiCA1MVY7EMIr.XK',NULL,'astrologer',1,0.00,0.00,0,NULL,'2026-01-31 09:24:04','2026-01-31 09:24:04',NULL,0),(148,'Parminder Agarwal','parminder-agarwal-123','astro_123_BefFG@example.com','0269 9749588',NULL,NULL,'$2y$12$bKGukBXiASbNzYL42gp48.8JazJTtiHc3v.Tq51igktm5g3s8S6fi',NULL,'astrologer',1,0.00,0.00,0,NULL,'2026-01-31 09:24:04','2026-01-31 09:24:04',NULL,0),(149,'David Ram Gopal Ramesh','david-ram-gopal-ramesh-124','astro_124_X1MGZ@example.com','0317 3607141',NULL,NULL,'$2y$12$xnUmy3EJUp/SKOxPyEsP3.JfKV9EvufAlhTWVz1vJY2rzX5aF52lu',NULL,'astrologer',1,0.00,0.00,0,NULL,'2026-01-31 09:24:05','2026-01-31 09:24:05',NULL,0),(150,'Shanti Mathur','shanti-mathur-125','astro_125_yQlnK@example.com','0552 2625377',NULL,NULL,'$2y$12$5xR51VGaAmHe8rwzjfsfIOjr3ecQvykMB19qr88DwcPnfOyxb5ebO',NULL,'astrologer',1,0.00,0.00,0,NULL,'2026-01-31 09:24:05','2026-01-31 09:24:05',NULL,0),(151,'Suresh Wafiq Krish','suresh-wafiq-krish-126','astro_126_3rwtb@example.com','070 53048466',NULL,NULL,'$2y$12$81YKLH5kYmAgxzDsN9uvhOA6NAgjCtlKfn1sp.yhw1FfmajH02Rvi',NULL,'astrologer',1,0.00,0.00,0,NULL,'2026-01-31 09:24:06','2026-01-31 09:24:06',NULL,0),(152,'Kabeer Naseer Sangha','kabeer-naseer-sangha-127','astro_127_ycWKt@example.com','010 95856949',NULL,NULL,'$2y$12$I.vvsiQqFNCUOnlutiWbiOw.SYTKhACUojh9AH7w7Uob3s9UsZBPy',NULL,'astrologer',1,0.00,0.00,0,NULL,'2026-01-31 09:24:06','2026-01-31 09:24:06',NULL,0),(153,'Pamela Parsa','pamela-parsa-128','astro_128_tp3Ga@example.com','0418 2651524',NULL,NULL,'$2y$12$UrtofqcG5KSv8CUhWCpZHeR/NlHpT9iEVYJAccj4kXehAeVmoBOIC',NULL,'astrologer',1,0.00,0.00,0,NULL,'2026-01-31 09:24:06','2026-01-31 09:24:06',NULL,0),(154,'Pooja Himanshu Masih','pooja-himanshu-masih-129','astro_129_FNJpI@example.com','+91 298 0777622',NULL,NULL,'$2y$12$1A/11bAAWUIYkLJVZD64aOY0TpAM7WZwGl5HYE9MmtD6gTgYgwLsW',NULL,'astrologer',1,0.00,0.00,0,NULL,'2026-01-31 09:24:07','2026-01-31 09:24:07',NULL,0),(155,'Parvez Bandi','parvez-bandi-130','astro_130_xvX4D@example.com','0116 8828931',NULL,NULL,'$2y$12$DVCafM3UDcZ3ZP9R1cxiAO1rAPQkYmdAq3S199XTFmo1wNk7abPNy',NULL,'astrologer',1,0.00,0.00,0,NULL,'2026-01-31 09:24:07','2026-01-31 09:24:07',NULL,0),(156,'Umar Taneja','umar-taneja-131','astro_131_m2Mdu@example.com','009 48447143',NULL,NULL,'$2y$12$D.E.jG1BbRdswKRk0siEAuajrOU.hJwdmjMDmYwYmeTuYLAbwfaAC',NULL,'astrologer',1,0.00,0.00,0,NULL,'2026-01-31 09:24:08','2026-01-31 09:24:08',NULL,0),(157,'Drishti Sarin','drishti-sarin-132','astro_132_lyKxc@example.com','049 50492581',NULL,NULL,'$2y$12$BQOwHzpXhydsLxlQ6OpFSu8T8stWmN2dR6dDge32zWFfT6Wq7KkLq',NULL,'astrologer',1,0.00,0.00,0,NULL,'2026-01-31 09:24:08','2026-01-31 09:24:08',NULL,0),(158,'Yadunandan Rao Mangat','yadunandan-rao-mangat-133','astro_133_9WiA6@example.com','0014 5346832',NULL,NULL,'$2y$12$THbqTZAb4Yq3PMJT6Enz5egxAoy5ccVeKPuSoXk/MlSIMCcRRkN8a',NULL,'astrologer',1,0.00,0.00,0,NULL,'2026-01-31 09:24:09','2026-01-31 09:24:09',NULL,0),(159,'Hari Hari','hari-hari-134','astro_134_GxHrZ@example.com','+91 67 06742716',NULL,NULL,'$2y$12$C1aWhSuC5MCqA0go6bFR.eQP.WhZQK5D9ZNz5vNA0vWOyXQK7PYlW',NULL,'astrologer',1,0.00,0.00,0,NULL,'2026-01-31 09:24:09','2026-01-31 09:24:09',NULL,0),(160,'Gauransh Bhatia','gauransh-bhatia-135','astro_135_7nNVf@example.com','0162 6571963',NULL,NULL,'$2y$12$0agtGu.imwb1OrjNDi8.OOBt/PgLhGcxGGLkdrQZOQY6BVWZXOoYG',NULL,'astrologer',1,0.00,0.00,0,NULL,'2026-01-31 09:24:09','2026-01-31 09:24:09',NULL,0),(161,'Animesh Marlo Mukhopadhyay','animesh-marlo-mukhopadhyay-136','astro_136_fTVzi@example.com','0459 8603858',NULL,NULL,'$2y$12$27rpQbr1/Gz/42r5xlLifuKOyoDBJopO2gjOgq8sP5Vj9P2ovIZj6',NULL,'astrologer',1,0.00,0.00,0,NULL,'2026-01-31 09:24:10','2026-01-31 09:24:10',NULL,0),(162,'Nilima Seshadri','nilima-seshadri-137','astro_137_UyLdA@example.com','016 35150138',NULL,NULL,'$2y$12$x5YUkUDiEVjBaz3tG1cABuyNzJY5V2hwEYQx3QdTCge4xvYTpx2Ge',NULL,'astrologer',1,0.00,0.00,0,NULL,'2026-01-31 09:24:10','2026-01-31 09:24:10',NULL,0),(163,'Savita Ishat Ganguly','savita-ishat-ganguly-138','astro_138_WQvE4@example.com','+91 728 0521532',NULL,NULL,'$2y$12$9HNG4sc7uURpFE4OwuXmIeFj5o00pL00/cnqSX9J75q0gourQkkhe',NULL,'astrologer',1,0.00,0.00,0,NULL,'2026-01-31 09:24:11','2026-01-31 09:24:11',NULL,0),(164,'Hemendra Tabeed Subramaniam','hemendra-tabeed-subramaniam-139','astro_139_VqQ1y@example.com','057 14696290',NULL,NULL,'$2y$12$bl9TpFJU797cQCTWeYE5D..QSnEQXKCUj8NOLrQCC9ASLbG5pEXkO',NULL,'astrologer',1,0.00,0.00,0,NULL,'2026-01-31 09:24:11','2026-01-31 09:24:11',NULL,0),(165,'Aslam Kumar Halder','aslam-kumar-halder-140','astro_140_xhbiE@example.com','+91 43 19046420',NULL,NULL,'$2y$12$nN7o7vQdo8RV9F2/hr2BN.XF80AHzip9/17/l8hsY3EON.Dada3zi',NULL,'astrologer',1,0.00,0.00,0,NULL,'2026-01-31 09:24:11','2026-01-31 09:24:11',NULL,0),(166,'Chameli Sura','chameli-sura-141','astro_141_UiZfU@example.com','+91 368 8310149',NULL,NULL,'$2y$12$0Jy53nuv3afvpJBw4lzgMOHjeFm.l7z0bYOSbhnMTo3xOrql097Y6',NULL,'astrologer',1,0.00,0.00,0,NULL,'2026-01-31 09:24:12','2026-01-31 09:24:12',NULL,0),(167,'Fardeen Moti Manda','fardeen-moti-manda-142','astro_142_SsMVv@example.com','023 81878481',NULL,NULL,'$2y$12$UJpMeyQOsuQwxUP0nvu2kejAH15On2w1wVluSONOzO.kl53VWVeLe',NULL,'astrologer',1,0.00,0.00,0,NULL,'2026-01-31 09:24:12','2026-01-31 09:24:12',NULL,0),(168,'Vijayent Chandra Buch','vijayent-chandra-buch-143','astro_143_1fZej@example.com','0428 0226111',NULL,NULL,'$2y$12$d3g/IL5PioN5a8oWcuh3gOrKgs7v1sgsc4s/ArnIomNQPKWwVffG6',NULL,'astrologer',1,0.00,0.00,0,NULL,'2026-01-31 09:24:13','2026-01-31 09:24:13',NULL,0),(169,'Kirti Mogul','kirti-mogul-144','astro_144_rgf7O@example.com','+91 894 1509721',NULL,NULL,'$2y$12$v11cVVcti2dEvESpDldsaubnVbiyqrom31IYq6gL3taYhBJw0Kd0u',NULL,'astrologer',1,0.00,0.00,0,NULL,'2026-01-31 09:24:13','2026-01-31 09:24:13',NULL,0),(170,'Navami Rajesh Seth','navami-rajesh-seth-145','astro_145_kq7cL@example.com','0318 6652935',NULL,NULL,'$2y$12$ebK9UkWvcbFDkWY0MDHDZu1JUFh4rIVSq6JOkdzdK3QjUFWEZl8a2',NULL,'astrologer',1,0.00,0.00,0,NULL,'2026-01-31 09:24:13','2026-01-31 09:24:13',NULL,0),(171,'Rupal Brock Naik','rupal-brock-naik-146','astro_146_nKTyC@example.com','031 94465455',NULL,NULL,'$2y$12$ScYAQo/1dZaW1W7aXCQbgeCP03XfBB0b8ctby7Frd3GVgclG/N60u',NULL,'astrologer',1,0.00,0.00,0,NULL,'2026-01-31 09:24:14','2026-01-31 09:24:14',NULL,0),(172,'Monin Lal Pall','monin-lal-pall-147','astro_147_Bn7ZU@example.com','076 69518911',NULL,NULL,'$2y$12$OGdfo.aozFddFSiPabJxP.K95iMZ6bcAIWhgnF70fJIhubpylTRZa',NULL,'astrologer',1,0.00,0.00,0,NULL,'2026-01-31 09:24:14','2026-01-31 09:24:14',NULL,0),(173,'Bhaagyasree Naik','bhaagyasree-naik-148','astro_148_nMNhb@example.com','+91 783 2036433',NULL,NULL,'$2y$12$DlT4nt/N9AP1kIzSULe8Ru0EejfURFUzKL3e6oH/o51K5FFHOHfwi',NULL,'astrologer',1,0.00,0.00,0,NULL,'2026-01-31 09:24:14','2026-01-31 09:24:14',NULL,0),(174,'Aayushman Suri','aayushman-suri-149','astro_149_01wAu@example.com','0403 5339134',NULL,NULL,'$2y$12$qL3D5qwDx5SuU2y6FLQOu.ibxRKULidOPbX7jYy.KBmQEFmePjg3y',NULL,'astrologer',1,0.00,0.00,0,NULL,'2026-01-31 09:24:15','2026-01-31 09:24:15',NULL,0),(175,'Jatin Ahluwalia','jatin-ahluwalia-150','astro_150_NVnum@example.com','098 08884894',NULL,NULL,'$2y$12$CUmd8Rokbt1jx.dcCkgdBODc2fzDLWyRXo9tYw4s/BD58OYn2yLV6',NULL,'astrologer',1,0.00,0.00,0,NULL,'2026-01-31 09:24:15','2026-01-31 09:24:15',NULL,0),(176,'Ujwal Pratap Luthra','ujwal-pratap-luthra-151','astro_151_q5rIz@example.com','+91 358 5672010',NULL,NULL,'$2y$12$LarLzVG14OnV07P8rMXCLe3X9nBRGo/EVnjJOIFpofcsgnCdWQ2IG',NULL,'astrologer',1,0.00,0.00,0,NULL,'2026-01-31 09:24:16','2026-01-31 09:24:16',NULL,0),(177,'Labeen Lal Bali','labeen-lal-bali-152','astro_152_wasw8@example.com','015 90318031',NULL,NULL,'$2y$12$.QHOcxCvD40ZceVd8Nd55uzkUaLiuariEF64SjHgv9nrEOikA9dUe',NULL,'astrologer',1,0.00,0.00,0,NULL,'2026-01-31 09:24:16','2026-01-31 09:24:16',NULL,0),(178,'Azhar Jagat Ramanathan','azhar-jagat-ramanathan-153','astro_153_XVqxC@example.com','081 54689597',NULL,NULL,'$2y$12$0537ypsoTMlJp09Dkbi43uq9Q3OL2hIvZNidfYtQ33f5vl1F5uZWu',NULL,'astrologer',1,0.00,0.00,0,NULL,'2026-01-31 09:24:16','2026-01-31 09:24:16',NULL,0),(179,'Vivek Hegde','vivek-hegde-154','astro_154_4foCX@example.com','+91 586 6960163',NULL,NULL,'$2y$12$W1ToJ6WA66OXggvRAuvUBeLtmR5adn1S1B6KvQy6t66zLeUC7Yn2G',NULL,'astrologer',1,0.00,0.00,0,NULL,'2026-01-31 09:24:17','2026-01-31 09:24:17',NULL,0),(180,'Kirti Persaud','kirti-persaud-155','astro_155_GiAqb@example.com','+91 41 69717433',NULL,NULL,'$2y$12$O54qQit2NW4Iz/HEKCG8bu.oooZ3fmV2TPlHOZDHyx7KUgIr5jQrK',NULL,'astrologer',1,0.00,0.00,0,NULL,'2026-01-31 09:24:17','2026-01-31 09:24:17',NULL,0),(181,'Albert Koshy','albert-koshy-156','astro_156_GiZFm@example.com','+91 604 6815453',NULL,NULL,'$2y$12$or0WWse2JDW4cxyhFWRkY.VDC119C6QM9Eo2g8fdKzH5W5O459YAC',NULL,'astrologer',1,0.00,0.00,0,NULL,'2026-01-31 09:24:18','2026-01-31 09:24:18',NULL,0),(182,'Karim Rampersad','karim-rampersad-157','astro_157_scuI7@example.com','+91 10 55864685',NULL,NULL,'$2y$12$wpD5mBx3shXEiLDN12M9D.Ypmno0rinwoPf4h9DRIzwtzsEmdCyba',NULL,'astrologer',1,0.00,0.00,0,NULL,'2026-01-31 09:24:18','2026-01-31 09:24:18',NULL,0),(183,'Bhola Pant','bhola-pant-158','astro_158_cEb3L@example.com','0299 6619013',NULL,NULL,'$2y$12$4u7w4urBOeL070CVlEqY..BBOntHgMdeaXhWoNcsMrlWTeCNYUSU6',NULL,'astrologer',1,0.00,0.00,0,NULL,'2026-01-31 09:24:19','2026-01-31 09:24:19',NULL,0),(184,'Gulab Rout','gulab-rout-159','astro_159_fMyCo@example.com','+91 208 8314433',NULL,NULL,'$2y$12$W7USrHmCoQhRVuDU3uKtFeGuvUeHqU.LhKtKaCfOFBDfEZFAxWKOW',NULL,'astrologer',1,0.00,0.00,0,NULL,'2026-01-31 09:24:19','2026-01-31 09:24:19',NULL,0),(185,'Bhaagyasree Mukund Ramachandran','bhaagyasree-mukund-ramachandran-160','astro_160_4hhZH@example.com','0395 3239381',NULL,NULL,'$2y$12$5VQavLg52a3PhYWWx9JAr./nB1d2VuTVdHGhIXB0tm.mJpPCtwQsK',NULL,'astrologer',1,0.00,0.00,0,NULL,'2026-01-31 09:24:20','2026-01-31 09:24:20',NULL,0),(186,'Ehsaan Nirmal Matthai','ehsaan-nirmal-matthai-161','astro_161_iR6b8@example.com','+91 94 53526197',NULL,NULL,'$2y$12$rBs0jOVnsCJ4hAbf2U/QFuUKefd4qkNMIfKhUoZH3fiyF4Z5AaM/q',NULL,'astrologer',1,0.00,0.00,0,NULL,'2026-01-31 09:24:20','2026-01-31 09:24:20',NULL,0),(187,'Hassan Chandra Contractor','hassan-chandra-contractor-162','astro_162_o1rhd@example.com','0148 9375993',NULL,NULL,'$2y$12$buGGyYkUzpdFpATkZ1g5F.v7V6vHS0vFg/jqDOwjlGjD9GIQz08VW',NULL,'astrologer',1,0.00,0.00,0,NULL,'2026-01-31 09:24:21','2026-01-31 09:24:21',NULL,0),(188,'Arvind Goda','arvind-goda-163','astro_163_GcJXL@example.com','0168 4516141',NULL,NULL,'$2y$12$NHCu0u5q.AgVN1aPXnBpjOtndVSGRkFUJGEX6BPmBGNlaFFJadXz6',NULL,'astrologer',1,0.00,0.00,0,NULL,'2026-01-31 09:24:21','2026-01-31 09:24:21',NULL,0),(189,'Yasmin Peter Kari','yasmin-peter-kari-164','astro_164_8IQxP@example.com','+91 809 2202238',NULL,NULL,'$2y$12$GpJieLq8IOlUtGH4oR6ByOD2Ihp0ep5kXB/RfKOPJhd82XNW5oVBK',NULL,'astrologer',1,0.00,0.00,0,NULL,'2026-01-31 09:24:22','2026-01-31 09:24:22',NULL,0),(190,'Nakul Kota','nakul-kota-165','astro_165_ESLeM@example.com','+91 498 0309189',NULL,NULL,'$2y$12$PA.5c2IXnnCKPkfN5M5ZmukIVO.MEXx9eGbxVVHIP.jh6LpAail8q',NULL,'astrologer',1,0.00,0.00,0,NULL,'2026-01-31 09:24:22','2026-01-31 09:24:22',NULL,0),(191,'Kailash Lal Bhattacharyya','kailash-lal-bhattacharyya-166','astro_166_ZDERs@example.com','+91 538 8652026',NULL,NULL,'$2y$12$xwxtfeGvm8In/KUy55wMheJc275NsLQtsyG4vmHTJTDL0dVc7WS8S',NULL,'astrologer',1,0.00,0.00,0,NULL,'2026-01-31 09:24:23','2026-01-31 09:24:23',NULL,0),(192,'Neha Srinivas','neha-srinivas-167','astro_167_g5Bdy@example.com','+91 87 75479724',NULL,NULL,'$2y$12$mI7/sJIgP2ij4.eOAVMoFuOsqw.zgtEscFwZ1WLhmLpzw3eTL0b3e',NULL,'astrologer',1,0.00,0.00,0,NULL,'2026-01-31 09:24:23','2026-01-31 09:24:23',NULL,0),(193,'Pradeep Sarna','pradeep-sarna-168','astro_168_WRvpF@example.com','+91 633 7037222',NULL,NULL,'$2y$12$Duo9bnl/RnW.xVZ7m3EOFuQBw2CoCpUAxtmAb7I6mc3fVo9mxMCb2',NULL,'astrologer',1,0.00,0.00,0,NULL,'2026-01-31 09:24:24','2026-01-31 09:24:24',NULL,0),(194,'Tanay Rao Reddy','tanay-rao-reddy-169','astro_169_Eldoo@example.com','+91 784 6068748',NULL,NULL,'$2y$12$gg.XbLQD0QKeYLA.ur5dYu9QtEFwNBCRkOnF69Usps5cxwfOey0Uu',NULL,'astrologer',1,0.00,0.00,0,NULL,'2026-01-31 09:24:24','2026-01-31 09:24:24',NULL,0),(195,'Abbas Dasgupta','abbas-dasgupta-170','astro_170_ZbW4Z@example.com','+91 755 0571990',NULL,NULL,'$2y$12$Zu/8YVMKBKEtJQlnTvsE9.l/qdXk0r0djgxqD34oeoJN5wgC2GrWe',NULL,'astrologer',1,0.00,0.00,0,NULL,'2026-01-31 09:24:25','2026-01-31 09:24:25',NULL,0),(196,'Baldev Bhai Dua','baldev-bhai-dua-171','astro_171_b6xdb@example.com','+91 939 1626819',NULL,NULL,'$2y$12$RLvUpMcpHCN.FPYkG.BlQOo2PNC2pmS2vk.NXpAyJ4/r04TGIJc0e',NULL,'astrologer',1,0.00,0.00,0,NULL,'2026-01-31 09:24:26','2026-01-31 09:24:26',NULL,0),(197,'Kasturba Nitin Sundaram','kasturba-nitin-sundaram-172','astro_172_rT2TZ@example.com','0079 6509914',NULL,NULL,'$2y$12$K8ayQR/8fh2k2.GP3VMWb.GdzM0VoB50UveB6pIe3Q6leuWlMubg2',NULL,'astrologer',1,0.00,0.00,0,NULL,'2026-01-31 09:24:26','2026-01-31 09:24:26',NULL,0),(198,'Aayushman Sarna','aayushman-sarna-173','astro_173_QPCn7@example.com','+91 46 07062045',NULL,NULL,'$2y$12$qPO02rsKuvYKQLEU0.AZ8.DX86g6OICyYbKiW8k5ZPwCh2a3eo8Ke',NULL,'astrologer',1,0.00,0.00,0,NULL,'2026-01-31 09:24:27','2026-01-31 09:24:27',NULL,0),(199,'Rita Sahil Bava','rita-sahil-bava-174','astro_174_rSfWR@example.com','0113 4306085',NULL,NULL,'$2y$12$3Db0cmxKXLNC9EnP54TiDO1E5l.2I9VaVWu.I7CWR129HHvrXQha.',NULL,'astrologer',1,0.00,0.00,0,NULL,'2026-01-31 09:24:27','2026-01-31 09:24:27',NULL,0),(200,'Seema Gala','seema-gala-175','astro_175_qg1Cp@example.com','017 61410379',NULL,NULL,'$2y$12$p8B3nSMnydrBqSNc12P/8.vv78gKrsA7kN7hGYAoRC2ocbz6qduAa',NULL,'astrologer',1,0.00,0.00,0,NULL,'2026-01-31 09:24:28','2026-01-31 09:24:28',NULL,0),(201,'Yash Peri','yash-peri-176','astro_176_uROY1@example.com','0491 7323850',NULL,NULL,'$2y$12$KUQKndj7AMM/n7Idjeu12uuFGzlkxGDJ37iCDp0CSuXsnVY9jU0C.',NULL,'astrologer',1,0.00,0.00,0,NULL,'2026-01-31 09:24:29','2026-01-31 09:24:29',NULL,0),(202,'Anshu Kashyap','anshu-kashyap-177','astro_177_fDDVz@example.com','+91 020 0306375',NULL,NULL,'$2y$12$Hjia.bnAZFGqIMusyQPdGe1FlWNmJEM8N0hDTd/p/7vFe0GzazSQ2',NULL,'astrologer',1,0.00,0.00,0,NULL,'2026-01-31 09:24:29','2026-01-31 09:24:29',NULL,0),(203,'John Rao Nayak','john-rao-nayak-178','astro_178_dwmj6@example.com','0587 5013129',NULL,NULL,'$2y$12$gKtK4G3NK05EVkvT3CKZoulVqHql.fVXKskyiXslXZ6g89B3z/QYq',NULL,'astrologer',1,0.00,0.00,0,NULL,'2026-01-31 09:24:30','2026-01-31 09:24:30',NULL,0),(204,'Baalkrishan Rout','baalkrishan-rout-179','astro_179_T13Tq@example.com','+91 79 21900012',NULL,NULL,'$2y$12$PGyqD.6pCfTjwlkaYGjHtOP3w9uSxDu/nd3tix0V2KvIkekoGqlFq',NULL,'astrologer',1,0.00,0.00,0,NULL,'2026-01-31 09:24:30','2026-01-31 09:24:30',NULL,0),(205,'Kirti Contractor','kirti-contractor-180','astro_180_Oejki@example.com','+91 97 64439516',NULL,NULL,'$2y$12$WBZIoyKU80P/l28pMYit.u/9iGZ6Y0g7ZyISIJ9kuo3n12i29XUiK',NULL,'astrologer',1,0.00,0.00,0,NULL,'2026-01-31 09:24:31','2026-01-31 09:24:31',NULL,0),(206,'Nandini Halder','nandini-halder-181','astro_181_6Ab45@example.com','+91 98 99289696',NULL,NULL,'$2y$12$jYXCVSKjI8Vg/22Drwsn8.3NxCsmn9hownhn57e/CSvahc.448z0i',NULL,'astrologer',1,0.00,0.00,0,NULL,'2026-01-31 09:24:32','2026-01-31 09:24:32',NULL,0),(207,'Mukund Ram Borah','mukund-ram-borah-182','astro_182_4p9sy@example.com','+91 401 0874880',NULL,NULL,'$2y$12$2Je/yXfwenEuXihvXBT2Cemsgy57kncLZs1vIeoW0CVQzRqCyIc8u',NULL,'astrologer',1,0.00,0.00,0,NULL,'2026-01-31 09:24:32','2026-01-31 09:24:32',NULL,0),(208,'Sai Gade','sai-gade-183','astro_183_KVgMh@example.com','017 05675703',NULL,NULL,'$2y$12$O9dIZ7b.P9VuImzhVLvDFeyoOhVMACAIckhUU6ouX4UPD5qFy6/Fi',NULL,'astrologer',1,0.00,0.00,0,NULL,'2026-01-31 09:24:33','2026-01-31 09:24:33',NULL,0),(209,'Faraz Pratap Kulkarni','faraz-pratap-kulkarni-184','astro_184_ir4a4@example.com','+91 020 7879614',NULL,NULL,'$2y$12$4p3vkta6KYpn/XHy8XiWseK5FYNNH62CPB/YGjiXe.7hFX8J9lpyO',NULL,'astrologer',1,0.00,0.00,0,NULL,'2026-01-31 09:24:33','2026-01-31 09:24:33',NULL,0),(210,'Sohail Bakshi','sohail-bakshi-185','astro_185_GDzI1@example.com','+91 839 7563643',NULL,NULL,'$2y$12$6oKklZXfQEPrLBK1Sg4.o.i87rcjsFX4gBF4UlKUO.hEYUTfqvQyi',NULL,'astrologer',1,0.00,0.00,0,NULL,'2026-01-31 09:24:34','2026-01-31 09:24:34',NULL,0),(211,'Hrishikesh Bhai Puri','hrishikesh-bhai-puri-186','astro_186_UdkMi@example.com','+91 04 99147429',NULL,NULL,'$2y$12$vNcOYYBdasMg2OGeF6gLo.6npbB8SIb/YWzm6wMG3R/JxkWECdUAO',NULL,'astrologer',1,0.00,0.00,0,NULL,'2026-01-31 09:24:35','2026-01-31 09:24:35',NULL,0),(212,'Tabeed Saran','tabeed-saran-187','astro_187_NgeFk@example.com','+91 23 11119926',NULL,NULL,'$2y$12$jt5Y71dP5wRxzM5BQoPB0OuzUUtqwqgw2t/xTLHvTO3Ndpljwa20u',NULL,'astrologer',1,0.00,0.00,0,NULL,'2026-01-31 09:24:35','2026-01-31 09:24:35',NULL,0),(213,'Nagma Yash Krishnan','nagma-yash-krishnan-188','astro_188_hpvCU@example.com','+91 86 47735275',NULL,NULL,'$2y$12$tNAB9eyi4FwyMOYMTQKFve4A5bMbmCDVgcyux.QziMk8Qc1yS8YHu',NULL,'astrologer',1,0.00,0.00,0,NULL,'2026-01-31 09:24:36','2026-01-31 09:24:36',NULL,0),(214,'Daanish Daanish Divan','daanish-daanish-divan-189','astro_189_lciDR@example.com','0020 8051625',NULL,NULL,'$2y$12$jSU36TTmCqOtLc1fBWa7fOGnj1qbUSez06x/Ov0xigO2Ur9ILiUb2',NULL,'astrologer',1,0.00,0.00,0,NULL,'2026-01-31 09:24:36','2026-01-31 09:24:36',NULL,0),(215,'Mehul Batra','mehul-batra-190','astro_190_h3jzu@example.com','0656 7269677',NULL,NULL,'$2y$12$ECaWV2mBIhfEpgDYE8ZJJu/6NLTGNxI4ZqmSr/orkSpY6reSD/YZ6',NULL,'astrologer',1,0.00,0.00,0,NULL,'2026-01-31 09:24:37','2026-01-31 09:24:37',NULL,0),(216,'Brock Ben','brock-ben-191','astro_191_ll79W@example.com','095 91423950',NULL,NULL,'$2y$12$emwNx.ZdiS/6xBAiT4dWI.yiKcju76W4wWl6OUaIOY.Yfyb.Uu4Dm',NULL,'astrologer',1,0.00,0.00,0,NULL,'2026-01-31 09:24:37','2026-01-31 09:24:37',NULL,0),(217,'Tushar Alex Surana','tushar-alex-surana-192','astro_192_Tn5lp@example.com','034 15377562',NULL,NULL,'$2y$12$qjnn5HUE29Em1VLPUjHY0.3roWbKgLxeqNv0dkKpQbL6rRn4KWnVC',NULL,'astrologer',1,0.00,0.00,0,NULL,'2026-01-31 09:24:38','2026-01-31 09:24:38',NULL,0),(218,'Hassan Dev Barman','hassan-dev-barman-193','astro_193_lUzGi@example.com','+91 079 6213826',NULL,NULL,'$2y$12$BMCyXRdHqSpAlcKEiJ20KevwruqSqq/2UhKiCVPaT8EDcUtCQnRbK',NULL,'astrologer',1,0.00,0.00,0,NULL,'2026-01-31 09:24:38','2026-01-31 09:24:38',NULL,0),(219,'Binoya Persad','binoya-persad-194','astro_194_YbM7P@example.com','+91 28 20155091',NULL,NULL,'$2y$12$0ILP97MPQT2wlx8hsCsQS.vTj7Xux4Bq20ZLcVla3DPSokN0vVVmq',NULL,'astrologer',1,0.00,0.00,0,NULL,'2026-01-31 09:24:39','2026-01-31 09:24:39',NULL,0),(220,'Qabool Jhaveri','qabool-jhaveri-195','astro_195_dOz4u@example.com','+91 633 8322342',NULL,NULL,'$2y$12$CpcRW4VPP.qO8ZbmgItihOdWxm4dxGlBjP68zA03zmk53c8KVICau',NULL,'astrologer',1,0.00,0.00,0,NULL,'2026-01-31 09:24:40','2026-01-31 09:24:40',NULL,0),(221,'Balaji Bhandari','balaji-bhandari-196','astro_196_dvlBy@example.com','+91 461 2666889',NULL,NULL,'$2y$12$RP3AGYgaP0gvCmCsRzzKY.PUiXEYvCn4q924D9wjQZI6.9/h6N6du',NULL,'astrologer',1,0.00,0.00,0,NULL,'2026-01-31 09:24:40','2026-01-31 09:24:40',NULL,0),(222,'Alex Prabhu','alex-prabhu-197','astro_197_JSCdE@example.com','0137 5771523',NULL,NULL,'$2y$12$HCQsJpu6EGDnN3r7TcFju.ss42Y/FbRNDEDde7C0E4vtzx2ENzJVu',NULL,'astrologer',1,0.00,0.00,0,NULL,'2026-01-31 09:24:41','2026-01-31 09:24:41',NULL,0),(223,'Ganesh Ram Choudhary','ganesh-ram-choudhary-198','astro_198_3j1gx@example.com','0178 5851774',NULL,NULL,'$2y$12$9DKk9Q4qmovQl4U0yAJAs.Zp3qgjMY1xt0mV.Bwnb.PAStQgOz5dO',NULL,'astrologer',1,0.00,0.00,0,NULL,'2026-01-31 09:24:41','2026-01-31 09:24:41',NULL,0),(224,'Indira Obaid Bhalla','indira-obaid-bhalla-199','astro_199_4R4kx@example.com','0116 4922858',NULL,NULL,'$2y$12$ipHlZX0PRVwIAy1LGn9Wi.LP3S2GbuDpI9jJJa0h9GroZ1gQMiGWO',NULL,'astrologer',1,0.00,0.00,0,NULL,'2026-01-31 09:24:42','2026-01-31 09:24:42',NULL,0),(225,'Sukriti Aatif Nath','sukriti-aatif-nath-200','astro_200_Lrvhj@example.com','+91 81 82625194',NULL,NULL,'$2y$12$Y8pamkj9GNtwG5o62wbJeOkdC2v2CVCpwrs6rQwqq0XlyBbNASXuu',NULL,'astrologer',1,0.00,0.00,0,NULL,'2026-01-31 09:24:42','2026-01-31 09:24:42',NULL,0),(226,'Tanay Andra','tanay-andra-201','astro_201_Qz41K@example.com','0905 6449687',NULL,NULL,'$2y$12$s2de53Tdoz8LPjCmYde18eDImyhh/Yu5tbWQTCTMp1Ba69DekKmwW',NULL,'astrologer',1,0.00,0.00,0,NULL,'2026-01-31 09:24:43','2026-01-31 09:24:43',NULL,0),(227,'Kunti Peri','kunti-peri-202','astro_202_O7174@example.com','+91 63 55476974',NULL,NULL,'$2y$12$PhaVq6xHX5bh9IN.8ouhUucvSmtx5Zx7JxJdB2LPNPGNkXxzxk9oq',NULL,'astrologer',1,0.00,0.00,0,NULL,'2026-01-31 09:24:43','2026-01-31 09:24:43',NULL,0),(228,'Parvez Prashad','parvez-prashad-203','astro_203_k2lEA@example.com','+91 01 06026356',NULL,NULL,'$2y$12$qVLilml68/pZ0db58g9cSeQ6pelMIvQH4AMNMm63HLJqNx9dqmsUe',NULL,'astrologer',1,0.00,0.00,0,NULL,'2026-01-31 09:24:44','2026-01-31 09:24:44',NULL,0),(229,'Kamlesh Ahuja','kamlesh-ahuja-204','astro_204_e2yiG@example.com','066 03817042',NULL,NULL,'$2y$12$a4jlJ1eE9hMrpOZKUTCi0epLHIc1PnX7VWRA2genSokMCpzvmpAmy',NULL,'astrologer',1,0.00,0.00,0,NULL,'2026-01-31 09:24:45','2026-01-31 09:24:45',NULL,0),(230,'Habib Tushar Baral','habib-tushar-baral-205','astro_205_vRW4y@example.com','+91 48 73692995',NULL,NULL,'$2y$12$h1QdcO0BnVXdyJoSmc9VWu1TyJmFLrJdaR/HZ7tMaViUKSf1wfKSS',NULL,'astrologer',1,0.00,0.00,0,NULL,'2026-01-31 09:24:45','2026-01-31 09:24:45',NULL,0),(231,'Qabeel Sodhi','qabeel-sodhi-206','astro_206_rLWw7@example.com','0824 6177815',NULL,NULL,'$2y$12$NVEE00wyYH.BaIDTR9lQH.vHGfFwT55cupdvMl5mivbzOOphqUIjK',NULL,'astrologer',1,0.00,0.00,0,NULL,'2026-01-31 09:24:46','2026-01-31 09:24:46',NULL,0),(232,'Arun Lal Narang','arun-lal-narang-207','astro_207_uF3pR@example.com','0267 7549348',NULL,NULL,'$2y$12$S6jt5DWnnwb5edU2/kv1f.Ua1kTPeNty14Ul53A/WsFnnaVNduPgi',NULL,'astrologer',1,0.00,0.00,0,NULL,'2026-01-31 09:24:46','2026-01-31 09:24:46',NULL,0),(233,'Faraz Lal Dalal','faraz-lal-dalal-208','astro_208_8SEqg@example.com','+91 827 5521819',NULL,NULL,'$2y$12$o4/96BIQ4to6Kgdt54KxRecvesZ3GO/IvDLipkA4p1iCmbIaNW38a',NULL,'astrologer',1,0.00,0.00,0,NULL,'2026-01-31 09:24:47','2026-01-31 09:24:47',NULL,0),(234,'Bijoy Lal Walla','bijoy-lal-walla-209','astro_209_QdRTd@example.com','+91 90 55488923',NULL,NULL,'$2y$12$/M7us7HU3Ij.OvKIGWXAEeePXb1m3ZBEwYAf8IJbUFGzWtBpOVMM6',NULL,'astrologer',1,0.00,0.00,0,NULL,'2026-01-31 09:24:47','2026-01-31 09:24:47',NULL,0),(235,'Wafa Pratap Zacharia','wafa-pratap-zacharia-210','astro_210_yeod2@example.com','0046 3931303',NULL,NULL,'$2y$12$9xb6UwK97tuuH3PLiWdvGOjgS.NiqwzPB0f08IAmbTrppFgsHRRqe',NULL,'astrologer',1,0.00,0.00,0,NULL,'2026-01-31 09:24:48','2026-01-31 09:24:48',NULL,0),(236,'Nitika Trivedi','nitika-trivedi-211','astro_211_nFVY0@example.com','+91 93 47619894',NULL,NULL,'$2y$12$0SW45f1gklqRY2vhjnUjyeDMPAtc1hnaeEW36P2vn5ge8mJK9sERK',NULL,'astrologer',1,0.00,0.00,0,NULL,'2026-01-31 09:24:48','2026-01-31 09:24:48',NULL,0),(237,'Naseer Vora','naseer-vora-212','astro_212_ZCkfl@example.com','038 47227876',NULL,NULL,'$2y$12$Io5nbs.3N68iyDq9lzYuiu2qAULOVRZJEf7NwwE7oB6E5OMXizqsC',NULL,'astrologer',1,0.00,0.00,0,NULL,'2026-01-31 09:24:48','2026-01-31 09:24:48',NULL,0),(238,'Qabeel Bakshi','qabeel-bakshi-213','astro_213_tOzHq@example.com','074 48122962',NULL,NULL,'$2y$12$RpgToKJPVl/NRoDPIlMQwehAaebotp0WhUB4L5S5YqWYpOvMG7dw.',NULL,'astrologer',1,0.00,0.00,0,NULL,'2026-01-31 09:24:49','2026-01-31 09:24:49',NULL,0),(239,'Farah Kaur','farah-kaur-214','astro_214_uPhdA@example.com','+91 75 30510288',NULL,NULL,'$2y$12$ubnapP8y9HaSIG6uf26kfeJJcGJJfp9xfMk.SucHOVeh9tiBuntfG',NULL,'astrologer',1,0.00,0.00,0,NULL,'2026-01-31 09:24:49','2026-01-31 09:24:49',NULL,0),(240,'Vicky Rao Dad','vicky-rao-dad-215','astro_215_Ydw3f@example.com','+91 12 74310923',NULL,NULL,'$2y$12$mEdxeBSbKk/eIyAt8O9A3.Eh9ct7lWDOc2rmz27QU6dqnUcH6QzI.',NULL,'astrologer',1,0.00,0.00,0,NULL,'2026-01-31 09:24:50','2026-01-31 09:24:50',NULL,0),(241,'Madhu Dugar','madhu-dugar-216','astro_216_Fe3Jz@example.com','0783 0948275',NULL,NULL,'$2y$12$ocLko7M.ZhsDqHrAses/0eKWzKTjvV8ytei7MQsWy5amiG8KKg1y2',NULL,'astrologer',1,0.00,0.00,0,NULL,'2026-01-31 09:24:50','2026-01-31 09:24:50',NULL,0),(242,'Namita Memon','namita-memon-217','astro_217_tG7Qc@example.com','010 39157541',NULL,NULL,'$2y$12$ix2Fjs4qHtOMmjTMX8yWA.JGZ9WaMz7huSnJ9Z3ByyO8tCL2GFgna',NULL,'astrologer',1,0.00,0.00,0,NULL,'2026-01-31 09:24:51','2026-01-31 09:24:51',NULL,0),(243,'Malik Devan','malik-devan-218','astro_218_Ntan1@example.com','0783 6426400',NULL,NULL,'$2y$12$cWVOOQ1wEzlTCav/lU2WG.1N0iM8OKQwnonUk.5JFUg423o5Dlcvy',NULL,'astrologer',1,0.00,0.00,0,NULL,'2026-01-31 09:24:51','2026-01-31 09:24:51',NULL,0),(244,'Arjun Prasad Chopra','arjun-prasad-chopra-219','astro_219_TwPFE@example.com','0598 7769091',NULL,NULL,'$2y$12$scFMgciI1vtp7YELuqELDOCWGYomUTYdfjcrzs2TPHwRUFGUQrhm6',NULL,'astrologer',1,0.00,0.00,0,NULL,'2026-01-31 09:24:52','2026-01-31 09:24:52',NULL,0),(245,'Brock Yohannan','brock-yohannan-220','astro_220_eKmpc@example.com','+91 793 5926185',NULL,NULL,'$2y$12$Ucs9QVtrT.cV3uQhhmiLaOY8JZNn.mvFo1.Hn1sgHyM2sd0JzG3M6',NULL,'astrologer',1,0.00,0.00,0,NULL,'2026-01-31 09:24:52','2026-01-31 09:24:52',NULL,0),(246,'Ram Gopal Ram Ben','ram-gopal-ram-ben-221','astro_221_fAWOH@example.com','+91 25 90780844',NULL,NULL,'$2y$12$7mlX5VDYe0iQ1B55ddm1LedAGlxqcn4EKjS8csapLQCjM/Z1T5Eae',NULL,'astrologer',1,0.00,0.00,0,NULL,'2026-01-31 09:24:53','2026-01-31 09:24:53',NULL,0),(247,'Lakshmi Mandal','lakshmi-mandal-222','astro_222_uMSoX@example.com','+91 57 04732023',NULL,NULL,'$2y$12$aS3bxz0lJsGl.FBltUqYTOJF4adnNHwS5hcs7yuDKwrjcFCUdE/bm',NULL,'astrologer',1,0.00,0.00,0,NULL,'2026-01-31 09:24:53','2026-01-31 09:24:53',NULL,0),(248,'Nilima Bhavsar','nilima-bhavsar-223','astro_223_LQHQ4@example.com','074 00643922',NULL,NULL,'$2y$12$r1tMFbCdjRqyPg.5Jt24Ney4pFYkxnywbTsh1ygnsMyjBnUKCYP1i',NULL,'astrologer',1,0.00,0.00,0,NULL,'2026-01-31 09:24:54','2026-01-31 09:24:54',NULL,0),(249,'Sid Kumar Rastogi','sid-kumar-rastogi-224','astro_224_rMYIf@example.com','0868 8693612',NULL,NULL,'$2y$12$NRaVBnnIMM13Mok9tHF4feU7mmjSgmfKkzKIhu1ito3Z0CJxqN2Kq',NULL,'astrologer',1,0.00,0.00,0,NULL,'2026-01-31 09:24:54','2026-01-31 09:24:54',NULL,0),(250,'Narmada Ganesh','narmada-ganesh-225','astro_225_WmU7k@example.com','0413 7907555',NULL,NULL,'$2y$12$ixa6MDB6myH.HA2Wqfw4OOqlBE/QnSEnkehKqwLDBFOyJKPQq7NXW',NULL,'astrologer',1,0.00,0.00,0,NULL,'2026-01-31 09:24:55','2026-01-31 09:24:55',NULL,0),(251,'Jagat Singh Narang','jagat-singh-narang-226','astro_226_Z6npU@example.com','+91 265 2276716',NULL,NULL,'$2y$12$zAiY3kTWOWdEfYc4a/Eqg.EkGe8XT6FYY5UBsdaXSiDa47jDErXcy',NULL,'astrologer',1,0.00,0.00,0,NULL,'2026-01-31 09:24:56','2026-01-31 09:24:56',NULL,0),(252,'Ram Cheema','ram-cheema-227','astro_227_sEZ3f@example.com','058 10401377',NULL,NULL,'$2y$12$1XIjiRNRwrYXmp5Fonu7cOO3apWqgz7ktdD.SpO5wFrj6uwOBfZ56',NULL,'astrologer',1,0.00,0.00,0,NULL,'2026-01-31 09:24:56','2026-01-31 09:24:56',NULL,0),(253,'Chameli Hora','chameli-hora-228','astro_228_69Q0v@example.com','+91 30 61751369',NULL,NULL,'$2y$12$spiowvyny8usZf/6qat4b.m4vbXB/jyOq4wVvGkVgLp2cQxfuv0U2',NULL,'astrologer',1,0.00,0.00,0,NULL,'2026-01-31 09:24:57','2026-01-31 09:24:57',NULL,0),(254,'Aslam Animesh Ganesan','aslam-animesh-ganesan-229','astro_229_nKyTO@example.com','009 92148566',NULL,NULL,'$2y$12$zkBfAGzdxcsspbX/32q86eIqB8N1mAnkj7u1OVzn/ul661COfzeMK',NULL,'astrologer',1,0.00,0.00,0,NULL,'2026-01-31 09:24:57','2026-01-31 09:24:57',NULL,0),(255,'Tulsi Murthy','tulsi-murthy-230','astro_230_M12wb@example.com','+91 69 56353070',NULL,NULL,'$2y$12$G93q7m5Ug28I5nG5a7L37eHJcGz4f19206HTiA1UHovXJURSZq0bK',NULL,'astrologer',1,0.00,0.00,0,NULL,'2026-01-31 09:24:58','2026-01-31 09:24:58',NULL,0),(256,'Yamini Agarwal','yamini-agarwal-231','astro_231_1V6vP@example.com','000 32187535',NULL,NULL,'$2y$12$duNrRm6BtKjaaQhhiNEMb.IF37Q4pZgOWgcliCDVSCIkDx1Qi4FK.',NULL,'astrologer',1,0.00,0.00,0,NULL,'2026-01-31 09:24:59','2026-01-31 09:24:59',NULL,0),(257,'Saurabh Mallick','saurabh-mallick-232','astro_232_c1Wnz@example.com','+91 202 7478714',NULL,NULL,'$2y$12$uEuuy1K.pA3w8BcjY3D01eQC3TbA.ifw683/PbvYcCFUNQnjW7iyq',NULL,'astrologer',1,0.00,0.00,0,NULL,'2026-01-31 09:24:59','2026-01-31 09:24:59',NULL,0),(258,'Navami Pandit','navami-pandit-233','astro_233_hGgLv@example.com','+91 43 22444024',NULL,NULL,'$2y$12$DdBy1eeMtEtZ/x.8VCGLXOo9LOOnBEk8yTXH.98ASAWbIGhGdWNbC',NULL,'astrologer',1,0.00,0.00,0,NULL,'2026-01-31 09:25:00','2026-01-31 09:25:00',NULL,0),(259,'Richa Viswanathan','richa-viswanathan-234','astro_234_HyfNX@example.com','0747 0746019',NULL,NULL,'$2y$12$wkGgJ42UW26Vs0ZDKr0RvepeAe2RKhMrX/zaB0PyVF6qYU3h/I8wG',NULL,'astrologer',1,0.00,0.00,0,NULL,'2026-01-31 09:25:01','2026-01-31 09:25:01',NULL,0),(260,'Akshay Chandra Khare','akshay-chandra-khare-235','astro_235_SkDqT@example.com','0845 4380366',NULL,NULL,'$2y$12$L3yxQ5fNmqjv2SkAXeERhuBOZA31Vy9KXZDOvIxRLr5BhOflUukH.',NULL,'astrologer',1,0.00,0.00,0,NULL,'2026-01-31 09:25:01','2026-01-31 09:25:01',NULL,0),(261,'Parveen Pratap Desai','parveen-pratap-desai-236','astro_236_TQH2L@example.com','+91 20 34515145',NULL,NULL,'$2y$12$slCxSi89w7OxgKXGWnsxBuaQ/bdv7ErUEyQM0aH6l2BZFxCtYglp.',NULL,'astrologer',1,0.00,0.00,0,NULL,'2026-01-31 09:25:02','2026-01-31 09:25:02',NULL,0),(262,'Navami Sarna','navami-sarna-237','astro_237_HpCdg@example.com','062 78231983',NULL,NULL,'$2y$12$MppIROXexjoHEY6nFkXBVuEmSJUNDYMRxZN9c0atkGORwmSBFH.oO',NULL,'astrologer',1,0.00,0.00,0,NULL,'2026-01-31 09:25:02','2026-01-31 09:25:02',NULL,0),(263,'Radheshyam Kumar Kapoor','radheshyam-kumar-kapoor-238','astro_238_3X4V2@example.com','015 40482852',NULL,NULL,'$2y$12$UjNzohZRzqEOZ.bGoIynOuedyCPaXTaKr9JXcnzGyF.rCVFs9gx4S',NULL,'astrologer',1,0.00,0.00,0,NULL,'2026-01-31 09:25:03','2026-01-31 09:25:03',NULL,0),(264,'Nidhi Yadav','nidhi-yadav-239','astro_239_0erJA@example.com','055 84998527',NULL,NULL,'$2y$12$1HVfgnfF6bUmdEC72OKx1.n0Ss13t7CMMBuSo0qWYC.ZzcV/nD5ya',NULL,'astrologer',1,0.00,0.00,0,NULL,'2026-01-31 09:25:04','2026-01-31 09:25:04',NULL,0),(265,'Kalyan Gagrani','kalyan-gagrani-240','astro_240_Wvbs5@example.com','027 77094791',NULL,NULL,'$2y$12$YUanDeVn9gJ0ByFvU6NJ2O1Y3d2w4tALJ8b5JHwJsVq0u0qWdNDdu',NULL,'astrologer',1,0.00,0.00,0,NULL,'2026-01-31 09:25:04','2026-01-31 09:25:04',NULL,0),(266,'Navami Pall','navami-pall-241','astro_241_5g9Zx@example.com','0192 2399818',NULL,NULL,'$2y$12$ZQJex/QPk2AhFKJZybMJGurn6AfKSrgw9nb.mFHA6cYmFyqsRrplO',NULL,'astrologer',1,0.00,0.00,0,NULL,'2026-01-31 09:25:05','2026-01-31 09:25:05',NULL,0),(267,'Maya Mander','maya-mander-242','astro_242_7HOIv@example.com','+91 744 0075449',NULL,NULL,'$2y$12$wvXWkmZacvn5IsID542dz.er6kFrS/qhQBNuCnpI7j/h8lFxpexZm',NULL,'astrologer',1,0.00,0.00,0,NULL,'2026-01-31 09:25:06','2026-01-31 09:25:06',NULL,0),(268,'Sirish Iyer','sirish-iyer-243','astro_243_RgKyH@example.com','+91 78 76239394',NULL,NULL,'$2y$12$wS5YMBrdfaPd/.7Fhk6pYepYavQUtAudLEABwWIpP/IXmS/.uHVxq',NULL,'astrologer',1,0.00,0.00,0,NULL,'2026-01-31 09:25:06','2026-01-31 09:25:06',NULL,0),(269,'Nazir Kumar Bala','nazir-kumar-bala-244','astro_244_cc0wf@example.com','040 55880304',NULL,NULL,'$2y$12$MaYiLk9Oed1NFSFbSljJdunPVwRgDw6baK458eDbbH2K/KQqqdr9G',NULL,'astrologer',1,0.00,0.00,0,NULL,'2026-01-31 09:25:07','2026-01-31 09:25:07',NULL,0),(270,'Eddie Abhinav Babu','eddie-abhinav-babu-245','astro_245_rjMJ8@example.com','+91 088 6725755',NULL,NULL,'$2y$12$5iwKyMcm4xDf8gOIk4OJM.pGTByxyEvFjDNBUD6HH5iXPmeLCQUGK',NULL,'astrologer',1,0.00,0.00,0,NULL,'2026-01-31 09:25:08','2026-01-31 09:25:08',NULL,0),(271,'Wahid Aatif Doshi','wahid-aatif-doshi-246','astro_246_5Y1ue@example.com','+91 014 8070127',NULL,NULL,'$2y$12$LnWxAJYvm4ow98DVlQMQCOQT6fGNuPENpjeCDhZZBJLk7a/W/ecgm',NULL,'astrologer',1,0.00,0.00,0,NULL,'2026-01-31 09:25:08','2026-01-31 09:25:08',NULL,0),(272,'Nagma Qadim Varkey','nagma-qadim-varkey-247','astro_247_7us4s@example.com','+91 23 06313685',NULL,NULL,'$2y$12$QDWQ/vThJn6NKvkp0R1cq.aq9Z1.e567pYn3bFXiYeATFsfotAFIO',NULL,'astrologer',1,0.00,0.00,0,NULL,'2026-01-31 09:25:09','2026-01-31 09:25:09',NULL,0),(273,'Charlie Basak','charlie-basak-248','astro_248_xeWno@example.com','0372 6336691',NULL,NULL,'$2y$12$Dk5iOFkPWhMguF7WSlfgAevxfcoKRx6CaAVkXiy6ycGi5/WhZG2gy',NULL,'astrologer',1,0.00,0.00,0,NULL,'2026-01-31 09:25:09','2026-01-31 09:25:09',NULL,0),(274,'Raju Mohanlal Somani','raju-mohanlal-somani-249','astro_249_LhuyO@example.com','+91 19 74413074',NULL,NULL,'$2y$12$hlbHjFyGF4ErIcHPjX.uU.BbejfapuuH6OctEYi4.lDxEqREnerX.',NULL,'astrologer',1,0.00,0.00,0,NULL,'2026-01-31 09:25:10','2026-01-31 09:25:10',NULL,0),(275,'Habib Kumar Kunda','habib-kumar-kunda-250','astro_250_lYkrC@example.com','091 77783480',NULL,NULL,'$2y$12$oH9M8E1g0e3ExGXQDg97UOZdujnUTncQZUKAsYWOaJNRcShpav.PG',NULL,'astrologer',1,0.00,0.00,0,NULL,'2026-01-31 09:25:10','2026-01-31 09:25:10',NULL,0),(276,'Deepesh Raj Badami','deepesh-raj-badami-251','astro_251_LbHpn@example.com','+91 162 1763649',NULL,NULL,'$2y$12$TmXqLly3eWkR5TgGEOwxWuzwLDfMLus5EQXQ0e.pweJMd0z6gCyTe',NULL,'astrologer',1,0.00,0.00,0,NULL,'2026-01-31 09:25:11','2026-01-31 09:25:11',NULL,0),(277,'Umar Kushal Narula','umar-kushal-narula-252','astro_252_RBLMj@example.com','+91 019 0989118',NULL,NULL,'$2y$12$OoelXJemXsy.wheTyYDqGeQqV4OPZimVAlzU5igJPSZvjz2.6EcAC',NULL,'astrologer',1,0.00,0.00,0,NULL,'2026-01-31 09:25:12','2026-01-31 09:25:12',NULL,0),(278,'Hemendra Ramnarine','hemendra-ramnarine-253','astro_253_wMJqK@example.com','0167 3515835',NULL,NULL,'$2y$12$FCChdcqWfu8QovfHYrmv..U3X2VBBndKJQpqaERZ73bBV12CJBt/i',NULL,'astrologer',1,0.00,0.00,0,NULL,'2026-01-31 09:25:12','2026-01-31 09:25:12',NULL,0),(279,'Monica Wafa Kadakia','monica-wafa-kadakia-254','astro_254_aIfYt@example.com','0623 5892400',NULL,NULL,'$2y$12$3I2iDz2b3L47cAe6s02RzeKD3dArnLiymOkL5jYzVrviKuSDMxthK',NULL,'astrologer',1,0.00,0.00,0,NULL,'2026-01-31 09:25:13','2026-01-31 09:25:13',NULL,0),(280,'Sai Dar','sai-dar-255','astro_255_8O5qA@example.com','+91 08 76145163',NULL,NULL,'$2y$12$gDwZjKs.LVQVFN73U7YWJOej/rL.i8eetMfqKkYbboFapKWf2UO9W',NULL,'astrologer',1,0.00,0.00,0,NULL,'2026-01-31 09:25:14','2026-01-31 09:25:14',NULL,0),(281,'Aniruddh Chandra Saini','aniruddh-chandra-saini-256','astro_256_vlWpz@example.com','+91 131 1964457',NULL,NULL,'$2y$12$uPBZshxnJt91MG8qej6IROsQmBXPJqBLa8pF1h0yDYWlEjH.P6trq',NULL,'astrologer',1,0.00,0.00,0,NULL,'2026-01-31 09:25:14','2026-01-31 09:25:14',NULL,0),(282,'Damini Saurabh Jaggi','damini-saurabh-jaggi-257','astro_257_67QT2@example.com','+91 24 54607768',NULL,NULL,'$2y$12$F44hJq24resvLs731aDLtutwYvJflb8yDE5D/wcpK8ll1jzwFq7hK',NULL,'astrologer',1,0.00,0.00,0,NULL,'2026-01-31 09:25:15','2026-01-31 09:25:15',NULL,0),(283,'Binod Shere','binod-shere-258','astro_258_s6qS8@example.com','0282 1754992',NULL,NULL,'$2y$12$3H/WiyLT/fuk0wPiT5UFeOKPqZ2i1XzWRv3OHWgHFIo61nrk3yFIO',NULL,'astrologer',1,0.00,0.00,0,NULL,'2026-01-31 09:25:15','2026-01-31 09:25:15',NULL,0),(284,'Amrit Varkey','amrit-varkey-259','astro_259_1U1NX@example.com','071 64878068',NULL,NULL,'$2y$12$pwLL6klp3nEo5jnKZ3/bROWPpwJhOB8Y7b9468F52gNaLhkouxmtS',NULL,'astrologer',1,0.00,0.00,0,NULL,'2026-01-31 09:25:16','2026-01-31 09:25:16',NULL,0),(285,'Alex Chaudhary','alex-chaudhary-260','astro_260_NTNEQ@example.com','+91 96 03370639',NULL,NULL,'$2y$12$dNfhGKhWyRZoqxc1dRl8XeTj.EuYCOxigEdM/vnX9HXXXrpBWZ8di',NULL,'astrologer',1,0.00,0.00,0,NULL,'2026-01-31 09:25:17','2026-01-31 09:25:17',NULL,0),(286,'Manjari Vikrant Ratti','manjari-vikrant-ratti-261','astro_261_u1DRK@example.com','0613 6518360',NULL,NULL,'$2y$12$qBeT7Xnih6FJkjwmhY64tOEjU.wzOGQZh00t00Ghsm95q1vChdK5e',NULL,'astrologer',1,0.00,0.00,0,NULL,'2026-01-31 09:25:17','2026-01-31 09:25:17',NULL,0),(287,'Eddie Lad','eddie-lad-262','astro_262_ALaIn@example.com','013 34695303',NULL,NULL,'$2y$12$Vlzvr/TGjhcOX/CMAdzl6ur8PLOO6vlzCa0AoyRne5IC5ma7637Rm',NULL,'astrologer',1,0.00,0.00,0,NULL,'2026-01-31 09:25:18','2026-01-31 09:25:18',NULL,0),(288,'Hassan Devi','hassan-devi-263','astro_263_VXeIn@example.com','+91 530 7716523',NULL,NULL,'$2y$12$KQPs57bzGjmoElD3bKMI0.Epf2MrOKeJEMfN2hRNBlGLyKYzBCMOC',NULL,'astrologer',1,0.00,0.00,0,NULL,'2026-01-31 09:25:19','2026-01-31 09:25:19',NULL,0),(289,'Madhu Purohit','madhu-purohit-264','astro_264_WwV6y@example.com','+91 27 86326564',NULL,NULL,'$2y$12$qU/Klr2YwZAW83u/cxBKeuxtb1eQtToSw/LwMiwtzaMJwCvQz4k6C',NULL,'astrologer',1,0.00,0.00,0,NULL,'2026-01-31 09:25:20','2026-01-31 09:25:20',NULL,0),(290,'Bhaagyasree Uday Yohannan','bhaagyasree-uday-yohannan-265','astro_265_3jKp0@example.com','0799 1435294',NULL,NULL,'$2y$12$2jZgkQTbzfVqKJrTNvb52OiT3.B6BW9QAKsQqk4HHf.ryh9pB2vuO',NULL,'astrologer',1,0.00,0.00,0,NULL,'2026-01-31 09:25:20','2026-01-31 09:25:20',NULL,0),(291,'Deepesh Singh Sekhon','deepesh-singh-sekhon-266','astro_266_qmlyF@example.com','0730 2845412',NULL,NULL,'$2y$12$8.rUO/16I5mjlA0/OM0Nj.jKc4uzsBXxKghE5aXByHJ/e.RO/5MM2',NULL,'astrologer',1,0.00,0.00,0,NULL,'2026-01-31 09:25:21','2026-01-31 09:25:21',NULL,0),(292,'Binod Kumar Cherian','binod-kumar-cherian-267','astro_267_o01kP@example.com','+91 409 8607768',NULL,NULL,'$2y$12$ibdRrKlaTVUrBrBB9dwJA.FtfMIXA158n8Am2Vv7sRX2R66M5vi8u',NULL,'astrologer',1,0.00,0.00,0,NULL,'2026-01-31 09:25:21','2026-01-31 09:25:21',NULL,0),(293,'Runjhun Dhillon','runjhun-dhillon-268','astro_268_tv5F0@example.com','+91 825 7480771',NULL,NULL,'$2y$12$QYEfoaBu9TQ3dpAEAwJ5SOA2vTVZcTxTppDVKWkr37rK2Heq4eDS2',NULL,'astrologer',1,0.00,0.00,0,NULL,'2026-01-31 09:25:22','2026-01-31 09:25:22',NULL,0),(294,'Shanti Toor','shanti-toor-269','astro_269_vktx3@example.com','+91 87 43587851',NULL,NULL,'$2y$12$nDggEtu5Y1Kr/gYq0qv7a.1gOVHV.GXRMMB3pT0PzYdwQ6xI2U4zW',NULL,'astrologer',1,0.00,0.00,0,NULL,'2026-01-31 09:25:22','2026-01-31 09:25:22',NULL,0),(295,'Alpa Sankaran','alpa-sankaran-270','astro_270_wWwQL@example.com','+91 26 09447031',NULL,NULL,'$2y$12$4aE6EVcoS28/5V7dcek9iO35jvb2wxN0GvVz7tFwowIXxtS3bj5ri',NULL,'astrologer',1,0.00,0.00,0,NULL,'2026-01-31 09:25:23','2026-01-31 09:25:23',NULL,0),(296,'Neerendra Deep Dani','neerendra-deep-dani-271','astro_271_ktDpq@example.com','+91 546 3114984',NULL,NULL,'$2y$12$JPr/hg6uD3zJ5D6ELfMEmuJNcRwbPrkYf1IuC8zz0JjeVPyhbYAgC',NULL,'astrologer',1,0.00,0.00,0,NULL,'2026-01-31 09:25:24','2026-01-31 09:25:24',NULL,0),(297,'Chinmay Somnath Chaudry','chinmay-somnath-chaudry-272','astro_272_GrMny@example.com','0972 6603188',NULL,NULL,'$2y$12$kTkqZRXkl6TYxdSmm0CEtui.ZeuwimsZN1ke7JXZg4Tzt3hehG6bm',NULL,'astrologer',1,0.00,0.00,0,NULL,'2026-01-31 09:25:25','2026-01-31 09:25:25',NULL,0),(298,'Charlie Ganesh','charlie-ganesh-273','astro_273_TprS1@example.com','089 00031320',NULL,NULL,'$2y$12$QxX3NVURBED0s9eLL7ckbOthRdGc.1s9/15EYPvikz5gvf7ctLan2',NULL,'astrologer',1,0.00,0.00,0,NULL,'2026-01-31 09:25:25','2026-01-31 09:25:25',NULL,0),(299,'Anshu Dhingra','anshu-dhingra-274','astro_274_oizEw@example.com','0957 0753102',NULL,NULL,'$2y$12$Lp8MT.It3L4v8QurmNgGEOEd6F5XG4dMWHM866/StSQX9eiBGy.Vi',NULL,'astrologer',1,0.00,0.00,0,NULL,'2026-01-31 09:25:26','2026-01-31 09:25:26',NULL,0),(300,'Aadish Rao Bail','aadish-rao-bail-275','astro_275_ozVUB@example.com','+91 414 7218235',NULL,NULL,'$2y$12$vWp2yPQD.G5fTMCxhTUo3erG82ElYY84R0oi7koFLq6F49deTRQyK',NULL,'astrologer',1,0.00,0.00,0,NULL,'2026-01-31 09:25:26','2026-01-31 09:25:26',NULL,0),(301,'Tanay Philip','tanay-philip-276','astro_276_fwgSy@example.com','+91 46 59798554',NULL,NULL,'$2y$12$0UBiXD/z25WDc32KZr.fdOMoJo2Z.OjyNqfN59.4RRjrwbQLwvv2K',NULL,'astrologer',1,0.00,0.00,0,NULL,'2026-01-31 09:25:27','2026-01-31 09:25:27',NULL,0),(302,'Tulsi Kaul','tulsi-kaul-277','astro_277_vkcvf@example.com','0313 6401933',NULL,NULL,'$2y$12$HD90BLvUgXI67ZYAs5UVOuF/FIszJwtO.7dl0rbQ7sBplM5Ep8dxm',NULL,'astrologer',1,0.00,0.00,0,NULL,'2026-01-31 09:25:27','2026-01-31 09:25:27',NULL,0),(303,'Animesh Malik Srinivasan','animesh-malik-srinivasan-278','astro_278_Yq0GT@example.com','000 92153270',NULL,NULL,'$2y$12$//EQFBWNUr//vRaVbo20HO1/PGFXe/fSnO/6mXpRI4z7qvws92p3e',NULL,'astrologer',1,0.00,0.00,0,NULL,'2026-01-31 09:25:28','2026-01-31 09:25:28',NULL,0),(304,'Prasoon David Subramanian','prasoon-david-subramanian-279','astro_279_jhHia@example.com','0512 6587716',NULL,NULL,'$2y$12$jWdA8jY3PZgCSguIHMaGiuT7SC.HvjJ2bGB1N26cl/Ug.ODJ4Ow5i',NULL,'astrologer',1,0.00,0.00,0,NULL,'2026-01-31 09:25:28','2026-01-31 09:25:28',NULL,0),(305,'Ramesh Rao Golla','ramesh-rao-golla-280','astro_280_EhZCa@example.com','+91 93 64799594',NULL,NULL,'$2y$12$vV.5TaAWJtwG24L5k16xIeLABpzDedlY4yivrkCGveSdcWQTeL8XG',NULL,'astrologer',1,0.00,0.00,0,NULL,'2026-01-31 09:25:29','2026-01-31 09:25:29',NULL,0),(306,'Sohail Dasgupta','sohail-dasgupta-281','astro_281_AeT9s@example.com','006 44565554',NULL,NULL,'$2y$12$uYt4OmDMRvQ2wC.Kx9QGKuox2BjFb6.io7kwjEEzL.72ijVJcDY4C',NULL,'astrologer',1,0.00,0.00,0,NULL,'2026-01-31 09:25:29','2026-01-31 09:25:29',NULL,0),(307,'Saurabh Ajay Kata','saurabh-ajay-kata-282','astro_282_mHA4n@example.com','079 13402258',NULL,NULL,'$2y$12$LtRz78nuKXrb..BLSn08JuXj8aTd3d3KMaLJkmRMIR/MorpqnfA.C',NULL,'astrologer',1,0.00,0.00,0,NULL,'2026-01-31 09:25:29','2026-01-31 09:25:29',NULL,0),(308,'Aishwarya Dyal','aishwarya-dyal-283','astro_283_2106E@example.com','0282 0709830',NULL,NULL,'$2y$12$NVHyM401yOaJ3tt3LRTwFebuXDsCFNm4uDww2cLEUcSkmryEUGVWO',NULL,'astrologer',1,0.00,0.00,0,NULL,'2026-01-31 09:25:30','2026-01-31 09:25:30',NULL,0),(309,'Baldev Mand','baldev-mand-284','astro_284_oCE9m@example.com','+91 73 04048411',NULL,NULL,'$2y$12$rqBENRVlnSdiV/YXs58h7.RrVn3qt1STkXrL1WzS78JjpF4X1JsaK',NULL,'astrologer',1,0.00,0.00,0,NULL,'2026-01-31 09:25:30','2026-01-31 09:25:30',NULL,0),(310,'Wafiq Prasad Narayanan','wafiq-prasad-narayanan-285','astro_285_JKla0@example.com','+91 120 5974586',NULL,NULL,'$2y$12$Cmi9vYLG7ReG0DDEUJrDTuJgGwtcSIt8d.JdnzowmKGHaRa2vBqzC',NULL,'astrologer',1,0.00,0.00,0,NULL,'2026-01-31 09:25:31','2026-01-31 09:25:31',NULL,0),(311,'Biren Toor','biren-toor-286','astro_286_MC2Lv@example.com','+91 47 36548627',NULL,NULL,'$2y$12$n2UTxpn7aGFIkGI94yA.buaCO.dnPLYrrPfkAo0A2AvaDdrjuLtCS',NULL,'astrologer',1,0.00,0.00,0,NULL,'2026-01-31 09:25:31','2026-01-31 09:25:31',NULL,0),(312,'Aslam Krishnamurthy','aslam-krishnamurthy-287','astro_287_ZBusw@example.com','014 58549977',NULL,NULL,'$2y$12$aORAGewOeJZydfwIRsFQC.LMM5fYKN4LGFH0MZVJWVfdWxWZuaD5W',NULL,'astrologer',1,0.00,0.00,0,NULL,'2026-01-31 09:25:32','2026-01-31 09:25:32',NULL,0),(313,'Kiran Kalita','kiran-kalita-288','astro_288_JfNyE@example.com','+91 402 1442923',NULL,NULL,'$2y$12$/yK4aPh3EHZzUNZkIY.QiO3jDyQnEQ0.aNulVcXgTLAklcZWyDqr2',NULL,'astrologer',1,0.00,0.00,0,NULL,'2026-01-31 09:25:32','2026-01-31 09:25:32',NULL,0),(314,'Venkat Oza','venkat-oza-289','astro_289_99G6o@example.com','+91 078 2926062',NULL,NULL,'$2y$12$2xTsEdZ.b01J9ZOPNC/IcujaIOkXIcPhcjqF8Ig1gztYGlRc38SVa',NULL,'astrologer',1,0.00,0.00,0,NULL,'2026-01-31 09:25:33','2026-01-31 09:25:33',NULL,0),(315,'Ghalib Arora','ghalib-arora-290','astro_290_auf8e@example.com','+91 894 8823597',NULL,NULL,'$2y$12$CgXasd6mECCkbESH0nlLFumUwYCZS5.ol3UwSFxRacQJ9jVGtZ4nW',NULL,'astrologer',1,0.00,0.00,0,NULL,'2026-01-31 09:25:33','2026-01-31 09:25:33',NULL,0),(316,'Pranab Kari','pranab-kari-291','astro_291_WKzUT@example.com','+91 38 50492587',NULL,NULL,'$2y$12$qPn/lAacGJUTiSP/DJ1MROrsd5BRdqHiH1mlUMMOflwGZuJHccTO6',NULL,'astrologer',1,0.00,0.00,0,NULL,'2026-01-31 09:25:34','2026-01-31 09:25:34',NULL,0),(317,'Ragini Keer','ragini-keer-292','astro_292_n39Eg@example.com','0220 6456993',NULL,NULL,'$2y$12$4d3JLQLVdOG8x1p2VTv6ZOgO.KMFhDlr1kIrBu8rxMnNUyojJLQuS',NULL,'astrologer',1,0.00,0.00,0,NULL,'2026-01-31 09:25:34','2026-01-31 09:25:34',NULL,0),(318,'Mukul Ramnarine','mukul-ramnarine-293','astro_293_rxV6R@example.com','+91 084 8582198',NULL,NULL,'$2y$12$p.G8uKC4e6RDL9BDUkckTuvec.tDUhXVnFAoWIGnybyeDwzgpVMkG',NULL,'astrologer',1,0.00,0.00,0,NULL,'2026-01-31 09:25:35','2026-01-31 09:25:35',NULL,0),(319,'Radha Wafiq Datta','radha-wafiq-datta-294','astro_294_v5n7H@example.com','0285 7340114',NULL,NULL,'$2y$12$JR3xlpoNHrvEKw0.aN9rN.VJVItUuys.oyu8QihRpq.JP2Es/nt5C',NULL,'astrologer',1,0.00,0.00,0,NULL,'2026-01-31 09:25:35','2026-01-31 09:25:35',NULL,0),(320,'Pradeep Virk','pradeep-virk-295','astro_295_8SULJ@example.com','034 01497446',NULL,NULL,'$2y$12$CT9U8gF41uBE2o/I3NO/Q.Wxs9.oiumfIaaVVANHGgNXI3GF.C9De',NULL,'astrologer',1,0.00,0.00,0,NULL,'2026-01-31 09:25:36','2026-01-31 09:25:36',NULL,0),(321,'Alaknanda Ramachandran','alaknanda-ramachandran-296','astro_296_b5IAM@example.com','+91 39 12119162',NULL,NULL,'$2y$12$LhX3elqsoV7i7GDnRDa1Ludx2CzpvhjkOZBllx48K7TeShGhcszsK',NULL,'astrologer',1,0.00,0.00,0,NULL,'2026-01-31 09:25:36','2026-01-31 09:25:36',NULL,0),(322,'Chhavi Karpe','chhavi-karpe-297','astro_297_vL9ny@example.com','+91 599 3545059',NULL,NULL,'$2y$12$w2tzj80zNnHUlU/VVsdK4.1M8jeBJ22n6LpEpzEPyDFQMZHykK0n2',NULL,'astrologer',1,0.00,0.00,0,NULL,'2026-01-31 09:25:37','2026-01-31 09:25:37',NULL,0),(323,'Ujwal Raj Wagle','ujwal-raj-wagle-298','astro_298_37IJw@example.com','032 25698279',NULL,NULL,'$2y$12$5L7l1ttGZC.rjGQTra80xe0SC2wReUhaas0y76ZQHnahYxtbvhOWW',NULL,'astrologer',1,0.00,0.00,0,NULL,'2026-01-31 09:25:37','2026-01-31 09:25:37',NULL,0),(324,'Rohini Kara','rohini-kara-299','astro_299_BQ5nn@example.com','+91 873 9572856',NULL,NULL,'$2y$12$H65HKrBYvNhGG86OSNOug.oZ8FVVWfTu07QoG.7as5u0g1Xmys7Xy',NULL,'astrologer',1,0.00,0.00,0,NULL,'2026-01-31 09:25:38','2026-01-31 09:25:38',NULL,0),(325,'Alex Ahuja','alex-ahuja-300','astro_300_u8WVw@example.com','+91 25 14926939',NULL,NULL,'$2y$12$W13zuTc.FLQXpUQe1xYlfOFRMbL/UkNMoOb/FfqNwCZBlSYkvS23W',NULL,'astrologer',1,0.00,0.00,0,NULL,'2026-01-31 09:25:38','2026-01-31 09:25:38',NULL,0),(326,'Kailash Dugal','kailash-dugal-301','astro_301_HDI27@example.com','+91 462 1305495',NULL,NULL,'$2y$12$hThAk57hcMB8dm4rE0GQ9ebaK4P1vLFW5rAbUMsivgF0Yt2NdTd9m',NULL,'astrologer',1,0.00,0.00,0,NULL,'2026-01-31 09:25:39','2026-01-31 09:25:39',NULL,0),(327,'Samir Kibe','samir-kibe-302','astro_302_Qsiuu@example.com','0811 7005845',NULL,NULL,'$2y$12$3pZSkvs74FivmXSyQUjzf.VWP086YRoyjm8vmKkoImUWB.Pc2Vop2',NULL,'astrologer',1,0.00,0.00,0,NULL,'2026-01-31 09:25:39','2026-01-31 09:25:39',NULL,0),(328,'Charu Hegde','charu-hegde-303','astro_303_0YZ2p@example.com','+91 29 44397029',NULL,NULL,'$2y$12$Z.9b3ZGzpPIksSe.H.y7buHoV/yM.UiR3G1wPhaf8i.JMEkAnToM2',NULL,'astrologer',1,0.00,0.00,0,NULL,'2026-01-31 09:25:40','2026-01-31 09:25:40',NULL,0),(329,'Ehsaan Randhawa','ehsaan-randhawa-304','astro_304_AUp9h@example.com','+91 326 4057602',NULL,NULL,'$2y$12$m1Sp4iClDgm0v.no0RCjh.yVp442zl04Ozddbjy8ESSJfANU1azP.',NULL,'astrologer',1,0.00,0.00,0,NULL,'2026-01-31 09:25:40','2026-01-31 09:25:40',NULL,0),(330,'Karim Zachariah','karim-zachariah-305','astro_305_HsM9y@example.com','+91 650 3500352',NULL,NULL,'$2y$12$uArGwB0Hzgk4wnJ9BrFMYeomX27QzwEQRTAZ0A9RxewtIq0WqVj5W',NULL,'astrologer',1,0.00,0.00,0,NULL,'2026-01-31 09:25:41','2026-01-31 09:25:41',NULL,0),(331,'Narmada Dey','narmada-dey-306','astro_306_xRogy@example.com','012 68308455',NULL,NULL,'$2y$12$tGfM7t/WpJT4tCrFLv14UuZeoByYCl99XP/FyJFoE88OvaUCJ3Sr6',NULL,'astrologer',1,0.00,0.00,0,NULL,'2026-01-31 09:25:41','2026-01-31 09:25:41',NULL,0),(332,'Ekbal Thakkar','ekbal-thakkar-307','astro_307_CTcMz@example.com','+91 301 0652668',NULL,NULL,'$2y$12$j6TqJIYlehJGB24mBKTUl.C7wdhJ/atbdHJ3urQKvVnqp2yBeSpJu',NULL,'astrologer',1,0.00,0.00,0,NULL,'2026-01-31 09:25:42','2026-01-31 09:25:42',NULL,0),(333,'Tabeed Chandra Datta','tabeed-chandra-datta-308','astro_308_I9afW@example.com','+91 663 3098394',NULL,NULL,'$2y$12$BZ0q74GZnvlKppZdR.43RuZcGFj16RZf/dGyNEgkN4J4rvPCaLKru',NULL,'astrologer',1,0.00,0.00,0,NULL,'2026-01-31 09:25:42','2026-01-31 09:25:42',NULL,0),(334,'Siddharth Rao Buch','siddharth-rao-buch-309','astro_309_vvjT9@example.com','057 87322930',NULL,NULL,'$2y$12$huMzrv5UUlAYFinoVtyp2O3HpMnfo62LPX//zJNmFSCm7MJVZIrge',NULL,'astrologer',1,0.00,0.00,0,NULL,'2026-01-31 09:25:43','2026-01-31 09:25:43',NULL,0),(335,'Emran Raj Mukhopadhyay','emran-raj-mukhopadhyay-310','astro_310_SrVDf@example.com','063 94759941',NULL,NULL,'$2y$12$3YJcP8G7Zuex3FXjtojoj.N9fLEPtieXd83RmCN7KFEJsmYgvwYpC',NULL,'astrologer',1,0.00,0.00,0,NULL,'2026-01-31 09:25:43','2026-01-31 09:25:43',NULL,0),(336,'Aatif Singhal','aatif-singhal-311','astro_311_BZ45H@example.com','069 55305680',NULL,NULL,'$2y$12$3LmHpXaBwzkHPxw1o/lutucL1Hqtcxp0I2M4vnkggiw05VqyPtLCi',NULL,'astrologer',1,0.00,0.00,0,NULL,'2026-01-31 09:25:44','2026-01-31 09:25:44',NULL,0),(337,'Chitra Nadig','chitra-nadig-312','astro_312_pp94p@example.com','003 01200277',NULL,NULL,'$2y$12$DXDldCAxsjVEcEvYttaA.e2yoR6OcS44UVtQy1hM7PK98BkDelZDq',NULL,'astrologer',1,0.00,0.00,0,NULL,'2026-01-31 09:25:44','2026-01-31 09:25:44',NULL,0),(338,'Binoya Lal Vaidya','binoya-lal-vaidya-313','astro_313_kcRFB@example.com','027 77495082',NULL,NULL,'$2y$12$6a7ygtjjHbkzkFudvxS0vuzoK/uZyIVBn72CCRkLVdMaTqS1tpYV2',NULL,'astrologer',1,0.00,0.00,0,NULL,'2026-01-31 09:25:45','2026-01-31 09:25:45',NULL,0),(339,'Rashid Shan','rashid-shan-314','astro_314_51Snf@example.com','+91 501 7597209',NULL,NULL,'$2y$12$//LtkaqDlS8b5MrBkzR/neDp1OrufLayzRhhv15w3HaXlls62skU.',NULL,'astrologer',1,0.00,0.00,0,NULL,'2026-01-31 09:25:46','2026-01-31 09:25:46',NULL,0),(340,'Baber Habib Biswas','baber-habib-biswas-315','astro_315_BfsBe@example.com','0326 6047026',NULL,NULL,'$2y$12$oLlt4ry6wGM05k8NxJnkWuAS1PyogWGhvxDJlb42p4vcb2IuPWFuq',NULL,'astrologer',1,0.00,0.00,0,NULL,'2026-01-31 09:25:46','2026-01-31 09:25:46',NULL,0),(341,'Hira Varkey','hira-varkey-316','astro_316_FA0ru@example.com','074 98486889',NULL,NULL,'$2y$12$5WzSEB.Lp2QrkaXZ0ZcxAe1XGoL6ds3siv5WNCi/fABzvb7AiQjkK',NULL,'astrologer',1,0.00,0.00,0,NULL,'2026-01-31 09:25:46','2026-01-31 09:25:46',NULL,0),(342,'Heena Koushtubh Pingle','heena-koushtubh-pingle-317','astro_317_gQKLI@example.com','+91 39 58402403',NULL,NULL,'$2y$12$mWel44rwk8rfwxdPzfrwH.pm02M70yzRfcf3hrmIBmvGadO5nhGjC',NULL,'astrologer',1,0.00,0.00,0,NULL,'2026-01-31 09:25:47','2026-01-31 09:25:47',NULL,0),(343,'Megha Suresh Khan','megha-suresh-khan-318','astro_318_X06zr@example.com','0324 5659805',NULL,NULL,'$2y$12$0y4oHc/5s/BYfvxJdECWBegd.N1R6Z3RY1oRFbS0pETc/YXwj9/cu',NULL,'astrologer',1,0.00,0.00,0,NULL,'2026-01-31 09:25:47','2026-01-31 09:25:47',NULL,0),(344,'Falguni Yadu Shroff','falguni-yadu-shroff-319','astro_319_BRukR@example.com','+91 05 49994188',NULL,NULL,'$2y$12$s7EVFOLlWNR43KR6LZ4Q..DFHV1tZteo3Ontwj5iaJUJ1Qh2lRPm6',NULL,'astrologer',1,0.00,0.00,0,NULL,'2026-01-31 09:25:48','2026-01-31 09:25:48',NULL,0),(345,'Sharad Prasad Handa','sharad-prasad-handa-320','astro_320_4qsHR@example.com','+91 491 7082617',NULL,NULL,'$2y$12$wwr4/HKP62oZxRuGoVJ22uDtTfHlaqrcuE05SGkqOyLOqBf8yaVna',NULL,'astrologer',1,0.00,0.00,0,NULL,'2026-01-31 09:25:48','2026-01-31 09:25:48',NULL,0),(346,'Satishwar Sani','satishwar-sani-321','astro_321_wSKzb@example.com','0460 8996141',NULL,NULL,'$2y$12$gKbROEk6Eo.xrFBwADOcUeJpeYe1D/zZr6wLAouwcbOFojyvpiI.m',NULL,'astrologer',1,0.00,0.00,0,NULL,'2026-01-31 09:25:49','2026-01-31 09:25:49',NULL,0),(347,'Charlie Dev Behl','charlie-dev-behl-322','astro_322_A41oq@example.com','+91 394 5491769',NULL,NULL,'$2y$12$IDY6wc9EtVwWyNNCrtTKY.Odeww4ZPiI96Z2cnelsVbqpf/FDiEGG',NULL,'astrologer',1,0.00,0.00,0,NULL,'2026-01-31 09:25:49','2026-01-31 09:25:49',NULL,0),(348,'Parveen Ram Bajaj','parveen-ram-bajaj-323','astro_323_qSnvz@example.com','0200 8080455',NULL,NULL,'$2y$12$QYO55hhaepMIJXGj1.PFgu3AXlbFxsYE7L8q3gsJ.W9jieJmIq4cm',NULL,'astrologer',1,0.00,0.00,0,NULL,'2026-01-31 09:25:50','2026-01-31 09:25:50',NULL,0),(349,'Arvind Dev Gill','arvind-dev-gill-324','astro_324_WjOho@example.com','0322 8377677',NULL,NULL,'$2y$12$9HQ9fNb8tdwIbLiovw4FWeW6S2oZ9cuEuNWqbMzFvS6Ui61ey6FWa',NULL,'astrologer',1,0.00,0.00,0,NULL,'2026-01-31 09:25:50','2026-01-31 09:25:50',NULL,0),(350,'Samir Mitra','samir-mitra-325','astro_325_0RVkR@example.com','+91 088 8610924',NULL,NULL,'$2y$12$OKMKzS7fbaG/BPSWhspZSuifRVlA4lfske8mwl1PlrvsS0pFFpMMi',NULL,'astrologer',1,0.00,0.00,0,NULL,'2026-01-31 09:25:51','2026-01-31 09:25:51',NULL,0),(351,'Malik Mahmood Suresh','malik-mahmood-suresh-326','astro_326_sxrY4@example.com','0512 2768780',NULL,NULL,'$2y$12$1KLw6algScngup9H.4M6ceuMjpJgs4FiN1Ti.Xb6s4ri/i7c3dZ7e',NULL,'astrologer',1,0.00,0.00,0,NULL,'2026-01-31 09:25:51','2026-01-31 09:25:51',NULL,0),(352,'Hassan Rao Mannan','hassan-rao-mannan-327','astro_327_4mUoH@example.com','+91 576 5013599',NULL,NULL,'$2y$12$bz9lAKRQ/oQPi2Nu9pIB5eHMykgrKKpkf3R2.s72taInQTXv.iaSO',NULL,'astrologer',1,0.00,0.00,0,NULL,'2026-01-31 09:25:51','2026-01-31 09:25:51',NULL,0),(353,'Kajol Mohabir','kajol-mohabir-328','astro_328_TiPSf@example.com','041 75316433',NULL,NULL,'$2y$12$CYNIVPKpdHB.M6wP5.gygeFGvKXDBukk.i1/kRIDpy.U5iSki0uhC',NULL,'astrologer',1,0.00,0.00,0,NULL,'2026-01-31 09:25:52','2026-01-31 09:25:52',NULL,0),(354,'Prerna Minhas','prerna-minhas-329','astro_329_iQD4O@example.com','+91 03 12855227',NULL,NULL,'$2y$12$l2m2e8ILhcCEaKBakFz22.OsgRvfqy2YWCJ/.LJWBP8gh3Cy9387W',NULL,'astrologer',1,0.00,0.00,0,NULL,'2026-01-31 09:25:52','2026-01-31 09:25:52',NULL,0),(355,'Bhaagyasree Gole','bhaagyasree-gole-330','astro_330_9AeOA@example.com','+91 480 5936744',NULL,NULL,'$2y$12$AA32OeY1L9VLGlEgm.iiJegipvQgboy6IFIS6CFl171bVkwZJy4dO',NULL,'astrologer',1,0.00,0.00,0,NULL,'2026-01-31 09:25:53','2026-01-31 09:25:53',NULL,0),(356,'Akshay Ramesh Sura','akshay-ramesh-sura-331','astro_331_8dlRp@example.com','0841 2153018',NULL,NULL,'$2y$12$hr80xoeDGui8SA6f9s.lNO9rHwquBXkLTyvGpVSqV0ES7xzTx4q9e',NULL,'astrologer',1,0.00,0.00,0,NULL,'2026-01-31 09:25:53','2026-01-31 09:25:53',NULL,0),(357,'Aarti Sidhu','aarti-sidhu-332','astro_332_XGx0I@example.com','070 69276605',NULL,NULL,'$2y$12$3zIOzAPEx50Z0uz7EPeXneKl53LM4donFlP//JdbJwebkTiv86C9m',NULL,'astrologer',1,0.00,0.00,0,NULL,'2026-01-31 09:25:54','2026-01-31 09:25:54',NULL,0),(358,'Manoj Patel','manoj-patel-333','astro_333_Aw536@example.com','0957 0120448',NULL,NULL,'$2y$12$sFA9YaXLd4DBehCz7cGS5OHAxZCBqa1KB7zI1UGuH0iQGqCngKkZO',NULL,'astrologer',1,0.00,0.00,0,NULL,'2026-01-31 09:25:54','2026-01-31 09:25:54',NULL,0),(359,'Nitin Mohabir','nitin-mohabir-334','astro_334_o9EMn@example.com','0214 5037060',NULL,NULL,'$2y$12$EATR1pT58BvqAOGJ8gV/E.TDWAtaoh03r9O9dYt0LuCxpohgOFWBm',NULL,'astrologer',1,0.00,0.00,0,NULL,'2026-01-31 09:25:54','2026-01-31 09:25:54',NULL,0),(360,'Prabha Jacob','prabha-jacob-335','astro_335_4Uu35@example.com','+91 69 80295463',NULL,NULL,'$2y$12$7g2UCj/TxhCZxtWIsc2u6OuJvzzjyQsrQ28Cmth5xM95YTro280hW',NULL,'astrologer',1,0.00,0.00,0,NULL,'2026-01-31 09:25:55','2026-01-31 09:25:55',NULL,0),(361,'Darpan Kant','darpan-kant-336','astro_336_2XOvx@example.com','0896 6765334',NULL,NULL,'$2y$12$Cq0m5Tz5wnMB4X/lPbxcG.54pnMw4hM/JJfj/2OTomtZQiO2csyNC',NULL,'astrologer',1,0.00,0.00,0,NULL,'2026-01-31 09:25:55','2026-01-31 09:25:55',NULL,0),(362,'Taahid Luthra','taahid-luthra-337','astro_337_FvzVA@example.com','022 55262967',NULL,NULL,'$2y$12$/9NunQ73eDtI.PoDeb6DuO.Cqd5KWtVpBoNqYHPINxQWINwW4beye',NULL,'astrologer',1,0.00,0.00,0,NULL,'2026-01-31 09:25:56','2026-01-31 09:25:56',NULL,0),(363,'Vikrant Mahmood Varty','vikrant-mahmood-varty-338','astro_338_834Gf@example.com','+91 193 2326408',NULL,NULL,'$2y$12$.ShOj8wMaGzIJwvXWD6u.Osc358S4hRItwgxltmSsYkZg09t67aeK',NULL,'astrologer',1,0.00,0.00,0,NULL,'2026-01-31 09:25:57','2026-01-31 09:25:57',NULL,0),(364,'Javed Nawab Chandra','javed-nawab-chandra-339','astro_339_nCqf8@example.com','037 43908029',NULL,NULL,'$2y$12$NU4MeYSt6RsbP1kqABkmlOuHDZhHB7xyN6RGvWWJjhHkNkplhXCga',NULL,'astrologer',1,0.00,0.00,0,NULL,'2026-01-31 09:25:57','2026-01-31 09:25:57',NULL,0),(365,'Wafa Gara','wafa-gara-340','astro_340_IfZbY@example.com','+91 83 51939306',NULL,NULL,'$2y$12$vpVSmRUPws61z9FUbtJUiOeaApjiDIQy.x6ivX9fvCPGLS0U1RFli',NULL,'astrologer',1,0.00,0.00,0,NULL,'2026-01-31 09:25:58','2026-01-31 09:25:58',NULL,0),(366,'Bishnu Chandra Nigam','bishnu-chandra-nigam-341','astro_341_Mu4Cz@example.com','080 46584324',NULL,NULL,'$2y$12$zeYpA3zwgHABvUOYStXOV.oOJUVGdO.AqolNtfYOVU5dc9P21PMUW',NULL,'astrologer',1,0.00,0.00,0,NULL,'2026-01-31 09:25:58','2026-01-31 09:25:58',NULL,0),(367,'Natwar Chandra Somani','natwar-chandra-somani-342','astro_342_Aw0eE@example.com','+91 09 43341407',NULL,NULL,'$2y$12$N0yhOPVTH78bjceAxfGeROMYm22OvwcnFjtXfneUQgPkbrBqE9dB2',NULL,'astrologer',1,0.00,0.00,0,NULL,'2026-01-31 09:25:59','2026-01-31 09:25:59',NULL,0),(368,'Sharad Aurora','sharad-aurora-343','astro_343_Ju206@example.com','+91 40 20619713',NULL,NULL,'$2y$12$rmQRbzdjknhupBPblQ3iw.BJxRNjj1gOSUl1xdu0DBF2nLc47abNi',NULL,'astrologer',1,0.00,0.00,0,NULL,'2026-01-31 09:26:00','2026-01-31 09:26:00',NULL,0),(369,'Gulab Mahal','gulab-mahal-344','astro_344_9Ol4u@example.com','070 70526225',NULL,NULL,'$2y$12$A4vxKfZlOcWx1P/.5j9KgOpSd49AriRSaAV5kL6e8UQ9iky7GfCRa',NULL,'astrologer',1,0.00,0.00,0,NULL,'2026-01-31 09:26:00','2026-01-31 09:26:00',NULL,0),(370,'Omar Loke','omar-loke-345','astro_345_XMW6F@example.com','073 71361180',NULL,NULL,'$2y$12$ZbLwUpSFk6Ahhg17Pom2auOYE8K0tkcJjOxj7kFAGU8syTDVrh0pa',NULL,'astrologer',1,0.00,0.00,0,NULL,'2026-01-31 09:26:01','2026-01-31 09:26:01',NULL,0),(371,'Iqbal Bhai Gera','iqbal-bhai-gera-346','astro_346_uTWE4@example.com','+91 07 72843300',NULL,NULL,'$2y$12$kh06ha4HbO9m1EiwXdb.e.kJ90G.irUsnYW.jSe9eiKiZRhqGCWPO',NULL,'astrologer',1,0.00,0.00,0,NULL,'2026-01-31 09:26:01','2026-01-31 09:26:01',NULL,0),(372,'Krishna Arun Deol','krishna-arun-deol-347','astro_347_srQ51@example.com','+91 869 8893355',NULL,NULL,'$2y$12$HpuzAvqDqEcdUqRAhMRBu.96HCIta0mWsj0LLRAzCVLe2iodPDSaK',NULL,'astrologer',1,0.00,0.00,0,NULL,'2026-01-31 09:26:01','2026-01-31 09:26:01',NULL,0),(373,'Abdul Pratap Srinivasan','abdul-pratap-srinivasan-348','astro_348_FgXcW@example.com','027 44150989',NULL,NULL,'$2y$12$CsQqD3mDqzuHp58ZjyNfRO0pkgrX/jdSscAI74hYFII1n7Zg//vey',NULL,'astrologer',1,0.00,0.00,0,NULL,'2026-01-31 09:26:02','2026-01-31 09:26:02',NULL,0),(374,'Gaurav Ramkissoon','gaurav-ramkissoon-349','astro_349_uqIpj@example.com','+91 37 20595299',NULL,NULL,'$2y$12$/AMePSkAkLt/cnY2yFj9m.cfu/SWAsumuRWKBeZzhCp4vnAVECVUy',NULL,'astrologer',1,0.00,0.00,0,NULL,'2026-01-31 09:26:02','2026-01-31 09:26:02',NULL,0),(375,'Anand Mehul Amin','anand-mehul-amin-350','astro_350_Gubxb@example.com','+91 02 78182748',NULL,NULL,'$2y$12$uoi8O7uh4k95y7i4zmsG0uzuRmZg3G7kSEkBZUpqyS43csZFQCY7S',NULL,'astrologer',1,0.00,0.00,0,NULL,'2026-01-31 09:26:03','2026-01-31 09:26:03',NULL,0),(376,'Abhishek Dewan','abhishek-dewan-351','astro_351_eCZJU@example.com','0261 4142972',NULL,NULL,'$2y$12$tPGtMSnfRFYPNOpk2ibtGuT9cKs2PexlEBsmT3tA392KxR7SBQmPG',NULL,'astrologer',1,0.00,0.00,0,NULL,'2026-01-31 09:26:03','2026-01-31 09:26:03',NULL,0),(377,'Mukund Upadhyay','mukund-upadhyay-352','astro_352_Za9LH@example.com','+91 95 48269092',NULL,NULL,'$2y$12$igATX2itc2KMIR3b8IVuV.ozU9tqxuQE07/h27uzNkA4YnfdS/6/W',NULL,'astrologer',1,0.00,0.00,0,NULL,'2026-01-31 09:26:04','2026-01-31 09:26:04',NULL,0),(378,'Abhishek Khurana','abhishek-khurana-353','astro_353_IB61j@example.com','+91 71 53231651',NULL,NULL,'$2y$12$QYRytScC1x96ENdbY.aIIuEKWLnsepcv1fSZoT9pOvF4tetQPYoMm',NULL,'astrologer',1,0.00,0.00,0,NULL,'2026-01-31 09:26:04','2026-01-31 09:26:04',NULL,0),(379,'Aarif Ram Chand','aarif-ram-chand-354','astro_354_6Zwwx@example.com','075 25877767',NULL,NULL,'$2y$12$/GyixJMWIOEefNW9kXGCwe.rabm0kAEce7vdY8DlnHHrJQeNQ1YG6',NULL,'astrologer',1,0.00,0.00,0,NULL,'2026-01-31 09:26:04','2026-01-31 09:26:04',NULL,0),(380,'Ricky Monin Bhatti','ricky-monin-bhatti-355','astro_355_4TJrI@example.com','+91 038 5382977',NULL,NULL,'$2y$12$.5uLqLqylxSiwjTwLElVGum1Nm8nBcVtHdM2G0R0PY8HNFEeZUiCa',NULL,'astrologer',1,0.00,0.00,0,NULL,'2026-01-31 09:26:05','2026-01-31 09:26:05',NULL,0),(381,'Arpit Raj Batta','arpit-raj-batta-356','astro_356_Ae443@example.com','+91 20 92644833',NULL,NULL,'$2y$12$mkgoOl5WGX8zM3HReGV6duoiSut99thEJMBslse3Cx0RIz9oY4AdW',NULL,'astrologer',1,0.00,0.00,0,NULL,'2026-01-31 09:26:05','2026-01-31 09:26:05',NULL,0),(382,'Qabool Lal Master','qabool-lal-master-357','astro_357_qEoC5@example.com','0540 8984090',NULL,NULL,'$2y$12$dpzzAEhD7HoKb4GnXqgi3uYcHso85c5Je4Dod1EExCDiZpsc2KW/y',NULL,'astrologer',1,0.00,0.00,0,NULL,'2026-01-31 09:26:06','2026-01-31 09:26:06',NULL,0),(383,'Ram Gopal Das','ram-gopal-das-358','astro_358_FdsfE@example.com','+91 05 07170585',NULL,NULL,'$2y$12$YZrCd3qc3FDbrFRBwb/Rzul425jI6O5p3prJF1Lv0yPINU6FE/5bO',NULL,'astrologer',1,0.00,0.00,0,NULL,'2026-01-31 09:26:06','2026-01-31 09:26:06',NULL,0),(384,'Amir Pratap Kaur','amir-pratap-kaur-359','astro_359_hUHnh@example.com','+91 313 3351306',NULL,NULL,'$2y$12$xq7ciSIoHnyUv7KMUqAcie7wXSP0k4NeT1PCjRb.8r7fGcfXXh0pa',NULL,'astrologer',1,0.00,0.00,0,NULL,'2026-01-31 09:26:07','2026-01-31 09:26:07',NULL,0),(385,'Suraj Raj Persad','suraj-raj-persad-360','astro_360_YshBY@example.com','0823 4881810',NULL,NULL,'$2y$12$z4jWs.9uwVMVXY3Y8u22QO7wGWVImle.FjbMgxdAIIlo0vE.rxkQy',NULL,'astrologer',1,0.00,0.00,0,NULL,'2026-01-31 09:26:07','2026-01-31 09:26:07',NULL,0),(386,'Nirmal Emran Chaudhuri','nirmal-emran-chaudhuri-361','astro_361_KnAte@example.com','0826 1410398',NULL,NULL,'$2y$12$9xoiVRS9LI0G0n6S6ISQzO85zJyLPFce7bjC2.NOyHJK/.4cGpaMG',NULL,'astrologer',1,0.00,0.00,0,NULL,'2026-01-31 09:26:07','2026-01-31 09:26:07',NULL,0),(387,'Zeenat Atwal','zeenat-atwal-362','astro_362_7UhzR@example.com','0573 1488466',NULL,NULL,'$2y$12$GjJV8oICvvlYc6gG8k2uAuN2DwHrDNKbnY2lkrwVYAqoUF1/P7un6',NULL,'astrologer',1,0.00,0.00,0,NULL,'2026-01-31 09:26:08','2026-01-31 09:26:08',NULL,0),(388,'Azhar Arun Ramachandran','azhar-arun-ramachandran-363','astro_363_QNdsr@example.com','+91 671 3804370',NULL,NULL,'$2y$12$sZ5SzONTBFEq7nZ8lNkFJu4V/ZIdKSy3eAZuBBE2VjHILgDx.Vl0S',NULL,'astrologer',1,0.00,0.00,0,NULL,'2026-01-31 09:26:08','2026-01-31 09:26:08',NULL,0),(389,'Monin Dev Choudhry','monin-dev-choudhry-364','astro_364_FCq89@example.com','085 84274538',NULL,NULL,'$2y$12$eifw2IBkCjdbnRBevbsjceQBm06LOns05qe4n0x4khaC8s2aL5CzG',NULL,'astrologer',1,0.00,0.00,0,NULL,'2026-01-31 09:26:09','2026-01-31 09:26:09',NULL,0),(390,'Rupal Singh Taneja','rupal-singh-taneja-365','astro_365_8LGsL@example.com','0533 3557056',NULL,NULL,'$2y$12$c7Fbp6E3pFFToYapH86j7.O9bJKHk6l9yU3oTLSuMB1XNsLTGYgI.',NULL,'astrologer',1,0.00,0.00,0,NULL,'2026-01-31 09:26:09','2026-01-31 09:26:09',NULL,0),(391,'Venkat Dhawan','venkat-dhawan-366','astro_366_RnGU0@example.com','058 87412939',NULL,NULL,'$2y$12$KCCMmhsZjlAJ9xaP7al.ju2wIiGuhFA3vg1Cdoqev8jyyrSuNEmw6',NULL,'astrologer',1,0.00,0.00,0,NULL,'2026-01-31 09:26:10','2026-01-31 09:26:10',NULL,0),(392,'Yadunandan Chirag Hari','yadunandan-chirag-hari-367','astro_367_edhWN@example.com','+91 31 93604221',NULL,NULL,'$2y$12$xVNL39BrL6.n3TEwSKLP2e8e2Z7WhDLJRyFb1Fd9JB3hzq41hhGl.',NULL,'astrologer',1,0.00,0.00,0,NULL,'2026-01-31 09:26:10','2026-01-31 09:26:10',NULL,0),(393,'Bagwati Taahid Solanki','bagwati-taahid-solanki-368','astro_368_BN6Yf@example.com','001 23047114',NULL,NULL,'$2y$12$YvPjO9LxY9rcbiJV.dYJ/.9riNT4ItcOXCfC.5sfB.WcmRO3NYESq',NULL,'astrologer',1,0.00,0.00,0,NULL,'2026-01-31 09:26:10','2026-01-31 09:26:10',NULL,0),(394,'Charlie Rajan','charlie-rajan-369','astro_369_jkG81@example.com','+91 905 1662971',NULL,NULL,'$2y$12$Qd7lOZ8/jcAChHxtCMJgFOaZ7X5e49o2XqMGqZadC5zPLwVaX49Qi',NULL,'astrologer',1,0.00,0.00,0,NULL,'2026-01-31 09:26:11','2026-01-31 09:26:11',NULL,0),(395,'Preshita Gaba','preshita-gaba-370','astro_370_5cG9M@example.com','+91 18 66204363',NULL,NULL,'$2y$12$60cifq6mo.c7gdVo84s5ReUR1zw4kvAExGRTqLZWxZHPnJY1.zB1e',NULL,'astrologer',1,0.00,0.00,0,NULL,'2026-01-31 09:26:11','2026-01-31 09:26:11',NULL,0),(396,'Malik Harpreet Aggarwal','malik-harpreet-aggarwal-371','astro_371_Fm9cF@example.com','+91 18 98592688',NULL,NULL,'$2y$12$1L1nLwvL426L7sf0MRNtyeCaz7o2GqOoVwqaZFomJ6c9bM.yVhxgC',NULL,'astrologer',1,0.00,0.00,0,NULL,'2026-01-31 09:26:12','2026-01-31 09:26:12',NULL,0),(397,'Binita Sahni','binita-sahni-372','astro_372_Xxj2i@example.com','0678 3466097',NULL,NULL,'$2y$12$azheGWBzOmmn8sN2qcHztuE20HYJ8h5EsnBNw1HIfV1pzk2/qQT6q',NULL,'astrologer',1,0.00,0.00,0,NULL,'2026-01-31 09:26:12','2026-01-31 09:26:12',NULL,0),(398,'Aarushi Pall','aarushi-pall-373','astro_373_WSCi5@example.com','+91 46 03309881',NULL,NULL,'$2y$12$K3lnNprq.uo/qkxaeQWccuo4KT0zk4gH96xIsbtq2CIzEgJqB9xbe',NULL,'astrologer',1,0.00,0.00,0,NULL,'2026-01-31 09:26:12','2026-01-31 09:26:12',NULL,0),(399,'Usman Zaad Mahajan','usman-zaad-mahajan-374','astro_374_9TTUF@example.com','+91 20 96391560',NULL,NULL,'$2y$12$9eFi7zVdwrTnM8HLqPtu7ueLqN3YSumx85Virfz750RMp1j5xIOl.',NULL,'astrologer',1,0.00,0.00,0,NULL,'2026-01-31 09:26:13','2026-01-31 09:26:13',NULL,0),(400,'Umesh Lata','umesh-lata-375','astro_375_1AGZr@example.com','0212 4653652',NULL,NULL,'$2y$12$tuwRs1DHAvcJYeknPoEFxeCcBKfErLHRW1fzyVf1KXxL9gZGNlkcC',NULL,'astrologer',1,0.00,0.00,0,NULL,'2026-01-31 09:26:13','2026-01-31 09:26:13',NULL,0),(401,'Aadish Dixit','aadish-dixit-376','astro_376_rJjAH@example.com','+91 071 1522542',NULL,NULL,'$2y$12$PFMqmQKd.JT2l4NPWGgpMO6QkZhMlrI.591e.eu0MGJeAmRafgXPa',NULL,'astrologer',1,0.00,0.00,0,NULL,'2026-01-31 09:26:14','2026-01-31 09:26:14',NULL,0),(402,'Damini Sem','damini-sem-377','astro_377_hhI9U@example.com','+91 623 9213052',NULL,NULL,'$2y$12$m5KY2FJxXQSr39113MLx2O5K.QzXC/DRKi1kO9/magbOE8Taor2mi',NULL,'astrologer',1,0.00,0.00,0,NULL,'2026-01-31 09:26:14','2026-01-31 09:26:14',NULL,0),(403,'Abbas Dhar','abbas-dhar-378','astro_378_xm3Y4@example.com','020 72779705',NULL,NULL,'$2y$12$cZ4k0s2ozFujNA21QMymjuDFcopivKRsFtoJCsccKNynlHYq4m3mC',NULL,'astrologer',1,0.00,0.00,0,NULL,'2026-01-31 09:26:15','2026-01-31 09:26:15',NULL,0),(404,'Elias Bhai Khurana','elias-bhai-khurana-379','astro_379_fcyIU@example.com','0821 0555125',NULL,NULL,'$2y$12$1LaQa1t7KqZlwqqUfPPli.Kc4xXvSnp6LzeWco0jhBCPyWcGWj3oy',NULL,'astrologer',1,0.00,0.00,0,NULL,'2026-01-31 09:26:15','2026-01-31 09:26:15',NULL,0),(405,'Radha Pant','radha-pant-380','astro_380_WTBzq@example.com','+91 55 91137053',NULL,NULL,'$2y$12$p9KKSTODNOmYofhhzKPoqO65rhdEUxUyyc12DI3arh6dmriZXt5Qa',NULL,'astrologer',1,0.00,0.00,0,NULL,'2026-01-31 09:26:16','2026-01-31 09:26:16',NULL,0),(406,'Rita Varkey','rita-varkey-381','astro_381_sX5Ul@example.com','002 66078256',NULL,NULL,'$2y$12$oR09BU/wvrdwvsZ7jFNA/e/k7NPwYFSdqp87/kPUtdUq7vgg7XRSa',NULL,'astrologer',1,0.00,0.00,0,NULL,'2026-01-31 09:26:16','2026-01-31 09:26:16',NULL,0),(407,'Nilam Narayanan','nilam-narayanan-382','astro_382_OGQ3T@example.com','0558 0530062',NULL,NULL,'$2y$12$F8cH.OkD0B6ZnwONGfVwfuJc04F8AWMg95xHb0gD9fbEjXjatJFt.',NULL,'astrologer',1,0.00,0.00,0,NULL,'2026-01-31 09:26:16','2026-01-31 09:26:16',NULL,0),(408,'Kabeer Sengupta','kabeer-sengupta-383','astro_383_B5iMV@example.com','+91 42 64406976',NULL,NULL,'$2y$12$xa8e4yIfK5RA6GsztM3tV.RQaiX3gvPHjAvwLR6m.vVQMTYYfanQW',NULL,'astrologer',1,0.00,0.00,0,NULL,'2026-01-31 09:26:17','2026-01-31 09:26:17',NULL,0),(409,'Gunjan Lalla','gunjan-lalla-384','astro_384_CYBMv@example.com','+91 71 45117377',NULL,NULL,'$2y$12$uppM6UJXVBkq5z8OghNT0OoUNqTMQ1zGfMezRvP8YQZx2HQCVPFeC',NULL,'astrologer',1,0.00,0.00,0,NULL,'2026-01-31 09:26:17','2026-01-31 09:26:17',NULL,0),(410,'Uday Chandra Nagy','uday-chandra-nagy-385','astro_385_OoEIP@example.com','+91 717 1870845',NULL,NULL,'$2y$12$ISHgwVPEqtnSi2zrkoyoduuynUB3hrbHthPkn9gR/f9XPFud5s8UK',NULL,'astrologer',1,0.00,0.00,0,NULL,'2026-01-31 09:26:18','2026-01-31 09:26:18',NULL,0),(411,'Nakul Raval','nakul-raval-386','astro_386_m4yv6@example.com','0002 6146607',NULL,NULL,'$2y$12$G8KC5Z0G7v5K4xXyuoyG5e59DT.sB5AyZQK7UcyI54s0007sNUOdy',NULL,'astrologer',1,0.00,0.00,0,NULL,'2026-01-31 09:26:18','2026-01-31 09:26:18',NULL,0),(412,'Hetan Brahmbhatt','hetan-brahmbhatt-387','astro_387_9grU2@example.com','0649 0378514',NULL,NULL,'$2y$12$gwd9Lu6PHoETp6dPSWyRxOgeAu1qN1bfWvNlJtxItdQjvL5GCdEs.',NULL,'astrologer',1,0.00,0.00,0,NULL,'2026-01-31 09:26:19','2026-01-31 09:26:19',NULL,0),(413,'Ehsaan Rao Shere','ehsaan-rao-shere-388','astro_388_GNDo0@example.com','+91 648 7462399',NULL,NULL,'$2y$12$x4PtgcdlMWrIh1fIEFoQmuoDJFkMDSmYhJl.NNb2MguWgUvREx/Sa',NULL,'astrologer',1,0.00,0.00,0,NULL,'2026-01-31 09:26:19','2026-01-31 09:26:19',NULL,0),(414,'Hari Rao Gopal','hari-rao-gopal-389','astro_389_F9OAG@example.com','+91 96 25808781',NULL,NULL,'$2y$12$hmVPzxEgnnUpvM75B1wFE.TkU6UwfVUsXjnk5zMGQxYaHTFjVm.rK',NULL,'astrologer',1,0.00,0.00,0,NULL,'2026-01-31 09:26:20','2026-01-31 09:26:20',NULL,0),(415,'Jagat Dhar','jagat-dhar-390','astro_390_wW00H@example.com','+91 33 94233906',NULL,NULL,'$2y$12$Y3SmjJOThdFFUA1HHFb6xeFgL03wrsuBL6P/6K9rsY5Wp2blEdSpW',NULL,'astrologer',1,0.00,0.00,0,NULL,'2026-01-31 09:26:20','2026-01-31 09:26:20',NULL,0),(416,'Zeenat Kale','zeenat-kale-391','astro_391_4QKTq@example.com','0346 4188067',NULL,NULL,'$2y$12$8PlK6evlR0vEO3aUysbZkO5TZq6gV.vLVbNEgzSWtZV/5aZ69EzP6',NULL,'astrologer',1,0.00,0.00,0,NULL,'2026-01-31 09:26:20','2026-01-31 09:26:20',NULL,0),(417,'Surya Lal Mathur','surya-lal-mathur-392','astro_392_5bRwP@example.com','+91 915 3944393',NULL,NULL,'$2y$12$T5JNU0yPET8SDvIe.W5YoutC3HVfbKfJn.QjsBXKdJyMUsf7WP8wW',NULL,'astrologer',1,0.00,0.00,0,NULL,'2026-01-31 09:26:21','2026-01-31 09:26:21',NULL,0),(418,'Moti Pratap Balan','moti-pratap-balan-393','astro_393_zYaiN@example.com','011 16840251',NULL,NULL,'$2y$12$qB4/TuHZj.3CeRb7mBKbE.96NojlPSB07SUlRQIx1a5CaGoLGd.6K',NULL,'astrologer',1,0.00,0.00,0,NULL,'2026-01-31 09:26:21','2026-01-31 09:26:21',NULL,0),(419,'Baldev Singh','baldev-singh-394','astro_394_hWgrx@example.com','0245 1126223',NULL,NULL,'$2y$12$5ilPvc42w2ulzTPBLPqStukrdKM0wmri.76cx1/1SCLc1VoayCrqO',NULL,'astrologer',1,0.00,0.00,0,NULL,'2026-01-31 09:26:21','2026-01-31 09:26:21',NULL,0),(420,'Ruchi Chahal','ruchi-chahal-395','astro_395_VcRNr@example.com','097 40084295',NULL,NULL,'$2y$12$oh.gq9jIth2WNz8MVpgi8ukbuKFrqesfxcGykH0CRtZBr3yu8QzMG',NULL,'astrologer',1,0.00,0.00,0,NULL,'2026-01-31 09:26:22','2026-01-31 09:26:22',NULL,0),(421,'Mukti Iqbal Maharaj','mukti-iqbal-maharaj-396','astro_396_qJbEy@example.com','+91 14 71483286',NULL,NULL,'$2y$12$VUhzIry73DDPB4KakK8BO.pMgMHW/xddYkbIYL539../1HHDp.D3W',NULL,'astrologer',1,0.00,0.00,0,NULL,'2026-01-31 09:26:22','2026-01-31 09:26:22',NULL,0),(422,'Kabeer Suresh','kabeer-suresh-397','astro_397_VpeLe@example.com','+91 87 38111882',NULL,NULL,'$2y$12$zChqkFOING05CWsoZouu..ISUpDmrTswCcNFzLDvRNiS5lckbhcPC',NULL,'astrologer',1,0.00,0.00,0,NULL,'2026-01-31 09:26:23','2026-01-31 09:26:23',NULL,0),(423,'Arvind Parveen Prasad','arvind-parveen-prasad-398','astro_398_IkxnZ@example.com','+91 09 57664464',NULL,NULL,'$2y$12$oWKHew1kYxaWSZp/WTFP/umWVcNKkw4/rREAIKyWBxr/6Bp1.Z9LS',NULL,'astrologer',1,0.00,0.00,0,NULL,'2026-01-31 09:26:23','2026-01-31 09:26:23',NULL,0),(424,'Obaid Kohli','obaid-kohli-399','astro_399_6DYBk@example.com','051 22126177',NULL,NULL,'$2y$12$J2mqT0q22PEYEIbXKd/Dh.yX4ZAlhrjzBhgm.lAWUgzCiV4ADOXoG',NULL,'astrologer',1,0.00,0.00,0,NULL,'2026-01-31 09:26:24','2026-01-31 09:26:24',NULL,0),(425,'Lalit Chandra Agrawal','lalit-chandra-agrawal-400','astro_400_AN8gV@example.com','0057 4403652',NULL,NULL,'$2y$12$HTgOAR16bCU.ikaFMZzCGeKzhK/V7n7uwcdmA/erA8HnkKojiV10K',NULL,'astrologer',1,0.00,0.00,0,NULL,'2026-01-31 09:26:24','2026-01-31 09:26:24',NULL,0),(426,'Hemendra Raj Narain','hemendra-raj-narain-401','astro_401_07l8q@example.com','+91 839 8148315',NULL,NULL,'$2y$12$4px73OYWxxT/P9uTJj0naOx0dH0JtT6vZZP008fWf/c.QjDjpZVNi',NULL,'astrologer',1,0.00,0.00,0,NULL,'2026-01-31 09:26:25','2026-01-31 09:26:25',NULL,0),(427,'Sweta Labeen George','sweta-labeen-george-402','astro_402_p7s7c@example.com','+91 542 4145088',NULL,NULL,'$2y$12$p1zubHzcXLXmxCE7KIbsHOznI1wAZABAS1697HZTa7fvISdpNZb9G',NULL,'astrologer',1,0.00,0.00,0,NULL,'2026-01-31 09:26:25','2026-01-31 09:26:25',NULL,0),(428,'Chirag Shan','chirag-shan-403','astro_403_X1Ph7@example.com','+91 21 73974023',NULL,NULL,'$2y$12$8qsSB..X2/K9JL/PiR10AOdH9frEnm2neQCmkNcGFmJgsE.//iHNW',NULL,'astrologer',1,0.00,0.00,0,NULL,'2026-01-31 09:26:25','2026-01-31 09:26:25',NULL,0),(429,'Azhar Chana','azhar-chana-404','astro_404_4Vztv@example.com','+91 61 07412170',NULL,NULL,'$2y$12$jmXvKva7E9Y5GR868r4Mz.XOL9ViPsEL3gLUPq6if9rSPnrG5z246',NULL,'astrologer',1,0.00,0.00,0,NULL,'2026-01-31 09:26:26','2026-01-31 09:26:26',NULL,0),(430,'Lalita Padmanabhan','lalita-padmanabhan-405','astro_405_qMhMI@example.com','0764 8901869',NULL,NULL,'$2y$12$WwZR4xy/DR4mWYsj3aMDouLgFWMpwzrqZ7ttMvvybXn/6tAWSK2tu',NULL,'astrologer',1,0.00,0.00,0,NULL,'2026-01-31 09:26:26','2026-01-31 09:26:26',NULL,0),(431,'Akshay Goel','akshay-goel-406','astro_406_sJ1Ar@example.com','038 29320610',NULL,NULL,'$2y$12$0khDJTrjtGpAySnZPfL.C.cF8N8DAFWr2JZkndJbOrxLQlT96Js.2',NULL,'astrologer',1,0.00,0.00,0,NULL,'2026-01-31 09:26:26','2026-01-31 09:26:26',NULL,0),(432,'Chhavi Ranganathan','chhavi-ranganathan-407','astro_407_9ZxSQ@example.com','093 45604951',NULL,NULL,'$2y$12$.bseVTZgnS0n3A5ZSzU/AeZGkGkPaVWHKgHkps1HCybQs1bxwYeye',NULL,'astrologer',1,0.00,0.00,0,NULL,'2026-01-31 09:26:27','2026-01-31 09:26:27',NULL,0),(433,'Animesh Balan','animesh-balan-408','astro_408_EMyvJ@example.com','0818 4507676',NULL,NULL,'$2y$12$0i920htvVIjftey41xyrvOfLOeGotZiVBj.N8huKdCqlIJfF.cyLS',NULL,'astrologer',1,0.00,0.00,0,NULL,'2026-01-31 09:26:27','2026-01-31 09:26:27',NULL,0),(434,'Poonam Mohit Narayan','poonam-mohit-narayan-409','astro_409_ebJlW@example.com','0454 7128995',NULL,NULL,'$2y$12$jJLLyquyqOpObo2XPLEhKeK4KNq/lRKcXLmV6EIURcdN2E45hoQnW',NULL,'astrologer',1,0.00,0.00,0,NULL,'2026-01-31 09:26:27','2026-01-31 09:26:27',NULL,0),(435,'Sirish Swaminathan','sirish-swaminathan-410','astro_410_GOKGb@example.com','0034 8564780',NULL,NULL,'$2y$12$ej2S6lqQ4/qK/G39S45F4OAVbC3iZwWq4gqVkizGl/wRpcI1/iNu6',NULL,'astrologer',1,0.00,0.00,0,NULL,'2026-01-31 09:26:28','2026-01-31 09:26:28',NULL,0),(436,'Kanika Kaur','kanika-kaur-411','astro_411_LUdV9@example.com','054 22221627',NULL,NULL,'$2y$12$kDlMJoAOyaRMLh9YI3/vxeXyL47cmcxs3oGuY9NphD04po6JozV/6',NULL,'astrologer',1,0.00,0.00,0,NULL,'2026-01-31 09:26:28','2026-01-31 09:26:28',NULL,0),(437,'Mukul Kara','mukul-kara-412','astro_412_SB10D@example.com','+91 53 94295690',NULL,NULL,'$2y$12$OtXuKFNsuUlVr.vxjNm/fOzISe.2r/Dji5M6zxPg7ZO7ma1FppLvG',NULL,'astrologer',1,0.00,0.00,0,NULL,'2026-01-31 09:26:29','2026-01-31 09:26:29',NULL,0),(438,'Srinivasan Dev Talwar','srinivasan-dev-talwar-413','astro_413_Gajc1@example.com','0073 7258518',NULL,NULL,'$2y$12$bNbJOFzJ.q0tB2mHfTvuR.HpIi9BRVfj50KkY/nIYFdsyH6dFFU6u',NULL,'astrologer',1,0.00,0.00,0,NULL,'2026-01-31 09:26:29','2026-01-31 09:26:29',NULL,0),(439,'Bhola Narula','bhola-narula-414','astro_414_6NdgD@example.com','0743 2879967',NULL,NULL,'$2y$12$5ZquynQMQE3i367yjdsB0.N9IgyjhX/FxW8B9G8H/lnfXi9pJu6Lu',NULL,'astrologer',1,0.00,0.00,0,NULL,'2026-01-31 09:26:30','2026-01-31 09:26:30',NULL,0),(440,'Obaid Albert Sha','obaid-albert-sha-415','astro_415_sfHu2@example.com','+91 39 68248000',NULL,NULL,'$2y$12$51TUlm5R6opvt9jAE26TBuGr3Vqw58Vp6aVEoiuJE2LhE3.IgifLS',NULL,'astrologer',1,0.00,0.00,0,NULL,'2026-01-31 09:26:30','2026-01-31 09:26:30',NULL,0),(441,'Aadil Singh Singh','aadil-singh-singh-416','astro_416_2N2VT@example.com','044 43745031',NULL,NULL,'$2y$12$6Uc0x.4bHyXB77tPV0izyeMeaz4bGjS6egdJ5kP2vusNnK1pUswuC',NULL,'astrologer',1,0.00,0.00,0,NULL,'2026-01-31 09:26:30','2026-01-31 09:26:30',NULL,0),(442,'Neerendra Mohan','neerendra-mohan-417','astro_417_L0oqf@example.com','+91 93 12839436',NULL,NULL,'$2y$12$gbJ77dRdfUhnUBCF3Ohtf.3FgMweL3RgYUyRpxHdV5bODwG/uq1pC',NULL,'astrologer',1,0.00,0.00,0,NULL,'2026-01-31 09:26:31','2026-01-31 09:26:31',NULL,0),(443,'Umar Venkataraman','umar-venkataraman-418','astro_418_vb5ta@example.com','019 17084019',NULL,NULL,'$2y$12$xBoQxZ54nC..r2MIHbnIveLfBboJ5VR5JHSOGsH/qCn40ts2Pq3pe',NULL,'astrologer',1,0.00,0.00,0,NULL,'2026-01-31 09:26:31','2026-01-31 09:26:31',NULL,0),(444,'Arvind Swamy','arvind-swamy-419','astro_419_PnDVJ@example.com','015 95309555',NULL,NULL,'$2y$12$jKwgGwNKou8uCr.4B88p/OVB67.axxR/r3NS8ow/c72C8qKR5wj8y',NULL,'astrologer',1,0.00,0.00,0,NULL,'2026-01-31 09:26:32','2026-01-31 09:26:32',NULL,0),(445,'Ram Gopal Dada','ram-gopal-dada-420','astro_420_Ronb0@example.com','058 51707039',NULL,NULL,'$2y$12$T2OQzDJShU2cFovyAYSHWORet1f/SljknR.AaJ24X5u2eiWh0efpC',NULL,'astrologer',1,0.00,0.00,0,NULL,'2026-01-31 09:26:32','2026-01-31 09:26:32',NULL,0),(446,'Surya Nori','surya-nori-421','astro_421_OGjci@example.com','+91 11 30790006',NULL,NULL,'$2y$12$PGB59h7T6GetNiaygXgnDejU9Zw/D4ON7HTDNxqhEA5/zSwJo5hLK',NULL,'astrologer',1,0.00,0.00,0,NULL,'2026-01-31 09:26:33','2026-01-31 09:26:33',NULL,0),(447,'Jamshed Upadhyay','jamshed-upadhyay-422','astro_422_M4tDS@example.com','+91 94 72587665',NULL,NULL,'$2y$12$rv/.kjiSU67LtVxjGLnkz.mlL756p05exxSpUj./077ZuE0Y1SwOK',NULL,'astrologer',1,0.00,0.00,0,NULL,'2026-01-31 09:26:33','2026-01-31 09:26:33',NULL,0),(448,'Akhila Devi','akhila-devi-423','astro_423_bgTUQ@example.com','+91 999 9409349',NULL,NULL,'$2y$12$g1LumQ/a0/QmCJOjCDBKYeYfy32E65wBAuV2iX3Gi/dQ9/tnWU8Du',NULL,'astrologer',1,0.00,0.00,0,NULL,'2026-01-31 09:26:33','2026-01-31 09:26:33',NULL,0),(449,'Ujwal Manne','ujwal-manne-424','astro_424_8fHIq@example.com','015 90089048',NULL,NULL,'$2y$12$MZ7YUe6ItBPs3i02hNMsx.iq/cgLzGkSpc32LvYOOvLNwz.tI.68i',NULL,'astrologer',1,0.00,0.00,0,NULL,'2026-01-31 09:26:34','2026-01-31 09:26:34',NULL,0),(450,'Naseer Bhai Raghavan','naseer-bhai-raghavan-425','astro_425_KeKrg@example.com','+91 52 52273100',NULL,NULL,'$2y$12$Ssf33aLIv6ABDd7FTCkwTepOHIY8falWGoFeXjeD4W0DAb/WMnsGu',NULL,'astrologer',1,0.00,0.00,0,NULL,'2026-01-31 09:26:34','2026-01-31 09:26:34',NULL,0),(451,'Amrita Srinivasan Natarajan','amrita-srinivasan-natarajan-426','astro_426_23o5y@example.com','+91 88 45792999',NULL,NULL,'$2y$12$T2kiCMrfL3g1lPyH2SgV.OQTy6gEwV8DeNXCYWyG97rqbWiskCKzS',NULL,'astrologer',1,0.00,0.00,0,NULL,'2026-01-31 09:26:35','2026-01-31 09:26:35',NULL,0),(452,'Himani Sumit Biyani','himani-sumit-biyani-427','astro_427_4cHjN@example.com','+91 045 3095809',NULL,NULL,'$2y$12$I7d8r2Cc3HQNzihlYuxoQewKQJbai6Z5xWpAGBX61P407ql2KdS1.',NULL,'astrologer',1,0.00,0.00,0,NULL,'2026-01-31 09:26:35','2026-01-31 09:26:35',NULL,0),(453,'Rohini Zahir Mathur','rohini-zahir-mathur-428','astro_428_prN6b@example.com','075 98378520',NULL,NULL,'$2y$12$UA1dV5Xt5ewkMPqx5l8yyeiRis7lU7kQsbYrc9H3FyCtFHqys5ZhG',NULL,'astrologer',1,0.00,0.00,0,NULL,'2026-01-31 09:26:35','2026-01-31 09:26:35',NULL,0),(454,'Jack Dutt','jack-dutt-429','astro_429_1bkAv@example.com','0201 5447828',NULL,NULL,'$2y$12$JAO1PAr9p7l4JpzYmqW13eohzLjNXyoluafLdc8/0gZH9DaBqQBN.',NULL,'astrologer',1,0.00,0.00,0,NULL,'2026-01-31 09:26:36','2026-01-31 09:26:36',NULL,0),(455,'Ajeet Raju','ajeet-raju-430','astro_430_ksZCM@example.com','022 97731340',NULL,NULL,'$2y$12$CAt777z3AV38s5exVhoX2esdfh0S.sF.GIJrTbTKS4Tt86oyb0rjS',NULL,'astrologer',1,0.00,0.00,0,NULL,'2026-01-31 09:26:36','2026-01-31 09:26:36',NULL,0),(456,'Bhola Aurora','bhola-aurora-431','astro_431_nZWuV@example.com','0760 4761470',NULL,NULL,'$2y$12$bCGOsfzOf02vCOGWsgk0lu1Qto/mHPPH.QL9.6tqXeKwn/x/ilhti',NULL,'astrologer',1,0.00,0.00,0,NULL,'2026-01-31 09:26:36','2026-01-31 09:26:36',NULL,0),(457,'Nishtha Narayan','nishtha-narayan-432','astro_432_eJ076@example.com','0902 6938366',NULL,NULL,'$2y$12$4omnpZcB5htxDq85rciVVe9U.M7XqbRupdAedPHjCqIjeI6mmi6Dy',NULL,'astrologer',1,0.00,0.00,0,NULL,'2026-01-31 09:26:37','2026-01-31 09:26:37',NULL,0),(458,'Zeeshan Raj Wadhwa','zeeshan-raj-wadhwa-433','astro_433_Kt5BO@example.com','+91 38 25401308',NULL,NULL,'$2y$12$b3faVZrlYP/8Z4horeNJ4OYUPlDoQRXBmKnK7aSpS3HbWwTW3A6qm',NULL,'astrologer',1,0.00,0.00,0,NULL,'2026-01-31 09:26:37','2026-01-31 09:26:37',NULL,0),(459,'Samir Upadhyay','samir-upadhyay-434','astro_434_0I7WS@example.com','088 84633330',NULL,NULL,'$2y$12$Kcxjl2hy0ML5oUzsidc7buMsR/1vXHbHOzBkm4aCj9cB4xGXO8EWu',NULL,'astrologer',1,0.00,0.00,0,NULL,'2026-01-31 09:26:38','2026-01-31 09:26:38',NULL,0),(460,'Manish Hayre','manish-hayre-435','astro_435_tBY16@example.com','+91 21 65972767',NULL,NULL,'$2y$12$4IiCwSJE9mV4YSUY4A3Tke.2Mv7GQ9nkaZCt7YG2gYTn/evqG9egy',NULL,'astrologer',1,0.00,0.00,0,NULL,'2026-01-31 09:26:38','2026-01-31 09:26:38',NULL,0),(461,'Jatin Kumar Nanda','jatin-kumar-nanda-436','astro_436_SlJ2P@example.com','+91 464 4891735',NULL,NULL,'$2y$12$fqFpjUKduVhRewmk3aMXO.JxhwrtNCt3myQN.C83Pj9PDQJK.7mW.',NULL,'astrologer',1,0.00,0.00,0,NULL,'2026-01-31 09:26:39','2026-01-31 09:26:39',NULL,0),(462,'Darpan Lal Suresh','darpan-lal-suresh-437','astro_437_DVPrJ@example.com','+91 67 95428818',NULL,NULL,'$2y$12$ujjzzld4Z3RgeR3sI3XzXOewDOyYUlqk2QeCg7s6JDT5XtPBRzCFm',NULL,'astrologer',1,0.00,0.00,0,NULL,'2026-01-31 09:26:40','2026-01-31 09:26:40',NULL,0),(463,'Gauransh Panchal','gauransh-panchal-438','astro_438_GegTm@example.com','+91 318 6892991',NULL,NULL,'$2y$12$AcTvb9.o7NrzXi/3B3XMd.c7sw/zQJOC2OxulmmFlnUD8xNcsWT.q',NULL,'astrologer',1,0.00,0.00,0,NULL,'2026-01-31 09:26:40','2026-01-31 09:26:40',NULL,0),(464,'Astha Batta','astha-batta-439','astro_439_lX0Ti@example.com','0914 8510023',NULL,NULL,'$2y$12$UmSNsXuPoFVM9XmOwXWuIeZtMeC8bTA9QERvGSMjKNkc8hf5BZoOy',NULL,'astrologer',1,0.00,0.00,0,NULL,'2026-01-31 09:26:41','2026-01-31 09:26:41',NULL,0),(465,'Dinesh Bhai Mohabir','dinesh-bhai-mohabir-440','astro_440_IpFl1@example.com','0657 0933701',NULL,NULL,'$2y$12$my8qgGsE3s9s3DCEeBDvVeYyZziiapkzAvGf7zJ6X/7jaMiZJgGkq',NULL,'astrologer',1,0.00,0.00,0,NULL,'2026-01-31 09:26:41','2026-01-31 09:26:41',NULL,0),(466,'Akshay George','akshay-george-441','astro_441_vaQQ6@example.com','0636 0079710',NULL,NULL,'$2y$12$mLf91sqU9FsmbGvpcktLc.7lLXtwK0ae5Y4jvlMpYoJEz9bC0/WT6',NULL,'astrologer',1,0.00,0.00,0,NULL,'2026-01-31 09:26:41','2026-01-31 09:26:41',NULL,0),(467,'Jagdish Raj Raval','jagdish-raj-raval-442','astro_442_hFQiR@example.com','+91 571 5962123',NULL,NULL,'$2y$12$8MH8mK4fcJm4WVJjcbw22etOJrA21x06Ps4OX6fdB79Rf8bP6ioka',NULL,'astrologer',1,0.00,0.00,0,NULL,'2026-01-31 09:26:42','2026-01-31 09:26:42',NULL,0),(468,'Rupesh Bhai Raghavan','rupesh-bhai-raghavan-443','astro_443_Gfjfa@example.com','+91 31 13503246',NULL,NULL,'$2y$12$fdeKkBeT.PQhPcMc6YSjuuc9DGwdIhR9SiahGLdWVEF2.4sOqbBju',NULL,'astrologer',1,0.00,0.00,0,NULL,'2026-01-31 09:26:42','2026-01-31 09:26:42',NULL,0),(469,'Kartik Kari','kartik-kari-444','astro_444_9lEci@example.com','0905 4613515',NULL,NULL,'$2y$12$Fc1mllsFe.trF1sZDc5T5ODECfnR9njOim3xPkwPneK7y/7z0gGZq',NULL,'astrologer',1,0.00,0.00,0,NULL,'2026-01-31 09:26:43','2026-01-31 09:26:43',NULL,0),(470,'Mohan Pratap Sarkar','mohan-pratap-sarkar-445','astro_445_ufusq@example.com','047 60057288',NULL,NULL,'$2y$12$kVke5khR9.FrR00GiXT9t.lVQibnoHJ2zE5FAohjwBxMpGZSRetmu',NULL,'astrologer',1,0.00,0.00,0,NULL,'2026-01-31 09:26:43','2026-01-31 09:26:43',NULL,0),(471,'Poonam Chowdhury','poonam-chowdhury-446','astro_446_5cyEc@example.com','+91 619 0016020',NULL,NULL,'$2y$12$RFHMpZwfISoUZjLG.p1C5.d.pVAwWRG0IbMYr.56ANHGuSjPejc5O',NULL,'astrologer',1,0.00,0.00,0,NULL,'2026-01-31 09:26:43','2026-01-31 09:26:43',NULL,0),(472,'Sharad Ram Basu','sharad-ram-basu-447','astro_447_bZv9Y@example.com','+91 93 08501793',NULL,NULL,'$2y$12$M/FQTun3Mwr/0aj/Agm0JeziPBCWJG0hwIGYHkUDZXHWve.BY8mcO',NULL,'astrologer',1,0.00,0.00,0,NULL,'2026-01-31 09:26:44','2026-01-31 09:26:44',NULL,0),(473,'Saurabh Lal Mody','saurabh-lal-mody-448','astro_448_JvYhM@example.com','+91 04 70014616',NULL,NULL,'$2y$12$XVWiJ7sj/HWysfWBePJO9eD0qtOiy.imRxZhnSbLCMKGPXfpB.erS',NULL,'astrologer',1,0.00,0.00,0,NULL,'2026-01-31 09:26:44','2026-01-31 09:26:44',NULL,0),(474,'Ishat Chandra Sood','ishat-chandra-sood-449','astro_449_4OCZL@example.com','0215 9867820',NULL,NULL,'$2y$12$rXAlZLHGH4X7N1roiyJi6uI1SYtIt1jM1.79XusuNQPt80wvFGAVu',NULL,'astrologer',1,0.00,0.00,0,NULL,'2026-01-31 09:26:45','2026-01-31 09:26:45',NULL,0),(475,'Supriya Misra','supriya-misra-450','astro_450_AhcoC@example.com','0710 8220591',NULL,NULL,'$2y$12$YgBRqoJP5/4LqkBRVJotPeUl/yRUnKG3bo36377DI.6nEBMNt5HDq',NULL,'astrologer',1,0.00,0.00,0,NULL,'2026-01-31 09:26:45','2026-01-31 09:26:45',NULL,0),(476,'Deepesh Ramesh Raghavan','deepesh-ramesh-raghavan-451','astro_451_xqm5Q@example.com','+91 074 3067021',NULL,NULL,'$2y$12$bGgdqBhguTQFRNFRnlPh1eaRX73uqyxsFGEDSF7KurINWSKumR9Su',NULL,'astrologer',1,0.00,0.00,0,NULL,'2026-01-31 09:26:45','2026-01-31 09:26:45',NULL,0),(477,'Kajol Murty','kajol-murty-452','astro_452_IhkZ6@example.com','0794 1032709',NULL,NULL,'$2y$12$c7WENc5JPPQBeYxYInNEbu7w8BtOap.oRqkp3oVhVwmdskIIV0tui',NULL,'astrologer',1,0.00,0.00,0,NULL,'2026-01-31 09:26:46','2026-01-31 09:26:46',NULL,0),(478,'Anees Sengupta','anees-sengupta-453','astro_453_sokGd@example.com','0055 3425306',NULL,NULL,'$2y$12$AjagTmaJ4Fgn3EwCtsUH5uVJYq8O6PDeBKEKR9vDzWGJ8RfHGWJMS',NULL,'astrologer',1,0.00,0.00,0,NULL,'2026-01-31 09:26:46','2026-01-31 09:26:46',NULL,0),(479,'Naresh Lal Varughese','naresh-lal-varughese-454','astro_454_vFEHv@example.com','0015 0754020',NULL,NULL,'$2y$12$zhQwdjtI0I62i58avOKjXeGA2alXKsq1rHGZeQGhg6Ft1FpY6PlTm',NULL,'astrologer',1,0.00,0.00,0,NULL,'2026-01-31 09:26:47','2026-01-31 09:26:47',NULL,0),(480,'Sameera Shenoy','sameera-shenoy-455','astro_455_13BL3@example.com','090 35776736',NULL,NULL,'$2y$12$UWuBPkFNO9rEiaHA2dZoSuhxmouFFVz.AF.B5uZOnGVp6dyMuMrtu',NULL,'astrologer',1,0.00,0.00,0,NULL,'2026-01-31 09:26:47','2026-01-31 09:26:47',NULL,0),(481,'Chhavi Singh','chhavi-singh-456','astro_456_sRdQD@example.com','078 99126411',NULL,NULL,'$2y$12$hpm361ns.EdGkzwxkHxFdOusMJcAF4HaLzsBF8vNjd4DoOI15Hl1u',NULL,'astrologer',1,0.00,0.00,0,NULL,'2026-01-31 09:26:48','2026-01-31 09:26:48',NULL,0),(482,'Ghalib Subhash Chahal','ghalib-subhash-chahal-457','astro_457_fiC0T@example.com','+91 68 53581168',NULL,NULL,'$2y$12$.yxeZSWph0BKXZlQbCbii.pKNzOBtVWuXyF12xI9gS9sHTd8aqzQa',NULL,'astrologer',1,0.00,0.00,0,NULL,'2026-01-31 09:26:48','2026-01-31 09:26:48',NULL,0),(483,'Harpreet Bobal','harpreet-bobal-458','astro_458_3JGZA@example.com','+91 615 7323245',NULL,NULL,'$2y$12$JQlkt.IiKOjCkKu.bxH6eu1nuMsVLU2SwVDapjF9l9nP0wWkWiDMK',NULL,'astrologer',1,0.00,0.00,0,NULL,'2026-01-31 09:26:49','2026-01-31 09:26:49',NULL,0),(484,'Richa Sahil Bahri','richa-sahil-bahri-459','astro_459_0iq8G@example.com','+91 323 6693035',NULL,NULL,'$2y$12$DHcwngD.yCP0Iec2zfAC2OlnvPsUf9uEOo5miiYpt3A3oBiX4lIgW',NULL,'astrologer',1,0.00,0.00,0,NULL,'2026-01-31 09:26:49','2026-01-31 09:26:49',NULL,0),(485,'Binod Lal Walia','binod-lal-walia-460','astro_460_fujCU@example.com','0064 7109111',NULL,NULL,'$2y$12$pg3n4lPkERkoswFsUPUNkeyWSccqUPze5epspu4WH7o1AaBdma/6e',NULL,'astrologer',1,0.00,0.00,0,NULL,'2026-01-31 09:26:50','2026-01-31 09:26:50',NULL,0),(486,'Naina Murthy','naina-murthy-461','astro_461_3B59T@example.com','0605 0200895',NULL,NULL,'$2y$12$ktSSko1Zp6GNcLfQOGtpCelNO061pSy9tWmZMOrXpCs0Q62ISaNYW',NULL,'astrologer',1,0.00,0.00,0,NULL,'2026-01-31 09:26:50','2026-01-31 09:26:50',NULL,0),(487,'Pravin Rao Dutt','pravin-rao-dutt-462','astro_462_BJQpR@example.com','+91 699 6704457',NULL,NULL,'$2y$12$grGKCO10b.1rKbJSStz9j.3z/HGHgC0yTT9uueNPQxU7gdneuUoNa',NULL,'astrologer',1,0.00,0.00,0,NULL,'2026-01-31 09:26:51','2026-01-31 09:26:51',NULL,0),(488,'Naseer Prashad','naseer-prashad-463','astro_463_q7eGN@example.com','+91 28 58962282',NULL,NULL,'$2y$12$5ryCWsgC4P8UU9iMfnOvN.TS8y7RCVwS0Sp//GCAI/HFmj99TTsiu',NULL,'astrologer',1,0.00,0.00,0,NULL,'2026-01-31 09:26:51','2026-01-31 09:26:51',NULL,0),(489,'Anand Chohan','anand-chohan-464','astro_464_rs42n@example.com','+91 28 40376136',NULL,NULL,'$2y$12$7lIDNP8R4uHwBKVhc2RqfurkJumdydK7jtTI1gk4z55z52OEdbQoq',NULL,'astrologer',1,0.00,0.00,0,NULL,'2026-01-31 09:26:52','2026-01-31 09:26:52',NULL,0),(490,'Brock Pratap Dar','brock-pratap-dar-465','astro_465_zCHDN@example.com','+91 18 79258714',NULL,NULL,'$2y$12$RgIG/BRYYY7ifv/FvuP9g.64eFoKOZAFQbSrgxtWOFeE.3NRqt4Ry',NULL,'astrologer',1,0.00,0.00,0,NULL,'2026-01-31 09:26:52','2026-01-31 09:26:52',NULL,0),(491,'Amolika Chander','amolika-chander-466','astro_466_uAiG2@example.com','0638 9340283',NULL,NULL,'$2y$12$iDYtgLGfM35hKSMmjODyJe13MGe3pVruWxgR5vUbCpmFTAOv2rs4m',NULL,'astrologer',1,0.00,0.00,0,NULL,'2026-01-31 09:26:53','2026-01-31 09:26:53',NULL,0),(492,'Ruchi Sama','ruchi-sama-467','astro_467_RBVi5@example.com','0743 8126958',NULL,NULL,'$2y$12$K5zCfPlKzdjuFq4KMph7UOZv0Vwl/K/.iNgLh6aiRvY9xF0Fqw3uu',NULL,'astrologer',1,0.00,0.00,0,NULL,'2026-01-31 09:26:53','2026-01-31 09:26:53',NULL,0),(493,'Kalyan Dev Bath','kalyan-dev-bath-468','astro_468_cawAZ@example.com','033 16460990',NULL,NULL,'$2y$12$YSCawV7UDr.wLnJcGSLPlu4P/8mwbWpRnFUDvYMMGJ.NcpsMPRChW',NULL,'astrologer',1,0.00,0.00,0,NULL,'2026-01-31 09:26:54','2026-01-31 09:26:54',NULL,0),(494,'Harbhajan Binnani','harbhajan-binnani-469','astro_469_k5vkH@example.com','+91 509 3580208',NULL,NULL,'$2y$12$zd14gJzeePZQqE5U/Zsp8eGuGX6Zht6Ii8ZuN9xU5HhzXb3cBriFq',NULL,'astrologer',1,0.00,0.00,0,NULL,'2026-01-31 09:26:54','2026-01-31 09:26:54',NULL,0),(495,'Rachel Binoya Kalla','rachel-binoya-kalla-470','astro_470_toTOa@example.com','+91 749 8411443',NULL,NULL,'$2y$12$wvhuXSjsCIJPa4pOd/c7ouvmSkQtVvnKHoHsniSC1L2sGn1mi9oPS',NULL,'astrologer',1,0.00,0.00,0,NULL,'2026-01-31 09:26:55','2026-01-31 09:26:55',NULL,0),(496,'Binod Raj Sastry','binod-raj-sastry-471','astro_471_awb0i@example.com','0613 2317225',NULL,NULL,'$2y$12$EAa3N4yyLh.Tnt9g1wLQg.xJueRdE0Y4UpLyIZ1/dkDGj9DSxgizy',NULL,'astrologer',1,0.00,0.00,0,NULL,'2026-01-31 09:26:55','2026-01-31 09:26:55',NULL,0),(497,'Pranab Bawa','pranab-bawa-472','astro_472_BrMns@example.com','0656 9123839',NULL,NULL,'$2y$12$./HerJ458dkdL7yoaOUNMOed/O0dgUJbT/db6ZhDC.KutQhZz4MFu',NULL,'astrologer',1,0.00,0.00,0,NULL,'2026-01-31 09:26:56','2026-01-31 09:26:56',NULL,0),(498,'Ritika Jayaraman','ritika-jayaraman-473','astro_473_t9Ifq@example.com','+91 227 0289255',NULL,NULL,'$2y$12$sJltUq.9HWY7.htKz4tptej/CybdfzM7MUzaCn3XcsqdJvpfsstx2',NULL,'astrologer',1,0.00,0.00,0,NULL,'2026-01-31 09:26:56','2026-01-31 09:26:56',NULL,0),(499,'Gauransh Yadu Vohra','gauransh-yadu-vohra-474','astro_474_Yorqg@example.com','+91 292 8690491',NULL,NULL,'$2y$12$hYDNvTfp6tTo.b3wZBDEPOurCR2.bVdPtrVX35brPWKjpjgkwkyJ6',NULL,'astrologer',1,0.00,0.00,0,NULL,'2026-01-31 09:26:57','2026-01-31 09:26:57',NULL,0),(500,'Kalyan Kalyan Padmanabhan','kalyan-kalyan-padmanabhan-475','astro_475_lXCkg@example.com','014 05507632',NULL,NULL,'$2y$12$urKgY5XpD94VzQt0AvqyAe4vWjhZWmVCGdcx29QGApL/BCBYpwNUS',NULL,'astrologer',1,0.00,0.00,0,NULL,'2026-01-31 09:26:57','2026-01-31 09:26:57',NULL,0),(501,'Gulzar Banerjee','gulzar-banerjee-476','astro_476_dbizq@example.com','0032 4180751',NULL,NULL,'$2y$12$BPnxjLgVXdl0BprtjLYfO.Fyn5YL9UMu5JbqAp/OidDJsaBUWjsFm',NULL,'astrologer',1,0.00,0.00,0,NULL,'2026-01-31 09:26:58','2026-01-31 09:26:58',NULL,0),(502,'Karim Prasad Manne','karim-prasad-manne-477','astro_477_NaWYM@example.com','+91 53 04512868',NULL,NULL,'$2y$12$FJUCuHF67Lhth01oFJ0LseBdFaF2725XiBs0ju8VFnYuEI/zzgx4u',NULL,'astrologer',1,0.00,0.00,0,NULL,'2026-01-31 09:26:59','2026-01-31 09:26:59',NULL,0),(503,'Qadim Oak','qadim-oak-478','astro_478_eALOZ@example.com','0820 3732691',NULL,NULL,'$2y$12$K6AZ5lTpAJn2XsfMjmX/t.sBd4wtzFSv2E9jQ3p3H5uHf3uN32vGa',NULL,'astrologer',1,0.00,0.00,0,NULL,'2026-01-31 09:26:59','2026-01-31 09:26:59',NULL,0),(504,'Aatif Ghosh','aatif-ghosh-479','astro_479_eXLn7@example.com','+91 824 5367537',NULL,NULL,'$2y$12$GQjFsUhD2Msz8STA8oJvr.qnfQpHTEn/u3AZlHS1XhdkSfi9DQKte',NULL,'astrologer',1,0.00,0.00,0,NULL,'2026-01-31 09:27:00','2026-01-31 09:27:00',NULL,0),(505,'Dinesh Bedi','dinesh-bedi-480','astro_480_X5GPC@example.com','+91 392 7229388',NULL,NULL,'$2y$12$t/qiOIDzpLTe5yYGd8laTuUGiTM3lWpZgZ4hJOqHpPictczspxRw.',NULL,'astrologer',1,0.00,0.00,0,NULL,'2026-01-31 09:27:00','2026-01-31 09:27:00',NULL,0),(506,'Nirmal Ram Palla','nirmal-ram-palla-481','astro_481_yLydQ@example.com','092 97926425',NULL,NULL,'$2y$12$4SdXT8Y4np9CNrC9NS9xFeSvaQFrcDNVnOOQexv/l9t0mP24N2ieq',NULL,'astrologer',1,0.00,0.00,0,NULL,'2026-01-31 09:27:01','2026-01-31 09:27:01',NULL,0),(507,'Nirmal Raj','nirmal-raj-482','astro_482_zmols@example.com','+91 98 92787577',NULL,NULL,'$2y$12$lO8eEjWYvYLmxxJOhjzeg.n0/cfLO3v4/ZHLIa792hynzyXVt5C.C',NULL,'astrologer',1,0.00,0.00,0,NULL,'2026-01-31 09:27:01','2026-01-31 09:27:01',NULL,0),(508,'Heena Peri','heena-peri-483','astro_483_7r3fg@example.com','075 23592284',NULL,NULL,'$2y$12$m/M.D264mhCwIbLReWB18OVF9V3bsqRjp1logT8nw/zIzq6KENSRy',NULL,'astrologer',1,0.00,0.00,0,NULL,'2026-01-31 09:27:02','2026-01-31 09:27:02',NULL,0),(509,'Nishtha Labeen Hora','nishtha-labeen-hora-484','astro_484_9iOss@example.com','069 78245831',NULL,NULL,'$2y$12$cDptE2k1UMZOGQxyNUe6z.pX/oaHqYg3GwqAw.XHJLbDkVPxoes4K',NULL,'astrologer',1,0.00,0.00,0,NULL,'2026-01-31 09:27:02','2026-01-31 09:27:02',NULL,0),(510,'Suresh Raja','suresh-raja-485','astro_485_XJxGe@example.com','+91 34 41057146',NULL,NULL,'$2y$12$YUcH6AV4ri.2klFAY3jlA.Tyb.VR5C89BSHKcm7Eex.3PZgyWIyHq',NULL,'astrologer',1,0.00,0.00,0,NULL,'2026-01-31 09:27:03','2026-01-31 09:27:03',NULL,0),(511,'Zahir Lal Sami','zahir-lal-sami-486','astro_486_iNB6h@example.com','+91 243 6611483',NULL,NULL,'$2y$12$QqY9p651PajwpA5pTLwHJOxHTqikCN3FSMMk/f0JHAhsL6KRKZPe.',NULL,'astrologer',1,0.00,0.00,0,NULL,'2026-01-31 09:27:03','2026-01-31 09:27:03',NULL,0),(512,'Vijay Koshy','vijay-koshy-487','astro_487_P9nhT@example.com','0264 5916781',NULL,NULL,'$2y$12$JC9lBW3GZs6KrZhyN0Xg7OkuCjbbU/pjgKmM5XP/Vz2pdxyn9FFR.',NULL,'astrologer',1,0.00,0.00,0,NULL,'2026-01-31 09:27:04','2026-01-31 09:27:04',NULL,0),(513,'Mehul Sarin','mehul-sarin-488','astro_488_rBETR@example.com','+91 160 0941631',NULL,NULL,'$2y$12$VR0qD783Z6MrHlSFhQGzoekfuh8jU.9oIs8wBmCz/eNhIj.VuaCoC',NULL,'astrologer',1,0.00,0.00,0,NULL,'2026-01-31 09:27:04','2026-01-31 09:27:04',NULL,0),(514,'Subhash Vig','subhash-vig-489','astro_489_Mews1@example.com','+91 511 0169238',NULL,NULL,'$2y$12$WoZlA9Ectx393sQ2fPcbu.CxE9n1qLSTwlyn4Vjl9446hbGST6nsm',NULL,'astrologer',1,0.00,0.00,0,NULL,'2026-01-31 09:27:05','2026-01-31 09:27:05',NULL,0),(515,'Sahil Gaurav Dugal','sahil-gaurav-dugal-490','astro_490_TWOfW@example.com','+91 957 3842304',NULL,NULL,'$2y$12$aDqDGejF3Inn2f3TxqYT0OHokJW1KMXW0ArWj7TcxvAuNtUcHyQRK',NULL,'astrologer',1,0.00,0.00,0,NULL,'2026-01-31 09:27:05','2026-01-31 09:27:05',NULL,0),(516,'Obaid Mody','obaid-mody-491','astro_491_whryn@example.com','+91 68 96864013',NULL,NULL,'$2y$12$Mrih6VAIslJRsy7hH6ZDQ.BrHGdfmVDD1qU7pSoMTa/g105WbzkU6',NULL,'astrologer',1,0.00,0.00,0,NULL,'2026-01-31 09:27:06','2026-01-31 09:27:06',NULL,0),(517,'Mohan Chandra Nath','mohan-chandra-nath-492','astro_492_DCPWz@example.com','+91 73 90598689',NULL,NULL,'$2y$12$2BoYMixRUqobBzUCzo410OYJSCv6ceGvxGsIuKboOLLtbmXYVHtRO',NULL,'astrologer',1,0.00,0.00,0,NULL,'2026-01-31 09:27:06','2026-01-31 09:27:06',NULL,0),(518,'Aayushi Dhillon','aayushi-dhillon-493','astro_493_T00Da@example.com','038 43658606',NULL,NULL,'$2y$12$6akc.zcRuDcgxcESr3L38.Co6yBtThbGzYC8qR38D0tGNGuXn4kay',NULL,'astrologer',1,0.00,0.00,0,NULL,'2026-01-31 09:27:06','2026-01-31 09:27:06',NULL,0),(519,'Kanika Ishat Nori','kanika-ishat-nori-494','astro_494_L55VQ@example.com','0671 9129996',NULL,NULL,'$2y$12$VUaZJ6T0o8nzxz1VeVcpQOkhyZJWsu8KuH8JoBBDYJkTW30n62dYu',NULL,'astrologer',1,0.00,0.00,0,NULL,'2026-01-31 09:27:07','2026-01-31 09:27:07',NULL,0),(520,'Falguni Arpit Usman','falguni-arpit-usman-495','astro_495_mF4cz@example.com','028 91919064',NULL,NULL,'$2y$12$TGZmxonwkcrpnTyKD0Yp.uZ9YxLItHz7pPyic8nIz.xDwIi5L4h2W',NULL,'astrologer',1,0.00,0.00,0,NULL,'2026-01-31 09:27:07','2026-01-31 09:27:07',NULL,0),(521,'Afreen Sankar','afreen-sankar-496','astro_496_ZU1HO@example.com','0774 1076279',NULL,NULL,'$2y$12$PIce0yLJnvtLbeu2mYKH4.liLvTRk1MFElT7645A7tcNeJ6h.CnIW',NULL,'astrologer',1,0.00,0.00,0,NULL,'2026-01-31 09:27:07','2026-01-31 09:27:07',NULL,0),(522,'Somnath Raja','somnath-raja-497','astro_497_QHyOx@example.com','040 89415815',NULL,NULL,'$2y$12$Y/tIFx48BixakXZgIc3/SOShmv3FW0RFhrDBfAUC7h864/t7Bdtv2',NULL,'astrologer',1,0.00,0.00,0,NULL,'2026-01-31 09:27:08','2026-01-31 09:27:08',NULL,0),(523,'Sirish Jani','sirish-jani-498','astro_498_oJ9cZ@example.com','+91 254 8528424',NULL,NULL,'$2y$12$AOj9wj5jt86ozy5OE6iZY.s6QlXHmKBw5giaOHBQBUBQkDdfwlzti',NULL,'astrologer',1,0.00,0.00,0,NULL,'2026-01-31 09:27:08','2026-01-31 09:27:08',NULL,0),(524,'Gulab Khurana','gulab-khurana-499','astro_499_VjHWX@example.com','+91 809 6399549',NULL,NULL,'$2y$12$C1chzVDKEZOggT55xNgWjeJ/RsWCfM6p/K8qEg49l3tv9Wj9WyJhG',NULL,'astrologer',1,0.00,0.00,0,NULL,'2026-01-31 09:27:09','2026-01-31 09:27:09',NULL,0),(525,'Jagat Borra','jagat-borra-500','astro_500_HerYQ@example.com','+91 138 8748591',NULL,NULL,'$2y$12$.4rL8d6ePNLClm8oZD7YMu3tuEY94.TaRbn6ovmdDfFMylfAjEjzK',NULL,'astrologer',1,0.00,0.00,0,NULL,'2026-01-31 09:27:09','2026-01-31 09:27:09',NULL,0),(526,'Ujwal Choudhury','ujwal-choudhury-1','astro_1_xUCYv@example.com','+91 808 3970694',NULL,NULL,'$2y$12$bgLHnlbJMEicEZpUQOLpUe95C2c76yzlX2hyLrJEsNZGGbR2sGJIu',NULL,'astrologer',1,0.00,0.00,0,NULL,'2026-01-31 09:42:25','2026-01-31 09:42:25',NULL,0),(527,'Hema Siddharth Sha','hema-siddharth-sha-2','astro_2_whV2U@example.com','094 41472477',NULL,NULL,'$2y$12$EBCPpe9ogWKw9PTCF6/A..AOC.YsTF189KigZboPT5ol.ucMoUTFy',NULL,'astrologer',1,0.00,0.00,0,NULL,'2026-01-31 09:42:25','2026-01-31 09:42:25',NULL,0),(528,'Leela Tarun Lodi','leela-tarun-lodi-3','astro_3_A2ln5@example.com','001 05658818',NULL,NULL,'$2y$12$j0PmSYxtaZy2LPUn.fD6VehRRhUcab9fAE05m26RNdVEAsL8cUhei',NULL,'astrologer',1,0.00,0.00,0,NULL,'2026-01-31 09:42:26','2026-01-31 09:42:26',NULL,0),(529,'Navami Mahabir','navami-mahabir-4','astro_4_tNWTy@example.com','0087 7828280',NULL,NULL,'$2y$12$vl2NnzkhoM3L/D4Poj3v7eIptC1HdB.4ALqNNMGeD5kAzyHh8kXpm',NULL,'astrologer',1,0.00,0.00,0,NULL,'2026-01-31 09:42:26','2026-01-31 09:42:26',NULL,0),(530,'Ajinkya Dev Agarwal','ajinkya-dev-agarwal-5','astro_5_uMPD3@example.com','008 61374279',NULL,NULL,'$2y$12$06K/M/KZ6V4lYwgewojcye8nU1gWIxTg/DvBWgQeW86jJJOvdsa3i',NULL,'astrologer',1,0.00,0.00,0,NULL,'2026-01-31 09:42:27','2026-01-31 09:42:27',NULL,0),(531,'Feroz Ram Prasad','feroz-ram-prasad-6','astro_6_NN7Ra@example.com','+91 03 44329765',NULL,NULL,'$2y$12$9gL.OBVP.zMly.vHftpzR.d4/dK07jd7zyzMgZaLA6LWZaf.tMCqm',NULL,'astrologer',1,0.00,0.00,0,NULL,'2026-01-31 09:42:27','2026-01-31 09:42:27',NULL,0),(532,'Jobin Ahuja','jobin-ahuja-7','astro_7_QcxNm@example.com','0314 4854010',NULL,NULL,'$2y$12$v7Ara.yTah12OrAVkIwIre6YrMeU7lGMdsPGJWb42ehUChNYDXfLi',NULL,'astrologer',1,0.00,0.00,0,NULL,'2026-01-31 09:42:27','2026-01-31 09:42:27',NULL,0),(533,'Rahim Neerendra Salvi','rahim-neerendra-salvi-8','astro_8_Djk5z@example.com','+91 605 0586432',NULL,NULL,'$2y$12$Kq7AKcsNwOqyLZsf6LUggelX5jEFvICHJOJObQHQPPRBNLwOsHBkW',NULL,'astrologer',1,0.00,0.00,0,NULL,'2026-01-31 09:42:28','2026-01-31 09:42:28',NULL,0),(534,'Munaf Mitter','munaf-mitter-9','astro_9_KBEqi@example.com','+91 92 58579657',NULL,NULL,'$2y$12$OxZN6gs18Arb.ZETWA20zuDCuQPx96dFANm9fmXBC5cLEC13F2Ynm',NULL,'astrologer',1,0.00,0.00,0,NULL,'2026-01-31 09:42:28','2026-01-31 09:42:28',NULL,0),(535,'Venkat Bhagat','venkat-bhagat-10','astro_10_gOKOk@example.com','+91 996 5051053',NULL,NULL,'$2y$12$S7uz1GvtlsVgTa3mWxsZbOam4bbSZXQCU9aTyg6DvFwg41Ce4YuLy',NULL,'astrologer',1,0.00,0.00,0,NULL,'2026-01-31 09:42:29','2026-01-31 09:42:29',NULL,0),(536,'Arpit Kumar Rau','arpit-kumar-rau-11','astro_11_rc9mr@example.com','+91 82 34349198',NULL,NULL,'$2y$12$SwCl/0oLdrPHiaoMze3U6eMwkMaGLquwj7QWWzpHAGlAdxbO80vBW',NULL,'astrologer',1,0.00,0.00,0,NULL,'2026-01-31 09:42:29','2026-01-31 09:42:29',NULL,0),(537,'Kim Oak','kim-oak-12','astro_12_PxWa6@example.com','+91 993 6570758',NULL,NULL,'$2y$12$zMBRL5FXOxKYNgDSRFoZbOUo2QNVQASo.gTtVwd1yH7MMTrdAue7u',NULL,'astrologer',1,0.00,0.00,0,NULL,'2026-01-31 09:42:29','2026-01-31 09:42:29',NULL,0),(538,'Elias Lal Rama','elias-lal-rama-13','astro_13_aTRno@example.com','+91 138 7950353',NULL,NULL,'$2y$12$.sUQXoDLnYkP00P0cF9KheTARrZOOX40j8J8RTVuFVGMQFlOQMARO',NULL,'astrologer',1,0.00,0.00,0,NULL,'2026-01-31 09:42:30','2026-01-31 09:42:30',NULL,0),(539,'Anil Kumar Lala','anil-kumar-lala-14','astro_14_GX0B6@example.com','088 56042454',NULL,NULL,'$2y$12$xVWkVSv276DrVt0WSxohcOSZ9nXz/QP5Fq7INu3FNZlbT5nWpXv3.',NULL,'astrologer',1,0.00,0.00,0,NULL,'2026-01-31 09:42:30','2026-01-31 09:42:30',NULL,0),(540,'Binita Sing','binita-sing-15','astro_15_ZDYCM@example.com','+91 72 09778435',NULL,NULL,'$2y$12$zGd07ifQhvd/odWnlrUHs.EP.opJgbP5TsOBgtw5i10lgo6YJsvgO',NULL,'astrologer',1,0.00,0.00,0,NULL,'2026-01-31 09:42:30','2026-01-31 09:42:30',NULL,0),(541,'Raj Butala','raj-butala-16','astro_16_NGdSo@example.com','069 65886888',NULL,NULL,'$2y$12$SE8/aNnhXMJtaTNmMvrgW.1AlSM1OFMlFAXNkn6pJQSz5k5loVagm',NULL,'astrologer',1,0.00,0.00,0,NULL,'2026-01-31 09:42:31','2026-01-31 09:42:31',NULL,0),(542,'Alpa Eddie Chadha','alpa-eddie-chadha-17','astro_17_edzU6@example.com','0588 8012399',NULL,NULL,'$2y$12$F8O38jLju78WCrwFaeuTdefUlskaxYa5osfqqNA.5cXcaqY4UBBNK',NULL,'astrologer',1,0.00,0.00,0,NULL,'2026-01-31 09:42:31','2026-01-31 09:42:31',NULL,0),(543,'Jobin Din','jobin-din-18','astro_18_NRvPV@example.com','025 90302723',NULL,NULL,'$2y$12$ifKnEtNPX33Q7Ky/PoO5BODlT/MeZQGOHKaL2xVqTB8n/smQdY71q',NULL,'astrologer',1,0.00,0.00,0,NULL,'2026-01-31 09:42:32','2026-01-31 09:42:32',NULL,0),(544,'Wahid Mitra','wahid-mitra-19','astro_19_VdcKy@example.com','080 58601951',NULL,NULL,'$2y$12$ZMw8h3WMb2OYdklg7.0mYerCkk2dfZddMd1xAJ.6JeN1IpmKC7USK',NULL,'astrologer',1,0.00,0.00,0,NULL,'2026-01-31 09:42:32','2026-01-31 09:42:32',NULL,0),(545,'Baldev Rao Grover','baldev-rao-grover-20','astro_20_PoHMA@example.com','069 23565998',NULL,NULL,'$2y$12$Rz2lobS4kGAANCyusYloWu8B5LDJEEk1Qe4ZZe6eTSAo7YT./Bp5W',NULL,'astrologer',1,0.00,0.00,0,NULL,'2026-01-31 09:42:32','2026-01-31 09:42:32',NULL,0),(546,'Heena Chawla','heena-chawla-21','astro_21_uUyRa@example.com','+91 68 41649324',NULL,NULL,'$2y$12$dSfzzPZ.dGuaW7GA6Pn8Ie/8yu.d9oBv/FvgE2S4pNByp42nBA8Fq',NULL,'astrologer',1,0.00,0.00,0,NULL,'2026-01-31 09:42:33','2026-01-31 09:42:33',NULL,0),(547,'Hema Pradhan','hema-pradhan-22','astro_22_6hooe@example.com','036 70332460',NULL,NULL,'$2y$12$dkVjbgnRALoMZitN.jUBVOGwbubXxU2HhwEVP3UW5J1.aaUcfbCQy',NULL,'astrologer',1,0.00,0.00,0,NULL,'2026-01-31 09:42:33','2026-01-31 09:42:33',NULL,0),(548,'Bharat Dev Bandi','bharat-dev-bandi-23','astro_23_zcbdh@example.com','+91 96 12821947',NULL,NULL,'$2y$12$DuIWjq.IbmuSesQ4XiErHOJOtClFXI71QIHaCSzFIhDUirRSVrPoq',NULL,'astrologer',1,0.00,0.00,0,NULL,'2026-01-31 09:42:34','2026-01-31 09:42:34',NULL,0),(549,'Atul Kumer','atul-kumer-24','astro_24_3UHY1@example.com','0080 6014529',NULL,NULL,'$2y$12$47VoVTZ1yqUiMwyNOfkiSe4HFZl2aO3Ez2mYnfT/0sVO91vgFhC66',NULL,'astrologer',1,0.00,0.00,0,NULL,'2026-01-31 09:42:34','2026-01-31 09:42:34',NULL,0),(550,'Lalit Kumar Beharry','lalit-kumar-beharry-25','astro_25_VoI9Q@example.com','049 99690456',NULL,NULL,'$2y$12$ANW4tSZPz3uOJp4FaLndUemQJWK93DSCkE08hWwfGaV9F/AXYmY0.',NULL,'astrologer',1,0.00,0.00,0,NULL,'2026-01-31 09:42:35','2026-01-31 09:42:35',NULL,0),(551,'Navami Manpreet Kapoor','navami-manpreet-kapoor-26','astro_26_0rJHB@example.com','+91 802 1489773',NULL,NULL,'$2y$12$8BJ9aVKk3jBFK8TTvPkEE.zBRvT.yf5ZZP2K7lZqj0pHEayne3icy',NULL,'astrologer',1,0.00,0.00,0,NULL,'2026-01-31 09:42:35','2026-01-31 09:42:35',NULL,0),(552,'Qabeel Pandey','qabeel-pandey-27','astro_27_rm8JG@example.com','0363 7104067',NULL,NULL,'$2y$12$RmZfZ.NlGh6qLk3.awDGYeP91n8GbYyeuupHgN1SogCUmAc5LgJPy',NULL,'astrologer',1,0.00,0.00,0,NULL,'2026-01-31 09:42:36','2026-01-31 09:42:36',NULL,0),(553,'Mukul Oak','mukul-oak-28','astro_28_NGzb0@example.com','0191 4496152',NULL,NULL,'$2y$12$qbM3HxW6rIXDtQGLmmEJ2.JUDU.G.7GoAhurkwss9bntDQ9pOncqe',NULL,'astrologer',1,0.00,0.00,0,NULL,'2026-01-31 09:42:36','2026-01-31 09:42:36',NULL,0),(554,'Rashid Kumar Seshadri','rashid-kumar-seshadri-29','astro_29_NCAhD@example.com','0033 2876795',NULL,NULL,'$2y$12$n7NeZiIp.aH7vrYGI74J1OcpnfmEMCKpXcAk8YvKwegK5ZyfD1obC',NULL,'astrologer',1,0.00,0.00,0,NULL,'2026-01-31 09:42:37','2026-01-31 09:42:37',NULL,0),(555,'Divya Krishnan','divya-krishnan-30','astro_30_MGyF8@example.com','+91 126 6859094',NULL,NULL,'$2y$12$F5tHxiBZmTWhqOhUPEhdJuaHcMCiz7rJbT0g480v9Lu5PQyvmKucq',NULL,'astrologer',1,0.00,0.00,0,NULL,'2026-01-31 09:42:37','2026-01-31 09:42:37',NULL,0),(556,'Habib Khan','habib-khan-31','astro_31_rMLl5@example.com','+91 14 78889073',NULL,NULL,'$2y$12$ttmFVVIXKSHigjl7HPRGguETwjcyJ.gKMFoiTQco6Hp/cUyuVtGe2',NULL,'astrologer',1,0.00,0.00,0,NULL,'2026-01-31 09:42:38','2026-01-31 09:42:38',NULL,0),(557,'Jagdish Prasad Cheema','jagdish-prasad-cheema-32','astro_32_j5pJN@example.com','+91 712 0869520',NULL,NULL,'$2y$12$H3V.Weu4lqaOBl5tKnHNDu1wB.oBCU3vCkCsoeB57cjwi8K7yInCC',NULL,'astrologer',1,0.00,0.00,0,NULL,'2026-01-31 09:42:38','2026-01-31 09:42:38',NULL,0),(558,'Akhil Chanda','akhil-chanda-33','astro_33_Hne32@example.com','0803 0346052',NULL,NULL,'$2y$12$Ymv6jHuyxA1pko2GYvCem.YhNavjE3FULS7O0w94Gcb4JhvQ5KEJy',NULL,'astrologer',1,0.00,0.00,0,NULL,'2026-01-31 09:42:39','2026-01-31 09:42:39',NULL,0),(559,'Faraz Akhil Dua','faraz-akhil-dua-34','astro_34_B0tWt@example.com','+91 36 25223193',NULL,NULL,'$2y$12$SbueROBuDubu9Wv.0W7bdeK7jgzxoxV.QxBlavSB8fTmVFnPK3c7W',NULL,'astrologer',1,0.00,0.00,0,NULL,'2026-01-31 09:42:39','2026-01-31 09:42:39',NULL,0),(560,'Lalit Charandeep Nagarajan','lalit-charandeep-nagarajan-35','astro_35_KXx7q@example.com','+91 599 6994491',NULL,NULL,'$2y$12$ar0o1T1vPfVR222SrqvyRujp5lzmoeHcJiemESyjwg8gbsIKsvKqW',NULL,'astrologer',1,0.00,0.00,0,NULL,'2026-01-31 09:42:40','2026-01-31 09:42:40',NULL,0),(561,'Heer Kalyan Mangal','heer-kalyan-mangal-36','astro_36_EstnE@example.com','+91 820 2696026',NULL,NULL,'$2y$12$m.xwpVmNcxYw5QV6cnu3weu/G5UcyYrMviScNkJzpizQHgS1ZWncK',NULL,'astrologer',1,0.00,0.00,0,NULL,'2026-01-31 09:42:40','2026-01-31 09:42:40',NULL,0),(562,'Laveena Hari','laveena-hari-37','astro_37_glp1C@example.com','+91 142 5207069',NULL,NULL,'$2y$12$UKDh.8V3ISNcfNknBps.R.lOJjHVTp5QuOCHljQeBim5AXzycYuhy',NULL,'astrologer',1,0.00,0.00,0,NULL,'2026-01-31 09:42:41','2026-01-31 09:42:41',NULL,0),(563,'Mahmood Rao Samra','mahmood-rao-samra-38','astro_38_hXeWU@example.com','+91 73 34087890',NULL,NULL,'$2y$12$WRhx.BLTPc4KgV10Z1gxE.pKmRX2naHR2GAmqwnRiRILcSc8eR9xC',NULL,'astrologer',1,0.00,0.00,0,NULL,'2026-01-31 09:42:41','2026-01-31 09:42:41',NULL,0),(564,'Pranab Raj Ramakrishnan','pranab-raj-ramakrishnan-39','astro_39_GI2jN@example.com','044 31881604',NULL,NULL,'$2y$12$j5k7cQ6w4Qcwp0vCfUdIZejXJbuD9qNlIHJJkksLWHyq4bZ7sKDse',NULL,'astrologer',1,0.00,0.00,0,NULL,'2026-01-31 09:42:41','2026-01-31 09:42:41',NULL,0),(565,'Karim Ram Dhawan','karim-ram-dhawan-40','astro_40_ywN3s@example.com','043 03644506',NULL,NULL,'$2y$12$kadtHj7cb5UMj4uvSA1wnuzpL55S2dxEkMXeDjPWJPvtg979cBxtC',NULL,'astrologer',1,0.00,0.00,0,NULL,'2026-01-31 09:42:42','2026-01-31 09:42:42',NULL,0),(566,'Tushar Pratap Chana','tushar-pratap-chana-41','astro_41_JYq7L@example.com','0194 3390084',NULL,NULL,'$2y$12$Kwk7eQa7IN6ttinXsjP4DO.xWl4oUhXTLHJ05TuqpmWJCgVdKRQX6',NULL,'astrologer',1,0.00,0.00,0,NULL,'2026-01-31 09:42:42','2026-01-31 09:42:42',NULL,0),(567,'Ratan Pal','ratan-pal-42','astro_42_8ZFLJ@example.com','+91 285 8319807',NULL,NULL,'$2y$12$KOX1.sUE8J8orDCNmqScCez6fLquUo.2TkPNeTmBqwWBIktXKyZ4K',NULL,'astrologer',1,0.00,0.00,0,NULL,'2026-01-31 09:42:43','2026-01-31 09:42:43',NULL,0),(568,'Nalini Bijoy Batta','nalini-bijoy-batta-43','astro_43_NrNYb@example.com','062 95132244',NULL,NULL,'$2y$12$QRpaaIAJm4QWhBr3BqBjWuYJ.jphjCqrueJu4Cm6f.cATBCQgj85i',NULL,'astrologer',1,0.00,0.00,0,NULL,'2026-01-31 09:42:43','2026-01-31 09:42:43',NULL,0),(569,'Narayan Viswanathan','narayan-viswanathan-44','astro_44_fkgIT@example.com','0348 9352841',NULL,NULL,'$2y$12$rMm8srMx/5aSnYY4kjI6B.H8375NS5p2xP6zoCwNXOowT5I0owBN6',NULL,'astrologer',1,0.00,0.00,0,NULL,'2026-01-31 09:42:43','2026-01-31 09:42:43',NULL,0),(570,'Upasana Naresh Sule','upasana-naresh-sule-45','astro_45_cDkJu@example.com','+91 884 8787781',NULL,NULL,'$2y$12$Bn3DgthxutG0FjQ8dpJrouV4VT0frUSyIWOBeu8NBTVs74I96CRgW',NULL,'astrologer',1,0.00,0.00,0,NULL,'2026-01-31 09:42:44','2026-01-31 09:42:44',NULL,0),(571,'Tanay Raj Kar','tanay-raj-kar-46','astro_46_M3OGz@example.com','+91 906 5375386',NULL,NULL,'$2y$12$0UNE.LV7WIf5jvU4.aPW6e4h2W3nMNfquslDEQKDzxroscY7v1ILq',NULL,'astrologer',1,0.00,0.00,0,NULL,'2026-01-31 09:42:44','2026-01-31 09:42:44',NULL,0),(572,'Feroz Ishat Sodhani','feroz-ishat-sodhani-47','astro_47_CFXNA@example.com','+91 06 92260283',NULL,NULL,'$2y$12$UcUOZ8WHIjoWEidFgJo3Y.L1QE6t.a7wdCGt4CuuP0bJhU9O8Di3C',NULL,'astrologer',1,0.00,0.00,0,NULL,'2026-01-31 09:42:45','2026-01-31 09:42:45',NULL,0),(573,'Isha Divan','isha-divan-48','astro_48_gkDBp@example.com','+91 772 5657376',NULL,NULL,'$2y$12$x7obgTwis47ZiZq77AImkeMFPUiAnHHrqwc0bgm1rcm8rQBCQz9R2',NULL,'astrologer',1,0.00,0.00,0,NULL,'2026-01-31 09:42:45','2026-01-31 09:42:45',NULL,0),(574,'Tulsi Akshay Dass','tulsi-akshay-dass-49','astro_49_vwde0@example.com','055 33686812',NULL,NULL,'$2y$12$6s44bBW0UsgSw3FsHzi.uunOeacu8DB6M4RwYdWhwEZcTmGbgliFu',NULL,'astrologer',1,0.00,0.00,0,NULL,'2026-01-31 09:42:46','2026-01-31 09:42:46',NULL,0),(575,'Rehman Singh Kapadia','rehman-singh-kapadia-50','astro_50_u1XUs@example.com','+91 636 4024757',NULL,NULL,'$2y$12$3l.baz4SPA4vwzWQ5NF6pul5N.A8h6rBeVuWlsFq2DpP99kkE54.O',NULL,'astrologer',1,0.00,0.00,0,NULL,'2026-01-31 09:42:46','2026-01-31 09:42:46',NULL,0),(576,'Ehsaan Bhasin','ehsaan-bhasin-51','astro_51_oysxJ@example.com','0589 1414490',NULL,NULL,'$2y$12$Zde1UvXThj5do2THoRbKs.gGLNQez1daJUWwPSCgvBTsmk2rZC1tO',NULL,'astrologer',1,0.00,0.00,0,NULL,'2026-01-31 09:42:47','2026-01-31 09:42:47',NULL,0),(577,'Suraj Lalla','suraj-lalla-52','astro_52_QyPnX@example.com','032 04324866',NULL,NULL,'$2y$12$K26Bh6TdZlWCHKWM670AsOqP3nGNX7J8eLnor6IqA2mjG4efKpDkm',NULL,'astrologer',1,0.00,0.00,0,NULL,'2026-01-31 09:42:47','2026-01-31 09:42:47',NULL,0),(578,'Habib Lal Chaudry','habib-lal-chaudry-53','astro_53_ZDlOz@example.com','+91 039 7036124',NULL,NULL,'$2y$12$FS5gTJqoHDkEUPsqsiDVpuWfQWRgXSvU9zfEfaa7PxpH50edS/wca',NULL,'astrologer',1,0.00,0.00,0,NULL,'2026-01-31 09:42:48','2026-01-31 09:42:48',NULL,0),(579,'Kushal Gill','kushal-gill-54','astro_54_zEJti@example.com','+91 509 6237057',NULL,NULL,'$2y$12$DRl5fO8rS8qiBMICpH7VcugfjVkJIBKln2DsKVgVrNi/7svFLtpSe',NULL,'astrologer',1,0.00,0.00,0,NULL,'2026-01-31 09:42:48','2026-01-31 09:42:48',NULL,0),(580,'Usman Kota','usman-kota-55','astro_55_AuI1u@example.com','0560 6868672',NULL,NULL,'$2y$12$wxspIlSwXNPKDdc0x5wje.70BVA/Zv83MxnHydGDEVmx/8LggZBc6',NULL,'astrologer',1,0.00,0.00,0,NULL,'2026-01-31 09:42:49','2026-01-31 09:42:49',NULL,0),(581,'Aarushi Aggarwal','aarushi-aggarwal-56','astro_56_8jkOR@example.com','+91 45 09398608',NULL,NULL,'$2y$12$bn6M/aAsEM0jn1N5PQTu4OtxMIcWN7QdxECL/m/IOh1J.oj9OZtxW',NULL,'astrologer',1,0.00,0.00,0,NULL,'2026-01-31 09:42:49','2026-01-31 09:42:49',NULL,0),(582,'Avantika Pandit','avantika-pandit-57','astro_57_YbsyA@example.com','050 97641223',NULL,NULL,'$2y$12$XP0tB.RDltQdh/rOe9y7B.OhGZQfLr4R6zUZA8h5mQQprn5iPSZxS',NULL,'astrologer',1,0.00,0.00,0,NULL,'2026-01-31 09:42:49','2026-01-31 09:42:49',NULL,0),(583,'Rita Jobin Naidu','rita-jobin-naidu-58','astro_58_1xy2a@example.com','079 85460245',NULL,NULL,'$2y$12$62Mp8fpQcFuHMHeiIX0emuVlrUzcvms6buYNaGgFKZIg8kAHTUItO',NULL,'astrologer',1,0.00,0.00,0,NULL,'2026-01-31 09:42:50','2026-01-31 09:42:50',NULL,0),(584,'Aarushi Mowgli Vala','aarushi-mowgli-vala-59','astro_59_LrDiX@example.com','+91 77 39353203',NULL,NULL,'$2y$12$EaIyN.gIRslu/YTEjkpVXut1pL1HYIwrBAvLharhgc3SL.QKk4lom',NULL,'astrologer',1,0.00,0.00,0,NULL,'2026-01-31 09:42:50','2026-01-31 09:42:50',NULL,0),(585,'Virat Sheth','virat-sheth-60','astro_60_cXioy@example.com','0632 5514580',NULL,NULL,'$2y$12$gtWa0.3Ci5MYtjVp.V.iZOGzb27uu8GUW3RBRaxALKj9Cf40KEfWW',NULL,'astrologer',1,0.00,0.00,0,NULL,'2026-01-31 09:42:51','2026-01-31 09:42:51',NULL,0),(586,'Nishita Mohan Parmer','nishita-mohan-parmer-61','astro_61_g37ZB@example.com','+91 45 26244930',NULL,NULL,'$2y$12$CDI/heNCVk8yTDrjTICASeERW8jHA9o5eqmSKrFSUPrWbjzDoG84K',NULL,'astrologer',1,0.00,0.00,0,NULL,'2026-01-31 09:42:51','2026-01-31 09:42:51',NULL,0),(587,'Navami Tara','navami-tara-62','astro_62_75JEg@example.com','+91 143 5041579',NULL,NULL,'$2y$12$3cSOFvecrZD1n9Dw3QgSK.VfQAcyCU1W2F0lc7I6OWgAxA.HqhHQC',NULL,'astrologer',1,0.00,0.00,0,NULL,'2026-01-31 09:42:52','2026-01-31 09:42:52',NULL,0),(588,'Aishwarya Shetty','aishwarya-shetty-63','astro_63_vnPhH@example.com','+91 034 2126189',NULL,NULL,'$2y$12$EeGEsSFQT5zlojtRVp/eMumsyY3mnbF4GA9mgZlG3bkaX5ukwZ45u',NULL,'astrologer',1,0.00,0.00,0,NULL,'2026-01-31 09:42:52','2026-01-31 09:42:52',NULL,0),(589,'Jobin Jacob','jobin-jacob-64','astro_64_URO9S@example.com','073 10803043',NULL,NULL,'$2y$12$mEcr8o5c/iERL54b1Vv0l.U7ueb84aD77g9VB4wdVBwz/SoSS.7AW',NULL,'astrologer',1,0.00,0.00,0,NULL,'2026-01-31 09:42:53','2026-01-31 09:42:53',NULL,0),(590,'Alex Kumar Patla','alex-kumar-patla-65','astro_65_eX1Rx@example.com','0610 2422561',NULL,NULL,'$2y$12$.pHPtaioqmvuj6FuV2.eze6nO5nuSb7TFwVvcB2LBvrPBdTrlT4rO',NULL,'astrologer',1,0.00,0.00,0,NULL,'2026-01-31 09:42:53','2026-01-31 09:42:53',NULL,0),(591,'Siddharth Chhabra','siddharth-chhabra-66','astro_66_GjTX7@example.com','005 82907064',NULL,NULL,'$2y$12$N86IK1xNVAturaqCZAOaP.fchxFA/53OOVMUWMjL/QHzSa4/0VuhS',NULL,'astrologer',1,0.00,0.00,0,NULL,'2026-01-31 09:42:53','2026-01-31 09:42:53',NULL,0),(592,'Mahmood Badami','mahmood-badami-67','astro_67_xFj24@example.com','078 76438886',NULL,NULL,'$2y$12$szkuBNMYA2O8Ug5m2xJKDOOOQtFn0BlJklZ18p9nWvINC.PXE8Ga2',NULL,'astrologer',1,0.00,0.00,0,NULL,'2026-01-31 09:42:54','2026-01-31 09:42:54',NULL,0),(593,'Tabeed Varghese','tabeed-varghese-68','astro_68_qpqoB@example.com','030 23505248',NULL,NULL,'$2y$12$nmc3TEoeMTdy6kgCWC3dtuWYU459Wb8HcSU9frkJ1FezcteFKPJTC',NULL,'astrologer',1,0.00,0.00,0,NULL,'2026-01-31 09:42:54','2026-01-31 09:42:54',NULL,0),(594,'Indrani Bhatt','indrani-bhatt-69','astro_69_Z5gSZ@example.com','+91 38 58331838',NULL,NULL,'$2y$12$BFDDhFpFz5qEEWNW/n.YZ.BNmlzpgz0SpkyiXQPA03dsU0c0qod6.',NULL,'astrologer',1,0.00,0.00,0,NULL,'2026-01-31 09:42:55','2026-01-31 09:42:55',NULL,0),(595,'Rashid Raghavan Padmanabhan','rashid-raghavan-padmanabhan-70','astro_70_JOPdh@example.com','+91 912 5452728',NULL,NULL,'$2y$12$oSZCoZgD3A/pJHG1vLFZdeQjF9ibBuoFwBKWq/fLwb8HefZxssuDW',NULL,'astrologer',1,0.00,0.00,0,NULL,'2026-01-31 09:42:55','2026-01-31 09:42:55',NULL,0),(596,'Charandeep Pingle','charandeep-pingle-71','astro_71_7reBc@example.com','0879 7881324',NULL,NULL,'$2y$12$w4bfqmZ.zu2Q74Xw1rwC.O2N4iRpv2pjgJOYi1MalcOXKdSv.6E8a',NULL,'astrologer',1,0.00,0.00,0,NULL,'2026-01-31 09:42:56','2026-01-31 09:42:56',NULL,0),(597,'Mini Ghalib Chander','mini-ghalib-chander-72','astro_72_UWKPT@example.com','0014 0296634',NULL,NULL,'$2y$12$OTjiRwqEDOnPAXmMZPV8qOE04IYe7yLBPIf0F6xk..bqhAY4OHaca',NULL,'astrologer',1,0.00,0.00,0,NULL,'2026-01-31 09:42:56','2026-01-31 09:42:56',NULL,0),(598,'Karim Jacob','karim-jacob-73','astro_73_DexrI@example.com','0600 8920270',NULL,NULL,'$2y$12$hBR4.jsYFAbWVNs1k4hgmukbWAaOmLg0xmb5UgpvXLP.ck6.A2J8C',NULL,'astrologer',1,0.00,0.00,0,NULL,'2026-01-31 09:42:56','2026-01-31 09:42:56',NULL,0),(599,'Ghanshyam Natt','ghanshyam-natt-74','astro_74_EYGKn@example.com','+91 324 3270032',NULL,NULL,'$2y$12$Hof6.soh5hzTIWYOB9EGLu6FIYiyZpDrMHbbH8Rg6eyVBqIvfQO/.',NULL,'astrologer',1,0.00,0.00,0,NULL,'2026-01-31 09:42:57','2026-01-31 09:42:57',NULL,0),(600,'Kushal Tushar Mallick','kushal-tushar-mallick-75','astro_75_gJSjI@example.com','+91 282 1661188',NULL,NULL,'$2y$12$YqfyerKJrSYpuOOM3Izf7.CdKNCO3vJ8Ig65y.13fhp1nVxqRSL4K',NULL,'astrologer',1,0.00,0.00,0,NULL,'2026-01-31 09:42:57','2026-01-31 09:42:57',NULL,0),(601,'Himanshu Baldev Hayer','himanshu-baldev-hayer-76','astro_76_fFQdy@example.com','099 29380259',NULL,NULL,'$2y$12$ep90W9JIHZN1JrI9kWaO0uEdYMWfOa7y/AJrzyfgYmE6.iG43p8Z2',NULL,'astrologer',1,0.00,0.00,0,NULL,'2026-01-31 09:42:58','2026-01-31 09:42:58',NULL,0),(602,'Aslam Palan','aslam-palan-77','astro_77_Dm209@example.com','+91 27 95444351',NULL,NULL,'$2y$12$zfDsuAq.LekIM6pEtozQpuApi8NLx2gMaefbfCrvD.xWNPrXn1kW2',NULL,'astrologer',1,0.00,0.00,0,NULL,'2026-01-31 09:42:58','2026-01-31 09:42:58',NULL,0),(603,'Sheetal Krish','sheetal-krish-78','astro_78_Jtcih@example.com','049 21112330',NULL,NULL,'$2y$12$bzty9QFa7zaEPC5wKP5H2ujDG92o1ouUj3O8/xAlet5eJJsuK7Poi',NULL,'astrologer',1,0.00,0.00,0,NULL,'2026-01-31 09:42:59','2026-01-31 09:42:59',NULL,0),(604,'Jawahar Prasad Singh','jawahar-prasad-singh-79','astro_79_dzryR@example.com','0900 3743405',NULL,NULL,'$2y$12$IU8MQi741kle7d.tfU7jMOK32asTAelj7TCQTbX2gq84jO63LiUsG',NULL,'astrologer',1,0.00,0.00,0,NULL,'2026-01-31 09:42:59','2026-01-31 09:42:59',NULL,0),(605,'Aayushi Mallick','aayushi-mallick-80','astro_80_LS4Gu@example.com','+91 19 84983627',NULL,NULL,'$2y$12$vhQDwx6UVTUYy9IVq.pnReERv/v90qp6i.GOSw6aCo6zVCzHCvpTm',NULL,'astrologer',1,0.00,0.00,0,NULL,'2026-01-31 09:42:59','2026-01-31 09:42:59',NULL,0),(606,'Raju Chandra Nath','raju-chandra-nath-81','astro_81_XpQt3@example.com','+91 590 5233204',NULL,NULL,'$2y$12$IoZ0LqoLFSSYSi7JgZdileBRX.pZqsJkM3NOPcdCucemL0BDfOBii',NULL,'astrologer',1,0.00,0.00,0,NULL,'2026-01-31 09:43:00','2026-01-31 09:43:00',NULL,0),(607,'Gajendra Bali','gajendra-bali-82','astro_82_WRRrv@example.com','0631 3250516',NULL,NULL,'$2y$12$ZZNpsstrDpg06UenvqUN5Oe1SVuHTH9Z3k25HgJL6W2pP.UA1QBoG',NULL,'astrologer',1,0.00,0.00,0,NULL,'2026-01-31 09:43:00','2026-01-31 09:43:00',NULL,0),(608,'Vijayent Pal','vijayent-pal-83','astro_83_PeIw7@example.com','+91 031 1040016',NULL,NULL,'$2y$12$qPkWxaepzcehopixPmxvzuKmqsxiBJr7UpIwixANg0lGWfTPQQVMW',NULL,'astrologer',1,0.00,0.00,0,NULL,'2026-01-31 09:43:01','2026-01-31 09:43:01',NULL,0),(609,'Nitika Suri','nitika-suri-84','astro_84_gtall@example.com','0690 6979397',NULL,NULL,'$2y$12$YiGWhQuEGW.llMy5OkWGtOOpRejlkigAAUnUv.NaeZSPo13vLaMBK',NULL,'astrologer',1,0.00,0.00,0,NULL,'2026-01-31 09:43:01','2026-01-31 09:43:01',NULL,0),(610,'Anand Dev Agarwal','anand-dev-agarwal-85','astro_85_2YAMT@example.com','0432 1728143',NULL,NULL,'$2y$12$CUIFqGLmGoFJrlPcgh0z5.u2hRxtoxc50uxx0j8NSXmr.BJjSrJ0u',NULL,'astrologer',1,0.00,0.00,0,NULL,'2026-01-31 09:43:01','2026-01-31 09:43:01',NULL,0),(611,'Mayawati Tata','mayawati-tata-86','astro_86_LAIWs@example.com','0527 9494677',NULL,NULL,'$2y$12$fYkVmtKv6Z79w0MS54UzRehmFmeAts7X47gFSAvY5S6U3YKjmbq1K',NULL,'astrologer',1,0.00,0.00,0,NULL,'2026-01-31 09:43:02','2026-01-31 09:43:02',NULL,0),(612,'Sneha Zacharia','sneha-zacharia-87','astro_87_3byfU@example.com','+91 67 21606647',NULL,NULL,'$2y$12$5eMYu/mktVLAUEeKLM5F1enfnTpJxY89.KYSaGlqRpcW9rA40TBNa',NULL,'astrologer',1,0.00,0.00,0,NULL,'2026-01-31 09:43:02','2026-01-31 09:43:02',NULL,0),(613,'Nancy Arora','nancy-arora-88','astro_88_k4pbG@example.com','+91 069 2425497',NULL,NULL,'$2y$12$7hYq1TgXF7C2nOMiTl6pKun2IU.a7OO58dyXQvRhEMAwkqvR7Rb6S',NULL,'astrologer',1,0.00,0.00,0,NULL,'2026-01-31 09:43:02','2026-01-31 09:43:02',NULL,0),(614,'Nawab Dad','nawab-dad-89','astro_89_Rio87@example.com','+91 72 28029260',NULL,NULL,'$2y$12$lPSuIwjiRF8WjTYih6qMIuZatsSnkAZhrilZ9EHvTQ3u8ts0tXKjG',NULL,'astrologer',1,0.00,0.00,0,NULL,'2026-01-31 09:43:03','2026-01-31 09:43:03',NULL,0),(615,'Radha Gola','radha-gola-90','astro_90_Ebq7I@example.com','0457 7155080',NULL,NULL,'$2y$12$Xi0gxpilLwtG5HnaI8siPelrxFtaL/gj65wEnccmzslaB9D8t4VbC',NULL,'astrologer',1,0.00,0.00,0,NULL,'2026-01-31 09:43:03','2026-01-31 09:43:03',NULL,0),(616,'Wafiq Trivedi','wafiq-trivedi-91','astro_91_AdmVJ@example.com','+91 40 31876859',NULL,NULL,'$2y$12$WSE0AAf36ap5eyNiuOQRPeVLuMxPzeEzgrnkVninozX6CBUup9Tpy',NULL,'astrologer',1,0.00,0.00,0,NULL,'2026-01-31 09:43:03','2026-01-31 09:43:03',NULL,0),(617,'Sirish Tabeed Munshi','sirish-tabeed-munshi-92','astro_92_zwaYG@example.com','0018 2946767',NULL,NULL,'$2y$12$.k7GV2oYabROuQk3uz0dQ./CJmt0UjupyMdAlrPytazQ/YALO9R72',NULL,'astrologer',1,0.00,0.00,0,NULL,'2026-01-31 09:43:04','2026-01-31 09:43:04',NULL,0),(618,'Kartik Lal Sinha','kartik-lal-sinha-93','astro_93_j7JGI@example.com','+91 155 9588436',NULL,NULL,'$2y$12$ufNBM8/nJdtEoPaXJ5nW7Oesgvk.bOJarQodQIwDoNAcY.iL5oQgq',NULL,'astrologer',1,0.00,0.00,0,NULL,'2026-01-31 09:43:04','2026-01-31 09:43:04',NULL,0),(619,'Ajinkya Dev Bajaj','ajinkya-dev-bajaj-94','astro_94_vduPE@example.com','+91 236 6786620',NULL,NULL,'$2y$12$/2kkyPgnpG82wbHV8wT88u2sEIQ3IV9X8zbIH35rW5MAEb8WInz7W',NULL,'astrologer',1,0.00,0.00,0,NULL,'2026-01-31 09:43:05','2026-01-31 09:43:05',NULL,0),(620,'Aslam Dani','aslam-dani-95','astro_95_uzwHz@example.com','0583 7961041',NULL,NULL,'$2y$12$EnhmtLf8HI945NmKC6BH0ePOeqfkXp4DIa.ejtoG/2zzezEfEEzFC',NULL,'astrologer',1,0.00,0.00,0,NULL,'2026-01-31 09:43:05','2026-01-31 09:43:05',NULL,0),(621,'Ibrahim Basak','ibrahim-basak-96','astro_96_YGpAh@example.com','+91 86 30166700',NULL,NULL,'$2y$12$PZ0PGzPl39EDR3DQ8bCBm.yybSOIkKo3hsmsIkw8kJhobOHAWFsoa',NULL,'astrologer',1,0.00,0.00,0,NULL,'2026-01-31 09:43:05','2026-01-31 09:43:05',NULL,0),(622,'Usha Chander','usha-chander-97','astro_97_bSTsR@example.com','0195 0900824',NULL,NULL,'$2y$12$uwz3VHbadQkuicLSC7mf5OTmzcEeaTre3N7cQDHC1pSDO4JUcwtqG',NULL,'astrologer',1,0.00,0.00,0,NULL,'2026-01-31 09:43:06','2026-01-31 09:43:06',NULL,0),(623,'Pranay Dev Nadkarni','pranay-dev-nadkarni-98','astro_98_7A0cK@example.com','0368 6407017',NULL,NULL,'$2y$12$14lHbzYLFVQ7fRLqtfXqxOt.LMY8rJeRt6stMr.CVWWLVuerLiEIe',NULL,'astrologer',1,0.00,0.00,0,NULL,'2026-01-31 09:43:06','2026-01-31 09:43:06',NULL,0),(624,'Naresh Lal Khalsa','naresh-lal-khalsa-99','astro_99_6Xu7S@example.com','0864 9303688',NULL,NULL,'$2y$12$kYYRnACyMxKTDyTHbSIY1.EqJ.1w7kykwl0D5j/uHZKJtocmwTQtW',NULL,'astrologer',1,0.00,0.00,0,NULL,'2026-01-31 09:43:06','2026-01-31 09:43:06',NULL,0),(625,'Deepesh Pratap Bains','deepesh-pratap-bains-100','astro_100_d6OrE@example.com','+91 09 59236224',NULL,NULL,'$2y$12$xAsVrdcmMT5LrawnG/xdW.cqx4JVJ.2AgnJdKR1Wz4MCWZJz30y2W',NULL,'astrologer',1,0.00,0.00,0,NULL,'2026-01-31 09:43:07','2026-01-31 09:43:07',NULL,0),(626,'Aatif Aniruddh Dhawan','aatif-aniruddh-dhawan-101','astro_101_x2HXA@example.com','0711 7747629',NULL,NULL,'$2y$12$CevVj/35FhlKTenZOgrBFOArtT6hiuYHthQq1gfbPVECXco6fBArW',NULL,'astrologer',1,0.00,0.00,0,NULL,'2026-01-31 09:43:07','2026-01-31 09:43:07',NULL,0),(627,'Hira Sandhu','hira-sandhu-102','astro_102_qG4gR@example.com','006 55089113',NULL,NULL,'$2y$12$kJdAOQ.cxzpIWxeyZhd0reL9RHRIZDmmve1g.NDh3kGZ/OniPG6C6',NULL,'astrologer',1,0.00,0.00,0,NULL,'2026-01-31 09:43:08','2026-01-31 09:43:08',NULL,0),(628,'Saurabh Ehsaan Dhillon','saurabh-ehsaan-dhillon-103','astro_103_0QR32@example.com','0629 3801354',NULL,NULL,'$2y$12$qsnMrLFBjoYCIAiimzFAr.qOYVAR4/Px3x03pGO3WIY6BZGRrEUZ2',NULL,'astrologer',1,0.00,0.00,0,NULL,'2026-01-31 09:43:08','2026-01-31 09:43:08',NULL,0),(629,'Yadunandan Dhillon','yadunandan-dhillon-104','astro_104_9D6Pz@example.com','061 98180464',NULL,NULL,'$2y$12$1KYoL3gUOsRWA8HMrZ3TjOb2VEGsLBqloliW5G34.hOYTZJ1H9nEO',NULL,'astrologer',1,0.00,0.00,0,NULL,'2026-01-31 09:43:09','2026-01-31 09:43:09',NULL,0),(630,'Alex Singh Bajwa','alex-singh-bajwa-105','astro_105_Q3neF@example.com','+91 387 0880679',NULL,NULL,'$2y$12$ZwiCyRCFANQjDy/MbbaSY.P9BKs6k3InwjyAmN/bj9tQK/cbkUkHC',NULL,'astrologer',1,0.00,0.00,0,NULL,'2026-01-31 09:43:09','2026-01-31 09:43:09',NULL,0),(631,'Pradeep Ganesh Bail','pradeep-ganesh-bail-106','astro_106_WtXYz@example.com','032 98061930',NULL,NULL,'$2y$12$8eB7uyrFd/jZIa3IAPufue2s4foutk47Xr0RYJmQtl4yAqNbw1iEy',NULL,'astrologer',1,0.00,0.00,0,NULL,'2026-01-31 09:43:09','2026-01-31 09:43:09',NULL,0),(632,'John Chaudhry','john-chaudhry-107','astro_107_ySzfy@example.com','+91 75 91121133',NULL,NULL,'$2y$12$9cLvtt1/kanXvzFsfF9KNe46kYpUctXnEIFJmIYfxFpGn3X9ZrXJu',NULL,'astrologer',1,0.00,0.00,0,NULL,'2026-01-31 09:43:10','2026-01-31 09:43:10',NULL,0),(633,'Chitranjan Johal','chitranjan-johal-108','astro_108_Nwn0a@example.com','065 22123170',NULL,NULL,'$2y$12$o.WO4GT.IkghDD8bzj96V.0pjoJuJT.rQ9y/V3yT/a7xgQptlW6V2',NULL,'astrologer',1,0.00,0.00,0,NULL,'2026-01-31 09:43:10','2026-01-31 09:43:10',NULL,0),(634,'Rahim Kumar Manda','rahim-kumar-manda-109','astro_109_g6e4A@example.com','0871 5980636',NULL,NULL,'$2y$12$F.WhMtBrZObS1WNgY9vRDeM85j/sE/tXzpf3gyBp9M6cZspFcMIVO',NULL,'astrologer',1,0.00,0.00,0,NULL,'2026-01-31 09:43:10','2026-01-31 09:43:10',NULL,0),(635,'Maya Mallick','maya-mallick-110','astro_110_oIQWO@example.com','+91 355 8055142',NULL,NULL,'$2y$12$M3p1SU9nsH3No6FQ58qZQewH.IhFG5KK6cVbKfBLt4FVGB7dTEU/i',NULL,'astrologer',1,0.00,0.00,0,NULL,'2026-01-31 09:43:11','2026-01-31 09:43:11',NULL,0),(636,'Albert Rao Narine','albert-rao-narine-111','astro_111_tbaIV@example.com','+91 71 77911959',NULL,NULL,'$2y$12$43NWLheUUGDVTquwImroxOGeuaH3lMXNjMMm6kaJIDrFUOjvjkqpK',NULL,'astrologer',1,0.00,0.00,0,NULL,'2026-01-31 09:43:11','2026-01-31 09:43:11',NULL,0),(637,'Hina Kata','hina-kata-112','astro_112_wvt7P@example.com','+91 75 24851729',NULL,NULL,'$2y$12$MFB4Lx9FWnoZYqOZqYmNcOuocYTEva9tq5fEHznb/yo4TTPTDru2G',NULL,'astrologer',1,0.00,0.00,0,NULL,'2026-01-31 09:43:11','2026-01-31 09:43:11',NULL,0),(638,'Dhanush Munaf Venkataraman','dhanush-munaf-venkataraman-113','astro_113_l4yEc@example.com','0014 4076677',NULL,NULL,'$2y$12$qHfBxq1CBJUqQD/7s5njLePedsLILcHtKiOdnhtFXj3aNtw2yYdFS',NULL,'astrologer',1,0.00,0.00,0,NULL,'2026-01-31 09:43:12','2026-01-31 09:43:12',NULL,0),(639,'Aarushi Varghese','aarushi-varghese-114','astro_114_7ZIdt@example.com','0306 6999704',NULL,NULL,'$2y$12$kQRjnY8ae2ieLwqKBJRlCOsZS12zrz1yVRJ3kSouUQB.xRUmK5wjy',NULL,'astrologer',1,0.00,0.00,0,NULL,'2026-01-31 09:43:12','2026-01-31 09:43:12',NULL,0),(640,'Heer Saha','heer-saha-115','astro_115_lIdVZ@example.com','087 83436366',NULL,NULL,'$2y$12$QTgT5AOREcK3dSP5Fw9aGuTAebgfBSdAN4sUkPP7En1sp2dcC94qG',NULL,'astrologer',1,0.00,0.00,0,NULL,'2026-01-31 09:43:13','2026-01-31 09:43:13',NULL,0),(641,'Ajay Panchal','ajay-panchal-116','astro_116_1WBDm@example.com','036 01347591',NULL,NULL,'$2y$12$KjuwjEGAGeteQRY3m8sMvOQdXsXr0P7S1geSDG0wrp6ANeolKiZNy',NULL,'astrologer',1,0.00,0.00,0,NULL,'2026-01-31 09:43:13','2026-01-31 09:43:13',NULL,0),(642,'Raj Amrit Dani','raj-amrit-dani-117','astro_117_Oarqb@example.com','0462 3253996',NULL,NULL,'$2y$12$364/b5OFBtLw184SQlR4uu8iL0PrYBRGoktrVzrCmN0xUC6A4To/W',NULL,'astrologer',1,0.00,0.00,0,NULL,'2026-01-31 09:43:14','2026-01-31 09:43:14',NULL,0),(643,'Roma Modi','roma-modi-118','astro_118_8C1lG@example.com','0620 9052777',NULL,NULL,'$2y$12$NmF5HojUwQEWX2bx.Nu3TOuA85zMn7S.F8s.VSW.umvAqEz.aboNG',NULL,'astrologer',1,0.00,0.00,0,NULL,'2026-01-31 09:43:14','2026-01-31 09:43:14',NULL,0),(644,'Tabeed Sahni','tabeed-sahni-119','astro_119_p25oZ@example.com','024 93941801',NULL,NULL,'$2y$12$FluT5aFl9TYBpeGqR/amV.YujyCmaM1XjTjoJfhYGERprVmYm7OR.',NULL,'astrologer',1,0.00,0.00,0,NULL,'2026-01-31 09:43:15','2026-01-31 09:43:15',NULL,0),(645,'Somnath Rao Thakur','somnath-rao-thakur-120','astro_120_ILzK0@example.com','028 20486505',NULL,NULL,'$2y$12$CKViHaUxXB.lUdiuvwibi.dn7SWmUDy.U1TwutDcAlA91kQpjrtcq',NULL,'astrologer',1,0.00,0.00,0,NULL,'2026-01-31 09:43:15','2026-01-31 09:43:15',NULL,0),(646,'Jack Nadig','jack-nadig-121','astro_121_2e3iQ@example.com','+91 983 2365791',NULL,NULL,'$2y$12$lTBgy7oG2huD33b.CZMOPuU3Y58EBr9m/dx//sEMxG.KoOcMjddxi',NULL,'astrologer',1,0.00,0.00,0,NULL,'2026-01-31 09:43:16','2026-01-31 09:43:16',NULL,0),(647,'Moti Naruka','moti-naruka-122','astro_122_IYvPw@example.com','0322 4772448',NULL,NULL,'$2y$12$AAqjiL5rpTVCoQipqr.S9eO8yioV/FlnOOAo7QMfERJVJ4V0IXRA6',NULL,'astrologer',1,0.00,0.00,0,NULL,'2026-01-31 09:43:16','2026-01-31 09:43:16',NULL,0),(648,'Azhar Khalsa','azhar-khalsa-123','astro_123_3sKp1@example.com','087 33287567',NULL,NULL,'$2y$12$.5ClGQ/LlztAGdLqcfM5out.Z2YgtaVcBda7rv2GZgBPQIuVGa/JO',NULL,'astrologer',1,0.00,0.00,0,NULL,'2026-01-31 09:43:16','2026-01-31 09:43:16',NULL,0),(649,'Hassan Saran','hassan-saran-124','astro_124_HTvCP@example.com','+91 635 1182167',NULL,NULL,'$2y$12$EmTvzj1FuxSuyGbp6PhhFuSdHGkXF1DjS69x6anLP3NCqESlhFHAS',NULL,'astrologer',1,0.00,0.00,0,NULL,'2026-01-31 09:43:17','2026-01-31 09:43:17',NULL,0),(650,'Pradeep Ramnarine','pradeep-ramnarine-125','astro_125_pPsG5@example.com','097 18934207',NULL,NULL,'$2y$12$pupzJx.D140MV6AScAvHm.At.rfOwRHVjdWCvDFQF2j5eFkO5IqyO',NULL,'astrologer',1,0.00,0.00,0,NULL,'2026-01-31 09:43:18','2026-01-31 09:43:18',NULL,0),(651,'Rajendra Chandra Dixit','rajendra-chandra-dixit-126','astro_126_CxQ4i@example.com','+91 952 5338729',NULL,NULL,'$2y$12$lcqOQMskXKczxf19emEL8Okfq6oqfMN0JJ4ujHp3fMh9o3uynkaaK',NULL,'astrologer',1,0.00,0.00,0,NULL,'2026-01-31 09:43:18','2026-01-31 09:43:18',NULL,0),(652,'Baalkrishan Chandra Sridhar','baalkrishan-chandra-sridhar-127','astro_127_TFQQ7@example.com','0390 0029655',NULL,NULL,'$2y$12$WzsterR67SBnIVRslOVqLuW74jF5jHk4ycgrZuD8G4tgm7WZjW9RK',NULL,'astrologer',1,0.00,0.00,0,NULL,'2026-01-31 09:43:19','2026-01-31 09:43:19',NULL,0),(653,'Natwar Chandra Sagar','natwar-chandra-sagar-128','astro_128_4WkPG@example.com','0384 8369169',NULL,NULL,'$2y$12$/LvQQxA1XBvB/Y9UgdhhyOCRLiV6sgEckNldXA20.Kk1uuXYQeSMO',NULL,'astrologer',1,0.00,0.00,0,NULL,'2026-01-31 09:43:19','2026-01-31 09:43:19',NULL,0),(654,'Abhishek Kalita','abhishek-kalita-129','astro_129_Zs8Gw@example.com','+91 156 8556772',NULL,NULL,'$2y$12$aCwDxVK2M1NzX65nhK6MsOv2Jb9hyEokSAvvoLz95030oUztOyg0K',NULL,'astrologer',1,0.00,0.00,0,NULL,'2026-01-31 09:43:20','2026-01-31 09:43:20',NULL,0),(655,'Kamlesh Ram Bail','kamlesh-ram-bail-130','astro_130_FDn3a@example.com','+91 858 1963639',NULL,NULL,'$2y$12$6a5pokQiuVg8sNzlvzheQuR3ZxUQr7K.f8pbxvTQqLkd/IgM1qx1.',NULL,'astrologer',1,0.00,0.00,0,NULL,'2026-01-31 09:43:20','2026-01-31 09:43:20',NULL,0),(656,'Binod Maharaj','binod-maharaj-131','astro_131_wehCg@example.com','+91 423 2682089',NULL,NULL,'$2y$12$XlGudDwKOHqeqsNABenGmeDu7VD.guef/HUcSI2xJJYehqWw7AXke',NULL,'astrologer',1,0.00,0.00,0,NULL,'2026-01-31 09:43:21','2026-01-31 09:43:21',NULL,0),(657,'Hemendra Sethi','hemendra-sethi-132','astro_132_f19FP@example.com','0353 5467822',NULL,NULL,'$2y$12$.AIRoS42LTQO3F5JXfNF8euezCBVnRPMx5MNGafWDHVn..AjzYGx2',NULL,'astrologer',1,0.00,0.00,0,NULL,'2026-01-31 09:43:21','2026-01-31 09:43:21',NULL,0),(658,'Ibrahim Aatif Kale','ibrahim-aatif-kale-133','astro_133_gIJGp@example.com','0689 1244576',NULL,NULL,'$2y$12$gPa4jHLI1XAX8nQ40X4l5ua9NlaT4cmxHUKw.ELUJ.P3V8LrERV3m',NULL,'astrologer',1,0.00,0.00,0,NULL,'2026-01-31 09:43:22','2026-01-31 09:43:22',NULL,0),(659,'Giaan Lal Bhatnagar','giaan-lal-bhatnagar-134','astro_134_lmLKP@example.com','+91 804 9852240',NULL,NULL,'$2y$12$w9bp64VyFZlcinOt3jbKQehFneiW06baKIyESFGRsn71IMpXp.5vO',NULL,'astrologer',1,0.00,0.00,0,NULL,'2026-01-31 09:43:22','2026-01-31 09:43:22',NULL,0),(660,'Nishi Rao','nishi-rao-135','astro_135_LlIit@example.com','072 12318956',NULL,NULL,'$2y$12$6ss7Kukt9MY5gB70lH.lu.38bKML4i/NMQZAPpAou6bAJCgtAZoKW',NULL,'astrologer',1,0.00,0.00,0,NULL,'2026-01-31 09:43:23','2026-01-31 09:43:23',NULL,0),(661,'Zara Sabharwal','zara-sabharwal-136','astro_136_IPYFv@example.com','000 42217227',NULL,NULL,'$2y$12$27GDq/Jk3eI0VNMW4suOrOnCRWCgt30yJDNq8kmmumUBHIp4aNFHS',NULL,'astrologer',1,0.00,0.00,0,NULL,'2026-01-31 09:43:23','2026-01-31 09:43:23',NULL,0),(662,'Jagdish Khanna','jagdish-khanna-137','astro_137_oTLFa@example.com','002 96300626',NULL,NULL,'$2y$12$zL52tzoqvooHP5yTEHs2We9zruwGqn1ARD1xI0A8/MKI.Dm2RZCBy',NULL,'astrologer',1,0.00,0.00,0,NULL,'2026-01-31 09:43:24','2026-01-31 09:43:24',NULL,0),(663,'Mohanlal Singh Gade','mohanlal-singh-gade-138','astro_138_DqZGG@example.com','002 73134636',NULL,NULL,'$2y$12$ZXahaszW7Y2zRy7RIiBGEuUUmCHS3g2Iy9BvIWomhfKXLrLXVg9BO',NULL,'astrologer',1,0.00,0.00,0,NULL,'2026-01-31 09:43:24','2026-01-31 09:43:24',NULL,0),(664,'Zeenat Charlie Tak','zeenat-charlie-tak-139','astro_139_lAJ4N@example.com','089 75875016',NULL,NULL,'$2y$12$W4Mc.t5O3b/dYHW6poM48.H7SnSBWb3EPG56c0y7Y2uisiIG0dBG6',NULL,'astrologer',1,0.00,0.00,0,NULL,'2026-01-31 09:43:25','2026-01-31 09:43:25',NULL,0),(665,'Bhairavi Dani','bhairavi-dani-140','astro_140_WDaJ1@example.com','056 92393508',NULL,NULL,'$2y$12$PiNU95nq8JZ2AmPxS0Z.w..z44kALHX5NuEtM2yic4LJaijX9tcni',NULL,'astrologer',1,0.00,0.00,0,NULL,'2026-01-31 09:43:25','2026-01-31 09:43:25',NULL,0),(666,'Munaf Tripathi','munaf-tripathi-141','astro_141_fR6m2@example.com','+91 76 01373764',NULL,NULL,'$2y$12$KxEiBXXj9Ph3PlX02EZe.OrfDFcrMVKEha8BenKYM.u3UsDNoNfl.',NULL,'astrologer',1,0.00,0.00,0,NULL,'2026-01-31 09:43:26','2026-01-31 09:43:26',NULL,0),(667,'Malik Lal Bhalla','malik-lal-bhalla-142','astro_142_0Lkwv@example.com','080 78774552',NULL,NULL,'$2y$12$zM6MQBwgrAgrGeVLE18D8.dQzE9deVrRzWUIS.DThSBEZf7926jKq',NULL,'astrologer',1,0.00,0.00,0,NULL,'2026-01-31 09:43:27','2026-01-31 09:43:27',NULL,0),(668,'Aarti Sankar','aarti-sankar-143','astro_143_khu7X@example.com','0768 9335921',NULL,NULL,'$2y$12$Hk08dZoW0jedEvEjWoOFwewyBwuw1iGkg7KAMu6Z3f9ddon/n6gDi',NULL,'astrologer',1,0.00,0.00,0,NULL,'2026-01-31 09:43:27','2026-01-31 09:43:27',NULL,0),(669,'Abhishek Basak','abhishek-basak-144','astro_144_cdaBQ@example.com','0141 1789561',NULL,NULL,'$2y$12$2Zl1Aa8UrBO4AOQzoCnJC.85zzKF5UmR9o9tSF177lJ3FgiK4BzSi',NULL,'astrologer',1,0.00,0.00,0,NULL,'2026-01-31 09:43:28','2026-01-31 09:43:28',NULL,0),(670,'Nutan Nazir Oommen','nutan-nazir-oommen-145','astro_145_sC3qH@example.com','0416 8774300',NULL,NULL,'$2y$12$C2XTAmsm1QZql6sjQQmSIOoFSdjKoP7YGklXdpfZCRxnJDqrqjN92',NULL,'astrologer',1,0.00,0.00,0,NULL,'2026-01-31 09:43:28','2026-01-31 09:43:28',NULL,0),(671,'Kailash Sachar','kailash-sachar-146','astro_146_x3miz@example.com','+91 404 4540259',NULL,NULL,'$2y$12$nNdIpYmvZRwsd5q6qcw6a.meKZAYuWxwCrUF28Hc8sjIRi8wR3Q82',NULL,'astrologer',1,0.00,0.00,0,NULL,'2026-01-31 09:43:29','2026-01-31 09:43:29',NULL,0),(672,'Hrishikesh Jani','hrishikesh-jani-147','astro_147_bFcmw@example.com','038 37486960',NULL,NULL,'$2y$12$z85s9lYaaREqbAHQp7I4OePWPZ8HxvexAbw43CMr3QD6cCXV.vznS',NULL,'astrologer',1,0.00,0.00,0,NULL,'2026-01-31 09:43:29','2026-01-31 09:43:29',NULL,0),(673,'Amir Dev Nanda','amir-dev-nanda-148','astro_148_2qxNQ@example.com','0830 5620692',NULL,NULL,'$2y$12$JeBWgzWiw/rD0QO68HdSdu0HEZ628GvUFUb5Sp4cLb4K1wP3.6QNW',NULL,'astrologer',1,0.00,0.00,0,NULL,'2026-01-31 09:43:30','2026-01-31 09:43:30',NULL,0),(674,'Yadunandan Deepesh Rege','yadunandan-deepesh-rege-149','astro_149_hz2YL@example.com','019 54989699',NULL,NULL,'$2y$12$bYyzMf7bb6ErdKpq2jU5Ze41iX2y40KrsiT7VDEKvOzDXHt8Naamu',NULL,'astrologer',1,0.00,0.00,0,NULL,'2026-01-31 09:43:31','2026-01-31 09:43:31',NULL,0),(675,'Ragini Chia','ragini-chia-150','astro_150_Ihd7J@example.com','+91 21 48847858',NULL,NULL,'$2y$12$xrWP3nId1snU/3Rz9E/Ht.XG9GUsPZW3gTtkDTISGtfQhPIgbdSXm',NULL,'astrologer',1,0.00,0.00,0,NULL,'2026-01-31 09:43:31','2026-01-31 09:43:31',NULL,0),(676,'Aarif Pratap Sarin','aarif-pratap-sarin-151','astro_151_bX95j@example.com','001 14259299',NULL,NULL,'$2y$12$o/ETtijCRhGGccutwGW83uJ3zBrmqG1Z5ioZgkfmAewns3IZsIPoG',NULL,'astrologer',1,0.00,0.00,0,NULL,'2026-01-31 09:43:32','2026-01-31 09:43:32',NULL,0),(677,'Mehul Kumar Sama','mehul-kumar-sama-152','astro_152_juJoK@example.com','0008 9778797',NULL,NULL,'$2y$12$jgjXBewS6RCa5QmxUolxZOeOQIog8qMBx6D8oLOttTCQKyT/Yoy1.',NULL,'astrologer',1,0.00,0.00,0,NULL,'2026-01-31 09:43:32','2026-01-31 09:43:32',NULL,0),(678,'Karim Bishnu Nayak','karim-bishnu-nayak-153','astro_153_D4yof@example.com','063 25914266',NULL,NULL,'$2y$12$3dIAl6dJ2Y9U7uKcsisgFuF2gvsEfD6V9iZYRDVbhDLfD1YWkqa2e',NULL,'astrologer',1,0.00,0.00,0,NULL,'2026-01-31 09:43:33','2026-01-31 09:43:33',NULL,0),(679,'Trishana Krish','trishana-krish-154','astro_154_UphWP@example.com','009 76003145',NULL,NULL,'$2y$12$fQr5v0B6JxEYk3HG4wu/3O0Xcqi6B9ySgBrC7uqVTuIY2.iEuuVqS',NULL,'astrologer',1,0.00,0.00,0,NULL,'2026-01-31 09:43:34','2026-01-31 09:43:34',NULL,0),(680,'Dhiraj Lal Gera','dhiraj-lal-gera-155','astro_155_IG5GW@example.com','025 78027363',NULL,NULL,'$2y$12$P55C8cJscebn9gVb6NVrxuRkTzA7XnCSDWS9E.Wy16hbyk1ZMFKWG',NULL,'astrologer',1,0.00,0.00,0,NULL,'2026-01-31 09:43:34','2026-01-31 09:43:34',NULL,0),(681,'Hanuman Kumar Thaman','hanuman-kumar-thaman-156','astro_156_pxDyw@example.com','+91 028 5087063',NULL,NULL,'$2y$12$iSCokGU6l5KirH55lNSmS.hJJG7ddZaFiGluP.WbeilD.ERm6UF.K',NULL,'astrologer',1,0.00,0.00,0,NULL,'2026-01-31 09:43:35','2026-01-31 09:43:35',NULL,0),(682,'Himanshu Kale','himanshu-kale-157','astro_157_kQODc@example.com','+91 409 5711184',NULL,NULL,'$2y$12$UnEZAqlRkIMsdQBFreHdfuwjl.hchDQj6LhUgBICXQ1XAqdMHJqlC',NULL,'astrologer',1,0.00,0.00,0,NULL,'2026-01-31 09:43:35','2026-01-31 09:43:35',NULL,0),(683,'Mehul Dev Rai','mehul-dev-rai-158','astro_158_Y9r7X@example.com','+91 910 3361223',NULL,NULL,'$2y$12$64ce7sE8THprfMVAPx2tY.akh6q1eAozZsLfDKsdx8TelLt2xN/Dq',NULL,'astrologer',1,0.00,0.00,0,NULL,'2026-01-31 09:43:36','2026-01-31 09:43:36',NULL,0),(684,'Rupesh Bath','rupesh-bath-159','astro_159_r3rt0@example.com','+91 63 53862164',NULL,NULL,'$2y$12$5iK7KHjVujKK/FrJ7hfNsOJ2B/C5ITxwxLzkLtHARBhDzDOLAAGei',NULL,'astrologer',1,0.00,0.00,0,NULL,'2026-01-31 09:43:37','2026-01-31 09:43:37',NULL,0),(685,'Naseer Prasad Kara','naseer-prasad-kara-160','astro_160_geJKb@example.com','0040 2935860',NULL,NULL,'$2y$12$4.7sfkQcElu8FqMiy6oRKevSB84lXAzP208L5nKOVNSl04xQnqTDi',NULL,'astrologer',1,0.00,0.00,0,NULL,'2026-01-31 09:43:37','2026-01-31 09:43:37',NULL,0),(686,'Jack Ibrahim Mander','jack-ibrahim-mander-161','astro_161_slb4D@example.com','+91 46 16271980',NULL,NULL,'$2y$12$4EK4xdxUAAwCZzaDN94a9.LyOIKUgB5tTAXmQojwMzAD1FpDdk1F2',NULL,'astrologer',1,0.00,0.00,0,NULL,'2026-01-31 09:43:38','2026-01-31 09:43:38',NULL,0),(687,'Jobin Rao Mehrotra','jobin-rao-mehrotra-162','astro_162_lvRDT@example.com','0209 8743315',NULL,NULL,'$2y$12$qJDduATy6lgfxDTvNQVz6ut0P/AktTOqUoaKQUcUC/KG4Q6gbd2Cu',NULL,'astrologer',1,0.00,0.00,0,NULL,'2026-01-31 09:43:38','2026-01-31 09:43:38',NULL,0),(688,'Kamini Ram Maraj','kamini-ram-maraj-163','astro_163_FAfCQ@example.com','0671 6706871',NULL,NULL,'$2y$12$OYXmVFAf6yMAxUEP.xIwF.SsZG.xg7ySmYLqeEXpEOMGFac/YyY0e',NULL,'astrologer',1,0.00,0.00,0,NULL,'2026-01-31 09:43:39','2026-01-31 09:43:39',NULL,0),(689,'Aditya Prabhakar','aditya-prabhakar-164','astro_164_ERx1u@example.com','+91 378 3818332',NULL,NULL,'$2y$12$9IcO2Y5hrSAli96IEh0.DO/iN4eaFIpbDawmNrV5wRrgBJ2.LjaXe',NULL,'astrologer',1,0.00,0.00,0,NULL,'2026-01-31 09:43:39','2026-01-31 09:43:39',NULL,0),(690,'Hetan Singh Mukhopadhyay','hetan-singh-mukhopadhyay-165','astro_165_fQmGm@example.com','+91 897 2955836',NULL,NULL,'$2y$12$/Ps3svgIKn75jyYKtEtsK.4.ek9vEDp7.UXsiExhkV/GSZNY3rE.e',NULL,'astrologer',1,0.00,0.00,0,NULL,'2026-01-31 09:43:40','2026-01-31 09:43:40',NULL,0),(691,'Feroz Pau','feroz-pau-166','astro_166_DHbiE@example.com','0232 6509664',NULL,NULL,'$2y$12$TE3VAr/4D2UXVzRqUanSmuaID67w7P4NZKmsZkoSDnr0INiSqJCkG',NULL,'astrologer',1,0.00,0.00,0,NULL,'2026-01-31 09:43:40','2026-01-31 09:43:40',NULL,0),(692,'Sameedha Harpreet Sha','sameedha-harpreet-sha-167','astro_167_OEGw7@example.com','+91 033 1841415',NULL,NULL,'$2y$12$lhCux.vN3bYpKKXSaGAFyuB5OIaDTAvm34Eod.BmmWZQivPuuZ7r6',NULL,'astrologer',1,0.00,0.00,0,NULL,'2026-01-31 09:43:41','2026-01-31 09:43:41',NULL,0),(693,'Harbhajan Dugar','harbhajan-dugar-168','astro_168_7DC3L@example.com','095 92410834',NULL,NULL,'$2y$12$GKV53tuuY64CI305PEqh2erPjmwXmygH4bESeE7PeMO2Xw2iBUl1W',NULL,'astrologer',1,0.00,0.00,0,NULL,'2026-01-31 09:43:42','2026-01-31 09:43:42',NULL,0),(694,'Chhaya Bhattacharyya','chhaya-bhattacharyya-169','astro_169_XxFYh@example.com','025 28915317',NULL,NULL,'$2y$12$lIgK6w3vMYm1FT9VKaqP1ONUUoI/o2sNNa4gtcSlXKoMUXu1J8Ffi',NULL,'astrologer',1,0.00,0.00,0,NULL,'2026-01-31 09:43:42','2026-01-31 09:43:42',NULL,0),(695,'Nagma Shan','nagma-shan-170','astro_170_d28Zs@example.com','0261 9419136',NULL,NULL,'$2y$12$yOLJrENyEssftGj.8sB6K.c0.yV1M46p.6wveYEgU7BB89x1z0Sqy',NULL,'astrologer',1,0.00,0.00,0,NULL,'2026-01-31 09:43:43','2026-01-31 09:43:43',NULL,0),(696,'Falguni Aslam Sarraf','falguni-aslam-sarraf-171','astro_171_vtFJa@example.com','+91 00 17561177',NULL,NULL,'$2y$12$xG7qkIBg51x7p1JUOcRumuLew4LtenPWYiIHk2LeZ86eZoWM58V..',NULL,'astrologer',1,0.00,0.00,0,NULL,'2026-01-31 09:43:43','2026-01-31 09:43:43',NULL,0),(697,'Marlo Sem','marlo-sem-172','astro_172_VyAbN@example.com','0391 0952372',NULL,NULL,'$2y$12$OXoZUX4GXCJUJgtTKu9WreXYFLLYMigdwrSN3m2.qOGOm40XHDaqG',NULL,'astrologer',1,0.00,0.00,0,NULL,'2026-01-31 09:43:44','2026-01-31 09:43:44',NULL,0),(698,'Bishnu Dev Karan','bishnu-dev-karan-173','astro_173_mXPia@example.com','038 77366038',NULL,NULL,'$2y$12$LRUMn1xIowo2qTnq6BnGN.3JLag5u7xOCo1SIXofPxreokFkLZwEK',NULL,'astrologer',1,0.00,0.00,0,NULL,'2026-01-31 09:43:44','2026-01-31 09:43:44',NULL,0),(699,'Nidhi Baldev Mehta','nidhi-baldev-mehta-174','astro_174_YFIj7@example.com','0967 7477059',NULL,NULL,'$2y$12$k0S/KO2.ywiQNIZ93W3Rw.FBoTUqRd9pZZNnwhUA1t/2wRxUk309a',NULL,'astrologer',1,0.00,0.00,0,NULL,'2026-01-31 09:43:45','2026-01-31 09:43:45',NULL,0),(700,'Wafiq Sinha','wafiq-sinha-175','astro_175_PBI6O@example.com','007 35748715',NULL,NULL,'$2y$12$oxKO67xjGps1vzy9.pJNn.hjVT.ob/ZMIQ8ck6G.68HTKfaZ245jW',NULL,'astrologer',1,0.00,0.00,0,NULL,'2026-01-31 09:43:45','2026-01-31 09:43:45',NULL,0),(701,'Deepesh Sankaran','deepesh-sankaran-176','astro_176_94eP3@example.com','+91 606 5292409',NULL,NULL,'$2y$12$37L9a0QwanQz2mi.f2wbbuZdNAknRqpbZVZXJz8f7a/Fijuz2Cz42',NULL,'astrologer',1,0.00,0.00,0,NULL,'2026-01-31 09:43:46','2026-01-31 09:43:46',NULL,0),(702,'Mohan Banik','mohan-banik-177','astro_177_7p3eb@example.com','+91 233 5630956',NULL,NULL,'$2y$12$lIL9o/nrbryYTAZlKBNRf.BVs6aO3wIOyRXLH8tUwhILXim4QlIoW',NULL,'astrologer',1,0.00,0.00,0,NULL,'2026-01-31 09:43:46','2026-01-31 09:43:46',NULL,0),(703,'Abhinav Mohabir','abhinav-mohabir-178','astro_178_q37i3@example.com','+91 95 35852004',NULL,NULL,'$2y$12$J1S8r6qVWTMu1pSJ7qay1erMSKPt14wL2gPclWboHvmh1d2SDZ1Wm',NULL,'astrologer',1,0.00,0.00,0,NULL,'2026-01-31 09:43:47','2026-01-31 09:43:47',NULL,0),(704,'Bagwati Modi','bagwati-modi-179','astro_179_4YXLW@example.com','+91 01 88381521',NULL,NULL,'$2y$12$37nXpOABl6e3gBQWFRy67OXKelhxrmdDoC4DBAT9l/h3FCIaSQ8RC',NULL,'astrologer',1,0.00,0.00,0,NULL,'2026-01-31 09:43:47','2026-01-31 09:43:47',NULL,0),(705,'Taahid Pratap Magar','taahid-pratap-magar-180','astro_180_XfRRk@example.com','+91 476 9974667',NULL,NULL,'$2y$12$6Bx4J1UDspCwTbfB6ylxROLx3ivjGMcp5VQzuVqYquYdyLugEhwau',NULL,'astrologer',1,0.00,0.00,0,NULL,'2026-01-31 09:43:48','2026-01-31 09:43:48',NULL,0),(706,'Faraz Memon','faraz-memon-181','astro_181_h8SQ7@example.com','0119 0113697',NULL,NULL,'$2y$12$oNtUk8gjT1aFiONre0aAxOftt1rXHcK6cju8K6dREAShFuyOoZtfy',NULL,'astrologer',1,0.00,0.00,0,NULL,'2026-01-31 09:43:49','2026-01-31 09:43:49',NULL,0),(707,'Ratan Kumar Natt','ratan-kumar-natt-182','astro_182_ABzT1@example.com','+91 180 9924939',NULL,NULL,'$2y$12$KeyZRe3ltfcijYydvymn/u.OpYCQMBzQeoR1mpdUeRkaupefOkJOa',NULL,'astrologer',1,0.00,0.00,0,NULL,'2026-01-31 09:43:49','2026-01-31 09:43:49',NULL,0),(708,'Juhi Seshadri','juhi-seshadri-183','astro_183_3H9O6@example.com','0439 2606445',NULL,NULL,'$2y$12$RqwmGgcH0doA4R6wiZWeL.I6W66Kx9aqCrXQ9QSqlmT3xonzVnwWS',NULL,'astrologer',1,0.00,0.00,0,NULL,'2026-01-31 09:43:49','2026-01-31 09:43:49',NULL,0),(709,'Jiya Mukhopadhyay','jiya-mukhopadhyay-184','astro_184_5mqoM@example.com','+91 64 09097218',NULL,NULL,'$2y$12$rN3mu1.oxuya.BSuFfUZ8OSX8J0IJ3s.0OFZleMDRSmLJJ8Hxs4IK',NULL,'astrologer',1,0.00,0.00,0,NULL,'2026-01-31 09:43:50','2026-01-31 09:43:50',NULL,0),(710,'Sirish Anil Bajaj','sirish-anil-bajaj-185','astro_185_sfik7@example.com','084 03916650',NULL,NULL,'$2y$12$VREKIQ7X7Sea4UZo38DGZOZTpb55SFZIWNOqsNkzuZtj0EdyPNKSe',NULL,'astrologer',1,0.00,0.00,0,NULL,'2026-01-31 09:43:50','2026-01-31 09:43:50',NULL,0),(711,'Darpan Dugal','darpan-dugal-186','astro_186_VWUzy@example.com','+91 43 06768753',NULL,NULL,'$2y$12$A8A82/ZUBYQ/N6ASUZ0M2eOvoWIXwUqnBNrYV97OIXQavzJnD203W',NULL,'astrologer',1,0.00,0.00,0,NULL,'2026-01-31 09:43:51','2026-01-31 09:43:51',NULL,0),(712,'Chirag Shere','chirag-shere-187','astro_187_V8hJe@example.com','018 73600553',NULL,NULL,'$2y$12$Mt.k5/PSHdargrGGd70L1OhSKAQVJycc2LeF3qU/5iCCYO.XrH/J2',NULL,'astrologer',1,0.00,0.00,0,NULL,'2026-01-31 09:43:51','2026-01-31 09:43:51',NULL,0),(713,'Biren Dubey','biren-dubey-188','astro_188_Ds5lE@example.com','003 56112243',NULL,NULL,'$2y$12$tR7PmLhS18JelLqGWKup.OL9qGBiqIjgTqN7AIgmcBd12tqU8u/A2',NULL,'astrologer',1,0.00,0.00,0,NULL,'2026-01-31 09:43:51','2026-01-31 09:43:51',NULL,0),(714,'Nikita Maharaj','nikita-maharaj-189','astro_189_tsUe9@example.com','+91 92 90225907',NULL,NULL,'$2y$12$D6yW9mUhm5OBdtZ96p0k5eIFIbR1bJEPykf.jv8lJqTRihYtyhwZe',NULL,'astrologer',1,0.00,0.00,0,NULL,'2026-01-31 09:43:52','2026-01-31 09:43:52',NULL,0),(715,'Bhola Kapadia','bhola-kapadia-190','astro_190_oXMwU@example.com','+91 430 0123504',NULL,NULL,'$2y$12$SBCW.3PvixFCkehHdUQxsOfGMGUQSrPXUqEEIwYRLuk3WQz7rQKYC',NULL,'astrologer',1,0.00,0.00,0,NULL,'2026-01-31 09:43:52','2026-01-31 09:43:52',NULL,0),(716,'Kalpit Bhai Radhakrishnan','kalpit-bhai-radhakrishnan-191','astro_191_vkPa0@example.com','0235 0881298',NULL,NULL,'$2y$12$9v95lSBheS8AgWDo6jg.8OENKWj0bnejN9GdfaJSc.Fokm7bAntBW',NULL,'astrologer',1,0.00,0.00,0,NULL,'2026-01-31 09:43:53','2026-01-31 09:43:53',NULL,0),(717,'Rajesh Baldev Dara','rajesh-baldev-dara-192','astro_192_aruvB@example.com','059 23656439',NULL,NULL,'$2y$12$pT0KiDvnbe1qfU6uCFzM7OsMJ7AzN3baYiAw1wxz/OuTCA./HXZ/2',NULL,'astrologer',1,0.00,0.00,0,NULL,'2026-01-31 09:43:53','2026-01-31 09:43:53',NULL,0),(718,'Nirmal Moti Narula','nirmal-moti-narula-193','astro_193_ZS8ku@example.com','+91 39 54055033',NULL,NULL,'$2y$12$1sJJS202WB65AMKWuWVkUuFu1nQo7qcmk8SjXkZWib4JHbPDsE6WO',NULL,'astrologer',1,0.00,0.00,0,NULL,'2026-01-31 09:43:53','2026-01-31 09:43:53',NULL,0),(719,'Rimi Taahid Chaudry','rimi-taahid-chaudry-194','astro_194_PUWkp@example.com','003 38852636',NULL,NULL,'$2y$12$AEK9JeOAofATjFGr7hgdSO9pTa4S8fZY7psGrIA2TtxJGvjumsr3e',NULL,'astrologer',1,0.00,0.00,0,NULL,'2026-01-31 09:43:54','2026-01-31 09:43:54',NULL,0),(720,'Deepesh Sodhi','deepesh-sodhi-195','astro_195_D5Efg@example.com','0789 5904763',NULL,NULL,'$2y$12$4GvIwtWoRZS8P336R/cZj.6fbgQmBokD8L5r.BUJv4g7KxdmGY.k6',NULL,'astrologer',1,0.00,0.00,0,NULL,'2026-01-31 09:43:54','2026-01-31 09:43:54',NULL,0),(721,'Kartik Ramson','kartik-ramson-196','astro_196_F6D9p@example.com','0741 2174946',NULL,NULL,'$2y$12$dGQM5qZjSvoaNnaPGjJXhevTXiL9v6G67eXeVhsnSK3rO7ZovvNh2',NULL,'astrologer',1,0.00,0.00,0,NULL,'2026-01-31 09:43:54','2026-01-31 09:43:54',NULL,0),(722,'Ujwal Rao Pau','ujwal-rao-pau-197','astro_197_tZpyw@example.com','067 23375498',NULL,NULL,'$2y$12$7mRy914l.8iTL0ns/E6jwO8NQ/vTSO01TfLI6LBF9WL7Szdx4LCBG',NULL,'astrologer',1,0.00,0.00,0,NULL,'2026-01-31 09:43:55','2026-01-31 09:43:55',NULL,0),(723,'Anil Lal Suresh','anil-lal-suresh-198','astro_198_lnxuL@example.com','036 20540806',NULL,NULL,'$2y$12$qo.K87l68/SU5Hvch61z7.4moRSvG211m8M/6PRZLX2sYvczlZOIW',NULL,'astrologer',1,0.00,0.00,0,NULL,'2026-01-31 09:43:55','2026-01-31 09:43:55',NULL,0),(724,'Deep Madan','deep-madan-199','astro_199_qeQWo@example.com','+91 44 91301321',NULL,NULL,'$2y$12$9iVjcUuN5HJKAcDrVl/34OpSXgMaTN18KRUBJB9SGQ8kc7W1Q.gom',NULL,'astrologer',1,0.00,0.00,0,NULL,'2026-01-31 09:43:56','2026-01-31 09:43:56',NULL,0),(725,'Kartik Peter Mathew','kartik-peter-mathew-200','astro_200_Wgcjl@example.com','+91 86 71053877',NULL,NULL,'$2y$12$XP23UwWiEdKsm/ZGG9wHIuETUKuF.qwPCnBUtFvTPEYwy2o8/bA9C',NULL,'astrologer',1,0.00,0.00,0,NULL,'2026-01-31 09:43:56','2026-01-31 09:43:56',NULL,0),(726,'Tarun Pratap Loke','tarun-pratap-loke-201','astro_201_kGG6s@example.com','0751 0641446',NULL,NULL,'$2y$12$zG35wzCxYLl0Owd59wEB0e6K.y6YNqpP2YyZGApiegOd7oNStoYfu',NULL,'astrologer',1,0.00,0.00,0,NULL,'2026-01-31 09:43:56','2026-01-31 09:43:56',NULL,0),(727,'Mohanlal Lal Vora','mohanlal-lal-vora-202','astro_202_Bp0Uk@example.com','089 06415933',NULL,NULL,'$2y$12$NW.wYPvge2/fKAohLrg.bOyY.sH.BlczjHDcgNNZOfISUdmKIC1Fy',NULL,'astrologer',1,0.00,0.00,0,NULL,'2026-01-31 09:43:57','2026-01-31 09:43:57',NULL,0),(728,'Madhavi Comar','madhavi-comar-203','astro_203_5iKOt@example.com','+91 41 93279368',NULL,NULL,'$2y$12$XslcQtmbCtNNwYFsS4bPgOk0iEL7lU8Z2mN1tAnulgaUnPPCXtQj6',NULL,'astrologer',1,0.00,0.00,0,NULL,'2026-01-31 09:43:57','2026-01-31 09:43:57',NULL,0),(729,'Riddhi Manish Pathak','riddhi-manish-pathak-204','astro_204_UH8pa@example.com','+91 82 54035199',NULL,NULL,'$2y$12$MiBwCH08qp3e/oXl9i2.H.jtmATKwnkqRQo6ki0j9hQH/8Sx.KULa',NULL,'astrologer',1,0.00,0.00,0,NULL,'2026-01-31 09:43:58','2026-01-31 09:43:58',NULL,0),(730,'Samir Bakshi','samir-bakshi-205','astro_205_Lr33Q@example.com','+91 32 48372188',NULL,NULL,'$2y$12$kVvTn5XKiO/UhimEE07pregA59XluDU4m.r3NTP0SCbskUAFXfoki',NULL,'astrologer',1,0.00,0.00,0,NULL,'2026-01-31 09:43:58','2026-01-31 09:43:58',NULL,0),(731,'Aarushi Wafa Edwin','aarushi-wafa-edwin-206','astro_206_bkNk7@example.com','+91 438 8768809',NULL,NULL,'$2y$12$m/414Duqw/n4at10Zw0kmObrDVQuCqXfK2TDbBER4uqOjgng5wSfS',NULL,'astrologer',1,0.00,0.00,0,NULL,'2026-01-31 09:43:58','2026-01-31 09:43:58',NULL,0),(732,'Sweta Khatri','sweta-khatri-207','astro_207_dxFGH@example.com','+91 79 59551887',NULL,NULL,'$2y$12$7yQUua3xEp5NIoeRJtLGQe/A5Gs76QEJzpvmU2CDDNpZ52dlsT35G',NULL,'astrologer',1,0.00,0.00,0,NULL,'2026-01-31 09:43:59','2026-01-31 09:43:59',NULL,0),(733,'Lalit Aarif Pillay','lalit-aarif-pillay-208','astro_208_bEVli@example.com','0711 8735409',NULL,NULL,'$2y$12$wZyBZpMGS4nltiyEfgq0iuyNZGSJjozE8nwOd7U1lA5lFclGo55WS',NULL,'astrologer',1,0.00,0.00,0,NULL,'2026-01-31 09:43:59','2026-01-31 09:43:59',NULL,0),(734,'Albert Prasad Basak','albert-prasad-basak-209','astro_209_rtiSj@example.com','+91 71 64382436',NULL,NULL,'$2y$12$wdKkr9K22sBKXOvs8Io8W.CcwOw38IU6dvpBLnbFBp.YHgv0tIMCi',NULL,'astrologer',1,0.00,0.00,0,NULL,'2026-01-31 09:44:00','2026-01-31 09:44:00',NULL,0),(735,'Qadim Meka','qadim-meka-210','astro_210_ZQfWt@example.com','+91 95 16164965',NULL,NULL,'$2y$12$.TWhiL1B9vaO8QpyYOws6ebzb/8o7XL.d6kU401RS7TspWe9EXBFu',NULL,'astrologer',1,0.00,0.00,0,NULL,'2026-01-31 09:44:00','2026-01-31 09:44:00',NULL,0),(736,'Jasmin Maharaj','jasmin-maharaj-211','astro_211_D56eE@example.com','+91 65 32022491',NULL,NULL,'$2y$12$MGRWF1b6pzc2zNXWe5bqke19qwOKXgAeaaW1UXQE9P1tq9NkbP7Cm',NULL,'astrologer',1,0.00,0.00,0,NULL,'2026-01-31 09:44:00','2026-01-31 09:44:00',NULL,0),(737,'Upasana Baldev Nadkarni','upasana-baldev-nadkarni-212','astro_212_V4dXK@example.com','+91 80 42022356',NULL,NULL,'$2y$12$YsbTcvQFdZwE18H6kzomKO/BpEy51S0WTlvjKxhVRPp0LmDRbTTFy',NULL,'astrologer',1,0.00,0.00,0,NULL,'2026-01-31 09:44:01','2026-01-31 09:44:01',NULL,0),(738,'Ritika Ajinkya Malhotra','ritika-ajinkya-malhotra-213','astro_213_4eTHD@example.com','0412 9116675',NULL,NULL,'$2y$12$8jtVcGy3gnl6vu/lQ/hsLOqXXMBuouvNRN1mTzwXImGM9q04Kthz2',NULL,'astrologer',1,0.00,0.00,0,NULL,'2026-01-31 09:44:01','2026-01-31 09:44:01',NULL,0),(739,'Albert Srivastava','albert-srivastava-214','astro_214_EuCTv@example.com','0899 9496477',NULL,NULL,'$2y$12$vDqDQnBjWVae0b.TucQLx.h2C3lbv1ozREwE8r2AP0GapH5rhbipG',NULL,'astrologer',1,0.00,0.00,0,NULL,'2026-01-31 09:44:02','2026-01-31 09:44:02',NULL,0),(740,'Fardeen Faisal Hari','fardeen-faisal-hari-215','astro_215_c3LM8@example.com','0437 9005015',NULL,NULL,'$2y$12$z5qdgfywi0pnzduqM.ZQ1ud2MwkcdbV3yfE8esHF3TrhGFQbmPlTS',NULL,'astrologer',1,0.00,0.00,0,NULL,'2026-01-31 09:44:02','2026-01-31 09:44:02',NULL,0),(741,'Diya Raghavan Amble','diya-raghavan-amble-216','astro_216_ROuXq@example.com','0923 1039442',NULL,NULL,'$2y$12$rxT1u0VpHcw94F1Y3YRzgeSK/8dxWtbyf8AputMyyQ8wN5ZwUO.N.',NULL,'astrologer',1,0.00,0.00,0,NULL,'2026-01-31 09:44:02','2026-01-31 09:44:02',NULL,0),(742,'Bhairavi Chad','bhairavi-chad-217','astro_217_kcS88@example.com','0867 7119613',NULL,NULL,'$2y$12$SIueuneVxdU5U/WuCahcweNa59pzh6fqvXAs783rhlGIoqZc5GZ7K',NULL,'astrologer',1,0.00,0.00,0,NULL,'2026-01-31 09:44:03','2026-01-31 09:44:03',NULL,0),(743,'Naseer Lal Pillay','naseer-lal-pillay-218','astro_218_usy8Y@example.com','087 71934125',NULL,NULL,'$2y$12$/HODKfLeCWpARj5nHoqwR.SECwa6HuwgZEyepRgsA2nMHKTb88OTa',NULL,'astrologer',1,0.00,0.00,0,NULL,'2026-01-31 09:44:03','2026-01-31 09:44:03',NULL,0),(744,'David Purohit','david-purohit-219','astro_219_W0nLc@example.com','+91 447 2460525',NULL,NULL,'$2y$12$MzRABdz54gYVvvooKeZ.3.6EByiGgGYOaUE12ktD6/LHkwMEDKqSG',NULL,'astrologer',1,0.00,0.00,0,NULL,'2026-01-31 09:44:04','2026-01-31 09:44:04',NULL,0),(745,'Subhash Singh Mahajan','subhash-singh-mahajan-220','astro_220_ILSiz@example.com','+91 218 5015465',NULL,NULL,'$2y$12$hZphUFU6mjcGknpVUKtaK.kSneo9Oxei3ieRnov.fMUbLRXcCJhli',NULL,'astrologer',1,0.00,0.00,0,NULL,'2026-01-31 09:44:04','2026-01-31 09:44:04',NULL,0),(746,'Mona Wagle','mona-wagle-221','astro_221_tdmDk@example.com','063 62877369',NULL,NULL,'$2y$12$1eFNsdg4NczCFhTNCOEkgesuEp5ioKtGKkOonmW4.jYel3V.Z3Ld2',NULL,'astrologer',1,0.00,0.00,0,NULL,'2026-01-31 09:44:04','2026-01-31 09:44:04',NULL,0),(747,'Neela Dhanush Lall','neela-dhanush-lall-222','astro_222_gzIYl@example.com','0222 8879995',NULL,NULL,'$2y$12$y62KEXXxKA2zEQ5DPDbkpukhrBmd4x8ijv1sWT56135D9eFM.LD9O',NULL,'astrologer',1,0.00,0.00,0,NULL,'2026-01-31 09:44:05','2026-01-31 09:44:05',NULL,0),(748,'Lakshmi Anne','lakshmi-anne-223','astro_223_rlK0r@example.com','0601 4487490',NULL,NULL,'$2y$12$FYa6AxMcSiudfgnr9WLU9uBtIw/kMBmcijjxbteLTBgpFktxf6jmm',NULL,'astrologer',1,0.00,0.00,0,NULL,'2026-01-31 09:44:06','2026-01-31 09:44:06',NULL,0),(749,'Koushtubh Lal Deo','koushtubh-lal-deo-224','astro_224_STL8z@example.com','+91 006 4923430',NULL,NULL,'$2y$12$3LJxzeOl7IhKfGGAq8tSr.uBBrGhBrfIvgXFjvfWntWFcFD19PQN6',NULL,'astrologer',1,0.00,0.00,0,NULL,'2026-01-31 09:44:06','2026-01-31 09:44:06',NULL,0),(750,'Dinesh Sharaf','dinesh-sharaf-225','astro_225_rOfYh@example.com','+91 021 0589935',NULL,NULL,'$2y$12$IPfGUB6357Ek5/8MBtL0GeE0XfRrOyZO4YQKGxkZJoPtAjRhR6TxC',NULL,'astrologer',1,0.00,0.00,0,NULL,'2026-01-31 09:44:07','2026-01-31 09:44:07',NULL,0),(751,'Bijoy Wafa Datta','bijoy-wafa-datta-226','astro_226_gMrp2@example.com','0401 0045223',NULL,NULL,'$2y$12$3RaH3855IQUnbtxuAo.HfeLsZxq9cU02ATfHz100EsbX/L4sbp3KK',NULL,'astrologer',1,0.00,0.00,0,NULL,'2026-01-31 09:44:07','2026-01-31 09:44:07',NULL,0),(752,'Chhaya Bail','chhaya-bail-227','astro_227_ImutR@example.com','+91 862 8987033',NULL,NULL,'$2y$12$LR9NPvZAR0YtEgJekGzjduexrFwPPaBMrm3YXaB..Y4sqoykBK0rS',NULL,'astrologer',1,0.00,0.00,0,NULL,'2026-01-31 09:44:07','2026-01-31 09:44:07',NULL,0),(753,'Aslam Wason','aslam-wason-228','astro_228_1GkHu@example.com','+91 554 7565596',NULL,NULL,'$2y$12$UXtWSnxGRvuUQGFW1bPDC.UurETgWUoZA8gSoHIyRM2tJHCxi4bqK',NULL,'astrologer',1,0.00,0.00,0,NULL,'2026-01-31 09:44:08','2026-01-31 09:44:08',NULL,0),(754,'Yasmin Javed Ganesh','yasmin-javed-ganesh-229','astro_229_UByqP@example.com','+91 12 82911186',NULL,NULL,'$2y$12$EMsbWl/H3Dnrdf2vqzoucOzG6VhD47we5kXxHYs0ASdvLnMGF8EBi',NULL,'astrologer',1,0.00,0.00,0,NULL,'2026-01-31 09:44:08','2026-01-31 09:44:08',NULL,0),(755,'Taahid Chandra Ganesan','taahid-chandra-ganesan-230','astro_230_1ZZZ5@example.com','+91 184 5216178',NULL,NULL,'$2y$12$uZ8eQJX.mUJKHK/ri3k6Ve1GPQadr8FE8tfU6Ag0bXW2XdXMLOk3m',NULL,'astrologer',1,0.00,0.00,0,NULL,'2026-01-31 09:44:09','2026-01-31 09:44:09',NULL,0),(756,'Veena Om','veena-om-231','astro_231_8ouas@example.com','0578 7406978',NULL,NULL,'$2y$12$xSPHo0sS8VeUktC1BhtfVODwvOYo4SUkzNtKG4RG9YFFbrIHYRXjC',NULL,'astrologer',1,0.00,0.00,0,NULL,'2026-01-31 09:44:09','2026-01-31 09:44:09',NULL,0),(757,'Manjari Babu','manjari-babu-232','astro_232_81h5r@example.com','0259 9051657',NULL,NULL,'$2y$12$MZXxEEFaBw/UywJvw/3EhOsi8y9MXWMzwgPb1kt0BdsVJt/aG3vyG',NULL,'astrologer',1,0.00,0.00,0,NULL,'2026-01-31 09:44:09','2026-01-31 09:44:09',NULL,0),(758,'Natwar Deol','natwar-deol-233','astro_233_kcCrJ@example.com','0766 2393898',NULL,NULL,'$2y$12$VZmcn1zH3J0Tt3kqNvrDAuHl5/lbZq8Dk6VhtQvkJm2Sr49ee21Dm',NULL,'astrologer',1,0.00,0.00,0,NULL,'2026-01-31 09:44:10','2026-01-31 09:44:10',NULL,0),(759,'Aslam Kumar Dayal','aslam-kumar-dayal-234','astro_234_qkmzi@example.com','050 35324045',NULL,NULL,'$2y$12$e/HHRURHfDXBo3hYPGrh1O0GCGReP1AGCSaXUMX5mRDl4JN0yChyK',NULL,'astrologer',1,0.00,0.00,0,NULL,'2026-01-31 09:44:10','2026-01-31 09:44:10',NULL,0),(760,'Ratan Pradhan','ratan-pradhan-235','astro_235_3V9aq@example.com','061 71906789',NULL,NULL,'$2y$12$AfLu4A9Q.NFCl6i4xYz9Mez2YdqofL08AQZDN806qo2oZlqt53KbO',NULL,'astrologer',1,0.00,0.00,0,NULL,'2026-01-31 09:44:11','2026-01-31 09:44:11',NULL,0),(761,'Lakshmi Chakrabarti','lakshmi-chakrabarti-236','astro_236_viUiQ@example.com','+91 092 4895990',NULL,NULL,'$2y$12$dhF2IWtkrakaNvSM/Cn3/.qqMYVQQxnQqNwUT/bD5YZbqPADD6MaO',NULL,'astrologer',1,0.00,0.00,0,NULL,'2026-01-31 09:44:12','2026-01-31 09:44:12',NULL,0),(762,'Sirish Chandra Devan','sirish-chandra-devan-237','astro_237_iRqMo@example.com','+91 55 94967685',NULL,NULL,'$2y$12$sYKlQnn268/MJxIbblJHNOH1JyFpJ2gzvZSokpVDsLv1SMpSlyvSe',NULL,'astrologer',1,0.00,0.00,0,NULL,'2026-01-31 09:44:12','2026-01-31 09:44:12',NULL,0),(763,'Namita Surana','namita-surana-238','astro_238_gCCrx@example.com','048 70628429',NULL,NULL,'$2y$12$kQarL4SP2uMQ65ZQhyJKXOKEd2ABt3Na82.dItoy5YoG8BwxpR/fi',NULL,'astrologer',1,0.00,0.00,0,NULL,'2026-01-31 09:44:13','2026-01-31 09:44:13',NULL,0),(764,'Maya Nayan Mahadeo','maya-nayan-mahadeo-239','astro_239_2uoYH@example.com','+91 216 4032831',NULL,NULL,'$2y$12$gFx5gqJzPJcszZXqqoqgRu/MsbCF.RV7tW01H1JG1oz0ix0PaC.py',NULL,'astrologer',1,0.00,0.00,0,NULL,'2026-01-31 09:44:13','2026-01-31 09:44:13',NULL,0),(765,'Satish Rao Raj','satish-rao-raj-240','astro_240_plnYf@example.com','0564 0097295',NULL,NULL,'$2y$12$uJRMJPwVJddsdDZnDb9oK.mc6FjQss/MoIsZLm7soxulwVBFY2s8W',NULL,'astrologer',1,0.00,0.00,0,NULL,'2026-01-31 09:44:14','2026-01-31 09:44:14',NULL,0),(766,'Daanish Abbas Varughese','daanish-abbas-varughese-241','astro_241_b2B3I@example.com','+91 77 00344200',NULL,NULL,'$2y$12$1SYwhvaKwmYsAhVtIivNHekhwBuOESs3vKrz5RnfyblzNH2EABhfq',NULL,'astrologer',1,0.00,0.00,0,NULL,'2026-01-31 09:44:14','2026-01-31 09:44:14',NULL,0),(767,'Bhanupriya Pirzada Maraj','bhanupriya-pirzada-maraj-242','astro_242_xNzcT@example.com','0929 1764024',NULL,NULL,'$2y$12$eUtDAaGZX3ydUG9U0qqkZ.5YUp57o8Geqa7v8KZgvsbN5WCWgW.q.',NULL,'astrologer',1,0.00,0.00,0,NULL,'2026-01-31 09:44:15','2026-01-31 09:44:15',NULL,0),(768,'Himanshu Andra','himanshu-andra-243','astro_243_yWJeK@example.com','+91 43 46484056',NULL,NULL,'$2y$12$KFLqZMNVvl72L2.yerlB7e1tb28SQruw6pUoCLwn3j8luKXGursri',NULL,'astrologer',1,0.00,0.00,0,NULL,'2026-01-31 09:44:15','2026-01-31 09:44:15',NULL,0),(769,'Juhi Mody','juhi-mody-244','astro_244_nJogU@example.com','063 23695508',NULL,NULL,'$2y$12$E3Na1uPLPXE.t4wCom1y3eRW7CwOwZMSlBSYE6d1JcPHI8/Hx3.56',NULL,'astrologer',1,0.00,0.00,0,NULL,'2026-01-31 09:44:16','2026-01-31 09:44:16',NULL,0),(770,'Ghalib Natt','ghalib-natt-245','astro_245_SxsPL@example.com','+91 25 49090130',NULL,NULL,'$2y$12$ZqsT4V8bVlEEqFKekRhdPeokoIGl34jfSwtP8/oqH/MKeRYF.NAgy',NULL,'astrologer',1,0.00,0.00,0,NULL,'2026-01-31 09:44:16','2026-01-31 09:44:16',NULL,0),(771,'Jobin Kushal Sarin','jobin-kushal-sarin-246','astro_246_pWw12@example.com','+91 03 25771371',NULL,NULL,'$2y$12$gLG5Yp6EOuozThDyDb8eqeBSm8I.k5/Ayu81RHxxdw7BakP96XD62',NULL,'astrologer',1,0.00,0.00,0,NULL,'2026-01-31 09:44:17','2026-01-31 09:44:17',NULL,0),(772,'Kasturi Choudhury','kasturi-choudhury-247','astro_247_hQVeF@example.com','+91 01 21064190',NULL,NULL,'$2y$12$gLs69XvLHiC1RLf6RHTl6uJk.TDZdeSTA4SNxpVQwFsOMRLGY00Vq',NULL,'astrologer',1,0.00,0.00,0,NULL,'2026-01-31 09:44:17','2026-01-31 09:44:17',NULL,0),(773,'Dhanush Singh Nayar','dhanush-singh-nayar-248','astro_248_g4CuH@example.com','0547 9648948',NULL,NULL,'$2y$12$w.UYlcsOSzAJKcWF7kc2aunC6ugqfRSMPrEcKOOkdX0Tganfgi1lO',NULL,'astrologer',1,0.00,0.00,0,NULL,'2026-01-31 09:44:18','2026-01-31 09:44:18',NULL,0),(774,'Karim Dev Cheema','karim-dev-cheema-249','astro_249_dqoqb@example.com','0125 2475151',NULL,NULL,'$2y$12$Ax4yyMKVdzy6xpPTGIAhWe.ZjYW5timFKuRLSBqoTJuoxs0HkNfua',NULL,'astrologer',1,0.00,0.00,0,NULL,'2026-01-31 09:44:18','2026-01-31 09:44:18',NULL,0),(775,'Arjun Lanka','arjun-lanka-250','astro_250_Ymyf9@example.com','+91 36 17132205',NULL,NULL,'$2y$12$upd76d5ZTTjd1qTkaSF7k.rEWeyyM24GSKIpWTbS4zh2TKTwHYTYS',NULL,'astrologer',1,0.00,0.00,0,NULL,'2026-01-31 09:44:19','2026-01-31 09:44:19',NULL,0),(776,'Ricky Mahadeo','ricky-mahadeo-251','astro_251_ICZsp@example.com','+91 004 1970221',NULL,NULL,'$2y$12$qsFFF7vIV2H.Kq73hPzs0uWAWmZ24QNIag9XFB/k00It9sOgOj3YK',NULL,'astrologer',1,0.00,0.00,0,NULL,'2026-01-31 09:44:19','2026-01-31 09:44:19',NULL,0),(777,'Dhiraj Natwar Lanka','dhiraj-natwar-lanka-252','astro_252_lkttt@example.com','+91 91 79085097',NULL,NULL,'$2y$12$Seg4kW.6IElg4.LmML5gdu09ponvU8kafT8QvtSujH65YRdiAQ8gi',NULL,'astrologer',1,0.00,0.00,0,NULL,'2026-01-31 09:44:19','2026-01-31 09:44:19',NULL,0),(778,'Avantika Natt','avantika-natt-253','astro_253_yJj0X@example.com','+91 34 00330432',NULL,NULL,'$2y$12$75rgX2YXT9tOajYCO0uR1uihJRQ86Dl8iWYHvxCKAfR9HR4UH8gxS',NULL,'astrologer',1,0.00,0.00,0,NULL,'2026-01-31 09:44:20','2026-01-31 09:44:20',NULL,0),(779,'Aayushi Qadim Tata','aayushi-qadim-tata-254','astro_254_ydzXi@example.com','+91 00 98719359',NULL,NULL,'$2y$12$Lrjz3meouwBcnSh4V7/7NecagQ4iJ2fYbXx4wu4W0LCVVUMbNk85S',NULL,'astrologer',1,0.00,0.00,0,NULL,'2026-01-31 09:44:20','2026-01-31 09:44:20',NULL,0),(780,'Mitesh Mishra','mitesh-mishra-255','astro_255_G71Pl@example.com','037 99701415',NULL,NULL,'$2y$12$wKzI3qAvlJmv5ofwSIPZUevg8ctk7iNAUNhhX4tH2AiI8jKom/Lt.',NULL,'astrologer',1,0.00,0.00,0,NULL,'2026-01-31 09:44:21','2026-01-31 09:44:21',NULL,0),(781,'Venkat Abbas Mehra','venkat-abbas-mehra-256','astro_256_lRKjq@example.com','051 50798757',NULL,NULL,'$2y$12$K4ROT58QCiMgTmi/.UhkkuzG7Vd7Pi/.zlRP.VegOmAVxvfAadX62',NULL,'astrologer',1,0.00,0.00,0,NULL,'2026-01-31 09:44:21','2026-01-31 09:44:21',NULL,0),(782,'Brock Alex Chaudhari','brock-alex-chaudhari-257','astro_257_CQWo5@example.com','+91 163 4682558',NULL,NULL,'$2y$12$/ydJRWoWZBGrhrvIak3Siu1o3ipOykaDMaeM.TT319Hz.Tkms6E32',NULL,'astrologer',1,0.00,0.00,0,NULL,'2026-01-31 09:44:22','2026-01-31 09:44:22',NULL,0),(783,'Virat Kibe','virat-kibe-258','astro_258_q0ZOH@example.com','043 83140340',NULL,NULL,'$2y$12$SmtfmpDP2Hgq1LbGedHl3.bJRRIEFij8aUec6lHWYOZVCvfConPKa',NULL,'astrologer',1,0.00,0.00,0,NULL,'2026-01-31 09:44:22','2026-01-31 09:44:22',NULL,0),(784,'Yogesh Bhai Bhavsar','yogesh-bhai-bhavsar-259','astro_259_sp4Pk@example.com','080 58307727',NULL,NULL,'$2y$12$U4ent0.4mX3MHPznorFMGuaOFXG0c9ixZrPrLXlue1sSuOXDyMypq',NULL,'astrologer',1,0.00,0.00,0,NULL,'2026-01-31 09:44:23','2026-01-31 09:44:23',NULL,0),(785,'Sona Sushant Narain','sona-sushant-narain-260','astro_260_oHJTR@example.com','+91 366 4100035',NULL,NULL,'$2y$12$ogwteK6uWYtNBiJ/5UrrUuNAPLRGSUxy3l4juktF8QGL7KbU7Zzgq',NULL,'astrologer',1,0.00,0.00,0,NULL,'2026-01-31 09:44:23','2026-01-31 09:44:23',NULL,0),(786,'Wafiq Bhargava','wafiq-bhargava-261','astro_261_lX8YV@example.com','+91 208 1614591',NULL,NULL,'$2y$12$Wv1QBp0L2UtsgYnXq8P5Z.ITxLRnyDh9GgfTg4l7KrUMBOL4o1Wt6',NULL,'astrologer',1,0.00,0.00,0,NULL,'2026-01-31 09:44:24','2026-01-31 09:44:24',NULL,0),(787,'Zahir Bhatt','zahir-bhatt-262','astro_262_KFr9b@example.com','+91 884 2643109',NULL,NULL,'$2y$12$6GZcO8.zhOYSAjrdHnqsOeJQAG1Ptpxh6VupVdqdUnDdjP8D6cU5u',NULL,'astrologer',1,0.00,0.00,0,NULL,'2026-01-31 09:44:24','2026-01-31 09:44:24',NULL,0),(788,'Ajeet Mitra','ajeet-mitra-263','astro_263_D73XA@example.com','+91 23 31786570',NULL,NULL,'$2y$12$szpQCUyWNQp23fvYD1FQhu7FrB6UNd3Pf9V0oNzwXbLJGz4RKpHFq',NULL,'astrologer',1,0.00,0.00,0,NULL,'2026-01-31 09:44:25','2026-01-31 09:44:25',NULL,0),(789,'Bhaagyasree Harpreet Ahluwalia','bhaagyasree-harpreet-ahluwalia-264','astro_264_KJPMy@example.com','+91 708 8995176',NULL,NULL,'$2y$12$.DzK9rALZYSOOBr3M.hOtONoArxsEgEafhBRyHzHs.StB2NYM/TaS',NULL,'astrologer',1,0.00,0.00,0,NULL,'2026-01-31 09:44:25','2026-01-31 09:44:25',NULL,0),(790,'Richa Gokhale','richa-gokhale-265','astro_265_zy2Rf@example.com','+91 089 4531250',NULL,NULL,'$2y$12$Wh1W062kOTLDaMsu5IrByO.gYDjDAYvSaV/H8/aCrRD3nZTSFxzdq',NULL,'astrologer',1,0.00,0.00,0,NULL,'2026-01-31 09:44:25','2026-01-31 09:44:25',NULL,0),(791,'Nazir Raj Seth','nazir-raj-seth-266','astro_266_xg8KA@example.com','+91 43 48912182',NULL,NULL,'$2y$12$iAZTgAkiQHvCFPr/xp6nge5PcT.vc8q0CroHdSUMXwpaKop3Sywr.',NULL,'astrologer',1,0.00,0.00,0,NULL,'2026-01-31 09:44:26','2026-01-31 09:44:26',NULL,0),(792,'Payal Jagat Mammen','payal-jagat-mammen-267','astro_267_TOgWZ@example.com','+91 086 8006806',NULL,NULL,'$2y$12$gcPGVz3sqIddNaCt858VF.YuNChgoaTAa638YAgr/AbBbdVpwnIkm',NULL,'astrologer',1,0.00,0.00,0,NULL,'2026-01-31 09:44:26','2026-01-31 09:44:26',NULL,0),(793,'Aditya Pratap Shere','aditya-pratap-shere-268','astro_268_fEni2@example.com','006 42391847',NULL,NULL,'$2y$12$ZkXf47h9h.S5Hi0MI9ucpOFgA024jWj3CtY6cb2jTFKaMruO5vhXq',NULL,'astrologer',1,0.00,0.00,0,NULL,'2026-01-31 09:44:26','2026-01-31 09:44:26',NULL,0),(794,'Himesh Dev Mani','himesh-dev-mani-269','astro_269_yFyRl@example.com','0294 5810523',NULL,NULL,'$2y$12$uz.LUYptRdGLqR19Ez2hOu/qqQPdhMhJos/zfG6QGTmR8cHLJS0lO',NULL,'astrologer',1,0.00,0.00,0,NULL,'2026-01-31 09:44:27','2026-01-31 09:44:27',NULL,0),(795,'Iqbal Yadunandan Jaggi','iqbal-yadunandan-jaggi-270','astro_270_s0qPd@example.com','+91 508 2084731',NULL,NULL,'$2y$12$cF4kCJFW3QMUXzW.G7tSlu2QeNFSzTYe/LGohWZ/coosV0TrTIEny',NULL,'astrologer',1,0.00,0.00,0,NULL,'2026-01-31 09:44:27','2026-01-31 09:44:27',NULL,0),(796,'Ricky Bhai D’Alia','ricky-bhai-dalia-271','astro_271_qVlEe@example.com','022 31890858',NULL,NULL,'$2y$12$hfLaaIplSY7pLFMl5TPGx.OdQ6TZ/M262AHXCXjJcOcHLlRfkjG0G',NULL,'astrologer',1,0.00,0.00,0,NULL,'2026-01-31 09:44:28','2026-01-31 09:44:28',NULL,0),(797,'Eddie Prasad Bhatnagar','eddie-prasad-bhatnagar-272','astro_272_1Rif5@example.com','+91 33 68678527',NULL,NULL,'$2y$12$zn72RQCaI1cCynyWPNfXqOLC1lZMfpaSnOBtXhF2SFVY4SrNuSz2e',NULL,'astrologer',1,0.00,0.00,0,NULL,'2026-01-31 09:44:28','2026-01-31 09:44:28',NULL,0),(798,'Radhika Mangal','radhika-mangal-273','astro_273_aU4pb@example.com','0050 3078486',NULL,NULL,'$2y$12$8HPfV6HNsinw297tqYylbeND90ATL3RFFJ.W9BgxHCUDc3AP3ik4O',NULL,'astrologer',1,0.00,0.00,0,NULL,'2026-01-31 09:44:29','2026-01-31 09:44:29',NULL,0),(799,'Ghalib Rama','ghalib-rama-274','astro_274_8u2mL@example.com','048 95070886',NULL,NULL,'$2y$12$E7nRq15LHeyTtTyNIpaTeuzIsFLeDWDThX0OWa7BJEe/8AsXzr4nS',NULL,'astrologer',1,0.00,0.00,0,NULL,'2026-01-31 09:44:29','2026-01-31 09:44:29',NULL,0),(800,'Yadu Chandra Bahri','yadu-chandra-bahri-275','astro_275_lTfJQ@example.com','+91 99 39705698',NULL,NULL,'$2y$12$chyRd/hzk197mAiztYgNkOnDM48rl35DcVhznf0xcbiNGllgsSIIu',NULL,'astrologer',1,0.00,0.00,0,NULL,'2026-01-31 09:44:30','2026-01-31 09:44:30',NULL,0),(801,'Neela Atwal','neela-atwal-276','astro_276_CvJjj@example.com','+91 177 6372283',NULL,NULL,'$2y$12$nVs1HMpDG2hN.q.I.RLBx.EcmO9T9VUOOkJSeGNWv.6Swja7QqDWm',NULL,'astrologer',1,0.00,0.00,0,NULL,'2026-01-31 09:44:30','2026-01-31 09:44:30',NULL,0),(802,'Vikrant Sachdev','vikrant-sachdev-277','astro_277_BZAMU@example.com','+91 22 06593665',NULL,NULL,'$2y$12$7bRWSoUVx7GQfNDMPmogDuQT.TxJKyyjQN4v49ytkqXLt6xvlcgDW',NULL,'astrologer',1,0.00,0.00,0,NULL,'2026-01-31 09:44:31','2026-01-31 09:44:31',NULL,0),(803,'Koushtubh Pratap Nadkarni','koushtubh-pratap-nadkarni-278','astro_278_zWxhf@example.com','+91 60 27794717',NULL,NULL,'$2y$12$G.YvEmvWbalyVAUYJkGyJuG1UgaGbDN.GPxWG9YD9OSOIsKNL91Ym',NULL,'astrologer',1,0.00,0.00,0,NULL,'2026-01-31 09:44:31','2026-01-31 09:44:31',NULL,0),(804,'Vimala Wahid Basu','vimala-wahid-basu-279','astro_279_YhIXj@example.com','0580 2349374',NULL,NULL,'$2y$12$MurNL.Rw04FBF2SZk..1FO5vBqMhfrPOx.uDfti3KA/49C9g.Liva',NULL,'astrologer',1,0.00,0.00,0,NULL,'2026-01-31 09:44:32','2026-01-31 09:44:32',NULL,0),(805,'Mukti Bawa','mukti-bawa-280','astro_280_5aAVQ@example.com','+91 496 5084259',NULL,NULL,'$2y$12$A11OuCcpRzqDMNO59AgoU.Z2pM0eA1u7FeBPku07Rlpbf6mtiGx1O',NULL,'astrologer',1,0.00,0.00,0,NULL,'2026-01-31 09:44:32','2026-01-31 09:44:32',NULL,0),(806,'Chandni Somnath Bhardwaj','chandni-somnath-bhardwaj-281','astro_281_15cnu@example.com','0097 9463076',NULL,NULL,'$2y$12$DHDRQOzkIHYhGy0wtk1XWur3BrXulEKv71RqqOfJeYkAWvXJkcLwq',NULL,'astrologer',1,0.00,0.00,0,NULL,'2026-01-31 09:44:33','2026-01-31 09:44:33',NULL,0),(807,'Navami Mehra','navami-mehra-282','astro_282_Ekz71@example.com','+91 47 23702866',NULL,NULL,'$2y$12$WT3nUUSaGtd/o2GXKxdOOeURTTLDuQNILRElCoGHVdufqYRIqByAu',NULL,'astrologer',1,0.00,0.00,0,NULL,'2026-01-31 09:44:34','2026-01-31 09:44:34',NULL,0),(808,'Harpreet Prabhakar','harpreet-prabhakar-283','astro_283_4mcKp@example.com','0160 5021690',NULL,NULL,'$2y$12$OvhXtk0I7sC45/KOvBQ3Y.hmVY9gT3LC1JnPE5cdwJVXEXQmV/WNy',NULL,'astrologer',1,0.00,0.00,0,NULL,'2026-01-31 09:44:34','2026-01-31 09:44:34',NULL,0),(809,'Raju Dev Gokhale','raju-dev-gokhale-284','astro_284_ECIcV@example.com','0623 6525319',NULL,NULL,'$2y$12$TDc9nHbQauC.3C2rwYRq8e2EHIFixO3yWbuLfNj/3K.336vqdGDRC',NULL,'astrologer',1,0.00,0.00,0,NULL,'2026-01-31 09:44:35','2026-01-31 09:44:35',NULL,0),(810,'Sukriti Kade','sukriti-kade-285','astro_285_KRy33@example.com','+91 280 3857222',NULL,NULL,'$2y$12$IbezcvhQxBbkQ35MJImMkeJS6MDt7hM/euv8xLp6iGK6wLkbYQt7u',NULL,'astrologer',1,0.00,0.00,0,NULL,'2026-01-31 09:44:35','2026-01-31 09:44:35',NULL,0),(811,'Amrita Sarin','amrita-sarin-286','astro_286_AqHsA@example.com','025 63541846',NULL,NULL,'$2y$12$trCQ48YPFIqBnI58t2U5C.qxDH/GwXayLQmwlcIC5i1qYa.0rvHxm',NULL,'astrologer',1,0.00,0.00,0,NULL,'2026-01-31 09:44:36','2026-01-31 09:44:36',NULL,0),(812,'Srinivasan Bhai Ramaswamy','srinivasan-bhai-ramaswamy-287','astro_287_xviCi@example.com','+91 322 3855671',NULL,NULL,'$2y$12$UNlHDdrQbIQqkmpLws150e.1FY5/9.EbiXEurRm3TfDt6dlDD4WGC',NULL,'astrologer',1,0.00,0.00,0,NULL,'2026-01-31 09:44:37','2026-01-31 09:44:37',NULL,0),(813,'Radheshyam Sunder','radheshyam-sunder-288','astro_288_Yxi8I@example.com','+91 15 16766825',NULL,NULL,'$2y$12$eYkcq1C5kSwCnwVZEHDlm.0OGdFM5opSuq8ylELxXUq6RhVHFpoGK',NULL,'astrologer',1,0.00,0.00,0,NULL,'2026-01-31 09:44:37','2026-01-31 09:44:37',NULL,0),(814,'Amir Vyas','amir-vyas-289','astro_289_9J9Ul@example.com','0977 7429945',NULL,NULL,'$2y$12$P4V4Lz7HgHo8sLYAOcYoHOaQCcqFPlxrvi4znZE0RBKYdmt/aBK2S',NULL,'astrologer',1,0.00,0.00,0,NULL,'2026-01-31 09:44:38','2026-01-31 09:44:38',NULL,0),(815,'Aarushi Dewan','aarushi-dewan-290','astro_290_vYZ7r@example.com','081 46521096',NULL,NULL,'$2y$12$Mh6NyUUNYRaO/1RUZPAPgueofkXG8SHO1ESq1o5xyf6A/9UJck4p.',NULL,'astrologer',1,0.00,0.00,0,NULL,'2026-01-31 09:44:38','2026-01-31 09:44:38',NULL,0),(816,'Mini Sani','mini-sani-291','astro_291_p2liZ@example.com','+91 928 2054508',NULL,NULL,'$2y$12$Zh8niyNwpo1VIxcJ6Fw/vuVsPwsCOIOUrvE0ZzUMOLLSVMeAetxwm',NULL,'astrologer',1,0.00,0.00,0,NULL,'2026-01-31 09:44:39','2026-01-31 09:44:39',NULL,0),(817,'Tarun Nagarajan','tarun-nagarajan-292','astro_292_NnInW@example.com','+91 046 9691615',NULL,NULL,'$2y$12$R.MDgnkisu..OY/dx/y7DuUBCcOHmuGdo8Tqr9I4aBcpPpCfNvdiK',NULL,'astrologer',1,0.00,0.00,0,NULL,'2026-01-31 09:44:40','2026-01-31 09:44:40',NULL,0),(818,'Tushar Karan','tushar-karan-293','astro_293_HMIxV@example.com','0843 9760277',NULL,NULL,'$2y$12$mkIt/NqOQ6gbtyIvDCR0JOHQUmlfHQWVkcOxwS2iQC1f6dhsYd7Vi',NULL,'astrologer',1,0.00,0.00,0,NULL,'2026-01-31 09:44:40','2026-01-31 09:44:40',NULL,0),(819,'Mohit Handa','mohit-handa-294','astro_294_gdiQj@example.com','+91 02 89241999',NULL,NULL,'$2y$12$s4kVWxgTENW2wAXrDULgjeZ7npEktoKvXuqHDsG5Kjt2nYbJxm48G',NULL,'astrologer',1,0.00,0.00,0,NULL,'2026-01-31 09:44:41','2026-01-31 09:44:41',NULL,0),(820,'Jiya Ajay Rama','jiya-ajay-rama-295','astro_295_X1LFa@example.com','058 90373934',NULL,NULL,'$2y$12$ulCByNxvIbQqpiqJP219/..m5fPDxSHWj2ASPX0VBFouE6w/joJBe',NULL,'astrologer',1,0.00,0.00,0,NULL,'2026-01-31 09:44:41','2026-01-31 09:44:41',NULL,0),(821,'Vicky Bhagat','vicky-bhagat-296','astro_296_MDpPZ@example.com','+91 23 14526171',NULL,NULL,'$2y$12$sd1ZX7I7lrpoBa0xLFwwBuIhHHLJZgzflOwJFzPhkAwUqhfASzE9G',NULL,'astrologer',1,0.00,0.00,0,NULL,'2026-01-31 09:44:42','2026-01-31 09:44:42',NULL,0),(822,'Shashank Dev Sodhi','shashank-dev-sodhi-297','astro_297_H02AA@example.com','+91 603 8466717',NULL,NULL,'$2y$12$xbzMY26aSfVbLH4A8BRvz.LgT9xKLgJ402KE8A0h8SzB4a2/IL23e',NULL,'astrologer',1,0.00,0.00,0,NULL,'2026-01-31 09:44:42','2026-01-31 09:44:42',NULL,0),(823,'Arvind Lal Nigam','arvind-lal-nigam-298','astro_298_xZoHX@example.com','021 25528878',NULL,NULL,'$2y$12$m.OkaXUGbU17CSVWMpZ2ZO/COUa09O2PfOo8fG8E./hvf8sd6EX5m',NULL,'astrologer',1,0.00,0.00,0,NULL,'2026-01-31 09:44:43','2026-01-31 09:44:43',NULL,0),(824,'Manoj Elias Anthony','manoj-elias-anthony-299','astro_299_u5zaz@example.com','045 86926555',NULL,NULL,'$2y$12$qllH9GrrHJFLKLyWClAdRuwb1wJbjhEpI2lxHfBW4S.rq3BTIhfEq',NULL,'astrologer',1,0.00,0.00,0,NULL,'2026-01-31 09:44:44','2026-01-31 09:44:44',NULL,0),(825,'Ritika Arjun Chaudhari','ritika-arjun-chaudhari-300','astro_300_wqNLr@example.com','0377 0027617',NULL,NULL,'$2y$12$BUmRUTCLTuLvDzlySRZdguN0uDClC3MNlKUy2BUSg5kP7VCyIOzOq',NULL,'astrologer',1,0.00,0.00,0,NULL,'2026-01-31 09:44:44','2026-01-31 09:44:44',NULL,0),(826,'Bijoy Chaudhry','bijoy-chaudhry-301','astro_301_DY0lm@example.com','+91 853 7058504',NULL,NULL,'$2y$12$zSIL8yk6oq6ErjXFSxQOh.bK1dPSa4jwPpS5YkN4DMigjhjOQzpN.',NULL,'astrologer',1,0.00,0.00,0,NULL,'2026-01-31 09:44:45','2026-01-31 09:44:45',NULL,0),(827,'Fakaruddin Bajwa','fakaruddin-bajwa-302','astro_302_cyc3C@example.com','093 20753075',NULL,NULL,'$2y$12$oXQHLV9CRW4G7uy6OOFf7eOLEFN0SjXCD2/jz6q7uft2B2/dWUV3.',NULL,'astrologer',1,0.00,0.00,0,NULL,'2026-01-31 09:44:46','2026-01-31 09:44:46',NULL,0),(828,'Mohit Dutta','mohit-dutta-303','astro_303_hpCtK@example.com','+91 26 50429373',NULL,NULL,'$2y$12$X.MPzjSXZzD2zmexwAvwbuSmetymDXHKz0AibvWL7qdvDIpOt8o6a',NULL,'astrologer',1,0.00,0.00,0,NULL,'2026-01-31 09:44:46','2026-01-31 09:44:46',NULL,0),(829,'Aastha Meka','aastha-meka-304','astro_304_koPMK@example.com','013 32675029',NULL,NULL,'$2y$12$9nW8Ae3JqYc9QPVlMInSN.UumWV/XgLNZOUf0t8jEeqSQ2Pv1NyF6',NULL,'astrologer',1,0.00,0.00,0,NULL,'2026-01-31 09:44:47','2026-01-31 09:44:47',NULL,0),(830,'Ghanshyam Mishra','ghanshyam-mishra-305','astro_305_D65hl@example.com','+91 62 87799722',NULL,NULL,'$2y$12$/jwOqOlpUlzU8QHZ.KaZBOCeNKGAldklg/VXeO1MkquGj3rFxTkSy',NULL,'astrologer',1,0.00,0.00,0,NULL,'2026-01-31 09:44:47','2026-01-31 09:44:47',NULL,0),(831,'Damini Chand Sodhi','damini-chand-sodhi-306','astro_306_p7QSq@example.com','049 99950428',NULL,NULL,'$2y$12$HnJSrdI96LVZAsBM6onkhu/nGBGIBuh2s3dHM6GM6cr5j1hYuA4aK',NULL,'astrologer',1,0.00,0.00,0,NULL,'2026-01-31 09:44:48','2026-01-31 09:44:48',NULL,0),(832,'Jawahar Rao Sawhney','jawahar-rao-sawhney-307','astro_307_X6HHN@example.com','+91 10 76676459',NULL,NULL,'$2y$12$qLYyRBPKl.VcqQuUBCf1aOUyrjwbw8K/T.5vDVm4KpZ8iVIbmiWwS',NULL,'astrologer',1,0.00,0.00,0,NULL,'2026-01-31 09:44:48','2026-01-31 09:44:48',NULL,0),(833,'Sharad Mehra','sharad-mehra-308','astro_308_qzU3z@example.com','+91 16 39604054',NULL,NULL,'$2y$12$IdAb8v5KPcUGgE7Lk5J6Qe8/hCw3s/jRLCVaiTuvleUXDomy07iE2',NULL,'astrologer',1,0.00,0.00,0,NULL,'2026-01-31 09:44:49','2026-01-31 09:44:49',NULL,0),(834,'Faraz Lal Kurian','faraz-lal-kurian-309','astro_309_mxQav@example.com','+91 828 8791354',NULL,NULL,'$2y$12$/sSQMDdl1lHSkMcp.Act3.NkrsT5DM9rKWS1ry.AFwdZKRjAwvO.a',NULL,'astrologer',1,0.00,0.00,0,NULL,'2026-01-31 09:44:49','2026-01-31 09:44:49',NULL,0),(835,'Manoj Manoj Ramakrishnan','manoj-manoj-ramakrishnan-310','astro_310_U4o5Q@example.com','+91 505 0532476',NULL,NULL,'$2y$12$ozRLmoiuiN314lZ5/OqgC.AVoQxk1vgiW5NlZqZUcozcqUUI9rtje',NULL,'astrologer',1,0.00,0.00,0,NULL,'2026-01-31 09:44:50','2026-01-31 09:44:50',NULL,0),(836,'Mona Manoj Anne','mona-manoj-anne-311','astro_311_1NK5Y@example.com','+91 82 64539842',NULL,NULL,'$2y$12$Uf4XwAR9XKiq2slFCCmK9u1Hh5lI83zfKz5D7feYmRTJA458/5cXC',NULL,'astrologer',1,0.00,0.00,0,NULL,'2026-01-31 09:44:51','2026-01-31 09:44:51',NULL,0),(837,'Jagdish Lala','jagdish-lala-312','astro_312_y0qF5@example.com','0792 0347113',NULL,NULL,'$2y$12$4r5EkqWfVr0y.7v4wZYZuuu.u15pjXMM2zsayygU.f2CgOuIe8HUC',NULL,'astrologer',1,0.00,0.00,0,NULL,'2026-01-31 09:44:51','2026-01-31 09:44:51',NULL,0),(838,'Hassan Rao Master','hassan-rao-master-313','astro_313_Dq420@example.com','034 57303992',NULL,NULL,'$2y$12$IgtOb0d5CA94.R7O.02H1eBXtPwgoh.ZD4f4Pgn/EcNBxDdVjAqk.',NULL,'astrologer',1,0.00,0.00,0,NULL,'2026-01-31 09:44:52','2026-01-31 09:44:52',NULL,0),(839,'Ankita Choudhry','ankita-choudhry-314','astro_314_WMWiq@example.com','065 33381178',NULL,NULL,'$2y$12$eSxLPqA6W1Sm5/KUhqubmORyt64U9jN.rVMpFzLvxDXMiab2CfhZa',NULL,'astrologer',1,0.00,0.00,0,NULL,'2026-01-31 09:44:52','2026-01-31 09:44:52',NULL,0),(840,'Gowri Shere','gowri-shere-315','astro_315_NQ0un@example.com','+91 47 84714046',NULL,NULL,'$2y$12$b645EADtHkED3frZkSRNWe7Ojfk.JiF1Eo44/5VXJcVtOwFLSkUDi',NULL,'astrologer',1,0.00,0.00,0,NULL,'2026-01-31 09:44:52','2026-01-31 09:44:52',NULL,0),(841,'Ganesh Prabhu','ganesh-prabhu-316','astro_316_ScSo4@example.com','019 32515295',NULL,NULL,'$2y$12$gaq7PRp/oz1ypIRkaICfn.UbA6WY.nccW9hhRYMR9BwiRs2foF22i',NULL,'astrologer',1,0.00,0.00,0,NULL,'2026-01-31 09:44:53','2026-01-31 09:44:53',NULL,0),(842,'Anjana Ratta','anjana-ratta-317','astro_317_OKq3s@example.com','0407 0117037',NULL,NULL,'$2y$12$MCMeoJCv63vDpgp6xa.4r.En4JjNY5dpNN5nMUuL/RYw84x7w9JFq',NULL,'astrologer',1,0.00,0.00,0,NULL,'2026-01-31 09:44:53','2026-01-31 09:44:53',NULL,0),(843,'Sweta Qabeel Gara','sweta-qabeel-gara-318','astro_318_qFLrb@example.com','+91 96 50265285',NULL,NULL,'$2y$12$J50YZzzrRqEI40aKNSDcjOnOQRTesuldtBPokMOMc/JU3Z/6M6ET6',NULL,'astrologer',1,0.00,0.00,0,NULL,'2026-01-31 09:44:54','2026-01-31 09:44:54',NULL,0),(844,'Labeen Pratap Prabhakar','labeen-pratap-prabhakar-319','astro_319_vFfgn@example.com','+91 60 34046570',NULL,NULL,'$2y$12$hXoD/2HcD1oFdkRqTSqxyeHO7vkXGzVNSp6LyLCklSlzVmKPLWkF.',NULL,'astrologer',1,0.00,0.00,0,NULL,'2026-01-31 09:44:54','2026-01-31 09:44:54',NULL,0),(845,'Sirish Lal Dara','sirish-lal-dara-320','astro_320_th07L@example.com','+91 21 96004695',NULL,NULL,'$2y$12$uZpTpiJIF/vO6my.EcB/iuqz73DJEydlFj1H8WEITHvSftkwzQiyO',NULL,'astrologer',1,0.00,0.00,0,NULL,'2026-01-31 09:44:55','2026-01-31 09:44:55',NULL,0),(846,'Lata Brar','lata-brar-321','astro_321_axZEY@example.com','0742 7557174',NULL,NULL,'$2y$12$n56zhqrL2rgJaEWHgbUPDefHacurYoOnTlqpUMYVKSfUG0o2hExsi',NULL,'astrologer',1,0.00,0.00,0,NULL,'2026-01-31 09:44:55','2026-01-31 09:44:55',NULL,0),(847,'Radhe Kannan','radhe-kannan-322','astro_322_kf0XJ@example.com','032 09221385',NULL,NULL,'$2y$12$hCI4u55E.Ve2IzU3Xa1xSulVt2junlnwbSVjFDJUPx.lb98f7Gmg.',NULL,'astrologer',1,0.00,0.00,0,NULL,'2026-01-31 09:44:56','2026-01-31 09:44:56',NULL,0),(848,'Rita Balaji Parmer','rita-balaji-parmer-323','astro_323_BdxnQ@example.com','093 04410396',NULL,NULL,'$2y$12$i0ga9xPlYNc2kFxsR3qczeKsdl.caiH0KQkJ4k/RV2Rb6P6NBlYLy',NULL,'astrologer',1,0.00,0.00,0,NULL,'2026-01-31 09:44:56','2026-01-31 09:44:56',NULL,0),(849,'Anusha Zaad Sethi','anusha-zaad-sethi-324','astro_324_k2w9V@example.com','+91 121 1194286',NULL,NULL,'$2y$12$nzMJ.TQSoifZrZCfebyIlu0q/JekTupYUSVot.LuHWd6UpYIBsb3O',NULL,'astrologer',1,0.00,0.00,0,NULL,'2026-01-31 09:44:57','2026-01-31 09:44:57',NULL,0),(850,'Govind Pal','govind-pal-325','astro_325_ZOYn2@example.com','+91 94 68973185',NULL,NULL,'$2y$12$P/lgPswVqbwOHEcyq0q3buUonUMrsgJMhyml/mLUtv6CjAj4bCVJy',NULL,'astrologer',1,0.00,0.00,0,NULL,'2026-01-31 09:44:57','2026-01-31 09:44:57',NULL,0),(851,'Ujwal Pratap Master','ujwal-pratap-master-326','astro_326_G8GOe@example.com','+91 980 3946200',NULL,NULL,'$2y$12$LUyP5v2PxvuPryWftdPmpeSrDNAHhbRc8GNvFMi/pbz81G32Mv1qW',NULL,'astrologer',1,0.00,0.00,0,NULL,'2026-01-31 09:44:58','2026-01-31 09:44:58',NULL,0),(852,'Saurabh Chawla','saurabh-chawla-327','astro_327_9JhGG@example.com','069 46260234',NULL,NULL,'$2y$12$EsvZA9.hREjFqXpAAV8NA.WzctIzejZgO8thqmw2vLEz0FztgxUxi',NULL,'astrologer',1,0.00,0.00,0,NULL,'2026-01-31 09:44:59','2026-01-31 09:44:59',NULL,0),(853,'Abhishek Singh Chokshi','abhishek-singh-chokshi-328','astro_328_q6Vlk@example.com','027 36074190',NULL,NULL,'$2y$12$vw5nHwoQUgNQpB7DHZvnOOawcsvPDp6.yrvXEBy3FEzYiAvttOxKe',NULL,'astrologer',1,0.00,0.00,0,NULL,'2026-01-31 09:44:59','2026-01-31 09:44:59',NULL,0),(854,'Manoj Ajinkya Bahl','manoj-ajinkya-bahl-329','astro_329_KzWPg@example.com','+91 523 0097625',NULL,NULL,'$2y$12$Hct0QworBTh7klZWCcupn.zL1t6ITfX.WsJjZbBm3bxbSruB3O9M2',NULL,'astrologer',1,0.00,0.00,0,NULL,'2026-01-31 09:45:00','2026-01-31 09:45:00',NULL,0),(855,'Madhu Mital','madhu-mital-330','astro_330_5oBj8@example.com','0072 6597031',NULL,NULL,'$2y$12$DITqsrUFb3251ZAR6R6eAuV73kzahw5gWqJbOSLlFMxk.FGlXVD7a',NULL,'astrologer',1,0.00,0.00,0,NULL,'2026-01-31 09:45:00','2026-01-31 09:45:00',NULL,0),(856,'Qabool Malpani','qabool-malpani-331','astro_331_wExNG@example.com','070 80487649',NULL,NULL,'$2y$12$kmxVP2rPXfCuBRGnBoXvHev0UtYDzx0oEx9xHRawpA8R3uRDHvBFi',NULL,'astrologer',1,0.00,0.00,0,NULL,'2026-01-31 09:45:01','2026-01-31 09:45:01',NULL,0),(857,'Obaid Dev Mehta','obaid-dev-mehta-332','astro_332_LqH7B@example.com','+91 551 8529932',NULL,NULL,'$2y$12$.DZyZmrjfvZok8vbonHLPeTspGoazplcloyuyQOvGL9eTfEj.V2gu',NULL,'astrologer',1,0.00,0.00,0,NULL,'2026-01-31 09:45:02','2026-01-31 09:45:02',NULL,0),(858,'Amolika Thakkar','amolika-thakkar-333','astro_333_WMRQL@example.com','+91 50 47686195',NULL,NULL,'$2y$12$CVNIYX38Ir.OeWSQbsCff.txygzsxmR4odQEjJQIX2AFI/AkFTzPC',NULL,'astrologer',1,0.00,0.00,0,NULL,'2026-01-31 09:45:02','2026-01-31 09:45:02',NULL,0),(859,'Tulsi Arjun Dalal','tulsi-arjun-dalal-334','astro_334_NHER6@example.com','091 69754701',NULL,NULL,'$2y$12$yenVXrE23GxueV1e.FiiXuL.w9eHBQyz.LfexYPOCVaCUaJzMuNZq',NULL,'astrologer',1,0.00,0.00,0,NULL,'2026-01-31 09:45:03','2026-01-31 09:45:03',NULL,0),(860,'Animesh Raghavan','animesh-raghavan-335','astro_335_A2bJt@example.com','0310 5208778',NULL,NULL,'$2y$12$iYyEJPcGpJ/G0A67rfGrBOkIbHNzF61Z4lnRYfmtKGpzfBnw.7pdK',NULL,'astrologer',1,0.00,0.00,0,NULL,'2026-01-31 09:45:03','2026-01-31 09:45:03',NULL,0),(861,'Wahid Bhakta','wahid-bhakta-336','astro_336_pZre2@example.com','+91 641 8725332',NULL,NULL,'$2y$12$Df0MTL2FztPUN8.s3dcz2.RBzNtfr6prKYFZpzA9Cl9jAAegZMx/W',NULL,'astrologer',1,0.00,0.00,0,NULL,'2026-01-31 09:45:04','2026-01-31 09:45:04',NULL,0),(862,'Hanuman Prasad Karpe','hanuman-prasad-karpe-337','astro_337_BAye9@example.com','0255 1261658',NULL,NULL,'$2y$12$3tYE1/icR0s7qC6sXgG9eOyparkWheKxxe6HRLZEk8tQdDwzrli4q',NULL,'astrologer',1,0.00,0.00,0,NULL,'2026-01-31 09:45:04','2026-01-31 09:45:04',NULL,0),(863,'Madhavi Sodhani','madhavi-sodhani-338','astro_338_KMxYH@example.com','069 54869380',NULL,NULL,'$2y$12$IKPMF49g7g1htkczEBmgBu5jDawGDnjCoMFjtNMMpVp73jWVvaJKG',NULL,'astrologer',1,0.00,0.00,0,NULL,'2026-01-31 09:45:05','2026-01-31 09:45:05',NULL,0),(864,'Siddharth Rajan','siddharth-rajan-339','astro_339_D5M87@example.com','0241 5340606',NULL,NULL,'$2y$12$O7dKDEq6NGBr9zq/t9C/sOC7e6Qqe2wfH3CG2eXfVfMhE2VHSzLYm',NULL,'astrologer',1,0.00,0.00,0,NULL,'2026-01-31 09:45:05','2026-01-31 09:45:05',NULL,0),(865,'Rosey Akhil Balakrishnan','rosey-akhil-balakrishnan-340','astro_340_LIbKl@example.com','+91 137 4704919',NULL,NULL,'$2y$12$VBFN.RerC90W/Nl85EJcZu9pML6B6SEIjY7yLZA29/MYKn4YTGpuy',NULL,'astrologer',1,0.00,0.00,0,NULL,'2026-01-31 09:45:06','2026-01-31 09:45:06',NULL,0),(866,'Hari Dara','hari-dara-341','astro_341_OLkPh@example.com','0913 7938353',NULL,NULL,'$2y$12$J7vzfJldMfxb5uGvsfvk1.qaoClEYfWQbAdJ9nMtDVtk1iRIjJH0y',NULL,'astrologer',1,0.00,0.00,0,NULL,'2026-01-31 09:45:06','2026-01-31 09:45:06',NULL,0),(867,'Esha Nagarajan','esha-nagarajan-342','astro_342_LNWNh@example.com','021 88198814',NULL,NULL,'$2y$12$g35wIEakzqzXD2LPBwztRONBaJEVL9F1//aYrQ/5ONHkDBMbfE1NS',NULL,'astrologer',1,0.00,0.00,0,NULL,'2026-01-31 09:45:07','2026-01-31 09:45:07',NULL,0),(868,'Hassan Bhai Surana','hassan-bhai-surana-343','astro_343_DQxi9@example.com','+91 45 42432958',NULL,NULL,'$2y$12$hD4VcMhIK7KdLwsm.giFXuIsBDFpHGIOy7X8Zb1aAgovYhBuWPYg2',NULL,'astrologer',1,0.00,0.00,0,NULL,'2026-01-31 09:45:07','2026-01-31 09:45:07',NULL,0),(869,'Ghalib Dasgupta','ghalib-dasgupta-344','astro_344_K71UO@example.com','+91 201 8177617',NULL,NULL,'$2y$12$aQ7m0OprkFauA6juzLCMpO8gTxcazkX0jhNltZaLcNZS9V3sv8Ooa',NULL,'astrologer',1,0.00,0.00,0,NULL,'2026-01-31 09:45:08','2026-01-31 09:45:08',NULL,0),(870,'Faisal Maheshwari','faisal-maheshwari-345','astro_345_ZOnmC@example.com','0882 0547310',NULL,NULL,'$2y$12$QU2O7RYq8ovRtHWFCQ.9.OXAaA47Ud8dPA8AtrO5qdPnGs1Q7STvS',NULL,'astrologer',1,0.00,0.00,0,NULL,'2026-01-31 09:45:08','2026-01-31 09:45:08',NULL,0),(871,'Upasana Atul Yogi','upasana-atul-yogi-346','astro_346_C0tWX@example.com','0303 8803161',NULL,NULL,'$2y$12$38Rm4OaH0qSpuYGL4fwTneb7dtb8cYIyMoFIZ3DKt/DZMZUbmXcFa',NULL,'astrologer',1,0.00,0.00,0,NULL,'2026-01-31 09:45:09','2026-01-31 09:45:09',NULL,0),(872,'Zahir Srinivasan Chia','zahir-srinivasan-chia-347','astro_347_VcPVX@example.com','+91 411 7412909',NULL,NULL,'$2y$12$GHHK.48jGEvX2ijtnGAste4uWF3g6R.5p/iQqPPKdQd4IJg/Rgpke',NULL,'astrologer',1,0.00,0.00,0,NULL,'2026-01-31 09:45:09','2026-01-31 09:45:09',NULL,0),(873,'Amir Prasad Goel','amir-prasad-goel-348','astro_348_6gHwB@example.com','0932 1709026',NULL,NULL,'$2y$12$C3cYwBxcGL4gfvip0zu82.OCGTl.ipCaTiK21mdQ6SAcyY8geKkq2',NULL,'astrologer',1,0.00,0.00,0,NULL,'2026-01-31 09:45:10','2026-01-31 09:45:10',NULL,0),(874,'Qabool Raj Contractor','qabool-raj-contractor-349','astro_349_vDyek@example.com','+91 68 81962043',NULL,NULL,'$2y$12$F6VV4qS.bygMYUyKTBA/ouWn8hx38OuxNveV4w1N/R.mi.Dj.W/cK',NULL,'astrologer',1,0.00,0.00,0,NULL,'2026-01-31 09:45:10','2026-01-31 09:45:10',NULL,0),(875,'Qadim Rajendra Brar','qadim-rajendra-brar-350','astro_350_djr3w@example.com','+91 25 23638143',NULL,NULL,'$2y$12$6eO7/iZ93Wyx8c.R7gFbP.Vjc7GxQEUUPB6z23PM.seXfvwcjVaE6',NULL,'astrologer',1,0.00,0.00,0,NULL,'2026-01-31 09:45:11','2026-01-31 09:45:11',NULL,0),(876,'Tabeed Raj Cheema','tabeed-raj-cheema-351','astro_351_jmf02@example.com','+91 33 14139980',NULL,NULL,'$2y$12$A3CzxB5eL9L7TjgDPo3bNuHs7uG57xT3NeL5vGGAMv2z5QhVuhSu.',NULL,'astrologer',1,0.00,0.00,0,NULL,'2026-01-31 09:45:11','2026-01-31 09:45:11',NULL,0),(877,'Bhola Dani','bhola-dani-352','astro_352_BG3fy@example.com','+91 406 8339172',NULL,NULL,'$2y$12$fdrezIn2eM7vzx2QUuOuV.Bc9A7SRnmG2BEwO7VMSQ06q/ntST0pK',NULL,'astrologer',1,0.00,0.00,0,NULL,'2026-01-31 09:45:12','2026-01-31 09:45:12',NULL,0),(878,'Amrit Sawhney','amrit-sawhney-353','astro_353_tIJ9Y@example.com','0119 2256644',NULL,NULL,'$2y$12$STA99e9ukSwrBbVDBNLfiO5kIf9XrxkxDuqtjof35AyH60xGq2d4e',NULL,'astrologer',1,0.00,0.00,0,NULL,'2026-01-31 09:45:12','2026-01-31 09:45:12',NULL,0),(879,'Radhe Tiwari','radhe-tiwari-354','astro_354_kW93V@example.com','0757 6349789',NULL,NULL,'$2y$12$ySIIXAUmvVez.yAQHyCAN.tvEKuYVTdTjHToZyyx8CsRnIeC6iGyq',NULL,'astrologer',1,0.00,0.00,0,NULL,'2026-01-31 09:45:13','2026-01-31 09:45:13',NULL,0),(880,'Atul Walla','atul-walla-355','astro_355_s3W0m@example.com','+91 905 7342722',NULL,NULL,'$2y$12$l66xjABUDF8K/EWi3t8FXeWiVoIaJ5.mceZoZ0/xj3FKQ62BTzOyG',NULL,'astrologer',1,0.00,0.00,0,NULL,'2026-01-31 09:45:13','2026-01-31 09:45:13',NULL,0),(881,'Hetan Sami','hetan-sami-356','astro_356_1ycpk@example.com','094 64610217',NULL,NULL,'$2y$12$dCN86E/.az9b4prFaZFJwOwo0LZOvF1EO46jFnqx66oMfdf6J.u.G',NULL,'astrologer',1,0.00,0.00,0,NULL,'2026-01-31 09:45:14','2026-01-31 09:45:14',NULL,0),(882,'Bhanupriya Mallick','bhanupriya-mallick-357','astro_357_E8S7T@example.com','079 64625586',NULL,NULL,'$2y$12$DMmCY/dg2oO59ogR6jq6K.Ru5wZjh3ovcq/oTKioXytA14az1TuC2',NULL,'astrologer',1,0.00,0.00,0,NULL,'2026-01-31 09:45:14','2026-01-31 09:45:14',NULL,0),(883,'Akhil Raj Bir','akhil-raj-bir-358','astro_358_yZmVu@example.com','+91 467 0262056',NULL,NULL,'$2y$12$tKM4XCi0l/no357sGcHAiuR3jl6Rwqtllhu9j4URjUEnhNM5HTNZC',NULL,'astrologer',1,0.00,0.00,0,NULL,'2026-01-31 09:45:15','2026-01-31 09:45:15',NULL,0),(884,'Emran Kabeer Dhillon','emran-kabeer-dhillon-359','astro_359_fEpRg@example.com','+91 09 47798470',NULL,NULL,'$2y$12$jA6Zqi03kC6S5va8FwohM.pS0cTv3vVJ9wU1zvn9cT5kJQlFzkqC2',NULL,'astrologer',1,0.00,0.00,0,NULL,'2026-01-31 09:45:15','2026-01-31 09:45:15',NULL,0),(885,'Raj Aditya Tiwari','raj-aditya-tiwari-360','astro_360_CtgsG@example.com','0993 3667619',NULL,NULL,'$2y$12$2/aF4AwvV6ZsKkrMh7fda.VF449yUCm5ANNjwTGfX8UfAd10Ng33u',NULL,'astrologer',1,0.00,0.00,0,NULL,'2026-01-31 09:45:16','2026-01-31 09:45:16',NULL,0),(886,'Rajesh Walia','rajesh-walia-361','astro_361_tTedp@example.com','0198 3908760',NULL,NULL,'$2y$12$xdHRN/mc6zPyiNTKtRZipezsfbfnXRjMRrdJRXLCCCj.9BBazlHw2',NULL,'astrologer',1,0.00,0.00,0,NULL,'2026-01-31 09:45:17','2026-01-31 09:45:17',NULL,0),(887,'Bagwati Cherian','bagwati-cherian-362','astro_362_UYkfU@example.com','+91 318 4997425',NULL,NULL,'$2y$12$QOB.9oPgLhWkeT6NKmjMV.QGRvLuuV4PAb98RNTysiDhFvysNv/mK',NULL,'astrologer',1,0.00,0.00,0,NULL,'2026-01-31 09:45:17','2026-01-31 09:45:17',NULL,0),(888,'Sumit Gokhale','sumit-gokhale-363','astro_363_tjx9g@example.com','018 64232752',NULL,NULL,'$2y$12$offYWN/QvZWQLZS7W1F3j.kHvuy244tTWmdz2cqAHk9hnD1oJZfhu',NULL,'astrologer',1,0.00,0.00,0,NULL,'2026-01-31 09:45:18','2026-01-31 09:45:18',NULL,0),(889,'Vijay Chandra Bhatti','vijay-chandra-bhatti-364','astro_364_8ykPU@example.com','0795 1272568',NULL,NULL,'$2y$12$MLqNJ58Be8UG.6a64Kz/uO4iSMqAjI3vwY8GD50eu4RO2DfyLLNwC',NULL,'astrologer',1,0.00,0.00,0,NULL,'2026-01-31 09:45:18','2026-01-31 09:45:18',NULL,0),(890,'Ajinkya Singh','ajinkya-singh-365','astro_365_8zgH1@example.com','081 87982877',NULL,NULL,'$2y$12$h4bu8BeenR1NY/BZ36lvw.p.8Vo3hXn5gP3lB7m/1M86DWCNmFC1G',NULL,'astrologer',1,0.00,0.00,0,NULL,'2026-01-31 09:45:19','2026-01-31 09:45:19',NULL,0),(891,'Faisal Gill','faisal-gill-366','astro_366_RuzGh@example.com','056 72437299',NULL,NULL,'$2y$12$41.XmXEG2ftDui/POw1MEusETMjku8hjlaWDR3xJqStQh/BzQ6OQm',NULL,'astrologer',1,0.00,0.00,0,NULL,'2026-01-31 09:45:19','2026-01-31 09:45:19',NULL,0),(892,'Rupesh Oza','rupesh-oza-367','astro_367_mIA9g@example.com','+91 59 47809101',NULL,NULL,'$2y$12$2o1rs9.I5HAMmTeVH4NOTe/Bg1UZ3iliz5uXJ6zAEKKszwDc2quxW',NULL,'astrologer',1,0.00,0.00,0,NULL,'2026-01-31 09:45:20','2026-01-31 09:45:20',NULL,0),(893,'Yadu Rao Sarkar','yadu-rao-sarkar-368','astro_368_1nlXF@example.com','073 65588461',NULL,NULL,'$2y$12$gMNC9CC1.k7KHSF3ONTb0OHJIcL2MzV9RHsDBPwWtruw.UbbXU2GG',NULL,'astrologer',1,0.00,0.00,0,NULL,'2026-01-31 09:45:20','2026-01-31 09:45:20',NULL,0),(894,'Owais Mukhopadhyay','owais-mukhopadhyay-369','astro_369_XE7AZ@example.com','0148 9463651',NULL,NULL,'$2y$12$NtKUnIGgP0RW9Utrj0oloO0wAYqMm/zEdkXTGCkmqUsS.frt.xlvO',NULL,'astrologer',1,0.00,0.00,0,NULL,'2026-01-31 09:45:21','2026-01-31 09:45:21',NULL,0),(895,'Habib Ramesh Seshadri','habib-ramesh-seshadri-370','astro_370_SU9Mh@example.com','+91 65 81751053',NULL,NULL,'$2y$12$0/con2MjmhgPT1Q4PYeLnusGIOCOyXNd2ZbJNYaplcSXWF/B9W9/u',NULL,'astrologer',1,0.00,0.00,0,NULL,'2026-01-31 09:45:22','2026-01-31 09:45:22',NULL,0),(896,'Aabha Raval','aabha-raval-371','astro_371_gMfFu@example.com','0727 0372937',NULL,NULL,'$2y$12$RXE2CsbuPAJ3lmh5vhz3yOHVaYmB.t7FfDa4Y/AzbfsJxLCR5jk2m',NULL,'astrologer',1,0.00,0.00,0,NULL,'2026-01-31 09:45:22','2026-01-31 09:45:22',NULL,0),(897,'Hari Kumar Bora','hari-kumar-bora-372','astro_372_GjxFo@example.com','0334 5146324',NULL,NULL,'$2y$12$DL7v.hWatxakaO6bkTbQieH6HxgCTEkTEQ/ErLgnICUjlMQ6vH.m2',NULL,'astrologer',1,0.00,0.00,0,NULL,'2026-01-31 09:45:23','2026-01-31 09:45:23',NULL,0),(898,'Veena Siddharth Rau','veena-siddharth-rau-373','astro_373_EGOhy@example.com','013 44235411',NULL,NULL,'$2y$12$4ovAVdaGNFLue/GKvMzuLONcHxdmwWEXLS7ztH6hjVK46OfJ2cYty',NULL,'astrologer',1,0.00,0.00,0,NULL,'2026-01-31 09:45:23','2026-01-31 09:45:23',NULL,0),(899,'Naresh Bains','naresh-bains-374','astro_374_rOOWn@example.com','093 93763460',NULL,NULL,'$2y$12$xTRLndBpECL1tJYTieEatOa62vW9D6B3EUEoanHHSrPnI/sQafYtO',NULL,'astrologer',1,0.00,0.00,0,NULL,'2026-01-31 09:45:24','2026-01-31 09:45:24',NULL,0),(900,'Lakshmi Radhe Bumb','lakshmi-radhe-bumb-375','astro_375_IZ9AI@example.com','066 34961228',NULL,NULL,'$2y$12$Aoi2xQpbveRzrATmEJnm9u4pmxPrBGTYewTMqGmKrZ6sk4BlUG2e.',NULL,'astrologer',1,0.00,0.00,0,NULL,'2026-01-31 09:45:24','2026-01-31 09:45:24',NULL,0),(901,'Malik Kuruvilla','malik-kuruvilla-376','astro_376_JsXrc@example.com','0513 5501690',NULL,NULL,'$2y$12$1y3cvVrYPd855DYOAoaFQebzYKWVSUrVR5AYw5823SqM9dzIKLItu',NULL,'astrologer',1,0.00,0.00,0,NULL,'2026-01-31 09:45:25','2026-01-31 09:45:25',NULL,0),(902,'Pooja Nayan Kunda','pooja-nayan-kunda-377','astro_377_ncD8z@example.com','+91 195 8198467',NULL,NULL,'$2y$12$8NL15bt49YL.fI0ouy3Cq.GWCyGvVjRbPjKlBvLWDUlxDmbx2Ab0G',NULL,'astrologer',1,0.00,0.00,0,NULL,'2026-01-31 09:45:26','2026-01-31 09:45:26',NULL,0),(903,'Radhika Shanker','radhika-shanker-378','astro_378_1eNrX@example.com','039 34040453',NULL,NULL,'$2y$12$xKl67i3nAhS4UXCSAhr8Re2H9OYsETZMQU5sfgFZAtRRrzKhmQar.',NULL,'astrologer',1,0.00,0.00,0,NULL,'2026-01-31 09:45:26','2026-01-31 09:45:26',NULL,0),(904,'Nakul Sura','nakul-sura-379','astro_379_ZNrxA@example.com','096 98398365',NULL,NULL,'$2y$12$7wYC5vA6EK51Aa9.4gMUcuQOwywv/hRiXniNNDdB07pe4JqLcrmYy',NULL,'astrologer',1,0.00,0.00,0,NULL,'2026-01-31 09:45:27','2026-01-31 09:45:27',NULL,0),(905,'Ajeet Kumar Mukhopadhyay','ajeet-kumar-mukhopadhyay-380','astro_380_McPjW@example.com','056 25636046',NULL,NULL,'$2y$12$sx1fS48ZTPLJc/3em0sw0ucEM.IQ2O8HzayG28HSRe70mSJ4X9Ykm',NULL,'astrologer',1,0.00,0.00,0,NULL,'2026-01-31 09:45:27','2026-01-31 09:45:27',NULL,0),(906,'Maya Gill','maya-gill-381','astro_381_p7bDv@example.com','0849 0219824',NULL,NULL,'$2y$12$rZgGFjILvngqGgv4yWktAeY35c/cOJrIT9.0UESefimdikib.mui2',NULL,'astrologer',1,0.00,0.00,0,NULL,'2026-01-31 09:45:28','2026-01-31 09:45:28',NULL,0),(907,'Mridula Alex Binnani','mridula-alex-binnani-382','astro_382_GlkAK@example.com','031 42559273',NULL,NULL,'$2y$12$WCB3JhOMJj1hpghsjJI90eAPyI7JhmQNEX9wsVoTIufmfOp8AHvM2',NULL,'astrologer',1,0.00,0.00,0,NULL,'2026-01-31 09:45:28','2026-01-31 09:45:28',NULL,0),(908,'Jack Lal Chaudhry','jack-lal-chaudhry-383','astro_383_FnswU@example.com','0458 0733336',NULL,NULL,'$2y$12$fybCIfKSABzdFW3Lw5oCa.RMOHLDWgf1vMB60PvA/otpzKg3aHp86',NULL,'astrologer',1,0.00,0.00,0,NULL,'2026-01-31 09:45:29','2026-01-31 09:45:29',NULL,0),(909,'Ajay Chadha','ajay-chadha-384','astro_384_nsn2z@example.com','+91 23 08801802',NULL,NULL,'$2y$12$PhDQuU062Dj0puvm5RgxtOwDNrULKvnO.bCrMbQzydQTrmImSUFDC',NULL,'astrologer',1,0.00,0.00,0,NULL,'2026-01-31 09:45:29','2026-01-31 09:45:29',NULL,0),(910,'Nilam Baalkrishan Samuel','nilam-baalkrishan-samuel-385','astro_385_7lv8B@example.com','0114 5470215',NULL,NULL,'$2y$12$lfn6lPxAeQN5LUF3CgeJduW0Dl3xrAQUQv12IgVkE9a2PdXun6nd6',NULL,'astrologer',1,0.00,0.00,0,NULL,'2026-01-31 09:45:30','2026-01-31 09:45:30',NULL,0),(911,'Komal Yadunandan Sankaran','komal-yadunandan-sankaran-386','astro_386_1RRee@example.com','0590 1350946',NULL,NULL,'$2y$12$yQjYHkI.u1EmyjZks4MslOzqYaD3rCbY2cZSSOwVUJPU3WMEWOpWS',NULL,'astrologer',1,0.00,0.00,0,NULL,'2026-01-31 09:45:30','2026-01-31 09:45:30',NULL,0),(912,'Sneha Nakul Tank','sneha-nakul-tank-387','astro_387_OCjgW@example.com','029 11588976',NULL,NULL,'$2y$12$6iro.z.v0CK1W3CQLSnGPuBoZ4hXy25f77LsTWLVQbvaWCeoScAG2',NULL,'astrologer',1,0.00,0.00,0,NULL,'2026-01-31 09:45:31','2026-01-31 09:45:31',NULL,0),(913,'Ghalib Bora','ghalib-bora-388','astro_388_Xb3mL@example.com','+91 77 28487456',NULL,NULL,'$2y$12$Rxbe5jdwW/f3fJUO6PBJD.AHu1bJ7rniVehAZiuNiYbML5TiBjlDu',NULL,'astrologer',1,0.00,0.00,0,NULL,'2026-01-31 09:45:31','2026-01-31 09:45:31',NULL,0),(914,'Mustafa Ram Sachdeva','mustafa-ram-sachdeva-389','astro_389_J0IRx@example.com','0032 2696397',NULL,NULL,'$2y$12$Aw1wAXwS7QMmdQgYGzHtSuSrkuLsn7fWBMRPpgqGqN1bAkS8e.Q8O',NULL,'astrologer',1,0.00,0.00,0,NULL,'2026-01-31 09:45:32','2026-01-31 09:45:32',NULL,0),(915,'Zahir Tushar Peri','zahir-tushar-peri-390','astro_390_t5SX1@example.com','046 24231412',NULL,NULL,'$2y$12$MJbu65OmgBQiB.9505HbBOSnpMLPwYkuSfCsRTtaXx3vmuCV28Rjy',NULL,'astrologer',1,0.00,0.00,0,NULL,'2026-01-31 09:45:32','2026-01-31 09:45:32',NULL,0),(916,'Mahmood Rao Dugar','mahmood-rao-dugar-391','astro_391_NKXNq@example.com','0426 5985607',NULL,NULL,'$2y$12$bWZbV3v7MsfU64pef7zBNOsbsF8638e7SHD/ML7tVcz1xBCws/m6C',NULL,'astrologer',1,0.00,0.00,0,NULL,'2026-01-31 09:45:32','2026-01-31 09:45:32',NULL,0),(917,'Munaf Rattan','munaf-rattan-392','astro_392_2iSc3@example.com','+91 45 32882647',NULL,NULL,'$2y$12$aAKjVp0mfNOjMEgWctddae8q6ivvHENGgHBGmtqZMUfp27vBoVio.',NULL,'astrologer',1,0.00,0.00,0,NULL,'2026-01-31 09:45:33','2026-01-31 09:45:33',NULL,0),(918,'Dhiraj Hora','dhiraj-hora-393','astro_393_ofmQ8@example.com','082 57510868',NULL,NULL,'$2y$12$3ISLvvf2h3gwQcAbz0YTduBEDQRVfJDoNBhx0zXjbbaY8uQy.w0CK',NULL,'astrologer',1,0.00,0.00,0,NULL,'2026-01-31 09:45:33','2026-01-31 09:45:33',NULL,0),(919,'Bhola Mitesh Keer','bhola-mitesh-keer-394','astro_394_mKNmb@example.com','+91 19 80204151',NULL,NULL,'$2y$12$L3S9VwlCepJzjWN5UvfCteJKWKJLSCUDKdQHbsQvMZRxv.1Y6sjZG',NULL,'astrologer',1,0.00,0.00,0,NULL,'2026-01-31 09:45:34','2026-01-31 09:45:34',NULL,0),(920,'Kiran Kapadia','kiran-kapadia-395','astro_395_CQbZ5@example.com','+91 037 9349282',NULL,NULL,'$2y$12$O6Bn2a/TFD7ee3OuQrHZ8OqbicCkzm2L1BQoP5.Lp9xWPLVgHymve',NULL,'astrologer',1,0.00,0.00,0,NULL,'2026-01-31 09:45:34','2026-01-31 09:45:34',NULL,0),(921,'Aishwarya Nawab Rajagopalan','aishwarya-nawab-rajagopalan-396','astro_396_lRFIp@example.com','0128 6252540',NULL,NULL,'$2y$12$W51V6ZYC/FBds0kZfGQHqOfQWomS6ekJnGT13j.IZ33YY9nzcZd3a',NULL,'astrologer',1,0.00,0.00,0,NULL,'2026-01-31 09:45:34','2026-01-31 09:45:34',NULL,0),(922,'David Bhagat','david-bhagat-397','astro_397_fKLLj@example.com','090 11585561',NULL,NULL,'$2y$12$sgxTh7fdudzQ43Uci7r6hOtiCyz9P1nTh3D8Lm35MstwTBTTpaASa',NULL,'astrologer',1,0.00,0.00,0,NULL,'2026-01-31 09:45:35','2026-01-31 09:45:35',NULL,0),(923,'Nishi Bansal','nishi-bansal-398','astro_398_BlBUG@example.com','062 52173726',NULL,NULL,'$2y$12$HcGa7mT7gbzvpPz2MgybwO28u9JduCsuq6SG7jKA1po9wNV2NAThC',NULL,'astrologer',1,0.00,0.00,0,NULL,'2026-01-31 09:45:35','2026-01-31 09:45:35',NULL,0),(924,'Abbas Ramachandran','abbas-ramachandran-399','astro_399_0zaW2@example.com','005 71506135',NULL,NULL,'$2y$12$zrrdM/6hUm.bL.ZBiBvjVu5dLCTCCecOaLNFd4euw.IMR4nynbLBG',NULL,'astrologer',1,0.00,0.00,0,NULL,'2026-01-31 09:45:35','2026-01-31 09:45:35',NULL,0),(925,'Himanshu Muni','himanshu-muni-400','astro_400_RXPvH@example.com','+91 27 52784055',NULL,NULL,'$2y$12$wFaHjaAGxyRpzOYZQdbCdO06toF0Ytyxc42Pjzy0ku24cn8tR6tRG',NULL,'astrologer',1,0.00,0.00,0,NULL,'2026-01-31 09:45:35','2026-01-31 09:45:35',NULL,0),(926,'Prasoon Rehman Chakrabarti','prasoon-rehman-chakrabarti-401','astro_401_HNSz9@example.com','+91 18 42674743',NULL,NULL,'$2y$12$sqHshNgSB6YHk1wVlhlBe.MIowxBWkCf649zFp1Os.qWsY5P47IRu',NULL,'astrologer',1,0.00,0.00,0,NULL,'2026-01-31 09:45:36','2026-01-31 09:45:36',NULL,0),(927,'Narayan Singh Kar','narayan-singh-kar-402','astro_402_sLDYk@example.com','0015 1991202',NULL,NULL,'$2y$12$t3xme1U1WfvQ1KNKE5NUjew.2U/l.anOCbOXMSpAb/.AHrnopO4Sy',NULL,'astrologer',1,0.00,0.00,0,NULL,'2026-01-31 09:45:36','2026-01-31 09:45:36',NULL,0),(928,'Shanti Hemendra Murthy','shanti-hemendra-murthy-403','astro_403_yao7T@example.com','+91 554 8154838',NULL,NULL,'$2y$12$1bBgNz65gREILjUZiHIyluUkIjj36W3hRXdpfz0N4Nq54S76HQdyq',NULL,'astrologer',1,0.00,0.00,0,NULL,'2026-01-31 09:45:37','2026-01-31 09:45:37',NULL,0),(929,'Lalit Edwin','lalit-edwin-404','astro_404_Grrqm@example.com','020 01507095',NULL,NULL,'$2y$12$tF8bci8eqdvRT62vgeO77OtiRSkOaMfHXlPDS438.ZwWdFNcRY1DW',NULL,'astrologer',1,0.00,0.00,0,NULL,'2026-01-31 09:45:37','2026-01-31 09:45:37',NULL,0),(930,'Mukund Raj Palla','mukund-raj-palla-405','astro_405_H2Pgt@example.com','+91 650 3458220',NULL,NULL,'$2y$12$idnMIPwhyInj6Ey.fAy4leTgzGnVy4aRwO13CYm.zAwVMa098eVlq',NULL,'astrologer',1,0.00,0.00,0,NULL,'2026-01-31 09:45:37','2026-01-31 09:45:37',NULL,0),(931,'Sukriti Vijayent Palan','sukriti-vijayent-palan-406','astro_406_vA0Ah@example.com','0849 8378771',NULL,NULL,'$2y$12$mA8WCrd0VI/BYb10f2R9k.YpuxxOpBFXGcAIxKFMoZ.tESHghEPp2',NULL,'astrologer',1,0.00,0.00,0,NULL,'2026-01-31 09:45:38','2026-01-31 09:45:38',NULL,0),(932,'Aayushman Bhai Mohanty','aayushman-bhai-mohanty-407','astro_407_CI0YB@example.com','058 03634024',NULL,NULL,'$2y$12$SAgU3ODbKdZuIq1L.svn8.xrPUmQCSsqyIbQ5Uvxa56Nsz2s/G/0K',NULL,'astrologer',1,0.00,0.00,0,NULL,'2026-01-31 09:45:38','2026-01-31 09:45:38',NULL,0),(933,'Alex Baalkrishan Persad','alex-baalkrishan-persad-408','astro_408_xNZme@example.com','+91 39 41409381',NULL,NULL,'$2y$12$VYeRMZq/pCFuZoLJSZA/jOHi.IAmS8xg/lNfSuquYksgk2hPjnAyq',NULL,'astrologer',1,0.00,0.00,0,NULL,'2026-01-31 09:45:38','2026-01-31 09:45:38',NULL,0),(934,'Farah Dash','farah-dash-409','astro_409_LPQbs@example.com','+91 451 8085718',NULL,NULL,'$2y$12$vjOr0YHn45rywsvyiq23ZOKVq4FDNAmY/lOfd8onMjDMaRKnPLVlG',NULL,'astrologer',1,0.00,0.00,0,NULL,'2026-01-31 09:45:39','2026-01-31 09:45:39',NULL,0),(935,'Diya Sane','diya-sane-410','astro_410_YVTEY@example.com','+91 56 64827834',NULL,NULL,'$2y$12$8xtHF4em0LO4gAooLCjcieL8LKL31F6qtsOyYBPV6c9GkstpgU/8m',NULL,'astrologer',1,0.00,0.00,0,NULL,'2026-01-31 09:45:39','2026-01-31 09:45:39',NULL,0),(936,'Ajeet Kakar','ajeet-kakar-411','astro_411_HvW2g@example.com','+91 533 8854124',NULL,NULL,'$2y$12$QUL038BmOXHlYSqA.U7RVeE9u9/NtiIxnOGOk/hSMB0LYB5D1NOx.',NULL,'astrologer',1,0.00,0.00,0,NULL,'2026-01-31 09:45:39','2026-01-31 09:45:39',NULL,0),(937,'Kirti Nirmal Naruka','kirti-nirmal-naruka-412','astro_412_tMAVT@example.com','0848 0974826',NULL,NULL,'$2y$12$Heg3Wa2BEBnJ5UCahAqMfOTGGge1A3OeJZkJ/.kHfG61O8N0B06TW',NULL,'astrologer',1,0.00,0.00,0,NULL,'2026-01-31 09:45:40','2026-01-31 09:45:40',NULL,0),(938,'Naval Ram Bala','naval-ram-bala-413','astro_413_y4RU7@example.com','0340 6684145',NULL,NULL,'$2y$12$JrrDg.9halC/XSzF691fG.duj4NfkVtXfA6cajZAWCJfzDrv2gkBK',NULL,'astrologer',1,0.00,0.00,0,NULL,'2026-01-31 09:45:40','2026-01-31 09:45:40',NULL,0),(939,'Lalita Nayar','lalita-nayar-414','astro_414_MwiOp@example.com','0956 7706445',NULL,NULL,'$2y$12$ttvLJAyJhEA5QCk1Iw38FOwulH/pgWNvEmNJwgtzxUDMVVyAKS7qC',NULL,'astrologer',1,0.00,0.00,0,NULL,'2026-01-31 09:45:40','2026-01-31 09:45:40',NULL,0),(940,'Naseer Swamy','naseer-swamy-415','astro_415_6ZfCf@example.com','+91 148 5505927',NULL,NULL,'$2y$12$HTx0dWadrLazd7mp56wOcecufo5d55vP1LJgs8fKFxYL14QgIM.Nm',NULL,'astrologer',1,0.00,0.00,0,NULL,'2026-01-31 09:45:41','2026-01-31 09:45:41',NULL,0),(941,'Mini Shukla','mini-shukla-416','astro_416_sKjDJ@example.com','+91 740 5723377',NULL,NULL,'$2y$12$nvJlOMVlLfmgN2oO4F/nS.ERGeibMhlf2kG.xB2Avk6DRb/LhK.ge',NULL,'astrologer',1,0.00,0.00,0,NULL,'2026-01-31 09:45:41','2026-01-31 09:45:41',NULL,0),(942,'Sara Gera','sara-gera-417','astro_417_Ge38l@example.com','+91 00 96027736',NULL,NULL,'$2y$12$SK6SYSUvvg4KwFT.4R5tE.OFW.t0Ikx6XUAOJgD8EEUx0PhIyrG3S',NULL,'astrologer',1,0.00,0.00,0,NULL,'2026-01-31 09:45:42','2026-01-31 09:45:42',NULL,0),(943,'Anshu Agrawal','anshu-agrawal-418','astro_418_4ziSG@example.com','+91 86 95033577',NULL,NULL,'$2y$12$t3pzlfkT7cyQb3YWzC7elOo4CDwK0MqXYIT7PFv/24Iau1ATSmb9K',NULL,'astrologer',1,0.00,0.00,0,NULL,'2026-01-31 09:45:42','2026-01-31 09:45:42',NULL,0),(944,'Nandini Borde','nandini-borde-419','astro_419_T8ubR@example.com','+91 940 0491193',NULL,NULL,'$2y$12$8Ykgkc2JNxfgxTOvFZ56TeLOTpjcy07Dl9jJCcqd3xCdBVXkd36Pq',NULL,'astrologer',1,0.00,0.00,0,NULL,'2026-01-31 09:45:42','2026-01-31 09:45:42',NULL,0),(945,'Karim Kohli','karim-kohli-420','astro_420_YZA1n@example.com','0809 7260446',NULL,NULL,'$2y$12$EnlDMnS6M97HFzv1UaqxzuRV3ZJvbXDpu560fq/gqggr0dgz6L4YO',NULL,'astrologer',1,0.00,0.00,0,NULL,'2026-01-31 09:45:43','2026-01-31 09:45:43',NULL,0),(946,'Kabeer Prasad Sachdev','kabeer-prasad-sachdev-421','astro_421_KTYc8@example.com','+91 08 00472499',NULL,NULL,'$2y$12$LksHF5OOU79Crh11419SKuT7T3DIe3b4pwmMDwrM8UkGZ9ESMASIm',NULL,'astrologer',1,0.00,0.00,0,NULL,'2026-01-31 09:45:43','2026-01-31 09:45:43',NULL,0),(947,'Wafa Mathew','wafa-mathew-422','astro_422_ysY9y@example.com','052 45638165',NULL,NULL,'$2y$12$WYDAXvz.b1Rs/22oT/LDOOByTCyXIK/LcFqa.uaHZPL4V50cYEWQu',NULL,'astrologer',1,0.00,0.00,0,NULL,'2026-01-31 09:45:43','2026-01-31 09:45:43',NULL,0),(948,'Binod Anne','binod-anne-423','astro_423_e82jL@example.com','+91 51 18816831',NULL,NULL,'$2y$12$bWwO/1ad2ggwSuALNuRYtO2zRRsjhcmNxoRDz68uqR6PfhzcxVT9K',NULL,'astrologer',1,0.00,0.00,0,NULL,'2026-01-31 09:45:44','2026-01-31 09:45:44',NULL,0),(949,'Naseer Chandra Bhavsar','naseer-chandra-bhavsar-424','astro_424_YVVlf@example.com','055 34838575',NULL,NULL,'$2y$12$ywWUNC3EBMJERWDHbBbfRebcb7pWVGtfr4kTSaAjNP2Vzs.2u7GGi',NULL,'astrologer',1,0.00,0.00,0,NULL,'2026-01-31 09:45:44','2026-01-31 09:45:44',NULL,0),(950,'Rahim Agate','rahim-agate-425','astro_425_q8z5y@example.com','072 85166917',NULL,NULL,'$2y$12$MhZdbOeVC4tck6/L7ov0a.Md3X3pUp6w8qn7zlCvXRFjOUY9mhWwy',NULL,'astrologer',1,0.00,0.00,0,NULL,'2026-01-31 09:45:44','2026-01-31 09:45:44',NULL,0),(951,'Emran Lalla','emran-lalla-426','astro_426_nzbtq@example.com','+91 13 01818915',NULL,NULL,'$2y$12$HsrnPDyQ4.PMyrwRO.81VeRmhMAnvGqaXbV50jnA4uzHt8gjoB7JW',NULL,'astrologer',1,0.00,0.00,0,NULL,'2026-01-31 09:45:45','2026-01-31 09:45:45',NULL,0),(952,'Arpit Rao Misra','arpit-rao-misra-427','astro_427_UFlf4@example.com','+91 92 70476863',NULL,NULL,'$2y$12$wUE2FLHnek6FWGUlyRlI.eI52hXbkyTxSpA8NtVZ1mhcrpJWgMiAe',NULL,'astrologer',1,0.00,0.00,0,NULL,'2026-01-31 09:45:45','2026-01-31 09:45:45',NULL,0),(953,'Nupoor Prabhu','nupoor-prabhu-428','astro_428_uCLCr@example.com','055 13730643',NULL,NULL,'$2y$12$00rohsyNwB8r08VWZm9S8eXtNv0Diy9cy60I0WlRNtybCMwgswKHe',NULL,'astrologer',1,0.00,0.00,0,NULL,'2026-01-31 09:45:45','2026-01-31 09:45:45',NULL,0),(954,'Narmada Parsa','narmada-parsa-429','astro_429_lwxu4@example.com','0848 5049139',NULL,NULL,'$2y$12$cGRjgtc/7/liz2oqaxjJKOtu89sz/cK.ondh07zSWJeJt0idGrhm6',NULL,'astrologer',1,0.00,0.00,0,NULL,'2026-01-31 09:45:46','2026-01-31 09:45:46',NULL,0),(955,'Giaan Mane','giaan-mane-430','astro_430_XSaKh@example.com','082 83124445',NULL,NULL,'$2y$12$FOi/TMYsHMBEpfWJm9cH6udI25smrSNnTqoqG0uxCLZSHEQiA/u4K',NULL,'astrologer',1,0.00,0.00,0,NULL,'2026-01-31 09:45:46','2026-01-31 09:45:46',NULL,0),(956,'Animesh Sura','animesh-sura-431','astro_431_vIGRa@example.com','067 82634465',NULL,NULL,'$2y$12$IoLeohCR73/Jd7p6xktz5OQQiUjGKewLZ8YZmpIAeySgL4yDvtyba',NULL,'astrologer',1,0.00,0.00,0,NULL,'2026-01-31 09:45:47','2026-01-31 09:45:47',NULL,0),(957,'Alaknanda Sachdev','alaknanda-sachdev-432','astro_432_nFkGK@example.com','+91 25 16186342',NULL,NULL,'$2y$12$4dBLsM0ljaToMsTxFiDGKOukmJcetrMzleKly/SuRBWqaQmqdnRLy',NULL,'astrologer',1,0.00,0.00,0,NULL,'2026-01-31 09:45:47','2026-01-31 09:45:47',NULL,0),(958,'Nilam Deep','nilam-deep-433','astro_433_agFHk@example.com','+91 60 27969364',NULL,NULL,'$2y$12$K0u31zHmFQZim4GYFZji2OOv1vNUaXbT5ID6edSZFANP5CnPNWbBq',NULL,'astrologer',1,0.00,0.00,0,NULL,'2026-01-31 09:45:47','2026-01-31 09:45:47',NULL,0),(959,'Ghalib Raju','ghalib-raju-434','astro_434_bXSv5@example.com','0075 3705626',NULL,NULL,'$2y$12$SSnPHVCU9rRXGorjMiG.VOnkaNTWrBOeJkq/FL6tUh3IrlqbzhHGm',NULL,'astrologer',1,0.00,0.00,0,NULL,'2026-01-31 09:45:48','2026-01-31 09:45:48',NULL,0),(960,'Abbas Lal Narasimhan','abbas-lal-narasimhan-435','astro_435_fpAAG@example.com','+91 03 20894525',NULL,NULL,'$2y$12$DP6YwIJFIO70Oax.6Mx.XudV4XEPY8VF6XiaIok72DADBwxZgsLgS',NULL,'astrologer',1,0.00,0.00,0,NULL,'2026-01-31 09:45:48','2026-01-31 09:45:48',NULL,0),(961,'Rupesh Prasad Setty','rupesh-prasad-setty-436','astro_436_pFnHp@example.com','092 52531382',NULL,NULL,'$2y$12$raLeN7BS2tiUyxKnOw1BEOF08kF5p2jSui/K8boZ33qm2HuOyA5Oq',NULL,'astrologer',1,0.00,0.00,0,NULL,'2026-01-31 09:45:49','2026-01-31 09:45:49',NULL,0),(962,'Rajendra Ganguly','rajendra-ganguly-437','astro_437_yl2lN@example.com','+91 016 7225732',NULL,NULL,'$2y$12$eOecp/lQx14A8gAbTYkA2uX5HrOd0MbF0ltUgeDHb0wEgYJZSxeh6',NULL,'astrologer',1,0.00,0.00,0,NULL,'2026-01-31 09:45:49','2026-01-31 09:45:49',NULL,0),(963,'Leela Tandon','leela-tandon-438','astro_438_eTcr0@example.com','0630 5649499',NULL,NULL,'$2y$12$nfmTQRd5L4WiPUKWPkLPn.RZILGzE2n0pXuH9.yfNuh6YXWVOSO7m',NULL,'astrologer',1,0.00,0.00,0,NULL,'2026-01-31 09:45:50','2026-01-31 09:45:50',NULL,0),(964,'Amir Pratap Vyas','amir-pratap-vyas-439','astro_439_W3CbL@example.com','0379 1216713',NULL,NULL,'$2y$12$4bdDCBhJrngvotnkpn4NgurX.FVzZ/yfWsNSeXBotqOgXGUftqUzu',NULL,'astrologer',1,0.00,0.00,0,NULL,'2026-01-31 09:45:50','2026-01-31 09:45:50',NULL,0),(965,'Pushpa Narayan Doctor','pushpa-narayan-doctor-440','astro_440_nQrRw@example.com','075 73757784',NULL,NULL,'$2y$12$LvO5KsESP5imJv9HfyXiQumbrdypsZp6JTxQ5likitucS2nUK2lBC',NULL,'astrologer',1,0.00,0.00,0,NULL,'2026-01-31 09:45:50','2026-01-31 09:45:50',NULL,0),(966,'Nazir Pratap Kale','nazir-pratap-kale-441','astro_441_scufm@example.com','0976 4442524',NULL,NULL,'$2y$12$hCotCQZ7TARmFJQYxTMa5escgbw8Cw1ve.tdaLHqNEgjruzGA0/Au',NULL,'astrologer',1,0.00,0.00,0,NULL,'2026-01-31 09:45:51','2026-01-31 09:45:51',NULL,0),(967,'Vineeta D’Alia','vineeta-dalia-442','astro_442_uY5kY@example.com','+91 36 56328686',NULL,NULL,'$2y$12$71UWTWG6rmxKoAey3465ouGo6sRXLyCSYQQvwIr3ZsK111.Q30/nG',NULL,'astrologer',1,0.00,0.00,0,NULL,'2026-01-31 09:45:51','2026-01-31 09:45:51',NULL,0),(968,'Mukul Subhash Mall','mukul-subhash-mall-443','astro_443_pq82s@example.com','093 06643620',NULL,NULL,'$2y$12$cn8x/aAIBM3Q.cMF3HB/wuvBFZ4hm0k6k7a7pGkXxRswEF7cc9A/q',NULL,'astrologer',1,0.00,0.00,0,NULL,'2026-01-31 09:45:52','2026-01-31 09:45:52',NULL,0),(969,'Aastha Mohan','aastha-mohan-444','astro_444_MnYj5@example.com','+91 93 40322049',NULL,NULL,'$2y$12$qznxWv8CTdHIvJj3geVG3.f7jgkry.HUe7tORCwGsrRzShKZ9C1xu',NULL,'astrologer',1,0.00,0.00,0,NULL,'2026-01-31 09:45:52','2026-01-31 09:45:52',NULL,0),(970,'Hrishikesh Kapoor','hrishikesh-kapoor-445','astro_445_RN5pJ@example.com','+91 12 71249982',NULL,NULL,'$2y$12$FZ9qBjpiCDVXYHtmRgyz0eUZRo/5gyTMWmnd/hHbu5obf2u8ZvA6.',NULL,'astrologer',1,0.00,0.00,0,NULL,'2026-01-31 09:45:52','2026-01-31 09:45:52',NULL,0),(971,'Taahid Pratap Suri','taahid-pratap-suri-446','astro_446_wdBKR@example.com','0323 1398268',NULL,NULL,'$2y$12$kPk5ZwDO8asmm9kL6A2oGuOmfShuVr4SsDn7R7S4tmcwyUHq6Q3by',NULL,'astrologer',1,0.00,0.00,0,NULL,'2026-01-31 09:45:53','2026-01-31 09:45:53',NULL,0),(972,'Teena Bahadur Kota','teena-bahadur-kota-447','astro_447_Q5E2q@example.com','+91 79 89208829',NULL,NULL,'$2y$12$Tfme0Gh7Ecmm8r06lycYyu27tjoRi7j22AnjPNI/.cSIRAKF34jNy',NULL,'astrologer',1,0.00,0.00,0,NULL,'2026-01-31 09:45:53','2026-01-31 09:45:53',NULL,0),(973,'Aatif Mody','aatif-mody-448','astro_448_7tkmq@example.com','+91 91 44772926',NULL,NULL,'$2y$12$SX0fSmGEO2YkielhVYyiA.CBtW3QU/vOLzh69.XKABMCipF/lbre.',NULL,'astrologer',1,0.00,0.00,0,NULL,'2026-01-31 09:45:54','2026-01-31 09:45:54',NULL,0),(974,'Aayushi Menon','aayushi-menon-449','astro_449_p1ZWw@example.com','0007 9134461',NULL,NULL,'$2y$12$FMw4BLBi2m422zBR2M81qur7JJ/N6/HzAjUxytUiGNtzxjhPLODO2',NULL,'astrologer',1,0.00,0.00,0,NULL,'2026-01-31 09:45:54','2026-01-31 09:45:54',NULL,0),(975,'Abhinav Jagdish Chada','abhinav-jagdish-chada-450','astro_450_7HmwV@example.com','0221 0884667',NULL,NULL,'$2y$12$QSruE6OF40z7XYdr01s9j.a2QvWpd.vOEBB1iNwyCrvdxliwnhFtK',NULL,'astrologer',1,0.00,0.00,0,NULL,'2026-01-31 09:45:55','2026-01-31 09:45:55',NULL,0),(976,'Umar Suresh','umar-suresh-451','astro_451_SzGr2@example.com','099 86285372',NULL,NULL,'$2y$12$QIWszUQIz2QERRn/hE2ZH.eNI33KdyOXxmImIcnsOShgbQrHEUIhu',NULL,'astrologer',1,0.00,0.00,0,NULL,'2026-01-31 09:45:55','2026-01-31 09:45:55',NULL,0),(977,'Prasoon Bhai Krishnamurthy','prasoon-bhai-krishnamurthy-452','astro_452_peP95@example.com','0362 8020868',NULL,NULL,'$2y$12$RxzNw7Q7Yg5vXYjsWNebHOHGO15gv45x9FbApTpJ8ac9fFwzRZgZK',NULL,'astrologer',1,0.00,0.00,0,NULL,'2026-01-31 09:45:56','2026-01-31 09:45:56',NULL,0),(978,'Saurabh Kumar Muni','saurabh-kumar-muni-453','astro_453_wrq5E@example.com','0853 3181617',NULL,NULL,'$2y$12$xjN36EKA6i4BCnATNvJVa.F6Q9h5WLSS3bUnKT1nk1ed932nOAria',NULL,'astrologer',1,0.00,0.00,0,NULL,'2026-01-31 09:45:56','2026-01-31 09:45:56',NULL,0),(979,'Divya Bir','divya-bir-454','astro_454_PhzxS@example.com','+91 74 76997064',NULL,NULL,'$2y$12$0B70DfZYMXtiRXIc7IZEX.lKqSTKf0AOp79YsoXeC1uXEypdz1HO6',NULL,'astrologer',1,0.00,0.00,0,NULL,'2026-01-31 09:45:57','2026-01-31 09:45:57',NULL,0),(980,'Pravin Raj Magar','pravin-raj-magar-455','astro_455_85bYp@example.com','+91 507 3939796',NULL,NULL,'$2y$12$DHi.sHJPBry1ELXDOtwEwOjL9x5m6qdL/tcMQIyIVxIjQML3ypRhW',NULL,'astrologer',1,0.00,0.00,0,NULL,'2026-01-31 09:45:57','2026-01-31 09:45:57',NULL,0),(981,'Deepesh Dev Mitra','deepesh-dev-mitra-456','astro_456_adQ37@example.com','+91 755 4664511',NULL,NULL,'$2y$12$pvx7OEvDH0FJIpMVZbklB.Z2A1ukYPwQIM78flIo1ndh10CM6Smz2',NULL,'astrologer',1,0.00,0.00,0,NULL,'2026-01-31 09:45:58','2026-01-31 09:45:58',NULL,0),(982,'Zahir Kumar Kade','zahir-kumar-kade-457','astro_457_E4ZSP@example.com','032 27412031',NULL,NULL,'$2y$12$qbFjePdudowhwRK01dKdX.n0UOVN5jesu8qmVpZ43Gz0DB4OK7sYu',NULL,'astrologer',1,0.00,0.00,0,NULL,'2026-01-31 09:45:58','2026-01-31 09:45:58',NULL,0),(983,'Nitin Singh Palla','nitin-singh-palla-458','astro_458_eBP2e@example.com','+91 04 85011040',NULL,NULL,'$2y$12$tpviSQYmuLQRqBNzvwVjIOlR9.jOy7h8e9XZLPp9AJonFIpJnMgfK',NULL,'astrologer',1,0.00,0.00,0,NULL,'2026-01-31 09:45:59','2026-01-31 09:45:59',NULL,0),(984,'Radheshyam Dev Deshmukh','radheshyam-dev-deshmukh-459','astro_459_dO5L4@example.com','0897 5568216',NULL,NULL,'$2y$12$rucfIRWNCpi1EyBIlGPZuO2f1L0/nIXJdaIEkwQQ9t8aQ4Fad/1Lm',NULL,'astrologer',1,0.00,0.00,0,NULL,'2026-01-31 09:45:59','2026-01-31 09:45:59',NULL,0),(985,'Deepesh Kannan','deepesh-kannan-460','astro_460_114ci@example.com','+91 057 6159516',NULL,NULL,'$2y$12$dm4opE2QUI.wPfOuyavPoOHKfzMwA2lmsF6nmjQGgyPAetajnYhBm',NULL,'astrologer',1,0.00,0.00,0,NULL,'2026-01-31 09:46:00','2026-01-31 09:46:00',NULL,0),(986,'Ganesh Ganesh','ganesh-ganesh-461','astro_461_RFE77@example.com','+91 07 11290220',NULL,NULL,'$2y$12$.gTwIN7BURIvUDeyJpYV6uQd.x8Rv3KbK1oebEeJO4N1Q8/BBSdR6',NULL,'astrologer',1,0.00,0.00,0,NULL,'2026-01-31 09:46:00','2026-01-31 09:46:00',NULL,0),(987,'Pirzada Giaan Lata','pirzada-giaan-lata-462','astro_462_8haH8@example.com','+91 636 1212654',NULL,NULL,'$2y$12$yLE8fsUwNrokgTL9n5G4f.u8xcsFdWII9dLxZsGQlVm5TmJlmWaHK',NULL,'astrologer',1,0.00,0.00,0,NULL,'2026-01-31 09:46:01','2026-01-31 09:46:01',NULL,0),(988,'Peter Nath','peter-nath-463','astro_463_1IyAm@example.com','+91 949 1978316',NULL,NULL,'$2y$12$/MhamjzmfmBZe.8V8D3cxu6c3qYajCWRREuUFudcXsAiHgMJS9fIO',NULL,'astrologer',1,0.00,0.00,0,NULL,'2026-01-31 09:46:01','2026-01-31 09:46:01',NULL,0),(989,'Anshula Virk','anshula-virk-464','astro_464_9CtB7@example.com','+91 763 9941648',NULL,NULL,'$2y$12$cmuo0y3EEF0jipRlFUkQneb1mtmVhtLOtTLd6Mz1jsWYbLNpuitB6',NULL,'astrologer',1,0.00,0.00,0,NULL,'2026-01-31 09:46:02','2026-01-31 09:46:02',NULL,0),(990,'Mukul Pratap Rao','mukul-pratap-rao-465','astro_465_QSxSf@example.com','+91 525 8764692',NULL,NULL,'$2y$12$Wndmg17uxduM9tBdQ1ja5uLRcFiX76IdsHsR8DOHuvbnLo6ReoEIq',NULL,'astrologer',1,0.00,0.00,0,NULL,'2026-01-31 09:46:02','2026-01-31 09:46:02',NULL,0),(991,'Ajeet Sibal','ajeet-sibal-466','astro_466_iwRcV@example.com','+91 56 37926770',NULL,NULL,'$2y$12$EumZtTQLVqbFYGeQ.Z4.TeMRzLtcpRGPd.DaWV0v1Dy6evXhFGsxK',NULL,'astrologer',1,0.00,0.00,0,NULL,'2026-01-31 09:46:03','2026-01-31 09:46:03',NULL,0),(992,'Isha Deol','isha-deol-467','astro_467_vqjW1@example.com','064 90282440',NULL,NULL,'$2y$12$VrKESI9A54cvQmvmF4EK.O8gMdYFYthdals/fz4dmRz3t1DKbSwOu',NULL,'astrologer',1,0.00,0.00,0,NULL,'2026-01-31 09:46:04','2026-01-31 09:46:04',NULL,0),(993,'Hema Sen','hema-sen-468','astro_468_X4ANA@example.com','+91 63 41427174',NULL,NULL,'$2y$12$hHIDEJNa0kS7putYXABm3ukwTp.BXXT.CYzMxL0rcB/VUZBYi.wc.',NULL,'astrologer',1,0.00,0.00,0,NULL,'2026-01-31 09:46:04','2026-01-31 09:46:04',NULL,0),(994,'Amolika Gajendra Andra','amolika-gajendra-andra-469','astro_469_17QUG@example.com','+91 71 50704314',NULL,NULL,'$2y$12$OMDCUCNkTDGvgsw/N5T3m.Y1MVXq2gV2xVtGgQat6F1S6xf7ftI2W',NULL,'astrologer',1,0.00,0.00,0,NULL,'2026-01-31 09:46:05','2026-01-31 09:46:05',NULL,0),(995,'Amir Brock Surana','amir-brock-surana-470','astro_470_HbTnm@example.com','+91 33 33979233',NULL,NULL,'$2y$12$WIAM2WcGqm/UMMdJ8zjYl.R/i5lQZNZAIMOOgXKVHXh17z.MFHzu.',NULL,'astrologer',1,0.00,0.00,0,NULL,'2026-01-31 09:46:05','2026-01-31 09:46:05',NULL,0),(996,'Harpreet Dev Taneja','harpreet-dev-taneja-471','astro_471_372HM@example.com','+91 896 0907321',NULL,NULL,'$2y$12$G4wG2MAFefpwdQX/WiJ6bu3uTzw7IBlCYtiWxNQGX1bunE5BTNIoa',NULL,'astrologer',1,0.00,0.00,0,NULL,'2026-01-31 09:46:06','2026-01-31 09:46:06',NULL,0),(997,'Anusha Verma','anusha-verma-472','astro_472_gPifS@example.com','073 87953771',NULL,NULL,'$2y$12$JZtcFE7PMVbRuPLRhpPZNeSO8xRZcUyG.FOzREfWhykIUoyy9O6bi',NULL,'astrologer',1,0.00,0.00,0,NULL,'2026-01-31 09:46:06','2026-01-31 09:46:06',NULL,0),(998,'Bishnu Labeen Mallick','bishnu-labeen-mallick-473','astro_473_lFI4G@example.com','+91 10 76648198',NULL,NULL,'$2y$12$RMa9W/RbayPZoDkQbXOoROdqgWl8sUVBUrOtBn1cETA1kF1JAlANq',NULL,'astrologer',1,0.00,0.00,0,NULL,'2026-01-31 09:46:07','2026-01-31 09:46:07',NULL,0),(999,'Nirmal Jagdish Khan','nirmal-jagdish-khan-474','astro_474_U7luw@example.com','+91 621 2716062',NULL,NULL,'$2y$12$MnInsJQv/EgFZGO.8Gh9wuhQ9SjxHgCiqAYXfPTpb8BMMMJAW1uxi',NULL,'astrologer',1,0.00,0.00,0,NULL,'2026-01-31 09:46:08','2026-01-31 09:46:08',NULL,0),(1000,'Sharad Lal Khosla','sharad-lal-khosla-475','astro_475_NoYCA@example.com','+91 08 23409708',NULL,NULL,'$2y$12$CCs3ltU5KSXvaLoGGHXLdeIvxuPOhua2hcc0qV71jCMRAxhCFRWb.',NULL,'astrologer',1,0.00,0.00,0,NULL,'2026-01-31 09:46:08','2026-01-31 09:46:08',NULL,0),(1001,'Nakul Dev Bedi','nakul-dev-bedi-476','astro_476_Jm5iY@example.com','+91 492 0964372',NULL,NULL,'$2y$12$AQtAoIOsDvjM7rvuPkisEeRVg3yTefy3lI7/1laYWO8sNlE3zn8Wi',NULL,'astrologer',1,0.00,0.00,0,NULL,'2026-01-31 09:46:09','2026-01-31 09:46:09',NULL,0),(1002,'Omar Kumar Bobal','omar-kumar-bobal-477','astro_477_2lGnE@example.com','083 69204949',NULL,NULL,'$2y$12$ywNoy5AQHaAuF/XSA8WYYukXJlHdI0tjtHtuQcUPQo7vFMCB0PADm',NULL,'astrologer',1,0.00,0.00,0,NULL,'2026-01-31 09:46:09','2026-01-31 09:46:09',NULL,0),(1003,'Prabha Somnath Narang','prabha-somnath-narang-478','astro_478_gsiOn@example.com','+91 84 25697530',NULL,NULL,'$2y$12$kC/Znk5UnEIWhn9BPRjeFu2G1nK.Ys6BEt61oqAtxjrno0PZJ9REm',NULL,'astrologer',1,0.00,0.00,0,NULL,'2026-01-31 09:46:10','2026-01-31 09:46:10',NULL,0),(1004,'Dhanush Hari Ravel','dhanush-hari-ravel-479','astro_479_g4Hd6@example.com','0773 2892464',NULL,NULL,'$2y$12$AGXHpeMexVDsrF0Vd9i7m.59zbtwQ86SfmFzC7AYH9Yx1.2AMVhCG',NULL,'astrologer',1,0.00,0.00,0,NULL,'2026-01-31 09:46:11','2026-01-31 09:46:11',NULL,0),(1005,'Dinesh Varun Borde','dinesh-varun-borde-480','astro_480_vvodn@example.com','0981 8592059',NULL,NULL,'$2y$12$OPA5IEIEYQPTjF2BbnFTo.B7FoEvIZMZ3uDXc85OnjH2WDbJZRyTq',NULL,'astrologer',1,0.00,0.00,0,NULL,'2026-01-31 09:46:11','2026-01-31 09:46:11',NULL,0),(1006,'Mukund Akhil Pandey','mukund-akhil-pandey-481','astro_481_f5eWk@example.com','+91 429 4705097',NULL,NULL,'$2y$12$1AUHqSXSe6bfb6aUh2NpK.dwzeBSZ8JK9gn5o3E1h08rVf9VKfXx2',NULL,'astrologer',1,0.00,0.00,0,NULL,'2026-01-31 09:46:12','2026-01-31 09:46:12',NULL,0),(1007,'Dhanush Rupal Matthai','dhanush-rupal-matthai-482','astro_482_3eYia@example.com','0870 0911325',NULL,NULL,'$2y$12$dFYUd6phZrvePiu4mtAS2.xA/mNjwl7umV/50CcO/Qi8iUc2I7gOK',NULL,'astrologer',1,0.00,0.00,0,NULL,'2026-01-31 09:46:12','2026-01-31 09:46:12',NULL,0),(1008,'Kasturi Deep Devi','kasturi-deep-devi-483','astro_483_5ajpI@example.com','+91 22 57600177',NULL,NULL,'$2y$12$54Sb.0Uhh4BhUImkXi/zAuTtQAPyhsPUMfon.ypor9TIL1vHijjDK',NULL,'astrologer',1,0.00,0.00,0,NULL,'2026-01-31 09:46:13','2026-01-31 09:46:13',NULL,0),(1009,'Deepesh Prasad Narain','deepesh-prasad-narain-484','astro_484_yi3p7@example.com','091 15584236',NULL,NULL,'$2y$12$jwPTJwXJdW.SUNI/1SSbieXiV0KsS/Nrbv26haLnfmUrBfxYNcE0a',NULL,'astrologer',1,0.00,0.00,0,NULL,'2026-01-31 09:46:13','2026-01-31 09:46:13',NULL,0),(1010,'Teena Dinesh Goswami','teena-dinesh-goswami-485','astro_485_uUAAI@example.com','098 64725847',NULL,NULL,'$2y$12$CFboYUR1mnAAIg/fMQGcRuJqYYCCgi9KVSKoakkCSuX6W1sGfxBUC',NULL,'astrologer',1,0.00,0.00,0,NULL,'2026-01-31 09:46:13','2026-01-31 09:46:13',NULL,0),(1011,'Giaan Mannan','giaan-mannan-486','astro_486_cwN1B@example.com','080 79675842',NULL,NULL,'$2y$12$wqGG.Jylce.wwNKPnjDdReyboS1OD0myAMXjAM4GIPmS1qt3Y4vEO',NULL,'astrologer',1,0.00,0.00,0,NULL,'2026-01-31 09:46:14','2026-01-31 09:46:14',NULL,0),(1012,'Faraz Gaurav Kalla','faraz-gaurav-kalla-487','astro_487_agyDW@example.com','+91 428 4537724',NULL,NULL,'$2y$12$NuA/TmqVDhzEENRTIa9HAuYn/1QbAs7Lswl.dxAAeFiu3WUSuHRq6',NULL,'astrologer',1,0.00,0.00,0,NULL,'2026-01-31 09:46:14','2026-01-31 09:46:14',NULL,0),(1013,'Aayushman Som','aayushman-som-488','astro_488_q07X3@example.com','041 24655849',NULL,NULL,'$2y$12$MK4x8Xirly81HHbOzenY6uY9aWe2nhBA/bkCxmUZLRuqb3FmxLOqi',NULL,'astrologer',1,0.00,0.00,0,NULL,'2026-01-31 09:46:15','2026-01-31 09:46:15',NULL,0),(1014,'Hema Arun Gobin','hema-arun-gobin-489','astro_489_vCg94@example.com','+91 736 8386215',NULL,NULL,'$2y$12$MOBbNyclOMqhhlLOAZakGeO7oPSZFycxm/2kij58DrvWScQh.zQLW',NULL,'astrologer',1,0.00,0.00,0,NULL,'2026-01-31 09:46:15','2026-01-31 09:46:15',NULL,0),(1015,'Eddie Chirag Banik','eddie-chirag-banik-490','astro_490_5TMr4@example.com','024 85996502',NULL,NULL,'$2y$12$le54JCl9QYajkb9I4To8SO7U8m25xIt4WgckqA5WxsL596DoHDEli',NULL,'astrologer',1,0.00,0.00,0,NULL,'2026-01-31 09:46:16','2026-01-31 09:46:16',NULL,0),(1016,'Dipti Ravi','dipti-ravi-491','astro_491_1uTX5@example.com','+91 28 87194489',NULL,NULL,'$2y$12$VOoJi.V92bATGELEAZPoZue3JC0WJdeaBenYxJr0HWcfEyeFJppga',NULL,'astrologer',1,0.00,0.00,0,NULL,'2026-01-31 09:46:16','2026-01-31 09:46:16',NULL,0),(1017,'Javed Wali','javed-wali-492','astro_492_ZwtOA@example.com','+91 494 9360461',NULL,NULL,'$2y$12$3BEzFWP1KHHcy47FL41kEO.yCdnVh0ADaNm4yrgYCc4HqzJfo4yQq',NULL,'astrologer',1,0.00,0.00,0,NULL,'2026-01-31 09:46:17','2026-01-31 09:46:17',NULL,0),(1018,'Tabeed Raj Walla','tabeed-raj-walla-493','astro_493_vscFI@example.com','068 82329875',NULL,NULL,'$2y$12$raml0rshWWlzTCaVcn2L3.N5u8Sd6uCW4jQ55zozoGIKMRcihw5eG',NULL,'astrologer',1,0.00,0.00,0,NULL,'2026-01-31 09:46:17','2026-01-31 09:46:17',NULL,0),(1019,'Hari Prasad Suri','hari-prasad-suri-494','astro_494_X5J3A@example.com','+91 49 44159155',NULL,NULL,'$2y$12$WekpvGbp/uSKMP7UAzWnHOZ7NS86dCa8GtA6LpOrlVAtEkXMeVZ56',NULL,'astrologer',1,0.00,0.00,0,NULL,'2026-01-31 09:46:18','2026-01-31 09:46:18',NULL,0),(1020,'Owais Mangat','owais-mangat-495','astro_495_8zcBi@example.com','+91 97 98916795',NULL,NULL,'$2y$12$rMVhMbMjJcmqGb/K61j2jeh06pFJsPuTeda/Qk0d/NuttRz0A7Eie',NULL,'astrologer',1,0.00,0.00,0,NULL,'2026-01-31 09:46:18','2026-01-31 09:46:18',NULL,0),(1021,'Chandni Narula','chandni-narula-496','astro_496_sCtDV@example.com','0014 5972021',NULL,NULL,'$2y$12$fJEH52h1laLePcflyfYYouJC7hodqDcLjkXu5VCVExl3TfXm7txnm',NULL,'astrologer',1,0.00,0.00,0,NULL,'2026-01-31 09:46:19','2026-01-31 09:46:19',NULL,0),(1022,'Prasoon Chandra Rau','prasoon-chandra-rau-497','astro_497_cs6oq@example.com','0337 9552400',NULL,NULL,'$2y$12$fKN0U7ERzS0.3LQzp2O0keEoBaerP.uK2oUPzWVYgyTAzYK2fVC1y',NULL,'astrologer',1,0.00,0.00,0,NULL,'2026-01-31 09:46:19','2026-01-31 09:46:19',NULL,0),(1023,'Namita Aditya Grewal','namita-aditya-grewal-498','astro_498_Ho0nl@example.com','0494 9828681',NULL,NULL,'$2y$12$6LYxTMN.mT2Hb//ZwfHxb.FSPHpiSo.w/mx1lOP2TX00GcC2W8OSC',NULL,'astrologer',1,0.00,0.00,0,NULL,'2026-01-31 09:46:20','2026-01-31 09:46:20',NULL,0),(1024,'Divya Pradhan','divya-pradhan-499','astro_499_5EVJN@example.com','029 38090839',NULL,NULL,'$2y$12$bETbWXSBso37djDliRljOubO2Jlp23n5OBUa7S.TwWbYxh/po/Dgi',NULL,'astrologer',1,0.00,0.00,0,NULL,'2026-01-31 09:46:20','2026-01-31 09:46:20',NULL,0),(1025,'Zaad Madan','zaad-madan-500','astro_500_feeHm@example.com','087 07738257',NULL,NULL,'$2y$12$ELSIVgIO4S.fbPL4i6RI5eTl17XWJBUe12EkWTrfowmqQrTNTvN82',NULL,'astrologer',1,0.00,0.00,0,NULL,'2026-01-31 09:46:21','2026-01-31 09:46:21',NULL,0),(1026,'vasy','vasy','vas@gmail.com',NULL,NULL,NULL,'$2y$12$iVtX7PJyln1ZzxEQUDScNelr5fnkaG1Xknp2ThA1s2KKMXbys9q5i',NULL,'astrologer',1,0.00,0.00,0,NULL,'2026-02-03 16:29:33','2026-02-03 17:46:27','2026-02-03 17:46:27',2),(1027,'Alka Sharma',NULL,'alka@gmail.com',NULL,NULL,NULL,'$2y$12$O5IzXpXKyIxrbT1iQwyGm.nIlApT5WmPULRp.AZavp4QFcC9z/gA6',NULL,'astrologer',1,0.00,0.00,0,NULL,'2026-02-04 03:45:16','2026-02-04 03:45:16','2026-02-04 03:45:16',1);

--
-- Table structure for table `wallet_transactions`
--

CREATE TABLE `wallet_transactions` (
  `id` bigint unsigned NOT NULL AUTO_INCREMENT,
  `user_id` bigint unsigned NOT NULL,
  `type` enum('credit','debit') CHARACTER SET utf8mb4 COLLATE utf8mb4_unicode_ci NOT NULL,
  `wallet_type` varchar(255) COLLATE utf8mb4_unicode_ci NOT NULL DEFAULT 'chat' COMMENT 'chat or shopping',
  `amount` int NOT NULL,
  `description` varchar(255) CHARACTER SET utf8mb4 COLLATE utf8mb4_unicode_ci DEFAULT NULL,
  `reference_type` varchar(255) CHARACTER SET utf8mb4 COLLATE utf8mb4_unicode_ci DEFAULT NULL,
  `reference_id` varchar(255) CHARACTER SET utf8mb4 COLLATE utf8mb4_unicode_ci DEFAULT NULL,
  `created_at` timestamp NULL DEFAULT NULL,
  `updated_at` timestamp NULL DEFAULT NULL,
  PRIMARY KEY (`id`),
  KEY `wallet_transactions_user_id_foreign` (`user_id`),
  KEY `wallet_transactions_reference_type_reference_id_index` (`reference_type`,`reference_id`),
  CONSTRAINT `wallet_transactions_user_id_foreign` FOREIGN KEY (`user_id`) REFERENCES `users` (`id`) ON DELETE CASCADE
) ENGINE=InnoDB AUTO_INCREMENT=30 DEFAULT CHARSET=utf8mb4 COLLATE=utf8mb4_unicode_ci;

--
-- Dumping data for table `wallet_transactions`
--

INSERT INTO `wallet_transactions` VALUES (7,23,'credit','chat',8,'Earned from Order #ORD-RENDIVO9GF','App\\Models\\Order','3','2026-01-18 02:37:21','2026-01-18 02:37:21'),(8,23,'credit','chat',8,'Earned from Order #ORD-HJJIBNSL64','App\\Models\\Order','2','2026-01-18 04:44:54','2026-01-18 04:44:54'),(9,23,'credit','chat',8,'Earned from Order #ORD-LMVC0HUWSO','App\\Models\\Order','1','2026-01-18 05:51:43','2026-01-18 05:51:43'),(10,23,'credit','chat',8,'Earned from Order #ORD-FNZ77PNSAZ','App\\Models\\Order','4','2026-01-19 01:22:40','2026-01-19 01:22:40'),(11,2,'credit','chat',105,'Earned from Order #ORD-7GIXUAHJSW','App\\Models\\Order','9','2026-01-30 23:15:53','2026-01-30 23:15:53'),(12,3,'credit','chat',152,'Earned from Order #ORD-ZKIRWDTXLD','App\\Models\\Order','10','2026-01-31 00:02:01','2026-01-31 00:02:01'),(13,3,'credit','chat',190,'Earned from Order #ORD-7YR0ES8N7C','App\\Models\\Order','11','2026-01-31 00:03:06','2026-01-31 00:03:06'),(14,3,'credit','chat',190,'Earned from Order #ORD-SYYZKXZKRD','App\\Models\\Order','12','2026-01-31 00:19:11','2026-01-31 00:19:11'),(15,3,'credit','chat',1100,'Wallet Recharge - Package: ','App\\Models\\RechargePackage','1','2026-01-31 00:45:21','2026-01-31 00:45:21'),(16,3,'debit','chat',50,'Chat with sahil (5 mins)','App\\Models\\ChatSession','8','2026-01-31 00:51:31','2026-01-31 00:51:31'),(17,3,'debit','chat',30,'Chat with sahil (3 mins)','App\\Models\\ChatSession','12','2026-01-31 00:52:04','2026-01-31 00:52:04'),(18,3,'debit','chat',40,'Chat with sahil (4 mins)','App\\Models\\ChatSession','11','2026-01-31 00:52:21','2026-01-31 00:52:21'),(19,3,'debit','chat',50,'Chat with sahil (5 mins)','App\\Models\\ChatSession','10','2026-01-31 00:52:31','2026-01-31 00:52:31'),(20,3,'debit','chat',60,'Chat with sahil (6 mins)','App\\Models\\ChatSession','9','2026-01-31 00:52:37','2026-01-31 00:52:37'),(21,3,'debit','chat',10,'Chat with sahil (1 mins)','App\\Models\\ChatSession','13','2026-01-31 00:58:00','2026-01-31 00:58:00'),(22,3,'debit','chat',10,'Chat with sahil (1 mins)','App\\Models\\ChatSession','14','2026-01-31 01:00:41','2026-01-31 01:00:41'),(23,3,'credit','chat',2000,'Wallet Recharge - Package: ','App\\Models\\RechargePackage','2','2026-01-31 03:46:10','2026-01-31 03:46:10'),(24,3,'credit','chat',285,'Earned from Order #ORD-7VHEEPJDOW','App\\Models\\Order','13','2026-01-31 03:46:58','2026-01-31 03:46:58'),(25,3,'credit','shopping',47,'Earned from Order #ORD-ZKOA1J0BFL','App\\Models\\Order','14','2026-01-31 03:51:32','2026-01-31 03:51:32'),(26,3,'debit','chat',1060,'Chat with sahil (106 mins)','App\\Models\\ChatSession','16','2026-02-03 16:25:44','2026-02-03 16:25:44'),(27,3,'debit','chat',1060,'Chat with sahil (106 mins)','App\\Models\\ChatSession','15','2026-02-03 16:26:00','2026-02-03 16:26:00'),(28,3,'credit','shopping',52,'Earned from Order #ORD-NEHL9LCHTY','App\\Models\\Order','15','2026-02-03 17:37:15','2026-02-03 17:37:15'),(29,3,'debit','chat',110,'Chat with sahil (11 mins)','App\\Models\\ChatSession','17','2026-02-04 04:25:46','2026-02-04 04:25:46');

--
-- Table structure for table `website_settings`
--

CREATE TABLE `website_settings` (
  `id` bigint unsigned NOT NULL AUTO_INCREMENT,
  `logo_path` varchar(255) COLLATE utf8mb4_unicode_ci DEFAULT NULL,
  `phone_sales` varchar(255) COLLATE utf8mb4_unicode_ci DEFAULT NULL,
  `phone_support` varchar(255) COLLATE utf8mb4_unicode_ci DEFAULT NULL,
  `email_sales` varchar(255) COLLATE utf8mb4_unicode_ci DEFAULT NULL,
  `email_support` varchar(255) COLLATE utf8mb4_unicode_ci DEFAULT NULL,
  `address_head_office` text COLLATE utf8mb4_unicode_ci,
  `address_branch_office` text COLLATE utf8mb4_unicode_ci,
  `social_facebook` varchar(255) COLLATE utf8mb4_unicode_ci DEFAULT NULL,
  `social_instagram` varchar(255) COLLATE utf8mb4_unicode_ci DEFAULT NULL,
  `social_twitter` varchar(255) COLLATE utf8mb4_unicode_ci DEFAULT NULL,
  `social_linkedin` varchar(255) COLLATE utf8mb4_unicode_ci DEFAULT NULL,
  `social_youtube` varchar(255) COLLATE utf8mb4_unicode_ci DEFAULT NULL,
  `created_at` timestamp NULL DEFAULT NULL,
  `updated_at` timestamp NULL DEFAULT NULL,
  PRIMARY KEY (`id`)
) ENGINE=InnoDB DEFAULT CHARSET=utf8mb4 COLLATE=utf8mb4_unicode_ci;

--
-- Dumping data for table `website_settings`
--


--
-- Table structure for table `wishlists`
--

CREATE TABLE `wishlists` (
  `id` bigint unsigned NOT NULL AUTO_INCREMENT,
  `user_id` bigint unsigned NOT NULL,
  `product_id` bigint unsigned NOT NULL,
  `created_at` timestamp NULL DEFAULT NULL,
  `updated_at` timestamp NULL DEFAULT NULL,
  PRIMARY KEY (`id`),
  UNIQUE KEY `wishlists_user_id_product_id_unique` (`user_id`,`product_id`),
  KEY `wishlists_product_id_foreign` (`product_id`),
  CONSTRAINT `wishlists_product_id_foreign` FOREIGN KEY (`product_id`) REFERENCES `products` (`id`) ON DELETE CASCADE,
  CONSTRAINT `wishlists_user_id_foreign` FOREIGN KEY (`user_id`) REFERENCES `users` (`id`) ON DELETE CASCADE
) ENGINE=InnoDB AUTO_INCREMENT=6 DEFAULT CHARSET=utf8mb4 COLLATE=utf8mb4_unicode_ci;

--
-- Dumping data for table `wishlists`
--



